[INFO] fetching crate network-framework-sys 0.1.0...
[INFO] checking network-framework-sys-0.1.0 against nightly-2024-02-05 for check-cfg
[INFO] extracting crate network-framework-sys 0.1.0 into /workspace/builds/worker-2-tc1/source
[INFO] validating manifest of crates.io crate network-framework-sys 0.1.0 on toolchain nightly-2024-02-05
[INFO] running `Command { std: CARGO_HOME="/workspace/cargo-home" RUSTUP_HOME="/workspace/rustup-home" "/workspace/cargo-home/bin/cargo" "+nightly-2024-02-05" "metadata" "--manifest-path" "Cargo.toml" "--no-deps", kill_on_drop: false }`
[INFO] started tweaking crates.io crate network-framework-sys 0.1.0
[INFO] finished tweaking crates.io crate network-framework-sys 0.1.0
[INFO] tweaked toml for crates.io crate network-framework-sys 0.1.0 written to /workspace/builds/worker-2-tc1/source/Cargo.toml
[INFO] running `Command { std: CARGO_HOME="/workspace/cargo-home" RUSTUP_HOME="/workspace/rustup-home" "/workspace/cargo-home/bin/cargo" "+nightly-2024-02-05" "generate-lockfile" "--manifest-path" "Cargo.toml", kill_on_drop: false }`
[INFO] [stderr]     Updating crates.io index
[INFO] running `Command { std: CARGO_HOME="/workspace/cargo-home" RUSTUP_HOME="/workspace/rustup-home" "/workspace/cargo-home/bin/cargo" "+nightly-2024-02-05" "fetch" "--manifest-path" "Cargo.toml", kill_on_drop: false }`
[INFO] running `Command { std: "docker" "create" "-v" "/var/lib/crater-agent-workspace/builds/worker-2-tc1/target:/opt/rustwide/target:rw,Z" "-v" "/var/lib/crater-agent-workspace/builds/worker-2-tc1/source:/opt/rustwide/workdir:ro,Z" "-v" "/var/lib/crater-agent-workspace/cargo-home:/opt/rustwide/cargo-home:ro,Z" "-v" "/var/lib/crater-agent-workspace/rustup-home:/opt/rustwide/rustup-home:ro,Z" "-e" "SOURCE_DIR=/opt/rustwide/workdir" "-e" "CARGO_TARGET_DIR=/opt/rustwide/target" "-e" "CARGO_HOME=/opt/rustwide/cargo-home" "-e" "RUSTUP_HOME=/opt/rustwide/rustup-home" "-w" "/opt/rustwide/workdir" "-m" "1610612736" "--user" "0:0" "--network" "none" "ghcr.io/rust-lang/crates-build-env/linux@sha256:2788e3201cd34a07e3172128adcd8b3090168a8e3bcc40d7c032b9dda1df7d1c" "/opt/rustwide/cargo-home/bin/cargo" "+nightly-2024-02-05" "metadata" "--no-deps" "--format-version=1", kill_on_drop: false }`
[INFO] [stdout] 2b1fa666e84ecd3e04a7c0a4cdd4659efb089321c8f09471e75bb63091ad4ec0
[INFO] running `Command { std: "docker" "start" "-a" "2b1fa666e84ecd3e04a7c0a4cdd4659efb089321c8f09471e75bb63091ad4ec0", kill_on_drop: false }`
[INFO] running `Command { std: "docker" "inspect" "2b1fa666e84ecd3e04a7c0a4cdd4659efb089321c8f09471e75bb63091ad4ec0", kill_on_drop: false }`
[INFO] running `Command { std: "docker" "rm" "-f" "2b1fa666e84ecd3e04a7c0a4cdd4659efb089321c8f09471e75bb63091ad4ec0", kill_on_drop: false }`
[INFO] [stdout] 2b1fa666e84ecd3e04a7c0a4cdd4659efb089321c8f09471e75bb63091ad4ec0
[INFO] running `Command { std: "docker" "create" "-v" "/var/lib/crater-agent-workspace/builds/worker-2-tc1/target:/opt/rustwide/target:rw,Z" "-v" "/var/lib/crater-agent-workspace/builds/worker-2-tc1/source:/opt/rustwide/workdir:ro,Z" "-v" "/var/lib/crater-agent-workspace/cargo-home:/opt/rustwide/cargo-home:ro,Z" "-v" "/var/lib/crater-agent-workspace/rustup-home:/opt/rustwide/rustup-home:ro,Z" "-e" "SOURCE_DIR=/opt/rustwide/workdir" "-e" "CARGO_TARGET_DIR=/opt/rustwide/target" "-e" "CARGO_INCREMENTAL=0" "-e" "RUST_BACKTRACE=full" "-e" "RUSTFLAGS=--cap-lints=forbid" "-e" "RUSTDOCFLAGS=--cap-lints=forbid" "-e" "CARGO_HOME=/opt/rustwide/cargo-home" "-e" "RUSTUP_HOME=/opt/rustwide/rustup-home" "-w" "/opt/rustwide/workdir" "-m" "1610612736" "--user" "0:0" "--network" "none" "ghcr.io/rust-lang/crates-build-env/linux@sha256:2788e3201cd34a07e3172128adcd8b3090168a8e3bcc40d7c032b9dda1df7d1c" "/opt/rustwide/cargo-home/bin/cargo" "+nightly-2024-02-05" "check" "--frozen" "--all" "--all-targets" "--message-format=json", kill_on_drop: false }`
[INFO] [stdout] 77f64f429eeda6608980fd10d23ea0d854798077669ed4dc3deb811614c64c68
[INFO] running `Command { std: "docker" "start" "-a" "77f64f429eeda6608980fd10d23ea0d854798077669ed4dc3deb811614c64c68", kill_on_drop: false }`
[INFO] [stderr]    Compiling core-foundation-sys v0.7.0
[INFO] [stderr]     Checking network-framework-sys v0.1.0 (/opt/rustwide/workdir)
[INFO] [stdout] warning: private item shadows public glob re-export
[INFO] [stdout]   --> src/lib.rs:34:1
[INFO] [stdout]    |
[INFO] [stdout] 34 | mod nw_object;
[INFO] [stdout]    | ^^^^^^^^^^^^^^
[INFO] [stdout]    |
[INFO] [stdout] note: the name `nw_object` in the type namespace is supposed to be publicly re-exported here
[INFO] [stdout]   --> src/lib.rs:51:9
[INFO] [stdout]    |
[INFO] [stdout] 51 | pub use self::nw_object::*;
[INFO] [stdout]    |         ^^^^^^^^^^^^^^^^^^
[INFO] [stdout] note: but the private item here shadows it
[INFO] [stdout]   --> src/lib.rs:34:1
[INFO] [stdout]    |
[INFO] [stdout] 34 | mod nw_object;
[INFO] [stdout]    | ^^^^^^^^^^^^^^
[INFO] [stdout]    = note: `#[warn(hidden_glob_reexports)]` on by default
[INFO] [stdout] 
[INFO] [stdout] 
[INFO] [stdout] warning: private item shadows public glob re-export
[INFO] [stdout]   --> src/lib.rs:34:1
[INFO] [stdout]    |
[INFO] [stdout] 34 | mod nw_object;
[INFO] [stdout]    | ^^^^^^^^^^^^^^
[INFO] [stdout]    |
[INFO] [stdout] note: the name `nw_object` in the type namespace is supposed to be publicly re-exported here
[INFO] [stdout]   --> src/lib.rs:51:9
[INFO] [stdout]    |
[INFO] [stdout] 51 | pub use self::nw_object::*;
[INFO] [stdout]    |         ^^^^^^^^^^^^^^^^^^
[INFO] [stdout] note: but the private item here shadows it
[INFO] [stdout]   --> src/lib.rs:34:1
[INFO] [stdout]    |
[INFO] [stdout] 34 | mod nw_object;
[INFO] [stdout]    | ^^^^^^^^^^^^^^
[INFO] [stdout]    = note: `#[warn(hidden_glob_reexports)]` on by default
[INFO] [stdout] 
[INFO] [stdout] 
[INFO] [stdout] error[E0455]: link kind `framework` is only supported on Apple targets
[INFO] [stdout]  --> src/lib.rs:7:33
[INFO] [stdout]   |
[INFO] [stdout] 7 | #[link(name = "Network", kind = "framework")]
[INFO] [stdout]   |                                 ^^^^^^^^^^^
[INFO] [stdout] 
[INFO] [stdout] 
[INFO] [stdout] error[E0455]: link kind `framework` is only supported on Apple targets
[INFO] [stdout]  --> src/lib.rs:7:33
[INFO] [stdout]   |
[INFO] [stdout] 7 | #[link(name = "Network", kind = "framework")]
[INFO] [stdout]   |                                 ^^^^^^^^^^^
[INFO] [stdout] 
[INFO] [stdout] 
[INFO] [stdout] error: aborting due to 1 previous error; 1 warning emitted
[INFO] [stdout] 
[INFO] [stdout] 
[INFO] [stdout] For more information about this error, try `rustc --explain E0455`.
[INFO] [stdout] 
[INFO] [stdout] error: aborting due to 1 previous error; 1 warning emitted
[INFO] [stdout] 
[INFO] [stdout] 
[INFO] [stdout] For more information about this error, try `rustc --explain E0455`.
[INFO] [stdout] 
[INFO] [stderr] error: could not compile `network-framework-sys` (lib) due to 2 previous errors; 1 warning emitted
[INFO] [stderr] warning: build failed, waiting for other jobs to finish...
[INFO] [stderr] error: could not compile `network-framework-sys` (lib test) due to 2 previous errors; 1 warning emitted
[INFO] running `Command { std: "docker" "inspect" "77f64f429eeda6608980fd10d23ea0d854798077669ed4dc3deb811614c64c68", kill_on_drop: false }`
[INFO] running `Command { std: "docker" "rm" "-f" "77f64f429eeda6608980fd10d23ea0d854798077669ed4dc3deb811614c64c68", kill_on_drop: false }`
[INFO] [stdout] 77f64f429eeda6608980fd10d23ea0d854798077669ed4dc3deb811614c64c68
[INFO] checking network-framework-sys-0.1.0 against nightly-2024-02-05+rustflags=-Dunexpected_cfgs+cargoflags=-Zcheck-cfg for check-cfg
[INFO] extracting crate network-framework-sys 0.1.0 into /workspace/builds/worker-2-tc2/source
[INFO] validating manifest of crates.io crate network-framework-sys 0.1.0 on toolchain nightly-2024-02-05
[INFO] running `Command { std: CARGO_HOME="/workspace/cargo-home" RUSTUP_HOME="/workspace/rustup-home" "/workspace/cargo-home/bin/cargo" "+nightly-2024-02-05" "metadata" "--manifest-path" "Cargo.toml" "--no-deps", kill_on_drop: false }`
[INFO] started tweaking crates.io crate network-framework-sys 0.1.0
[INFO] finished tweaking crates.io crate network-framework-sys 0.1.0
[INFO] tweaked toml for crates.io crate network-framework-sys 0.1.0 written to /workspace/builds/worker-2-tc2/source/Cargo.toml
[INFO] running `Command { std: CARGO_HOME="/workspace/cargo-home" RUSTUP_HOME="/workspace/rustup-home" "/workspace/cargo-home/bin/cargo" "+nightly-2024-02-05" "generate-lockfile" "--manifest-path" "Cargo.toml", kill_on_drop: false }`
[INFO] [stderr]     Updating crates.io index
[INFO] running `Command { std: CARGO_HOME="/workspace/cargo-home" RUSTUP_HOME="/workspace/rustup-home" "/workspace/cargo-home/bin/cargo" "+nightly-2024-02-05" "fetch" "--manifest-path" "Cargo.toml", kill_on_drop: false }`
[INFO] running `Command { std: "docker" "create" "-v" "/var/lib/crater-agent-workspace/builds/worker-2-tc2/target:/opt/rustwide/target:rw,Z" "-v" "/var/lib/crater-agent-workspace/builds/worker-2-tc2/source:/opt/rustwide/workdir:ro,Z" "-v" "/var/lib/crater-agent-workspace/cargo-home:/opt/rustwide/cargo-home:ro,Z" "-v" "/var/lib/crater-agent-workspace/rustup-home:/opt/rustwide/rustup-home:ro,Z" "-e" "SOURCE_DIR=/opt/rustwide/workdir" "-e" "CARGO_TARGET_DIR=/opt/rustwide/target" "-e" "CARGO_HOME=/opt/rustwide/cargo-home" "-e" "RUSTUP_HOME=/opt/rustwide/rustup-home" "-w" "/opt/rustwide/workdir" "-m" "1610612736" "--user" "0:0" "--network" "none" "ghcr.io/rust-lang/crates-build-env/linux@sha256:2788e3201cd34a07e3172128adcd8b3090168a8e3bcc40d7c032b9dda1df7d1c" "/opt/rustwide/cargo-home/bin/cargo" "+nightly-2024-02-05" "metadata" "--no-deps" "--format-version=1", kill_on_drop: false }`
[INFO] [stdout] c0be701810a4ce1f288563b21697aa798ff7716dfa9526735014be43e97ed9fc
[INFO] running `Command { std: "docker" "start" "-a" "c0be701810a4ce1f288563b21697aa798ff7716dfa9526735014be43e97ed9fc", kill_on_drop: false }`
[INFO] running `Command { std: "docker" "inspect" "c0be701810a4ce1f288563b21697aa798ff7716dfa9526735014be43e97ed9fc", kill_on_drop: false }`
[INFO] running `Command { std: "docker" "rm" "-f" "c0be701810a4ce1f288563b21697aa798ff7716dfa9526735014be43e97ed9fc", kill_on_drop: false }`
[INFO] [stdout] c0be701810a4ce1f288563b21697aa798ff7716dfa9526735014be43e97ed9fc
[INFO] running `Command { std: "docker" "create" "-v" "/var/lib/crater-agent-workspace/builds/worker-2-tc2/target:/opt/rustwide/target:rw,Z" "-v" "/var/lib/crater-agent-workspace/builds/worker-2-tc2/source:/opt/rustwide/workdir:ro,Z" "-v" "/var/lib/crater-agent-workspace/cargo-home:/opt/rustwide/cargo-home:ro,Z" "-v" "/var/lib/crater-agent-workspace/rustup-home:/opt/rustwide/rustup-home:ro,Z" "-e" "SOURCE_DIR=/opt/rustwide/workdir" "-e" "CARGO_TARGET_DIR=/opt/rustwide/target" "-e" "CARGO_INCREMENTAL=0" "-e" "RUST_BACKTRACE=full" "-e" "RUSTFLAGS=--cap-lints=forbid -Dunexpected_cfgs" "-e" "RUSTDOCFLAGS=--cap-lints=forbid" "-e" "CARGO_HOME=/opt/rustwide/cargo-home" "-e" "RUSTUP_HOME=/opt/rustwide/rustup-home" "-w" "/opt/rustwide/workdir" "-m" "1610612736" "--user" "0:0" "--network" "none" "ghcr.io/rust-lang/crates-build-env/linux@sha256:2788e3201cd34a07e3172128adcd8b3090168a8e3bcc40d7c032b9dda1df7d1c" "/opt/rustwide/cargo-home/bin/cargo" "+nightly-2024-02-05" "check" "--frozen" "--all" "--all-targets" "--message-format=json" "-Zcheck-cfg", kill_on_drop: false }`
[INFO] [stdout] 6bca003d93d26fc0ac409988e97a52b8244c4535799c87862cf17476af0b1e8a
[INFO] running `Command { std: "docker" "start" "-a" "6bca003d93d26fc0ac409988e97a52b8244c4535799c87862cf17476af0b1e8a", kill_on_drop: false }`
[INFO] [stderr]    Compiling core-foundation-sys v0.7.0
[INFO] [stderr]     Checking network-framework-sys v0.1.0 (/opt/rustwide/workdir)
[INFO] [stdout] warning: private item shadows public glob re-export
[INFO] [stdout]   --> src/lib.rs:34:1
[INFO] [stdout]    |
[INFO] [stdout] 34 | mod nw_object;
[INFO] [stdout]    | ^^^^^^^^^^^^^^
[INFO] [stdout]    |
[INFO] [stdout] note: the name `nw_object` in the type namespace is supposed to be publicly re-exported here
[INFO] [stdout]   --> src/lib.rs:51:9
[INFO] [stdout]    |
[INFO] [stdout] 51 | pub use self::nw_object::*;
[INFO] [stdout]    |         ^^^^^^^^^^^^^^^^^^
[INFO] [stdout] note: but the private item here shadows it
[INFO] [stdout]   --> src/lib.rs:34:1
[INFO] [stdout]    |
[INFO] [stdout] 34 | mod nw_object;
[INFO] [stdout]    | ^^^^^^^^^^^^^^
[INFO] [stdout]    = note: `#[warn(hidden_glob_reexports)]` on by default
[INFO] [stdout] 
[INFO] [stdout] 
[INFO] [stdout] warning: private item shadows public glob re-export
[INFO] [stdout]   --> src/lib.rs:34:1
[INFO] [stdout]    |
[INFO] [stdout] 34 | mod nw_object;
[INFO] [stdout]    | ^^^^^^^^^^^^^^
[INFO] [stdout]    |
[INFO] [stdout] note: the name `nw_object` in the type namespace is supposed to be publicly re-exported here
[INFO] [stdout]   --> src/lib.rs:51:9
[INFO] [stdout]    |
[INFO] [stdout] 51 | pub use self::nw_object::*;
[INFO] [stdout]    |         ^^^^^^^^^^^^^^^^^^
[INFO] [stdout] note: but the private item here shadows it
[INFO] [stdout]   --> src/lib.rs:34:1
[INFO] [stdout]    |
[INFO] [stdout] 34 | mod nw_object;
[INFO] [stdout]    | ^^^^^^^^^^^^^^
[INFO] [stdout]    = note: `#[warn(hidden_glob_reexports)]` on by default
[INFO] [stdout] 
[INFO] [stdout] 
[INFO] [stdout] error[E0455]: link kind `framework` is only supported on Apple targets
[INFO] [stdout]  --> src/lib.rs:7:33
[INFO] [stdout]   |
[INFO] [stdout] 7 | #[link(name = "Network", kind = "framework")]
[INFO] [stdout]   |                                 ^^^^^^^^^^^
[INFO] [stdout] 
[INFO] [stdout] 
[INFO] [stdout] error: aborting due to 1 previous error; 1 warning emitted
[INFO] [stdout] 
[INFO] [stdout] 
[INFO] [stdout] For more information about this error, try `rustc --explain E0455`.
[INFO] [stdout] 
[INFO] [stdout] error[E0455]: link kind `framework` is only supported on Apple targets
[INFO] [stdout]  --> src/lib.rs:7:33
[INFO] [stdout]   |
[INFO] [stdout] 7 | #[link(name = "Network", kind = "framework")]
[INFO] [stdout]   |                                 ^^^^^^^^^^^
[INFO] [stdout] 
[INFO] [stdout] 
[INFO] [stderr] error: could not compile `network-framework-sys` (lib test) due to 2 previous errors; 1 warning emitted
[INFO] [stderr] warning: build failed, waiting for other jobs to finish...
[INFO] [stdout] error: aborting due to 1 previous error; 1 warning emitted
[INFO] [stdout] 
[INFO] [stdout] 
[INFO] [stdout] For more information about this error, try `rustc --explain E0455`.
[INFO] [stdout] 
[INFO] [stderr] error: could not compile `network-framework-sys` (lib) due to 2 previous errors; 1 warning emitted
[INFO] running `Command { std: "docker" "inspect" "6bca003d93d26fc0ac409988e97a52b8244c4535799c87862cf17476af0b1e8a", kill_on_drop: false }`
[INFO] running `Command { std: "docker" "rm" "-f" "6bca003d93d26fc0ac409988e97a52b8244c4535799c87862cf17476af0b1e8a", kill_on_drop: false }`
[INFO] [stdout] 6bca003d93d26fc0ac409988e97a52b8244c4535799c87862cf17476af0b1e8a
