[INFO] fetching crate netsblox-cloud-common 1.3.5...
[INFO] checking netsblox-cloud-common-1.3.5 against nightly-2024-02-05 for check-cfg
[INFO] extracting crate netsblox-cloud-common 1.3.5 into /workspace/builds/worker-1-tc1/source
[INFO] validating manifest of crates.io crate netsblox-cloud-common 1.3.5 on toolchain nightly-2024-02-05
[INFO] running `Command { std: CARGO_HOME="/workspace/cargo-home" RUSTUP_HOME="/workspace/rustup-home" "/workspace/cargo-home/bin/cargo" "+nightly-2024-02-05" "metadata" "--manifest-path" "Cargo.toml" "--no-deps", kill_on_drop: false }`
[INFO] started tweaking crates.io crate netsblox-cloud-common 1.3.5
[INFO] finished tweaking crates.io crate netsblox-cloud-common 1.3.5
[INFO] tweaked toml for crates.io crate netsblox-cloud-common 1.3.5 written to /workspace/builds/worker-1-tc1/source/Cargo.toml
[INFO] running `Command { std: CARGO_HOME="/workspace/cargo-home" RUSTUP_HOME="/workspace/rustup-home" "/workspace/cargo-home/bin/cargo" "+nightly-2024-02-05" "generate-lockfile" "--manifest-path" "Cargo.toml", kill_on_drop: false }`
[INFO] [stderr]     Updating crates.io index
[INFO] running `Command { std: CARGO_HOME="/workspace/cargo-home" RUSTUP_HOME="/workspace/rustup-home" "/workspace/cargo-home/bin/cargo" "+nightly-2024-02-05" "fetch" "--manifest-path" "Cargo.toml", kill_on_drop: false }`
[INFO] [stderr]  Downloading crates ...
[INFO] [stderr]   Downloaded random-number-macro-impl v0.1.7
[INFO] [stderr]   Downloaded ts-rs-macros v7.1.1
[INFO] [stderr]   Downloaded rustc_version_runtime v0.2.1
[INFO] [stderr]   Downloaded random-number v0.1.8
[INFO] [stderr]   Downloaded random-pick v1.2.16
[INFO] [stderr]   Downloaded ts-rs v7.1.1
[INFO] [stderr]   Downloaded passwords v3.1.16
[INFO] [stderr]   Downloaded mongodb v2.8.0
[INFO] [stderr]   Downloaded netsblox-api-common v1.5.0
[INFO] running `Command { std: "docker" "create" "-v" "/var/lib/crater-agent-workspace/builds/worker-1-tc1/target:/opt/rustwide/target:rw,Z" "-v" "/var/lib/crater-agent-workspace/builds/worker-1-tc1/source:/opt/rustwide/workdir:ro,Z" "-v" "/var/lib/crater-agent-workspace/cargo-home:/opt/rustwide/cargo-home:ro,Z" "-v" "/var/lib/crater-agent-workspace/rustup-home:/opt/rustwide/rustup-home:ro,Z" "-e" "SOURCE_DIR=/opt/rustwide/workdir" "-e" "CARGO_TARGET_DIR=/opt/rustwide/target" "-e" "CARGO_HOME=/opt/rustwide/cargo-home" "-e" "RUSTUP_HOME=/opt/rustwide/rustup-home" "-w" "/opt/rustwide/workdir" "-m" "1610612736" "--user" "0:0" "--network" "none" "ghcr.io/rust-lang/crates-build-env/linux@sha256:2788e3201cd34a07e3172128adcd8b3090168a8e3bcc40d7c032b9dda1df7d1c" "/opt/rustwide/cargo-home/bin/cargo" "+nightly-2024-02-05" "metadata" "--no-deps" "--format-version=1", kill_on_drop: false }`
[INFO] [stdout] 32ce9c7689def8d7f6329c40d9f53ad949f6a0ff02b6ffb0e189baa5d949be15
[INFO] running `Command { std: "docker" "start" "-a" "32ce9c7689def8d7f6329c40d9f53ad949f6a0ff02b6ffb0e189baa5d949be15", kill_on_drop: false }`
[INFO] running `Command { std: "docker" "inspect" "32ce9c7689def8d7f6329c40d9f53ad949f6a0ff02b6ffb0e189baa5d949be15", kill_on_drop: false }`
[INFO] running `Command { std: "docker" "rm" "-f" "32ce9c7689def8d7f6329c40d9f53ad949f6a0ff02b6ffb0e189baa5d949be15", kill_on_drop: false }`
[INFO] [stdout] 32ce9c7689def8d7f6329c40d9f53ad949f6a0ff02b6ffb0e189baa5d949be15
[INFO] running `Command { std: "docker" "create" "-v" "/var/lib/crater-agent-workspace/builds/worker-1-tc1/target:/opt/rustwide/target:rw,Z" "-v" "/var/lib/crater-agent-workspace/builds/worker-1-tc1/source:/opt/rustwide/workdir:ro,Z" "-v" "/var/lib/crater-agent-workspace/cargo-home:/opt/rustwide/cargo-home:ro,Z" "-v" "/var/lib/crater-agent-workspace/rustup-home:/opt/rustwide/rustup-home:ro,Z" "-e" "SOURCE_DIR=/opt/rustwide/workdir" "-e" "CARGO_TARGET_DIR=/opt/rustwide/target" "-e" "CARGO_INCREMENTAL=0" "-e" "RUST_BACKTRACE=full" "-e" "RUSTFLAGS=--cap-lints=forbid" "-e" "RUSTDOCFLAGS=--cap-lints=forbid" "-e" "CARGO_HOME=/opt/rustwide/cargo-home" "-e" "RUSTUP_HOME=/opt/rustwide/rustup-home" "-w" "/opt/rustwide/workdir" "-m" "1610612736" "--user" "0:0" "--network" "none" "ghcr.io/rust-lang/crates-build-env/linux@sha256:2788e3201cd34a07e3172128adcd8b3090168a8e3bcc40d7c032b9dda1df7d1c" "/opt/rustwide/cargo-home/bin/cargo" "+nightly-2024-02-05" "check" "--frozen" "--all" "--all-targets" "--message-format=json", kill_on_drop: false }`
[INFO] [stdout] d2352360ab81b29cb7b173b26853bebefb203e5697812511e7f3e6848afa32c4
[INFO] running `Command { std: "docker" "start" "-a" "d2352360ab81b29cb7b173b26853bebefb203e5697812511e7f3e6848afa32c4", kill_on_drop: false }`
[INFO] [stderr]    Compiling libc v0.2.153
[INFO] [stderr]    Compiling syn v1.0.109
[INFO] [stderr]    Compiling syn v2.0.48
[INFO] [stderr]     Checking unicode-normalization v0.1.22
[INFO] [stderr]     Checking subtle v2.5.0
[INFO] [stderr]     Checking unicode-bidi v0.3.15
[INFO] [stderr]    Compiling thiserror v1.0.56
[INFO] [stderr]    Compiling semver-parser v0.7.0
[INFO] [stderr]     Checking untrusted v0.9.0
[INFO] [stderr]     Checking digest v0.10.7
[INFO] [stderr]     Checking spin v0.9.8
[INFO] [stderr]    Compiling radium v0.7.0
[INFO] [stderr]    Compiling strsim v0.10.0
[INFO] [stderr]     Checking futures-io v0.3.30
[INFO] [stderr]    Compiling semver v0.9.0
[INFO] [stderr]    Compiling lock_api v0.4.11
[INFO] [stderr]    Compiling ahash v0.8.7
[INFO] [stderr]     Checking equivalent v1.0.1
[INFO] [stderr]     Checking tap v1.0.1
[INFO] [stderr]     Checking hashbrown v0.14.3
[INFO] [stderr]     Checking smallvec v1.13.1
[INFO] [stderr]     Checking powerfmt v0.2.0
[INFO] [stderr]    Compiling parking_lot_core v0.9.9
[INFO] [stderr]    Compiling time-core v0.1.2
[INFO] [stderr]    Compiling serde_json v1.0.113
[INFO] [stderr]    Compiling num-conv v0.1.0
[INFO] [stderr]    Compiling time-macros v0.2.17
[INFO] [stderr]     Checking form_urlencoded v1.2.1
[INFO] [stderr]     Checking deranged v0.3.11
[INFO] [stderr]     Checking getrandom v0.2.12
[INFO] [stderr]     Checking mio v0.8.10
[INFO] [stderr]    Compiling cc v1.0.83
[INFO] [stderr]     Checking socket2 v0.5.5
[INFO] [stderr]     Checking rand_core v0.6.4
[INFO] [stderr]     Checking rand_chacha v0.3.1
[INFO] [stderr]     Checking num_cpus v1.16.0
[INFO] [stderr]     Checking signal-hook-registry v1.4.1
[INFO] [stderr]     Checking indexmap v2.2.2
[INFO] [stderr]     Checking rand v0.8.5
[INFO] [stderr]     Checking wyz v0.5.1
[INFO] [stderr]    Compiling rustc_version v0.2.3
[INFO] [stderr]     Checking idna v0.5.0
[INFO] [stderr]     Checking match_cfg v0.1.0
[INFO] [stderr]     Checking matches v0.1.10
[INFO] [stderr]    Compiling rustls v0.21.10
[INFO] [stderr]    Compiling heck v0.4.1
[INFO] [stderr]     Checking zerocopy v0.7.32
[INFO] [stderr]     Checking funty v2.0.0
[INFO] [stderr]     Checking url v2.5.0
[INFO] [stderr]    Compiling ring v0.17.7
[INFO] [stderr]     Checking idna v0.2.3
[INFO] [stderr]     Checking hostname v0.3.1
[INFO] [stderr]     Checking bitvec v1.0.1
[INFO] [stderr]    Compiling rustc_version_runtime v0.2.1
[INFO] [stderr]     Checking time v0.3.34
[INFO] [stderr]     Checking futures-channel v0.3.30
[INFO] [stderr]     Checking linked-hash-map v0.5.6
[INFO] [stderr]    Compiling termcolor v1.4.1
[INFO] [stderr]     Checking quick-error v1.2.3
[INFO] [stderr]     Checking ipnet v2.9.0
[INFO] [stderr]    Compiling Inflector v0.11.4
[INFO] [stderr]    Compiling convert_case v0.4.0
[INFO] [stderr]     Checking data-encoding v2.5.0
[INFO] [stderr]     Checking lru-cache v0.1.2
[INFO] [stderr]     Checking resolv-conf v0.7.0
[INFO] [stderr]    Compiling darling_core v0.13.4
[INFO] [stderr]     Checking parking_lot v0.12.1
[INFO] [stderr]     Checking finl_unicode v1.2.0
[INFO] [stderr]     Checking base64 v0.21.7
[INFO] [stderr]     Checking stringprep v0.1.4
[INFO] [stderr]     Checking chrono v0.4.33
[INFO] [stderr]     Checking rustls-pemfile v1.0.4
[INFO] [stderr]     Checking sha2 v0.10.8
[INFO] [stderr]     Checking sha-1 v0.10.1
[INFO] [stderr]     Checking socket2 v0.4.10
[INFO] [stderr]     Checking pbkdf2 v0.11.0
[INFO] [stderr]     Checking hmac v0.12.1
[INFO] [stderr]     Checking md-5 v0.10.6
[INFO] [stderr]     Checking webpki-roots v0.25.4
[INFO] [stderr]     Checking take_mut v0.2.2
[INFO] [stderr]    Compiling serde_derive v1.0.196
[INFO] [stderr]    Compiling tokio-macros v2.2.0
[INFO] [stderr]    Compiling thiserror-impl v1.0.56
[INFO] [stderr]    Compiling futures-macro v0.3.30
[INFO] [stderr]    Compiling async-trait v0.1.77
[INFO] [stderr]    Compiling random-number-macro-impl v0.1.7
[INFO] [stderr]    Compiling darling_macro v0.13.4
[INFO] [stderr]     Checking rustls-webpki v0.101.7
[INFO] [stderr]     Checking sct v0.7.1
[INFO] [stderr]    Compiling enum-as-inner v0.4.0
[INFO] [stderr]     Checking tokio v1.36.0
[INFO] [stderr]    Compiling darling v0.13.4
[INFO] [stderr]    Compiling serde_with_macros v1.5.2
[INFO] [stderr]     Checking random-number v0.1.8
[INFO] [stderr]     Checking futures-util v0.3.30
[INFO] [stderr]    Compiling derive_more v0.99.17
[INFO] [stderr]    Compiling ts-rs-macros v7.1.1
[INFO] [stderr]     Checking random-pick v1.2.16
[INFO] [stderr]    Compiling derivative v2.2.0
[INFO] [stderr]    Compiling typed-builder v0.10.0
[INFO] [stderr]     Checking passwords v3.1.16
[INFO] [stderr]     Checking futures-executor v0.3.30
[INFO] [stderr]     Checking serde v1.0.196
[INFO] [stderr]     Checking trust-dns-proto v0.21.2
[INFO] [stderr]     Checking tokio-util v0.7.10
[INFO] [stderr]     Checking tokio-rustls v0.24.1
[INFO] [stderr]     Checking trust-dns-resolver v0.21.2
[INFO] [stderr]     Checking uuid v1.7.0
[INFO] [stderr]     Checking serde_bytes v0.11.14
[INFO] [stderr]     Checking serde_with v1.14.0
[INFO] [stderr]     Checking ts-rs v7.1.1
[INFO] [stderr]     Checking bson v2.9.0
[INFO] [stderr]     Checking mongodb v2.8.0
[INFO] [stderr]     Checking netsblox-api-common v1.5.0
[INFO] [stderr]     Checking netsblox-cloud-common v1.3.5 (/opt/rustwide/workdir)
[INFO] [stdout] error[E0609]: no field `public` on type `netsblox_api_common::AuthorizedServiceHost`
[INFO] [stdout]    --> src/lib.rs:641:60
[INFO] [stdout]     |
[INFO] [stdout] 641 |         AuthorizedServiceHost::new(data.url, data.id, data.public)
[INFO] [stdout]     |                                                            ^^^^^^ unknown field
[INFO] [stdout]     |
[INFO] [stdout]     = note: available fields are: `url`, `id`, `visibility`
[INFO] [stdout] 
[INFO] [stdout] 
[INFO] [stdout] error[E0609]: no field `public` on type `netsblox_api_common::AuthorizedServiceHost`
[INFO] [stdout]    --> src/lib.rs:641:60
[INFO] [stdout]     |
[INFO] [stdout] 641 |         AuthorizedServiceHost::new(data.url, data.id, data.public)
[INFO] [stdout]     |                                                            ^^^^^^ unknown field
[INFO] [stdout]     |
[INFO] [stdout]     = note: available fields are: `url`, `id`, `visibility`
[INFO] [stdout] 
[INFO] [stdout] 
[INFO] [stdout] error[E0560]: struct `netsblox_api_common::AuthorizedServiceHost` has no field named `public`
[INFO] [stdout]    --> src/lib.rs:650:13
[INFO] [stdout]     |
[INFO] [stdout] 650 |             public: host.public,
[INFO] [stdout]     |             ^^^^^^ `netsblox_api_common::AuthorizedServiceHost` does not have this field
[INFO] [stdout]     |
[INFO] [stdout]     = note: available fields are: `visibility`
[INFO] [stdout] 
[INFO] [stdout] 
[INFO] [stdout] error[E0560]: struct `netsblox_api_common::AuthorizedServiceHost` has no field named `public`
[INFO] [stdout]    --> src/lib.rs:650:13
[INFO] [stdout]     |
[INFO] [stdout] 650 |             public: host.public,
[INFO] [stdout]     |             ^^^^^^ `netsblox_api_common::AuthorizedServiceHost` does not have this field
[INFO] [stdout]     |
[INFO] [stdout]     = note: available fields are: `visibility`
[INFO] [stdout] 
[INFO] [stdout] 
[INFO] [stdout] error: aborting due to 2 previous errors
[INFO] [stdout] 
[INFO] [stdout] 
[INFO] [stdout] Some errors have detailed explanations: E0560, E0609.
[INFO] [stdout] 
[INFO] [stdout] For more information about an error, try `rustc --explain E0560`.
[INFO] [stdout] 
[INFO] [stdout] error: aborting due to 2 previous errors
[INFO] [stdout] 
[INFO] [stdout] 
[INFO] [stdout] Some errors have detailed explanations: E0560, E0609.
[INFO] [stdout] 
[INFO] [stdout] For more information about an error, try `rustc --explain E0560`.
[INFO] [stdout] 
[INFO] [stderr] error: could not compile `netsblox-cloud-common` (lib) due to 3 previous errors
[INFO] [stderr] warning: build failed, waiting for other jobs to finish...
[INFO] [stderr] error: could not compile `netsblox-cloud-common` (lib test) due to 3 previous errors
[INFO] running `Command { std: "docker" "inspect" "d2352360ab81b29cb7b173b26853bebefb203e5697812511e7f3e6848afa32c4", kill_on_drop: false }`
[INFO] running `Command { std: "docker" "rm" "-f" "d2352360ab81b29cb7b173b26853bebefb203e5697812511e7f3e6848afa32c4", kill_on_drop: false }`
[INFO] [stdout] d2352360ab81b29cb7b173b26853bebefb203e5697812511e7f3e6848afa32c4
[INFO] checking netsblox-cloud-common-1.3.5 against nightly-2024-02-05+rustflags=-Dunexpected_cfgs+cargoflags=-Zcheck-cfg for check-cfg
[INFO] extracting crate netsblox-cloud-common 1.3.5 into /workspace/builds/worker-1-tc2/source
[INFO] validating manifest of crates.io crate netsblox-cloud-common 1.3.5 on toolchain nightly-2024-02-05
[INFO] running `Command { std: CARGO_HOME="/workspace/cargo-home" RUSTUP_HOME="/workspace/rustup-home" "/workspace/cargo-home/bin/cargo" "+nightly-2024-02-05" "metadata" "--manifest-path" "Cargo.toml" "--no-deps", kill_on_drop: false }`
[INFO] started tweaking crates.io crate netsblox-cloud-common 1.3.5
[INFO] finished tweaking crates.io crate netsblox-cloud-common 1.3.5
[INFO] tweaked toml for crates.io crate netsblox-cloud-common 1.3.5 written to /workspace/builds/worker-1-tc2/source/Cargo.toml
[INFO] running `Command { std: CARGO_HOME="/workspace/cargo-home" RUSTUP_HOME="/workspace/rustup-home" "/workspace/cargo-home/bin/cargo" "+nightly-2024-02-05" "generate-lockfile" "--manifest-path" "Cargo.toml", kill_on_drop: false }`
[INFO] [stderr]     Updating crates.io index
[INFO] running `Command { std: CARGO_HOME="/workspace/cargo-home" RUSTUP_HOME="/workspace/rustup-home" "/workspace/cargo-home/bin/cargo" "+nightly-2024-02-05" "fetch" "--manifest-path" "Cargo.toml", kill_on_drop: false }`
[INFO] running `Command { std: "docker" "create" "-v" "/var/lib/crater-agent-workspace/builds/worker-1-tc2/target:/opt/rustwide/target:rw,Z" "-v" "/var/lib/crater-agent-workspace/builds/worker-1-tc2/source:/opt/rustwide/workdir:ro,Z" "-v" "/var/lib/crater-agent-workspace/cargo-home:/opt/rustwide/cargo-home:ro,Z" "-v" "/var/lib/crater-agent-workspace/rustup-home:/opt/rustwide/rustup-home:ro,Z" "-e" "SOURCE_DIR=/opt/rustwide/workdir" "-e" "CARGO_TARGET_DIR=/opt/rustwide/target" "-e" "CARGO_HOME=/opt/rustwide/cargo-home" "-e" "RUSTUP_HOME=/opt/rustwide/rustup-home" "-w" "/opt/rustwide/workdir" "-m" "1610612736" "--user" "0:0" "--network" "none" "ghcr.io/rust-lang/crates-build-env/linux@sha256:2788e3201cd34a07e3172128adcd8b3090168a8e3bcc40d7c032b9dda1df7d1c" "/opt/rustwide/cargo-home/bin/cargo" "+nightly-2024-02-05" "metadata" "--no-deps" "--format-version=1", kill_on_drop: false }`
[INFO] [stdout] 36ad8292b83e81430a70047a8f3764afd73666404844f970a17b21c9fe88a8f5
[INFO] running `Command { std: "docker" "start" "-a" "36ad8292b83e81430a70047a8f3764afd73666404844f970a17b21c9fe88a8f5", kill_on_drop: false }`
[INFO] running `Command { std: "docker" "inspect" "36ad8292b83e81430a70047a8f3764afd73666404844f970a17b21c9fe88a8f5", kill_on_drop: false }`
[INFO] running `Command { std: "docker" "rm" "-f" "36ad8292b83e81430a70047a8f3764afd73666404844f970a17b21c9fe88a8f5", kill_on_drop: false }`
[INFO] [stdout] 36ad8292b83e81430a70047a8f3764afd73666404844f970a17b21c9fe88a8f5
[INFO] running `Command { std: "docker" "create" "-v" "/var/lib/crater-agent-workspace/builds/worker-1-tc2/target:/opt/rustwide/target:rw,Z" "-v" "/var/lib/crater-agent-workspace/builds/worker-1-tc2/source:/opt/rustwide/workdir:ro,Z" "-v" "/var/lib/crater-agent-workspace/cargo-home:/opt/rustwide/cargo-home:ro,Z" "-v" "/var/lib/crater-agent-workspace/rustup-home:/opt/rustwide/rustup-home:ro,Z" "-e" "SOURCE_DIR=/opt/rustwide/workdir" "-e" "CARGO_TARGET_DIR=/opt/rustwide/target" "-e" "CARGO_INCREMENTAL=0" "-e" "RUST_BACKTRACE=full" "-e" "RUSTFLAGS=--cap-lints=forbid -Dunexpected_cfgs" "-e" "RUSTDOCFLAGS=--cap-lints=forbid" "-e" "CARGO_HOME=/opt/rustwide/cargo-home" "-e" "RUSTUP_HOME=/opt/rustwide/rustup-home" "-w" "/opt/rustwide/workdir" "-m" "1610612736" "--user" "0:0" "--network" "none" "ghcr.io/rust-lang/crates-build-env/linux@sha256:2788e3201cd34a07e3172128adcd8b3090168a8e3bcc40d7c032b9dda1df7d1c" "/opt/rustwide/cargo-home/bin/cargo" "+nightly-2024-02-05" "check" "--frozen" "--all" "--all-targets" "--message-format=json" "-Zcheck-cfg", kill_on_drop: false }`
[INFO] [stdout] 7f6a4e49cc41e13f4a67746da4cf9e6a0f2c0128befe16537c3af7c31db4017b
[INFO] running `Command { std: "docker" "start" "-a" "7f6a4e49cc41e13f4a67746da4cf9e6a0f2c0128befe16537c3af7c31db4017b", kill_on_drop: false }`
[INFO] [stderr]    Compiling libc v0.2.153
[INFO] [stderr]    Compiling syn v1.0.109
[INFO] [stderr]    Compiling syn v2.0.48
[INFO] [stderr]     Checking unicode-normalization v0.1.22
[INFO] [stderr]     Checking unicode-bidi v0.3.15
[INFO] [stderr]     Checking subtle v2.5.0
[INFO] [stderr]    Compiling thiserror v1.0.56
[INFO] [stderr]     Checking spin v0.9.8
[INFO] [stderr]    Compiling strsim v0.10.0
[INFO] [stderr]     Checking futures-io v0.3.30
[INFO] [stderr]     Checking digest v0.10.7
[INFO] [stderr]    Compiling fnv v1.0.7
[INFO] [stderr]    Compiling radium v0.7.0
[INFO] [stderr]    Compiling semver-parser v0.7.0
[INFO] [stderr]     Checking untrusted v0.9.0
[INFO] [stderr]    Compiling ident_case v1.0.1
[INFO] [stderr]    Compiling semver v0.9.0
[INFO] [stderr]    Compiling lock_api v0.4.11
[INFO] [stderr]    Compiling ahash v0.8.7
[INFO] [stderr]     Checking powerfmt v0.2.0
[INFO] [stderr]    Compiling time-core v0.1.2
[INFO] [stderr]    Compiling serde_json v1.0.113
[INFO] [stderr]     Checking tap v1.0.1
[INFO] [stderr]    Compiling num-conv v0.1.0
[INFO] [stderr]     Checking equivalent v1.0.1
[INFO] [stderr]     Checking smallvec v1.13.1
[INFO] [stderr]    Compiling parking_lot_core v0.9.9
[INFO] [stderr]     Checking hashbrown v0.14.3
[INFO] [stderr]     Checking form_urlencoded v1.2.1
[INFO] [stderr]    Compiling time-macros v0.2.17
[INFO] [stderr]     Checking wyz v0.5.1
[INFO] [stderr]     Checking getrandom v0.2.12
[INFO] [stderr]    Compiling cc v1.0.83
[INFO] [stderr]     Checking num_cpus v1.16.0
[INFO] [stderr]     Checking rand_core v0.6.4
[INFO] [stderr]     Checking signal-hook-registry v1.4.1
[INFO] [stderr]     Checking socket2 v0.5.5
[INFO] [stderr]     Checking rand_chacha v0.3.1
[INFO] [stderr]     Checking mio v0.8.10
[INFO] [stderr]     Checking indexmap v2.2.2
[INFO] [stderr]     Checking rand v0.8.5
[INFO] [stderr]     Checking deranged v0.3.11
[INFO] [stderr]    Compiling rustc_version v0.2.3
[INFO] [stderr]     Checking idna v0.5.0
[INFO] [stderr]     Checking matches v0.1.10
[INFO] [stderr]     Checking match_cfg v0.1.0
[INFO] [stderr]    Compiling rustls v0.21.10
[INFO] [stderr]    Compiling heck v0.4.1
[INFO] [stderr]     Checking zerocopy v0.7.32
[INFO] [stderr]     Checking funty v2.0.0
[INFO] [stderr]    Compiling ring v0.17.7
[INFO] [stderr]     Checking hostname v0.3.1
[INFO] [stderr]     Checking url v2.5.0
[INFO] [stderr]     Checking idna v0.2.3
[INFO] [stderr]    Compiling rustc_version_runtime v0.2.1
[INFO] [stderr]     Checking time v0.3.34
[INFO] [stderr]     Checking bitvec v1.0.1
[INFO] [stderr]     Checking futures-channel v0.3.30
[INFO] [stderr]     Checking data-encoding v2.5.0
[INFO] [stderr]    Compiling Inflector v0.11.4
[INFO] [stderr]     Checking ipnet v2.9.0
[INFO] [stderr]     Checking linked-hash-map v0.5.6
[INFO] [stderr]    Compiling convert_case v0.4.0
[INFO] [stderr]    Compiling termcolor v1.4.1
[INFO] [stderr]    Compiling darling_core v0.13.4
[INFO] [stderr]     Checking quick-error v1.2.3
[INFO] [stderr]     Checking lru-cache v0.1.2
[INFO] [stderr]     Checking resolv-conf v0.7.0
[INFO] [stderr]     Checking parking_lot v0.12.1
[INFO] [stderr]     Checking finl_unicode v1.2.0
[INFO] [stderr]     Checking base64 v0.21.7
[INFO] [stderr]     Checking chrono v0.4.33
[INFO] [stderr]     Checking stringprep v0.1.4
[INFO] [stderr]     Checking rustls-pemfile v1.0.4
[INFO] [stderr]     Checking sha2 v0.10.8
[INFO] [stderr]     Checking sha-1 v0.10.1
[INFO] [stderr]     Checking socket2 v0.4.10
[INFO] [stderr]     Checking hmac v0.12.1
[INFO] [stderr]     Checking md-5 v0.10.6
[INFO] [stderr]     Checking pbkdf2 v0.11.0
[INFO] [stderr]     Checking take_mut v0.2.2
[INFO] [stderr]     Checking webpki-roots v0.25.4
[INFO] [stderr]    Compiling serde_derive v1.0.196
[INFO] [stderr]    Compiling thiserror-impl v1.0.56
[INFO] [stderr]    Compiling tokio-macros v2.2.0
[INFO] [stderr]    Compiling futures-macro v0.3.30
[INFO] [stderr]    Compiling async-trait v0.1.77
[INFO] [stderr]    Compiling random-number-macro-impl v0.1.7
[INFO] [stderr]    Compiling darling_macro v0.13.4
[INFO] [stderr]    Compiling enum-as-inner v0.4.0
[INFO] [stderr]    Compiling darling v0.13.4
[INFO] [stderr]     Checking rustls-webpki v0.101.7
[INFO] [stderr]     Checking sct v0.7.1
[INFO] [stderr]     Checking tokio v1.36.0
[INFO] [stderr]    Compiling serde_with_macros v1.5.2
[INFO] [stderr]     Checking futures-util v0.3.30
[INFO] [stderr]     Checking random-number v0.1.8
[INFO] [stderr]    Compiling derive_more v0.99.17
[INFO] [stderr]    Compiling ts-rs-macros v7.1.1
[INFO] [stderr]     Checking random-pick v1.2.16
[INFO] [stderr]    Compiling typed-builder v0.10.0
[INFO] [stderr]    Compiling derivative v2.2.0
[INFO] [stderr]     Checking passwords v3.1.16
[INFO] [stderr]     Checking futures-executor v0.3.30
[INFO] [stderr]     Checking serde v1.0.196
[INFO] [stderr]     Checking trust-dns-proto v0.21.2
[INFO] [stderr]     Checking tokio-util v0.7.10
[INFO] [stderr]     Checking tokio-rustls v0.24.1
[INFO] [stderr]     Checking trust-dns-resolver v0.21.2
[INFO] [stderr]     Checking uuid v1.7.0
[INFO] [stderr]     Checking serde_bytes v0.11.14
[INFO] [stderr]     Checking serde_with v1.14.0
[INFO] [stderr]     Checking ts-rs v7.1.1
[INFO] [stderr]     Checking bson v2.9.0
[INFO] [stderr]     Checking netsblox-api-common v1.5.0
[INFO] [stderr]     Checking mongodb v2.8.0
[INFO] [stderr]     Checking netsblox-cloud-common v1.3.5 (/opt/rustwide/workdir)
[INFO] [stdout] error[E0609]: no field `public` on type `netsblox_api_common::AuthorizedServiceHost`
[INFO] [stdout]    --> src/lib.rs:641:60
[INFO] [stdout]     |
[INFO] [stdout] 641 |         AuthorizedServiceHost::new(data.url, data.id, data.public)
[INFO] [stdout]     |                                                            ^^^^^^ unknown field
[INFO] [stdout]     |
[INFO] [stdout]     = note: available fields are: `url`, `id`, `visibility`
[INFO] [stdout] 
[INFO] [stdout] 
[INFO] [stdout] error[E0560]: struct `netsblox_api_common::AuthorizedServiceHost` has no field named `public`
[INFO] [stdout]    --> src/lib.rs:650:13
[INFO] [stdout]     |
[INFO] [stdout] 650 |             public: host.public,
[INFO] [stdout]     |             ^^^^^^ `netsblox_api_common::AuthorizedServiceHost` does not have this field
[INFO] [stdout]     |
[INFO] [stdout]     = note: available fields are: `visibility`
[INFO] [stdout] 
[INFO] [stdout] 
[INFO] [stdout] error: aborting due to 2 previous errors
[INFO] [stdout] 
[INFO] [stdout] 
[INFO] [stdout] Some errors have detailed explanations: E0560, E0609.
[INFO] [stdout] 
[INFO] [stdout] For more information about an error, try `rustc --explain E0560`.
[INFO] [stdout] 
[INFO] [stderr] error: could not compile `netsblox-cloud-common` (lib test) due to 3 previous errors
[INFO] [stderr] warning: build failed, waiting for other jobs to finish...
[INFO] [stdout] error[E0609]: no field `public` on type `netsblox_api_common::AuthorizedServiceHost`
[INFO] [stdout]    --> src/lib.rs:641:60
[INFO] [stdout]     |
[INFO] [stdout] 641 |         AuthorizedServiceHost::new(data.url, data.id, data.public)
[INFO] [stdout]     |                                                            ^^^^^^ unknown field
[INFO] [stdout]     |
[INFO] [stdout]     = note: available fields are: `url`, `id`, `visibility`
[INFO] [stdout] 
[INFO] [stdout] 
[INFO] [stdout] error[E0560]: struct `netsblox_api_common::AuthorizedServiceHost` has no field named `public`
[INFO] [stdout]    --> src/lib.rs:650:13
[INFO] [stdout]     |
[INFO] [stdout] 650 |             public: host.public,
[INFO] [stdout]     |             ^^^^^^ `netsblox_api_common::AuthorizedServiceHost` does not have this field
[INFO] [stdout]     |
[INFO] [stdout]     = note: available fields are: `visibility`
[INFO] [stdout] 
[INFO] [stdout] 
[INFO] [stdout] error: aborting due to 2 previous errors
[INFO] [stdout] 
[INFO] [stdout] 
[INFO] [stdout] Some errors have detailed explanations: E0560, E0609.
[INFO] [stdout] 
[INFO] [stdout] For more information about an error, try `rustc --explain E0560`.
[INFO] [stdout] 
[INFO] [stderr] error: could not compile `netsblox-cloud-common` (lib) due to 3 previous errors
[INFO] running `Command { std: "docker" "inspect" "7f6a4e49cc41e13f4a67746da4cf9e6a0f2c0128befe16537c3af7c31db4017b", kill_on_drop: false }`
[INFO] running `Command { std: "docker" "rm" "-f" "7f6a4e49cc41e13f4a67746da4cf9e6a0f2c0128befe16537c3af7c31db4017b", kill_on_drop: false }`
[INFO] [stdout] 7f6a4e49cc41e13f4a67746da4cf9e6a0f2c0128befe16537c3af7c31db4017b
