[INFO] fetching crate netsblox-api 1.3.5...
[INFO] checking netsblox-api-1.3.5 against nightly-2024-02-05 for check-cfg
[INFO] extracting crate netsblox-api 1.3.5 into /workspace/builds/worker-5-tc1/source
[INFO] validating manifest of crates.io crate netsblox-api 1.3.5 on toolchain nightly-2024-02-05
[INFO] running `Command { std: CARGO_HOME="/workspace/cargo-home" RUSTUP_HOME="/workspace/rustup-home" "/workspace/cargo-home/bin/cargo" "+nightly-2024-02-05" "metadata" "--manifest-path" "Cargo.toml" "--no-deps", kill_on_drop: false }`
[INFO] started tweaking crates.io crate netsblox-api 1.3.5
[INFO] finished tweaking crates.io crate netsblox-api 1.3.5
[INFO] tweaked toml for crates.io crate netsblox-api 1.3.5 written to /workspace/builds/worker-5-tc1/source/Cargo.toml
[INFO] running `Command { std: CARGO_HOME="/workspace/cargo-home" RUSTUP_HOME="/workspace/rustup-home" "/workspace/cargo-home/bin/cargo" "+nightly-2024-02-05" "generate-lockfile" "--manifest-path" "Cargo.toml", kill_on_drop: false }`
[INFO] [stderr]     Updating crates.io index
[INFO] running `Command { std: CARGO_HOME="/workspace/cargo-home" RUSTUP_HOME="/workspace/rustup-home" "/workspace/cargo-home/bin/cargo" "+nightly-2024-02-05" "fetch" "--manifest-path" "Cargo.toml", kill_on_drop: false }`
[INFO] [stderr]  Downloading crates ...
[INFO] [stderr]   Downloaded ts-rs-macros v7.1.1
[INFO] [stderr]   Downloaded ts-rs v7.1.1
[INFO] [stderr]   Downloaded netsblox-api-common v1.5.0
[INFO] running `Command { std: "docker" "create" "-v" "/var/lib/crater-agent-workspace/builds/worker-5-tc1/target:/opt/rustwide/target:rw,Z" "-v" "/var/lib/crater-agent-workspace/builds/worker-5-tc1/source:/opt/rustwide/workdir:ro,Z" "-v" "/var/lib/crater-agent-workspace/cargo-home:/opt/rustwide/cargo-home:ro,Z" "-v" "/var/lib/crater-agent-workspace/rustup-home:/opt/rustwide/rustup-home:ro,Z" "-e" "SOURCE_DIR=/opt/rustwide/workdir" "-e" "CARGO_TARGET_DIR=/opt/rustwide/target" "-e" "CARGO_HOME=/opt/rustwide/cargo-home" "-e" "RUSTUP_HOME=/opt/rustwide/rustup-home" "-w" "/opt/rustwide/workdir" "-m" "1610612736" "--user" "0:0" "--network" "none" "ghcr.io/rust-lang/crates-build-env/linux@sha256:2788e3201cd34a07e3172128adcd8b3090168a8e3bcc40d7c032b9dda1df7d1c" "/opt/rustwide/cargo-home/bin/cargo" "+nightly-2024-02-05" "metadata" "--no-deps" "--format-version=1", kill_on_drop: false }`
[INFO] [stdout] 4f009838d658a7379dcbf23fff182b915110189f724553c5df713aee8cc23f8d
[INFO] running `Command { std: "docker" "start" "-a" "4f009838d658a7379dcbf23fff182b915110189f724553c5df713aee8cc23f8d", kill_on_drop: false }`
[INFO] running `Command { std: "docker" "inspect" "4f009838d658a7379dcbf23fff182b915110189f724553c5df713aee8cc23f8d", kill_on_drop: false }`
[INFO] running `Command { std: "docker" "rm" "-f" "4f009838d658a7379dcbf23fff182b915110189f724553c5df713aee8cc23f8d", kill_on_drop: false }`
[INFO] [stdout] 4f009838d658a7379dcbf23fff182b915110189f724553c5df713aee8cc23f8d
[INFO] running `Command { std: "docker" "create" "-v" "/var/lib/crater-agent-workspace/builds/worker-5-tc1/target:/opt/rustwide/target:rw,Z" "-v" "/var/lib/crater-agent-workspace/builds/worker-5-tc1/source:/opt/rustwide/workdir:ro,Z" "-v" "/var/lib/crater-agent-workspace/cargo-home:/opt/rustwide/cargo-home:ro,Z" "-v" "/var/lib/crater-agent-workspace/rustup-home:/opt/rustwide/rustup-home:ro,Z" "-e" "SOURCE_DIR=/opt/rustwide/workdir" "-e" "CARGO_TARGET_DIR=/opt/rustwide/target" "-e" "CARGO_INCREMENTAL=0" "-e" "RUST_BACKTRACE=full" "-e" "RUSTFLAGS=--cap-lints=forbid" "-e" "RUSTDOCFLAGS=--cap-lints=forbid" "-e" "CARGO_HOME=/opt/rustwide/cargo-home" "-e" "RUSTUP_HOME=/opt/rustwide/rustup-home" "-w" "/opt/rustwide/workdir" "-m" "1610612736" "--user" "0:0" "--network" "none" "ghcr.io/rust-lang/crates-build-env/linux@sha256:2788e3201cd34a07e3172128adcd8b3090168a8e3bcc40d7c032b9dda1df7d1c" "/opt/rustwide/cargo-home/bin/cargo" "+nightly-2024-02-05" "check" "--frozen" "--all" "--all-targets" "--message-format=json", kill_on_drop: false }`
[INFO] [stdout] b254942831f014e887d2fdc617aa308bfe001fd8d497fe7190ba9d5b942f0515
[INFO] running `Command { std: "docker" "start" "-a" "b254942831f014e887d2fdc617aa308bfe001fd8d497fe7190ba9d5b942f0515", kill_on_drop: false }`
[INFO] [stderr]    Compiling generic-array v0.14.7
[INFO] [stderr]    Compiling syn v2.0.48
[INFO] [stderr]     Checking mio v0.8.10
[INFO] [stderr]     Checking tracing v0.1.40
[INFO] [stderr]    Compiling cookie v0.17.0
[INFO] [stderr]     Checking idna v0.3.0
[INFO] [stderr]     Checking futures-channel v0.3.30
[INFO] [stderr]     Checking psl-types v2.0.11
[INFO] [stderr]     Checking tokio v1.36.0
[INFO] [stderr]     Checking publicsuffix v2.2.3
[INFO] [stderr]     Checking block-buffer v0.10.4
[INFO] [stderr]     Checking crypto-common v0.1.6
[INFO] [stderr]     Checking digest v0.10.7
[INFO] [stderr]     Checking sha1 v0.10.6
[INFO] [stderr]     Checking tokio-util v0.7.10
[INFO] [stderr]    Compiling serde_derive v1.0.196
[INFO] [stderr]    Compiling openssl-macros v0.1.1
[INFO] [stderr]    Compiling futures-macro v0.3.30
[INFO] [stderr]    Compiling thiserror-impl v1.0.56
[INFO] [stderr]    Compiling ts-rs-macros v7.1.1
[INFO] [stderr]     Checking openssl v0.10.63
[INFO] [stderr]     Checking futures-util v0.3.30
[INFO] [stderr]     Checking thiserror v1.0.56
[INFO] [stderr]     Checking serde v1.0.196
[INFO] [stderr]     Checking h2 v0.3.24
[INFO] [stderr]     Checking native-tls v0.2.11
[INFO] [stderr]     Checking tokio-native-tls v0.3.1
[INFO] [stderr]     Checking tungstenite v0.20.1
[INFO] [stderr]     Checking tokio-tungstenite v0.20.1
[INFO] [stderr]     Checking serde_json v1.0.113
[INFO] [stderr]     Checking uuid v1.7.0
[INFO] [stderr]     Checking serde_urlencoded v0.7.1
[INFO] [stderr]     Checking hyper v0.14.28
[INFO] [stderr]     Checking ts-rs v7.1.1
[INFO] [stderr]     Checking cookie_store v0.20.0
[INFO] [stderr]     Checking netsblox-api-common v1.5.0
[INFO] [stderr]     Checking hyper-tls v0.5.0
[INFO] [stderr]     Checking reqwest v0.11.24
[INFO] [stderr]     Checking netsblox-api v1.3.5 (/opt/rustwide/workdir)
[INFO] [stdout] error[E0560]: struct `netsblox_api_common::AuthorizedServiceHost` has no field named `public`
[INFO] [stdout]    --> src/lib.rs:922:13
[INFO] [stdout]     |
[INFO] [stdout] 922 |             public,
[INFO] [stdout]     |             ^^^^^^ `netsblox_api_common::AuthorizedServiceHost` does not have this field
[INFO] [stdout]     |
[INFO] [stdout]     = note: available fields are: `visibility`
[INFO] [stdout] 
[INFO] [stdout] 
[INFO] [stdout] error[E0560]: struct `netsblox_api_common::AuthorizedServiceHost` has no field named `public`
[INFO] [stdout]    --> src/lib.rs:922:13
[INFO] [stdout]     |
[INFO] [stdout] 922 |             public,
[INFO] [stdout]     |             ^^^^^^ `netsblox_api_common::AuthorizedServiceHost` does not have this field
[INFO] [stdout]     |
[INFO] [stdout]     = note: available fields are: `visibility`
[INFO] [stdout] 
[INFO] [stdout] 
[INFO] [stdout] error: aborting due to 1 previous error
[INFO] [stdout] 
[INFO] [stdout] 
[INFO] [stdout] For more information about this error, try `rustc --explain E0560`.
[INFO] [stdout] 
[INFO] [stdout] error: aborting due to 1 previous error
[INFO] [stdout] 
[INFO] [stdout] 
[INFO] [stdout] For more information about this error, try `rustc --explain E0560`.
[INFO] [stdout] 
[INFO] [stderr] error: could not compile `netsblox-api` (lib) due to 2 previous errors
[INFO] [stderr] warning: build failed, waiting for other jobs to finish...
[INFO] [stderr] error: could not compile `netsblox-api` (lib test) due to 2 previous errors
[INFO] running `Command { std: "docker" "inspect" "b254942831f014e887d2fdc617aa308bfe001fd8d497fe7190ba9d5b942f0515", kill_on_drop: false }`
[INFO] running `Command { std: "docker" "rm" "-f" "b254942831f014e887d2fdc617aa308bfe001fd8d497fe7190ba9d5b942f0515", kill_on_drop: false }`
[INFO] [stdout] b254942831f014e887d2fdc617aa308bfe001fd8d497fe7190ba9d5b942f0515
[INFO] checking netsblox-api-1.3.5 against nightly-2024-02-05+rustflags=-Dunexpected_cfgs+cargoflags=-Zcheck-cfg for check-cfg
[INFO] extracting crate netsblox-api 1.3.5 into /workspace/builds/worker-5-tc2/source
[INFO] validating manifest of crates.io crate netsblox-api 1.3.5 on toolchain nightly-2024-02-05
[INFO] running `Command { std: CARGO_HOME="/workspace/cargo-home" RUSTUP_HOME="/workspace/rustup-home" "/workspace/cargo-home/bin/cargo" "+nightly-2024-02-05" "metadata" "--manifest-path" "Cargo.toml" "--no-deps", kill_on_drop: false }`
[INFO] started tweaking crates.io crate netsblox-api 1.3.5
[INFO] finished tweaking crates.io crate netsblox-api 1.3.5
[INFO] tweaked toml for crates.io crate netsblox-api 1.3.5 written to /workspace/builds/worker-5-tc2/source/Cargo.toml
[INFO] running `Command { std: CARGO_HOME="/workspace/cargo-home" RUSTUP_HOME="/workspace/rustup-home" "/workspace/cargo-home/bin/cargo" "+nightly-2024-02-05" "generate-lockfile" "--manifest-path" "Cargo.toml", kill_on_drop: false }`
[INFO] [stderr]     Updating crates.io index
[INFO] running `Command { std: CARGO_HOME="/workspace/cargo-home" RUSTUP_HOME="/workspace/rustup-home" "/workspace/cargo-home/bin/cargo" "+nightly-2024-02-05" "fetch" "--manifest-path" "Cargo.toml", kill_on_drop: false }`
[INFO] running `Command { std: "docker" "create" "-v" "/var/lib/crater-agent-workspace/builds/worker-5-tc2/target:/opt/rustwide/target:rw,Z" "-v" "/var/lib/crater-agent-workspace/builds/worker-5-tc2/source:/opt/rustwide/workdir:ro,Z" "-v" "/var/lib/crater-agent-workspace/cargo-home:/opt/rustwide/cargo-home:ro,Z" "-v" "/var/lib/crater-agent-workspace/rustup-home:/opt/rustwide/rustup-home:ro,Z" "-e" "SOURCE_DIR=/opt/rustwide/workdir" "-e" "CARGO_TARGET_DIR=/opt/rustwide/target" "-e" "CARGO_HOME=/opt/rustwide/cargo-home" "-e" "RUSTUP_HOME=/opt/rustwide/rustup-home" "-w" "/opt/rustwide/workdir" "-m" "1610612736" "--user" "0:0" "--network" "none" "ghcr.io/rust-lang/crates-build-env/linux@sha256:2788e3201cd34a07e3172128adcd8b3090168a8e3bcc40d7c032b9dda1df7d1c" "/opt/rustwide/cargo-home/bin/cargo" "+nightly-2024-02-05" "metadata" "--no-deps" "--format-version=1", kill_on_drop: false }`
[INFO] [stdout] 25de5be01f9959ce5d1ae541f5bfa5f0654fbb5c893c1a7d521924f952041baf
[INFO] running `Command { std: "docker" "start" "-a" "25de5be01f9959ce5d1ae541f5bfa5f0654fbb5c893c1a7d521924f952041baf", kill_on_drop: false }`
[INFO] running `Command { std: "docker" "inspect" "25de5be01f9959ce5d1ae541f5bfa5f0654fbb5c893c1a7d521924f952041baf", kill_on_drop: false }`
[INFO] running `Command { std: "docker" "rm" "-f" "25de5be01f9959ce5d1ae541f5bfa5f0654fbb5c893c1a7d521924f952041baf", kill_on_drop: false }`
[INFO] [stdout] 25de5be01f9959ce5d1ae541f5bfa5f0654fbb5c893c1a7d521924f952041baf
[INFO] running `Command { std: "docker" "create" "-v" "/var/lib/crater-agent-workspace/builds/worker-5-tc2/target:/opt/rustwide/target:rw,Z" "-v" "/var/lib/crater-agent-workspace/builds/worker-5-tc2/source:/opt/rustwide/workdir:ro,Z" "-v" "/var/lib/crater-agent-workspace/cargo-home:/opt/rustwide/cargo-home:ro,Z" "-v" "/var/lib/crater-agent-workspace/rustup-home:/opt/rustwide/rustup-home:ro,Z" "-e" "SOURCE_DIR=/opt/rustwide/workdir" "-e" "CARGO_TARGET_DIR=/opt/rustwide/target" "-e" "CARGO_INCREMENTAL=0" "-e" "RUST_BACKTRACE=full" "-e" "RUSTFLAGS=--cap-lints=forbid -Dunexpected_cfgs" "-e" "RUSTDOCFLAGS=--cap-lints=forbid" "-e" "CARGO_HOME=/opt/rustwide/cargo-home" "-e" "RUSTUP_HOME=/opt/rustwide/rustup-home" "-w" "/opt/rustwide/workdir" "-m" "1610612736" "--user" "0:0" "--network" "none" "ghcr.io/rust-lang/crates-build-env/linux@sha256:2788e3201cd34a07e3172128adcd8b3090168a8e3bcc40d7c032b9dda1df7d1c" "/opt/rustwide/cargo-home/bin/cargo" "+nightly-2024-02-05" "check" "--frozen" "--all" "--all-targets" "--message-format=json" "-Zcheck-cfg", kill_on_drop: false }`
[INFO] [stdout] 9af383c6244c69de277ea16febc91463dbdfa788371f134ef955e78819510cb0
[INFO] running `Command { std: "docker" "start" "-a" "9af383c6244c69de277ea16febc91463dbdfa788371f134ef955e78819510cb0", kill_on_drop: false }`
[INFO] [stderr]    Compiling generic-array v0.14.7
[INFO] [stderr]     Checking mio v0.8.10
[INFO] [stderr]     Checking tracing v0.1.40
[INFO] [stderr]    Compiling syn v2.0.48
[INFO] [stderr]    Compiling cookie v0.17.0
[INFO] [stderr]     Checking idna v0.3.0
[INFO] [stderr]     Checking futures-channel v0.3.30
[INFO] [stderr]     Checking psl-types v2.0.11
[INFO] [stderr]     Checking tokio v1.36.0
[INFO] [stderr]     Checking publicsuffix v2.2.3
[INFO] [stderr]     Checking block-buffer v0.10.4
[INFO] [stderr]     Checking crypto-common v0.1.6
[INFO] [stderr]     Checking digest v0.10.7
[INFO] [stderr]     Checking sha1 v0.10.6
[INFO] [stderr]     Checking tokio-util v0.7.10
[INFO] [stderr]    Compiling serde_derive v1.0.196
[INFO] [stderr]    Compiling openssl-macros v0.1.1
[INFO] [stderr]    Compiling futures-macro v0.3.30
[INFO] [stderr]    Compiling thiserror-impl v1.0.56
[INFO] [stderr]    Compiling ts-rs-macros v7.1.1
[INFO] [stderr]     Checking openssl v0.10.63
[INFO] [stderr]     Checking futures-util v0.3.30
[INFO] [stderr]     Checking thiserror v1.0.56
[INFO] [stderr]     Checking serde v1.0.196
[INFO] [stderr]     Checking h2 v0.3.24
[INFO] [stderr]     Checking native-tls v0.2.11
[INFO] [stderr]     Checking tokio-native-tls v0.3.1
[INFO] [stderr]     Checking tungstenite v0.20.1
[INFO] [stderr]     Checking tokio-tungstenite v0.20.1
[INFO] [stderr]     Checking hyper v0.14.28
[INFO] [stderr]     Checking serde_json v1.0.113
[INFO] [stderr]     Checking uuid v1.7.0
[INFO] [stderr]     Checking serde_urlencoded v0.7.1
[INFO] [stderr]     Checking ts-rs v7.1.1
[INFO] [stderr]     Checking cookie_store v0.20.0
[INFO] [stderr]     Checking netsblox-api-common v1.5.0
[INFO] [stderr]     Checking hyper-tls v0.5.0
[INFO] [stderr]     Checking reqwest v0.11.24
[INFO] [stderr]     Checking netsblox-api v1.3.5 (/opt/rustwide/workdir)
[INFO] [stdout] error[E0560]: struct `netsblox_api_common::AuthorizedServiceHost` has no field named `public`
[INFO] [stdout]    --> src/lib.rs:922:13
[INFO] [stdout]     |
[INFO] [stdout] 922 |             public,
[INFO] [stdout]     |             ^^^^^^ `netsblox_api_common::AuthorizedServiceHost` does not have this field
[INFO] [stdout]     |
[INFO] [stdout]     = note: available fields are: `visibility`
[INFO] [stdout] 
[INFO] [stdout] 
[INFO] [stdout] error[E0560]: struct `netsblox_api_common::AuthorizedServiceHost` has no field named `public`
[INFO] [stdout]    --> src/lib.rs:922:13
[INFO] [stdout]     |
[INFO] [stdout] 922 |             public,
[INFO] [stdout]     |             ^^^^^^ `netsblox_api_common::AuthorizedServiceHost` does not have this field
[INFO] [stdout]     |
[INFO] [stdout]     = note: available fields are: `visibility`
[INFO] [stdout] 
[INFO] [stdout] 
[INFO] [stdout] error: aborting due to 1 previous error
[INFO] [stdout] 
[INFO] [stdout] 
[INFO] [stdout] For more information about this error, try `rustc --explain E0560`.
[INFO] [stdout] 
[INFO] [stdout] error: aborting due to 1 previous error
[INFO] [stdout] 
[INFO] [stdout] 
[INFO] [stdout] For more information about this error, try `rustc --explain E0560`.
[INFO] [stdout] 
[INFO] [stderr] error: could not compile `netsblox-api` (lib) due to 2 previous errors
[INFO] [stderr] warning: build failed, waiting for other jobs to finish...
[INFO] [stderr] error: could not compile `netsblox-api` (lib test) due to 2 previous errors
[INFO] running `Command { std: "docker" "inspect" "9af383c6244c69de277ea16febc91463dbdfa788371f134ef955e78819510cb0", kill_on_drop: false }`
[INFO] running `Command { std: "docker" "rm" "-f" "9af383c6244c69de277ea16febc91463dbdfa788371f134ef955e78819510cb0", kill_on_drop: false }`
[INFO] [stdout] 9af383c6244c69de277ea16febc91463dbdfa788371f134ef955e78819510cb0
