[INFO] fetching crate netlink-packet-sock-diag 0.4.2...
[INFO] checking netlink-packet-sock-diag-0.4.2 against nightly-2024-02-05 for check-cfg
[INFO] extracting crate netlink-packet-sock-diag 0.4.2 into /workspace/builds/worker-2-tc1/source
[INFO] validating manifest of crates.io crate netlink-packet-sock-diag 0.4.2 on toolchain nightly-2024-02-05
[INFO] running `Command { std: CARGO_HOME="/workspace/cargo-home" RUSTUP_HOME="/workspace/rustup-home" "/workspace/cargo-home/bin/cargo" "+nightly-2024-02-05" "metadata" "--manifest-path" "Cargo.toml" "--no-deps", kill_on_drop: false }`
[INFO] started tweaking crates.io crate netlink-packet-sock-diag 0.4.2
[INFO] finished tweaking crates.io crate netlink-packet-sock-diag 0.4.2
[INFO] tweaked toml for crates.io crate netlink-packet-sock-diag 0.4.2 written to /workspace/builds/worker-2-tc1/source/Cargo.toml
[INFO] crate crates.io crate netlink-packet-sock-diag 0.4.2 already has a lockfile, it will not be regenerated
[INFO] running `Command { std: CARGO_HOME="/workspace/cargo-home" RUSTUP_HOME="/workspace/rustup-home" "/workspace/cargo-home/bin/cargo" "+nightly-2024-02-05" "fetch" "--manifest-path" "Cargo.toml", kill_on_drop: false }`
[INFO] [stderr]  Downloading crates ...
[INFO] [stderr]   Downloaded paste v1.0.13
[INFO] [stderr]   Downloaded netlink-packet-utils v0.5.2
[INFO] [stderr]   Downloaded netlink-packet-core v0.7.0
[INFO] [stderr]   Downloaded netlink-sys v0.8.5
[INFO] running `Command { std: "docker" "create" "-v" "/var/lib/crater-agent-workspace/builds/worker-2-tc1/target:/opt/rustwide/target:rw,Z" "-v" "/var/lib/crater-agent-workspace/builds/worker-2-tc1/source:/opt/rustwide/workdir:ro,Z" "-v" "/var/lib/crater-agent-workspace/cargo-home:/opt/rustwide/cargo-home:ro,Z" "-v" "/var/lib/crater-agent-workspace/rustup-home:/opt/rustwide/rustup-home:ro,Z" "-e" "SOURCE_DIR=/opt/rustwide/workdir" "-e" "CARGO_TARGET_DIR=/opt/rustwide/target" "-e" "CARGO_HOME=/opt/rustwide/cargo-home" "-e" "RUSTUP_HOME=/opt/rustwide/rustup-home" "-w" "/opt/rustwide/workdir" "-m" "1610612736" "--user" "0:0" "--network" "none" "ghcr.io/rust-lang/crates-build-env/linux@sha256:2788e3201cd34a07e3172128adcd8b3090168a8e3bcc40d7c032b9dda1df7d1c" "/opt/rustwide/cargo-home/bin/cargo" "+nightly-2024-02-05" "metadata" "--no-deps" "--format-version=1", kill_on_drop: false }`
[INFO] [stdout] 620c25ee1b0ccafaa0d6047dd3c484b895354decedfe39bde8efb70e7c56a6fb
[INFO] running `Command { std: "docker" "start" "-a" "620c25ee1b0ccafaa0d6047dd3c484b895354decedfe39bde8efb70e7c56a6fb", kill_on_drop: false }`
[INFO] running `Command { std: "docker" "inspect" "620c25ee1b0ccafaa0d6047dd3c484b895354decedfe39bde8efb70e7c56a6fb", kill_on_drop: false }`
[INFO] running `Command { std: "docker" "rm" "-f" "620c25ee1b0ccafaa0d6047dd3c484b895354decedfe39bde8efb70e7c56a6fb", kill_on_drop: false }`
[INFO] [stdout] 620c25ee1b0ccafaa0d6047dd3c484b895354decedfe39bde8efb70e7c56a6fb
[INFO] running `Command { std: "docker" "create" "-v" "/var/lib/crater-agent-workspace/builds/worker-2-tc1/target:/opt/rustwide/target:rw,Z" "-v" "/var/lib/crater-agent-workspace/builds/worker-2-tc1/source:/opt/rustwide/workdir:ro,Z" "-v" "/var/lib/crater-agent-workspace/cargo-home:/opt/rustwide/cargo-home:ro,Z" "-v" "/var/lib/crater-agent-workspace/rustup-home:/opt/rustwide/rustup-home:ro,Z" "-e" "SOURCE_DIR=/opt/rustwide/workdir" "-e" "CARGO_TARGET_DIR=/opt/rustwide/target" "-e" "CARGO_INCREMENTAL=0" "-e" "RUST_BACKTRACE=full" "-e" "RUSTFLAGS=--cap-lints=forbid" "-e" "RUSTDOCFLAGS=--cap-lints=forbid" "-e" "CARGO_HOME=/opt/rustwide/cargo-home" "-e" "RUSTUP_HOME=/opt/rustwide/rustup-home" "-w" "/opt/rustwide/workdir" "-m" "1610612736" "--user" "0:0" "--network" "none" "ghcr.io/rust-lang/crates-build-env/linux@sha256:2788e3201cd34a07e3172128adcd8b3090168a8e3bcc40d7c032b9dda1df7d1c" "/opt/rustwide/cargo-home/bin/cargo" "+nightly-2024-02-05" "check" "--frozen" "--all" "--all-targets" "--message-format=json", kill_on_drop: false }`
[INFO] [stdout] e9a11e705c2f027f7cfa9468ab61f9063d6e8156cc7b6cf16cbff335c6544eee
[INFO] running `Command { std: "docker" "start" "-a" "e9a11e705c2f027f7cfa9468ab61f9063d6e8156cc7b6cf16cbff335c6544eee", kill_on_drop: false }`
[INFO] [stderr]    Compiling anyhow v1.0.71
[INFO] [stderr]    Compiling paste v1.0.13
[INFO] [stderr]     Checking byteorder v1.4.3
[INFO] [stderr]     Checking log v0.4.19
[INFO] [stderr]     Checking netlink-sys v0.8.5
[INFO] [stderr]     Checking netlink-packet-utils v0.5.2
[INFO] [stderr]     Checking netlink-packet-core v0.7.0
[INFO] [stderr]     Checking netlink-packet-sock-diag v0.4.2 (/opt/rustwide/workdir)
[INFO] [stdout] error[E0532]: expected unit struct, unit variant or constant, found tuple variant `NetlinkPayload::Done`
[INFO] [stdout]   --> examples/dump_ipv4.rs:65:17
[INFO] [stdout]    |
[INFO] [stdout] 65 |                 NetlinkPayload::Done => {
[INFO] [stdout]    |                 ^^^^^^^^^^^^^^^^^^^^
[INFO] [stdout]    |
[INFO] [stdout]   ::: /opt/rustwide/cargo-home/registry/src/index.crates.io-6f17d22bba15001f/netlink-packet-core-0.7.0/src/payload.rs:21:5
[INFO] [stdout]    |
[INFO] [stdout] 21 |     Done(DoneMessage),
[INFO] [stdout]    |     ---- `NetlinkPayload::Done` defined here
[INFO] [stdout]    |
[INFO] [stdout] help: use the tuple variant pattern syntax instead
[INFO] [stdout]    |
[INFO] [stdout] 65 |                 NetlinkPayload::Done(_) => {
[INFO] [stdout]    |                 ~~~~~~~~~~~~~~~~~~~~~~~
[INFO] [stdout] help: consider importing one of these items instead
[INFO] [stdout]    |
[INFO] [stdout] 3  + use core::str::pattern::SearchStep::Done;
[INFO] [stdout]    |
[INFO] [stdout] 3  + use std::str::pattern::SearchStep::Done;
[INFO] [stdout]    |
[INFO] [stdout] help: if you import `Done`, refer to it directly
[INFO] [stdout]    |
[INFO] [stdout] 65 -                 NetlinkPayload::Done => {
[INFO] [stdout] 65 +                 Done => {
[INFO] [stdout]    |
[INFO] [stdout] 
[INFO] [stdout] 
[INFO] [stdout] error[E0599]: no variant or associated item named `Ack` found for enum `NetlinkPayload` in the current scope
[INFO] [stdout]   --> examples/dump_ipv4.rs:59:56
[INFO] [stdout]    |
[INFO] [stdout] 59 |                 NetlinkPayload::Noop | NetlinkPayload::Ack(_) => {}
[INFO] [stdout]    |                                                        ^^^ variant or associated item not found in `NetlinkPayload<_>`
[INFO] [stdout] 
[INFO] [stdout] 
[INFO] [stdout] error: aborting due to 2 previous errors
[INFO] [stdout] 
[INFO] [stdout] 
[INFO] [stdout] Some errors have detailed explanations: E0532, E0599.
[INFO] [stdout] 
[INFO] [stdout] For more information about an error, try `rustc --explain E0532`.
[INFO] [stdout] 
[INFO] [stderr] error: could not compile `netlink-packet-sock-diag` (example "dump_ipv4") due to 3 previous errors
[INFO] running `Command { std: "docker" "inspect" "e9a11e705c2f027f7cfa9468ab61f9063d6e8156cc7b6cf16cbff335c6544eee", kill_on_drop: false }`
[INFO] running `Command { std: "docker" "rm" "-f" "e9a11e705c2f027f7cfa9468ab61f9063d6e8156cc7b6cf16cbff335c6544eee", kill_on_drop: false }`
[INFO] [stdout] e9a11e705c2f027f7cfa9468ab61f9063d6e8156cc7b6cf16cbff335c6544eee
[INFO] checking netlink-packet-sock-diag-0.4.2 against nightly-2024-02-05+rustflags=-Dunexpected_cfgs+cargoflags=-Zcheck-cfg for check-cfg
[INFO] extracting crate netlink-packet-sock-diag 0.4.2 into /workspace/builds/worker-2-tc2/source
[INFO] validating manifest of crates.io crate netlink-packet-sock-diag 0.4.2 on toolchain nightly-2024-02-05
[INFO] running `Command { std: CARGO_HOME="/workspace/cargo-home" RUSTUP_HOME="/workspace/rustup-home" "/workspace/cargo-home/bin/cargo" "+nightly-2024-02-05" "metadata" "--manifest-path" "Cargo.toml" "--no-deps", kill_on_drop: false }`
[INFO] started tweaking crates.io crate netlink-packet-sock-diag 0.4.2
[INFO] finished tweaking crates.io crate netlink-packet-sock-diag 0.4.2
[INFO] tweaked toml for crates.io crate netlink-packet-sock-diag 0.4.2 written to /workspace/builds/worker-2-tc2/source/Cargo.toml
[INFO] crate crates.io crate netlink-packet-sock-diag 0.4.2 already has a lockfile, it will not be regenerated
[INFO] running `Command { std: CARGO_HOME="/workspace/cargo-home" RUSTUP_HOME="/workspace/rustup-home" "/workspace/cargo-home/bin/cargo" "+nightly-2024-02-05" "fetch" "--manifest-path" "Cargo.toml", kill_on_drop: false }`
[INFO] running `Command { std: "docker" "create" "-v" "/var/lib/crater-agent-workspace/builds/worker-2-tc2/target:/opt/rustwide/target:rw,Z" "-v" "/var/lib/crater-agent-workspace/builds/worker-2-tc2/source:/opt/rustwide/workdir:ro,Z" "-v" "/var/lib/crater-agent-workspace/cargo-home:/opt/rustwide/cargo-home:ro,Z" "-v" "/var/lib/crater-agent-workspace/rustup-home:/opt/rustwide/rustup-home:ro,Z" "-e" "SOURCE_DIR=/opt/rustwide/workdir" "-e" "CARGO_TARGET_DIR=/opt/rustwide/target" "-e" "CARGO_HOME=/opt/rustwide/cargo-home" "-e" "RUSTUP_HOME=/opt/rustwide/rustup-home" "-w" "/opt/rustwide/workdir" "-m" "1610612736" "--user" "0:0" "--network" "none" "ghcr.io/rust-lang/crates-build-env/linux@sha256:2788e3201cd34a07e3172128adcd8b3090168a8e3bcc40d7c032b9dda1df7d1c" "/opt/rustwide/cargo-home/bin/cargo" "+nightly-2024-02-05" "metadata" "--no-deps" "--format-version=1", kill_on_drop: false }`
[INFO] [stdout] e4e0ba56cbd4114f72d311f43d2f55307050ff23dfc25b9e3d4783f03c76432c
[INFO] running `Command { std: "docker" "start" "-a" "e4e0ba56cbd4114f72d311f43d2f55307050ff23dfc25b9e3d4783f03c76432c", kill_on_drop: false }`
[INFO] running `Command { std: "docker" "inspect" "e4e0ba56cbd4114f72d311f43d2f55307050ff23dfc25b9e3d4783f03c76432c", kill_on_drop: false }`
[INFO] running `Command { std: "docker" "rm" "-f" "e4e0ba56cbd4114f72d311f43d2f55307050ff23dfc25b9e3d4783f03c76432c", kill_on_drop: false }`
[INFO] [stdout] e4e0ba56cbd4114f72d311f43d2f55307050ff23dfc25b9e3d4783f03c76432c
[INFO] running `Command { std: "docker" "create" "-v" "/var/lib/crater-agent-workspace/builds/worker-2-tc2/target:/opt/rustwide/target:rw,Z" "-v" "/var/lib/crater-agent-workspace/builds/worker-2-tc2/source:/opt/rustwide/workdir:ro,Z" "-v" "/var/lib/crater-agent-workspace/cargo-home:/opt/rustwide/cargo-home:ro,Z" "-v" "/var/lib/crater-agent-workspace/rustup-home:/opt/rustwide/rustup-home:ro,Z" "-e" "SOURCE_DIR=/opt/rustwide/workdir" "-e" "CARGO_TARGET_DIR=/opt/rustwide/target" "-e" "CARGO_INCREMENTAL=0" "-e" "RUST_BACKTRACE=full" "-e" "RUSTFLAGS=--cap-lints=forbid -Dunexpected_cfgs" "-e" "RUSTDOCFLAGS=--cap-lints=forbid" "-e" "CARGO_HOME=/opt/rustwide/cargo-home" "-e" "RUSTUP_HOME=/opt/rustwide/rustup-home" "-w" "/opt/rustwide/workdir" "-m" "1610612736" "--user" "0:0" "--network" "none" "ghcr.io/rust-lang/crates-build-env/linux@sha256:2788e3201cd34a07e3172128adcd8b3090168a8e3bcc40d7c032b9dda1df7d1c" "/opt/rustwide/cargo-home/bin/cargo" "+nightly-2024-02-05" "check" "--frozen" "--all" "--all-targets" "--message-format=json" "-Zcheck-cfg", kill_on_drop: false }`
[INFO] [stdout] fcd1c20bdcc862ed9ae0811c8c3c15d68c7d861c0c9dd1209b010c129ec4f88b
[INFO] running `Command { std: "docker" "start" "-a" "fcd1c20bdcc862ed9ae0811c8c3c15d68c7d861c0c9dd1209b010c129ec4f88b", kill_on_drop: false }`
[INFO] [stderr]    Compiling anyhow v1.0.71
[INFO] [stderr]    Compiling paste v1.0.13
[INFO] [stderr]     Checking byteorder v1.4.3
[INFO] [stderr]     Checking log v0.4.19
[INFO] [stderr]     Checking netlink-sys v0.8.5
[INFO] [stderr]     Checking netlink-packet-utils v0.5.2
[INFO] [stderr]     Checking netlink-packet-core v0.7.0
[INFO] [stderr]     Checking netlink-packet-sock-diag v0.4.2 (/opt/rustwide/workdir)
[INFO] [stdout] error[E0532]: expected unit struct, unit variant or constant, found tuple variant `NetlinkPayload::Done`
[INFO] [stdout]   --> examples/dump_ipv4.rs:65:17
[INFO] [stdout]    |
[INFO] [stdout] 65 |                 NetlinkPayload::Done => {
[INFO] [stdout]    |                 ^^^^^^^^^^^^^^^^^^^^
[INFO] [stdout]    |
[INFO] [stdout]   ::: /opt/rustwide/cargo-home/registry/src/index.crates.io-6f17d22bba15001f/netlink-packet-core-0.7.0/src/payload.rs:21:5
[INFO] [stdout]    |
[INFO] [stdout] 21 |     Done(DoneMessage),
[INFO] [stdout]    |     ---- `NetlinkPayload::Done` defined here
[INFO] [stdout]    |
[INFO] [stdout] help: use the tuple variant pattern syntax instead
[INFO] [stdout]    |
[INFO] [stdout] 65 |                 NetlinkPayload::Done(_) => {
[INFO] [stdout]    |                 ~~~~~~~~~~~~~~~~~~~~~~~
[INFO] [stdout] help: consider importing one of these items instead
[INFO] [stdout]    |
[INFO] [stdout] 3  + use core::str::pattern::SearchStep::Done;
[INFO] [stdout]    |
[INFO] [stdout] 3  + use std::str::pattern::SearchStep::Done;
[INFO] [stdout]    |
[INFO] [stdout] help: if you import `Done`, refer to it directly
[INFO] [stdout]    |
[INFO] [stdout] 65 -                 NetlinkPayload::Done => {
[INFO] [stdout] 65 +                 Done => {
[INFO] [stdout]    |
[INFO] [stdout] 
[INFO] [stdout] 
[INFO] [stdout] error[E0599]: no variant or associated item named `Ack` found for enum `NetlinkPayload` in the current scope
[INFO] [stdout]   --> examples/dump_ipv4.rs:59:56
[INFO] [stdout]    |
[INFO] [stdout] 59 |                 NetlinkPayload::Noop | NetlinkPayload::Ack(_) => {}
[INFO] [stdout]    |                                                        ^^^ variant or associated item not found in `NetlinkPayload<_>`
[INFO] [stdout] 
[INFO] [stdout] 
[INFO] [stdout] error: aborting due to 2 previous errors
[INFO] [stdout] 
[INFO] [stdout] 
[INFO] [stdout] Some errors have detailed explanations: E0532, E0599.
[INFO] [stdout] 
[INFO] [stdout] For more information about an error, try `rustc --explain E0532`.
[INFO] [stdout] 
[INFO] [stderr] error: could not compile `netlink-packet-sock-diag` (example "dump_ipv4") due to 3 previous errors
[INFO] running `Command { std: "docker" "inspect" "fcd1c20bdcc862ed9ae0811c8c3c15d68c7d861c0c9dd1209b010c129ec4f88b", kill_on_drop: false }`
[INFO] running `Command { std: "docker" "rm" "-f" "fcd1c20bdcc862ed9ae0811c8c3c15d68c7d861c0c9dd1209b010c129ec4f88b", kill_on_drop: false }`
[INFO] [stdout] fcd1c20bdcc862ed9ae0811c8c3c15d68c7d861c0c9dd1209b010c129ec4f88b
