[INFO] fetching crate neon_nlp 0.0.2...
[INFO] checking neon_nlp-0.0.2 against nightly-2024-02-05 for check-cfg
[INFO] extracting crate neon_nlp 0.0.2 into /workspace/builds/worker-3-tc1/source
[INFO] validating manifest of crates.io crate neon_nlp 0.0.2 on toolchain nightly-2024-02-05
[INFO] running `Command { std: CARGO_HOME="/workspace/cargo-home" RUSTUP_HOME="/workspace/rustup-home" "/workspace/cargo-home/bin/cargo" "+nightly-2024-02-05" "metadata" "--manifest-path" "Cargo.toml" "--no-deps", kill_on_drop: false }`
[INFO] started tweaking crates.io crate neon_nlp 0.0.2
[INFO] finished tweaking crates.io crate neon_nlp 0.0.2
[INFO] tweaked toml for crates.io crate neon_nlp 0.0.2 written to /workspace/builds/worker-3-tc1/source/Cargo.toml
[INFO] crate crates.io crate neon_nlp 0.0.2 already has a lockfile, it will not be regenerated
[INFO] running `Command { std: CARGO_HOME="/workspace/cargo-home" RUSTUP_HOME="/workspace/rustup-home" "/workspace/cargo-home/bin/cargo" "+nightly-2024-02-05" "fetch" "--manifest-path" "Cargo.toml", kill_on_drop: false }`
[INFO] [stderr]  Downloading crates ...
[INFO] [stderr]   Downloaded wasm-bindgen-macro v0.2.72
[INFO] [stderr]   Downloaded bytestring v1.0.0
[INFO] [stderr]   Downloaded enum-as-inner v0.3.3
[INFO] [stderr]   Downloaded derive_more v0.99.13
[INFO] [stderr]   Downloaded actix-http v2.2.0
[INFO] [stderr]   Downloaded actix-web v3.3.2
[INFO] [stderr]   Downloaded wasm-bindgen v0.2.72
[INFO] [stderr]   Downloaded wasm-bindgen-macro-support v0.2.72
[INFO] [stderr]   Downloaded wasm-bindgen-shared v0.2.72
[INFO] [stderr]   Downloaded wasm-bindgen-backend v0.2.72
[INFO] [stderr]   Downloaded standback v0.2.16
[INFO] running `Command { std: "docker" "create" "-v" "/var/lib/crater-agent-workspace/builds/worker-3-tc1/target:/opt/rustwide/target:rw,Z" "-v" "/var/lib/crater-agent-workspace/builds/worker-3-tc1/source:/opt/rustwide/workdir:ro,Z" "-v" "/var/lib/crater-agent-workspace/cargo-home:/opt/rustwide/cargo-home:ro,Z" "-v" "/var/lib/crater-agent-workspace/rustup-home:/opt/rustwide/rustup-home:ro,Z" "-e" "SOURCE_DIR=/opt/rustwide/workdir" "-e" "CARGO_TARGET_DIR=/opt/rustwide/target" "-e" "CARGO_HOME=/opt/rustwide/cargo-home" "-e" "RUSTUP_HOME=/opt/rustwide/rustup-home" "-w" "/opt/rustwide/workdir" "-m" "1610612736" "--user" "0:0" "--network" "none" "ghcr.io/rust-lang/crates-build-env/linux@sha256:2788e3201cd34a07e3172128adcd8b3090168a8e3bcc40d7c032b9dda1df7d1c" "/opt/rustwide/cargo-home/bin/cargo" "+nightly-2024-02-05" "metadata" "--no-deps" "--format-version=1", kill_on_drop: false }`
[INFO] [stdout] d6051991d1df5f905bd45da910e3cc70dce59a8bb44ba557e9d4d1c9579e6d50
[INFO] running `Command { std: "docker" "start" "-a" "d6051991d1df5f905bd45da910e3cc70dce59a8bb44ba557e9d4d1c9579e6d50", kill_on_drop: false }`
[INFO] running `Command { std: "docker" "inspect" "d6051991d1df5f905bd45da910e3cc70dce59a8bb44ba557e9d4d1c9579e6d50", kill_on_drop: false }`
[INFO] running `Command { std: "docker" "rm" "-f" "d6051991d1df5f905bd45da910e3cc70dce59a8bb44ba557e9d4d1c9579e6d50", kill_on_drop: false }`
[INFO] [stdout] d6051991d1df5f905bd45da910e3cc70dce59a8bb44ba557e9d4d1c9579e6d50
[INFO] running `Command { std: "docker" "create" "-v" "/var/lib/crater-agent-workspace/builds/worker-3-tc1/target:/opt/rustwide/target:rw,Z" "-v" "/var/lib/crater-agent-workspace/builds/worker-3-tc1/source:/opt/rustwide/workdir:ro,Z" "-v" "/var/lib/crater-agent-workspace/cargo-home:/opt/rustwide/cargo-home:ro,Z" "-v" "/var/lib/crater-agent-workspace/rustup-home:/opt/rustwide/rustup-home:ro,Z" "-e" "SOURCE_DIR=/opt/rustwide/workdir" "-e" "CARGO_TARGET_DIR=/opt/rustwide/target" "-e" "CARGO_INCREMENTAL=0" "-e" "RUST_BACKTRACE=full" "-e" "RUSTFLAGS=--cap-lints=forbid" "-e" "RUSTDOCFLAGS=--cap-lints=forbid" "-e" "CARGO_HOME=/opt/rustwide/cargo-home" "-e" "RUSTUP_HOME=/opt/rustwide/rustup-home" "-w" "/opt/rustwide/workdir" "-m" "1610612736" "--user" "0:0" "--network" "none" "ghcr.io/rust-lang/crates-build-env/linux@sha256:2788e3201cd34a07e3172128adcd8b3090168a8e3bcc40d7c032b9dda1df7d1c" "/opt/rustwide/cargo-home/bin/cargo" "+nightly-2024-02-05" "check" "--frozen" "--all" "--all-targets" "--message-format=json", kill_on_drop: false }`
[INFO] [stdout] 23fcae68f817f7efb77badde70685a6e3a2572c4dfb3f733db16715817d68405
[INFO] running `Command { std: "docker" "start" "-a" "23fcae68f817f7efb77badde70685a6e3a2572c4dfb3f733db16715817d68405", kill_on_drop: false }`
[INFO] [stderr]    Compiling syn v1.0.64
[INFO] [stderr]    Compiling libc v0.2.90
[INFO] [stderr]    Compiling log v0.4.14
[INFO] [stderr]    Compiling version_check v0.9.3
[INFO] [stderr]     Checking scopeguard v1.1.0
[INFO] [stderr]    Compiling getrandom v0.1.16
[INFO] [stderr]    Compiling convert_case v0.4.0
[INFO] [stderr]     Checking copyless v0.1.5
[INFO] [stderr]    Compiling typenum v1.13.0
[INFO] [stderr]     Checking either v1.6.1
[INFO] [stderr]    Compiling unicode-segmentation v1.7.1
[INFO] [stderr]     Checking unicode-normalization v0.1.17
[INFO] [stderr]     Checking match_cfg v0.1.0
[INFO] [stderr]    Compiling brotli-sys v0.3.2
[INFO] [stderr]     Checking quick-error v1.2.3
[INFO] [stderr]     Checking lru-cache v0.1.2
[INFO] [stderr]     Checking lock_api v0.4.2
[INFO] [stderr]    Compiling encoding_rs v0.8.28
[INFO] [stderr]     Checking regex-syntax v0.6.23
[INFO] [stderr]     Checking miniz_oxide v0.4.4
[INFO] [stderr]     Checking byteorder v1.4.3
[INFO] [stderr]     Checking language-tags v0.2.2
[INFO] [stderr]     Checking mime v0.3.16
[INFO] [stderr]     Checking base64 v0.13.0
[INFO] [stderr]    Compiling standback v0.2.16
[INFO] [stderr]    Compiling generic-array v0.14.4
[INFO] [stderr]    Compiling heck v0.3.2
[INFO] [stderr]    Compiling time v0.2.26
[INFO] [stderr]     Checking tracing v0.1.25
[INFO] [stderr]    Compiling cookie v0.14.4
[INFO] [stderr]     Checking fxhash v0.2.1
[INFO] [stderr]     Checking bytestring v1.0.0
[INFO] [stdout] error[E0432]: unresolved import `core::task::Wake`
[INFO] [stdout]    --> /opt/rustwide/cargo-home/registry/src/index.crates.io-6f17d22bba15001f/standback-0.2.16/src/lib.rs:520:13
[INFO] [stdout]     |
[INFO] [stdout] 520 |     pub use core::task::Wake;
[INFO] [stdout]     |             ^^^^^^^^^^^^^^^^ no `Wake` in `task`
[INFO] [stdout]     |
[INFO] [stdout] help: a similar name exists in the module
[INFO] [stdout]     |
[INFO] [stdout] 520 |     pub use core::task::wake;
[INFO] [stdout]     |                         ~~~~
[INFO] [stdout] help: consider importing this trait instead
[INFO] [stdout]     |
[INFO] [stdout] 520 |     pub use std::task::Wake;
[INFO] [stdout]     |             ~~~~~~~~~~~~~~~
[INFO] [stdout] 
[INFO] [stdout] 
[INFO] [stdout] error[E0432]: unresolved import `core::task::Wake`
[INFO] [stdout]    --> /opt/rustwide/cargo-home/registry/src/index.crates.io-6f17d22bba15001f/standback-0.2.16/src/lib.rs:520:13
[INFO] [stdout]     |
[INFO] [stdout] 520 |     pub use core::task::Wake;
[INFO] [stdout]     |             ^^^^^^^^^^^^^^^^ no `Wake` in `task`
[INFO] [stdout]     |
[INFO] [stdout] help: a similar name exists in the module
[INFO] [stdout]     |
[INFO] [stdout] 520 |     pub use core::task::wake;
[INFO] [stdout]     |                         ~~~~
[INFO] [stdout] help: consider importing this trait instead
[INFO] [stdout]     |
[INFO] [stdout] 520 |     pub use std::task::Wake;
[INFO] [stdout]     |             ~~~~~~~~~~~~~~~
[INFO] [stdout] 
[INFO] [stdout] 
[INFO] [stdout] error: aborting due to 1 previous error
[INFO] [stdout] 
[INFO] [stdout] 
[INFO] [stdout] error: aborting due to 1 previous error
[INFO] [stdout] 
[INFO] [stdout] 
[INFO] [stdout] For more information about this error, try `rustc --explain E0432`.
[INFO] [stdout] 
[INFO] [stdout] For more information about this error, try `rustc --explain E0432`.
[INFO] [stdout] 
[INFO] [stderr] error: could not compile `standback` (lib) due to 2 previous errors
[INFO] [stderr] warning: build failed, waiting for other jobs to finish...
[INFO] [stderr] error: could not compile `standback` (lib) due to 2 previous errors
[INFO] running `Command { std: "docker" "inspect" "23fcae68f817f7efb77badde70685a6e3a2572c4dfb3f733db16715817d68405", kill_on_drop: false }`
[INFO] running `Command { std: "docker" "rm" "-f" "23fcae68f817f7efb77badde70685a6e3a2572c4dfb3f733db16715817d68405", kill_on_drop: false }`
[INFO] [stdout] 23fcae68f817f7efb77badde70685a6e3a2572c4dfb3f733db16715817d68405
[INFO] checking neon_nlp-0.0.2 against nightly-2024-02-05+rustflags=-Dunexpected_cfgs+cargoflags=-Zcheck-cfg for check-cfg
[INFO] extracting crate neon_nlp 0.0.2 into /workspace/builds/worker-3-tc2/source
[INFO] validating manifest of crates.io crate neon_nlp 0.0.2 on toolchain nightly-2024-02-05
[INFO] running `Command { std: CARGO_HOME="/workspace/cargo-home" RUSTUP_HOME="/workspace/rustup-home" "/workspace/cargo-home/bin/cargo" "+nightly-2024-02-05" "metadata" "--manifest-path" "Cargo.toml" "--no-deps", kill_on_drop: false }`
[INFO] started tweaking crates.io crate neon_nlp 0.0.2
[INFO] finished tweaking crates.io crate neon_nlp 0.0.2
[INFO] tweaked toml for crates.io crate neon_nlp 0.0.2 written to /workspace/builds/worker-3-tc2/source/Cargo.toml
[INFO] crate crates.io crate neon_nlp 0.0.2 already has a lockfile, it will not be regenerated
[INFO] running `Command { std: CARGO_HOME="/workspace/cargo-home" RUSTUP_HOME="/workspace/rustup-home" "/workspace/cargo-home/bin/cargo" "+nightly-2024-02-05" "fetch" "--manifest-path" "Cargo.toml", kill_on_drop: false }`
[INFO] running `Command { std: "docker" "create" "-v" "/var/lib/crater-agent-workspace/builds/worker-3-tc2/target:/opt/rustwide/target:rw,Z" "-v" "/var/lib/crater-agent-workspace/builds/worker-3-tc2/source:/opt/rustwide/workdir:ro,Z" "-v" "/var/lib/crater-agent-workspace/cargo-home:/opt/rustwide/cargo-home:ro,Z" "-v" "/var/lib/crater-agent-workspace/rustup-home:/opt/rustwide/rustup-home:ro,Z" "-e" "SOURCE_DIR=/opt/rustwide/workdir" "-e" "CARGO_TARGET_DIR=/opt/rustwide/target" "-e" "CARGO_HOME=/opt/rustwide/cargo-home" "-e" "RUSTUP_HOME=/opt/rustwide/rustup-home" "-w" "/opt/rustwide/workdir" "-m" "1610612736" "--user" "0:0" "--network" "none" "ghcr.io/rust-lang/crates-build-env/linux@sha256:2788e3201cd34a07e3172128adcd8b3090168a8e3bcc40d7c032b9dda1df7d1c" "/opt/rustwide/cargo-home/bin/cargo" "+nightly-2024-02-05" "metadata" "--no-deps" "--format-version=1", kill_on_drop: false }`
[INFO] [stdout] d75ed311ca41ab23fa8644b0ad069ccb323a325711416782b5a8a1f8e9bce977
[INFO] running `Command { std: "docker" "start" "-a" "d75ed311ca41ab23fa8644b0ad069ccb323a325711416782b5a8a1f8e9bce977", kill_on_drop: false }`
[INFO] running `Command { std: "docker" "inspect" "d75ed311ca41ab23fa8644b0ad069ccb323a325711416782b5a8a1f8e9bce977", kill_on_drop: false }`
[INFO] running `Command { std: "docker" "rm" "-f" "d75ed311ca41ab23fa8644b0ad069ccb323a325711416782b5a8a1f8e9bce977", kill_on_drop: false }`
[INFO] [stdout] d75ed311ca41ab23fa8644b0ad069ccb323a325711416782b5a8a1f8e9bce977
[INFO] running `Command { std: "docker" "create" "-v" "/var/lib/crater-agent-workspace/builds/worker-3-tc2/target:/opt/rustwide/target:rw,Z" "-v" "/var/lib/crater-agent-workspace/builds/worker-3-tc2/source:/opt/rustwide/workdir:ro,Z" "-v" "/var/lib/crater-agent-workspace/cargo-home:/opt/rustwide/cargo-home:ro,Z" "-v" "/var/lib/crater-agent-workspace/rustup-home:/opt/rustwide/rustup-home:ro,Z" "-e" "SOURCE_DIR=/opt/rustwide/workdir" "-e" "CARGO_TARGET_DIR=/opt/rustwide/target" "-e" "CARGO_INCREMENTAL=0" "-e" "RUST_BACKTRACE=full" "-e" "RUSTFLAGS=--cap-lints=forbid -Dunexpected_cfgs" "-e" "RUSTDOCFLAGS=--cap-lints=forbid" "-e" "CARGO_HOME=/opt/rustwide/cargo-home" "-e" "RUSTUP_HOME=/opt/rustwide/rustup-home" "-w" "/opt/rustwide/workdir" "-m" "1610612736" "--user" "0:0" "--network" "none" "ghcr.io/rust-lang/crates-build-env/linux@sha256:2788e3201cd34a07e3172128adcd8b3090168a8e3bcc40d7c032b9dda1df7d1c" "/opt/rustwide/cargo-home/bin/cargo" "+nightly-2024-02-05" "check" "--frozen" "--all" "--all-targets" "--message-format=json" "-Zcheck-cfg", kill_on_drop: false }`
[INFO] [stdout] 2a0df973f77e904de0fdcfb598d469072b75f5883d0ad3f48c5396df2cc32969
[INFO] running `Command { std: "docker" "start" "-a" "2a0df973f77e904de0fdcfb598d469072b75f5883d0ad3f48c5396df2cc32969", kill_on_drop: false }`
[INFO] [stderr]    Compiling syn v1.0.64
[INFO] [stderr]    Compiling libc v0.2.90
[INFO] [stderr]    Compiling log v0.4.14
[INFO] [stderr]    Compiling version_check v0.9.3
[INFO] [stderr]     Checking scopeguard v1.1.0
[INFO] [stderr]    Compiling convert_case v0.4.0
[INFO] [stderr]    Compiling getrandom v0.1.16
[INFO] [stderr]     Checking copyless v0.1.5
[INFO] [stderr]    Compiling typenum v1.13.0
[INFO] [stderr]    Compiling unicode-segmentation v1.7.1
[INFO] [stderr]     Checking unicode-normalization v0.1.17
[INFO] [stderr]     Checking either v1.6.1
[INFO] [stderr]     Checking match_cfg v0.1.0
[INFO] [stderr]    Compiling brotli-sys v0.3.2
[INFO] [stderr]     Checking quick-error v1.2.3
[INFO] [stderr]     Checking linked-hash-map v0.5.4
[INFO] [stderr]     Checking lock_api v0.4.2
[INFO] [stderr]    Compiling miniz_oxide v0.4.4
[INFO] [stderr]    Compiling encoding_rs v0.8.28
[INFO] [stderr]     Checking regex-syntax v0.6.23
[INFO] [stderr]     Checking byteorder v1.4.3
[INFO] [stderr]     Checking lru-cache v0.1.2
[INFO] [stderr]     Checking base64 v0.13.0
[INFO] [stderr]     Checking mime v0.3.16
[INFO] [stderr]     Checking language-tags v0.2.2
[INFO] [stderr]    Compiling standback v0.2.16
[INFO] [stderr]    Compiling generic-array v0.14.4
[INFO] [stderr]    Compiling heck v0.3.2
[INFO] [stderr]    Compiling time v0.2.26
[INFO] [stderr]     Checking tracing v0.1.25
[INFO] [stderr]    Compiling cookie v0.14.4
[INFO] [stderr]     Checking fxhash v0.2.1
[INFO] [stderr]     Checking bytestring v1.0.0
[INFO] [stderr]     Checking idna v0.2.2
[INFO] [stdout] error[E0432]: unresolved import `core::task::Wake`
[INFO] [stdout]    --> /opt/rustwide/cargo-home/registry/src/index.crates.io-6f17d22bba15001f/standback-0.2.16/src/lib.rs:520:13
[INFO] [stdout]     |
[INFO] [stdout] 520 |     pub use core::task::Wake;
[INFO] [stdout]     |             ^^^^^^^^^^^^^^^^ no `Wake` in `task`
[INFO] [stdout]     |
[INFO] [stdout] help: a similar name exists in the module
[INFO] [stdout]     |
[INFO] [stdout] 520 |     pub use core::task::wake;
[INFO] [stdout]     |                         ~~~~
[INFO] [stdout] help: consider importing this trait instead
[INFO] [stdout]     |
[INFO] [stdout] 520 |     pub use std::task::Wake;
[INFO] [stdout]     |             ~~~~~~~~~~~~~~~
[INFO] [stdout] 
[INFO] [stdout] 
[INFO] [stderr] error: could not compile `standback` (lib) due to 2 previous errors
[INFO] [stdout] error: aborting due to 1 previous error
[INFO] [stdout] 
[INFO] [stdout] 
[INFO] [stderr] warning: build failed, waiting for other jobs to finish...
[INFO] [stdout] For more information about this error, try `rustc --explain E0432`.
[INFO] [stdout] 
[INFO] [stdout] error[E0432]: unresolved import `core::task::Wake`
[INFO] [stdout]    --> /opt/rustwide/cargo-home/registry/src/index.crates.io-6f17d22bba15001f/standback-0.2.16/src/lib.rs:520:13
[INFO] [stdout]     |
[INFO] [stdout] 520 |     pub use core::task::Wake;
[INFO] [stdout]     |             ^^^^^^^^^^^^^^^^ no `Wake` in `task`
[INFO] [stdout]     |
[INFO] [stdout] help: a similar name exists in the module
[INFO] [stdout]     |
[INFO] [stdout] 520 |     pub use core::task::wake;
[INFO] [stdout]     |                         ~~~~
[INFO] [stdout] help: consider importing this trait instead
[INFO] [stdout]     |
[INFO] [stdout] 520 |     pub use std::task::Wake;
[INFO] [stdout]     |             ~~~~~~~~~~~~~~~
[INFO] [stdout] 
[INFO] [stdout] 
[INFO] [stdout] error: aborting due to 1 previous error
[INFO] [stdout] 
[INFO] [stdout] 
[INFO] [stdout] For more information about this error, try `rustc --explain E0432`.
[INFO] [stdout] 
[INFO] [stderr] error: could not compile `standback` (lib) due to 2 previous errors
[INFO] running `Command { std: "docker" "inspect" "2a0df973f77e904de0fdcfb598d469072b75f5883d0ad3f48c5396df2cc32969", kill_on_drop: false }`
[INFO] running `Command { std: "docker" "rm" "-f" "2a0df973f77e904de0fdcfb598d469072b75f5883d0ad3f48c5396df2cc32969", kill_on_drop: false }`
[INFO] [stdout] 2a0df973f77e904de0fdcfb598d469072b75f5883d0ad3f48c5396df2cc32969
