[INFO] fetching crate nebula_email 0.0.1...
[INFO] checking nebula_email-0.0.1 against nightly-2024-02-05 for check-cfg
[INFO] extracting crate nebula_email 0.0.1 into /workspace/builds/worker-3-tc1/source
[INFO] validating manifest of crates.io crate nebula_email 0.0.1 on toolchain nightly-2024-02-05
[INFO] running `Command { std: CARGO_HOME="/workspace/cargo-home" RUSTUP_HOME="/workspace/rustup-home" "/workspace/cargo-home/bin/cargo" "+nightly-2024-02-05" "metadata" "--manifest-path" "Cargo.toml" "--no-deps", kill_on_drop: false }`
[INFO] started tweaking crates.io crate nebula_email 0.0.1
[INFO] finished tweaking crates.io crate nebula_email 0.0.1
[INFO] tweaked toml for crates.io crate nebula_email 0.0.1 written to /workspace/builds/worker-3-tc1/source/Cargo.toml
[INFO] running `Command { std: CARGO_HOME="/workspace/cargo-home" RUSTUP_HOME="/workspace/rustup-home" "/workspace/cargo-home/bin/cargo" "+nightly-2024-02-05" "generate-lockfile" "--manifest-path" "Cargo.toml", kill_on_drop: false }`
[INFO] [stderr]     Updating crates.io index
[INFO] running `Command { std: CARGO_HOME="/workspace/cargo-home" RUSTUP_HOME="/workspace/rustup-home" "/workspace/cargo-home/bin/cargo" "+nightly-2024-02-05" "fetch" "--manifest-path" "Cargo.toml", kill_on_drop: false }`
[INFO] [stderr]  Downloading crates ...
[INFO] [stderr]   Downloaded hostname v0.1.5
[INFO] [stderr]   Downloaded fast_chemail v0.9.6
[INFO] [stderr]   Downloaded ascii_utils v0.9.3
[INFO] [stderr]   Downloaded winutil v0.1.1
[INFO] [stderr]   Downloaded email v0.0.20
[INFO] [stderr]   Downloaded lettre_email v0.9.4
[INFO] [stderr]   Downloaded lettre v0.9.6
[INFO] running `Command { std: "docker" "create" "-v" "/var/lib/crater-agent-workspace/builds/worker-3-tc1/target:/opt/rustwide/target:rw,Z" "-v" "/var/lib/crater-agent-workspace/builds/worker-3-tc1/source:/opt/rustwide/workdir:ro,Z" "-v" "/var/lib/crater-agent-workspace/cargo-home:/opt/rustwide/cargo-home:ro,Z" "-v" "/var/lib/crater-agent-workspace/rustup-home:/opt/rustwide/rustup-home:ro,Z" "-e" "SOURCE_DIR=/opt/rustwide/workdir" "-e" "CARGO_TARGET_DIR=/opt/rustwide/target" "-e" "CARGO_HOME=/opt/rustwide/cargo-home" "-e" "RUSTUP_HOME=/opt/rustwide/rustup-home" "-w" "/opt/rustwide/workdir" "-m" "1610612736" "--user" "0:0" "--network" "none" "ghcr.io/rust-lang/crates-build-env/linux@sha256:2788e3201cd34a07e3172128adcd8b3090168a8e3bcc40d7c032b9dda1df7d1c" "/opt/rustwide/cargo-home/bin/cargo" "+nightly-2024-02-05" "metadata" "--no-deps" "--format-version=1", kill_on_drop: false }`
[INFO] [stdout] 10434906c7bfda1f0effe3ee1ba1ac9c1ddd0b5f4ff0b871d501ab2ce41ef621
[INFO] running `Command { std: "docker" "start" "-a" "10434906c7bfda1f0effe3ee1ba1ac9c1ddd0b5f4ff0b871d501ab2ce41ef621", kill_on_drop: false }`
[INFO] running `Command { std: "docker" "inspect" "10434906c7bfda1f0effe3ee1ba1ac9c1ddd0b5f4ff0b871d501ab2ce41ef621", kill_on_drop: false }`
[INFO] running `Command { std: "docker" "rm" "-f" "10434906c7bfda1f0effe3ee1ba1ac9c1ddd0b5f4ff0b871d501ab2ce41ef621", kill_on_drop: false }`
[INFO] [stdout] 10434906c7bfda1f0effe3ee1ba1ac9c1ddd0b5f4ff0b871d501ab2ce41ef621
[INFO] running `Command { std: "docker" "create" "-v" "/var/lib/crater-agent-workspace/builds/worker-3-tc1/target:/opt/rustwide/target:rw,Z" "-v" "/var/lib/crater-agent-workspace/builds/worker-3-tc1/source:/opt/rustwide/workdir:ro,Z" "-v" "/var/lib/crater-agent-workspace/cargo-home:/opt/rustwide/cargo-home:ro,Z" "-v" "/var/lib/crater-agent-workspace/rustup-home:/opt/rustwide/rustup-home:ro,Z" "-e" "SOURCE_DIR=/opt/rustwide/workdir" "-e" "CARGO_TARGET_DIR=/opt/rustwide/target" "-e" "CARGO_INCREMENTAL=0" "-e" "RUST_BACKTRACE=full" "-e" "RUSTFLAGS=--cap-lints=forbid" "-e" "RUSTDOCFLAGS=--cap-lints=forbid" "-e" "CARGO_HOME=/opt/rustwide/cargo-home" "-e" "RUSTUP_HOME=/opt/rustwide/rustup-home" "-w" "/opt/rustwide/workdir" "-m" "1610612736" "--user" "0:0" "--network" "none" "ghcr.io/rust-lang/crates-build-env/linux@sha256:2788e3201cd34a07e3172128adcd8b3090168a8e3bcc40d7c032b9dda1df7d1c" "/opt/rustwide/cargo-home/bin/cargo" "+nightly-2024-02-05" "check" "--frozen" "--all" "--all-targets" "--message-format=json", kill_on_drop: false }`
[INFO] [stdout] 437d444c14058be43ba8264283f13fa655ba67c1040f12a2819a64f6f77123b8
[INFO] running `Command { std: "docker" "start" "-a" "437d444c14058be43ba8264283f13fa655ba67c1040f12a2819a64f6f77123b8", kill_on_drop: false }`
[INFO] [stderr]    Compiling libc v0.2.153
[INFO] [stderr]    Compiling memchr v2.7.1
[INFO] [stderr]    Compiling cfg-if v1.0.0
[INFO] [stderr]     Checking rand_core v0.4.2
[INFO] [stderr]    Compiling pkg-config v0.3.29
[INFO] [stderr]    Compiling ppv-lite86 v0.2.17
[INFO] [stderr]    Compiling siphasher v0.3.11
[INFO] [stderr]     Checking encoding_index_tests v0.1.4
[INFO] [stderr]    Compiling version_check v0.1.5
[INFO] [stderr]    Compiling autocfg v0.1.8
[INFO] [stderr]    Compiling regex-syntax v0.8.2
[INFO] [stderr]    Compiling num-traits v0.2.17
[INFO] [stderr]    Compiling crossbeam-utils v0.8.19
[INFO] [stderr]     Checking log v0.4.20
[INFO] [stderr]    Compiling thiserror-impl v1.0.56
[INFO] [stderr]     Checking serde v1.0.196
[INFO] [stderr]    Compiling openssl v0.10.63
[INFO] [stderr]    Compiling rand_chacha v0.1.1
[INFO] [stderr]    Compiling rand_pcg v0.1.2
[INFO] [stderr]     Checking rand_core v0.3.1
[INFO] [stderr]    Compiling phf_shared v0.11.2
[INFO] [stderr]     Checking iana-time-zone v0.1.60
[INFO] [stderr]    Compiling nom v4.2.3
[INFO] [stderr]    Compiling aho-corasick v1.1.2
[INFO] [stderr]    Compiling rand v0.6.5
[INFO] [stderr]     Checking bstr v1.9.0
[INFO] [stderr]    Compiling phf v0.11.2
[INFO] [stderr]    Compiling openssl-macros v0.1.1
[INFO] [stderr]     Checking unic-common v0.9.0
[INFO] [stderr]    Compiling once_cell v1.19.0
[INFO] [stderr]     Checking unic-char-range v0.9.0
[INFO] [stderr]    Compiling libm v0.2.8
[INFO] [stderr]     Checking bitflags v2.4.2
[INFO] [stderr]     Checking unic-char-property v0.9.0
[INFO] [stderr]     Checking unic-ucd-version v0.9.0
[INFO] [stderr]     Checking crossbeam-epoch v0.9.18
[INFO] [stderr]    Compiling email v0.0.20
[INFO] [stderr]     Checking rand_isaac v0.1.1
[INFO] [stderr]     Checking rand_xorshift v0.1.1
[INFO] [stderr]     Checking rand_hc v0.1.0
[INFO] [stderr]     Checking rand_jitter v0.1.4
[INFO] [stderr]     Checking encoding-index-simpchinese v1.20141219.5
[INFO] [stderr]     Checking encoding-index-singlebyte v1.20141219.5
[INFO] [stderr]     Checking encoding-index-tradchinese v1.20141219.5
[INFO] [stderr]     Checking encoding-index-japanese v1.20141219.5
[INFO] [stderr]     Checking chrono v0.4.33
[INFO] [stderr]     Checking encoding-index-korean v1.20141219.5
[INFO] [stderr]     Checking crossbeam-deque v0.8.5
[INFO] [stderr]     Checking safemem v0.3.3
[INFO] [stderr]     Checking ascii_utils v0.9.3
[INFO] [stderr]     Checking base64 v0.9.3
[INFO] [stderr]     Checking fast_chemail v0.9.6
[INFO] [stderr]     Checking unic-ucd-segment v0.9.0
[INFO] [stderr]     Checking base64 v0.10.1
[INFO] [stderr]     Checking encoding v0.2.33
[INFO] [stderr]     Checking regex-automata v0.4.5
[INFO] [stderr]     Checking bufstream v0.1.4
[INFO] [stderr]     Checking deunicode v1.4.2
[INFO] [stderr]     Checking bytes v0.5.6
[INFO] [stderr]     Checking pin-project-lite v0.1.12
[INFO] [stderr]     Checking slug v0.1.5
[INFO] [stderr]     Checking getrandom v0.2.12
[INFO] [stderr]     Checking rand_os v0.1.3
[INFO] [stderr]     Checking time v0.1.45
[INFO] [stderr]     Checking hostname v0.1.5
[INFO] [stderr]     Checking rand v0.4.6
[INFO] [stderr]     Checking humansize v2.1.3
[INFO] [stderr]    Compiling thiserror v1.0.56
[INFO] [stderr]     Checking rand_core v0.6.4
[INFO] [stderr]    Compiling pest v2.7.7
[INFO] [stderr]     Checking unic-segment v0.9.0
[INFO] [stderr]     Checking tokio v0.2.25
[INFO] [stderr]    Compiling cc v1.0.83
[INFO] [stderr]     Checking rand_chacha v0.3.1
[INFO] [stderr]     Checking rand v0.8.5
[INFO] [stderr]     Checking uuid v0.7.4
[INFO] [stderr]    Compiling openssl-sys v0.9.99
[INFO] [stderr]    Compiling phf_generator v0.11.2
[INFO] [stderr]    Compiling phf_codegen v0.11.2
[INFO] [stderr]    Compiling pest_meta v2.7.7
[INFO] [stderr]     Checking globset v0.4.14
[INFO] [stderr]     Checking regex v1.10.3
[INFO] [stderr]     Checking serde_json v1.0.113
[INFO] [stderr]     Checking toml v0.5.11
[INFO] [stderr]    Compiling native-tls v0.2.11
[INFO] [stderr]     Checking ignore v0.4.22
[INFO] [stderr]    Compiling pest_generator v2.7.7
[INFO] [stderr]    Compiling parse-zoneinfo v0.3.0
[INFO] [stderr]     Checking globwalk v0.8.1
[INFO] [stderr]    Compiling chrono-tz-build v0.2.1
[INFO] [stderr]    Compiling pest_derive v2.7.7
[INFO] [stderr]    Compiling chrono-tz v0.8.5
[INFO] [stderr]     Checking lettre v0.9.6
[INFO] [stderr]     Checking lettre_email v0.9.4
[INFO] [stderr]     Checking tera v1.19.1
[INFO] [stderr]     Checking nebula_email v0.0.1 (/opt/rustwide/workdir)
[INFO] [stdout] warning: unused import: `std::collections::HashMap`
[INFO] [stdout]  --> src/config.rs:2:5
[INFO] [stdout]   |
[INFO] [stdout] 2 | use std::collections::HashMap;
[INFO] [stdout]   |     ^^^^^^^^^^^^^^^^^^^^^^^^^
[INFO] [stdout]   |
[INFO] [stdout]   = note: `#[warn(unused_imports)]` on by default
[INFO] [stdout] 
[INFO] [stdout] 
[INFO] [stdout] warning: unused import: `Context`
[INFO] [stdout]  --> src/config.rs:9:12
[INFO] [stdout]   |
[INFO] [stdout] 9 | use tera::{Context, Tera};
[INFO] [stdout]   |            ^^^^^^^
[INFO] [stdout] 
[INFO] [stdout] 
[INFO] [stdout] warning: unused import: `error::SendmailResult`
[INFO] [stdout]  --> src/sender.rs:2:24
[INFO] [stdout]   |
[INFO] [stdout] 2 | use lettre::sendmail::{error::SendmailResult, SendmailTransport};
[INFO] [stdout]   |                        ^^^^^^^^^^^^^^^^^^^^^
[INFO] [stdout] 
[INFO] [stdout] 
[INFO] [stdout] warning: unused import: `error::SmtpResult`
[INFO] [stdout]  --> src/sender.rs:3:20
[INFO] [stdout]   |
[INFO] [stdout] 3 | use lettre::smtp::{error::SmtpResult, SmtpTransport};
[INFO] [stdout]   |                    ^^^^^^^^^^^^^^^^^
[INFO] [stdout] 
[INFO] [stdout] 
[INFO] [stdout] warning: unused import: `serde::Deserialize`
[INFO] [stdout]  --> src/sender.rs:4:5
[INFO] [stdout]   |
[INFO] [stdout] 4 | use serde::Deserialize;
[INFO] [stdout]   |     ^^^^^^^^^^^^^^^^^^
[INFO] [stdout] 
[INFO] [stdout] 
[INFO] [stdout] warning: unused import: `std::collections::HashMap`
[INFO] [stdout]  --> src/config.rs:2:5
[INFO] [stdout]   |
[INFO] [stdout] 2 | use std::collections::HashMap;
[INFO] [stdout]   |     ^^^^^^^^^^^^^^^^^^^^^^^^^
[INFO] [stdout]   |
[INFO] [stdout]   = note: `#[warn(unused_imports)]` on by default
[INFO] [stdout] 
[INFO] [stdout] 
[INFO] [stdout] warning: unused import: `Context`
[INFO] [stdout]  --> src/config.rs:9:12
[INFO] [stdout]   |
[INFO] [stdout] 9 | use tera::{Context, Tera};
[INFO] [stdout]   |            ^^^^^^^
[INFO] [stdout] 
[INFO] [stdout] 
[INFO] [stdout] warning: unused import: `error::SendmailResult`
[INFO] [stdout]  --> src/sender.rs:2:24
[INFO] [stdout]   |
[INFO] [stdout] 2 | use lettre::sendmail::{error::SendmailResult, SendmailTransport};
[INFO] [stdout]   |                        ^^^^^^^^^^^^^^^^^^^^^
[INFO] [stdout] 
[INFO] [stdout] 
[INFO] [stdout] warning: unused import: `error::SmtpResult`
[INFO] [stdout]  --> src/sender.rs:3:20
[INFO] [stdout]   |
[INFO] [stdout] 3 | use lettre::smtp::{error::SmtpResult, SmtpTransport};
[INFO] [stdout]   |                    ^^^^^^^^^^^^^^^^^
[INFO] [stdout] 
[INFO] [stdout] 
[INFO] [stdout] warning: unused import: `serde::Deserialize`
[INFO] [stdout]  --> src/sender.rs:4:5
[INFO] [stdout]   |
[INFO] [stdout] 4 | use serde::Deserialize;
[INFO] [stdout]   |     ^^^^^^^^^^^^^^^^^^
[INFO] [stdout] 
[INFO] [stdout] 
[INFO] [stdout] error[E0277]: the trait bound `(): AsRef<str>` is not satisfied
[INFO] [stdout]    --> src/config.rs:374:32
[INFO] [stdout]     |
[INFO] [stdout] 374 |         if let Err(err) = tera.add_raw_templates(vec![
[INFO] [stdout]     |                                ^^^^^^^^^^^^^^^^^ the trait `AsRef<str>` is not implemented for `()`
[INFO] [stdout]     |
[INFO] [stdout] note: required by a bound in `Tera::add_raw_templates`
[INFO] [stdout]    --> /opt/rustwide/cargo-home/registry/src/index.crates.io-6f17d22bba15001f/tera-1.19.1/src/tera.rs:546:12
[INFO] [stdout]     |
[INFO] [stdout] 542 |     pub fn add_raw_templates<I, N, C>(&mut self, templates: I) -> Result<()>
[INFO] [stdout]     |            ----------------- required by a bound in this associated function
[INFO] [stdout] ...
[INFO] [stdout] 546 |         C: AsRef<str>,
[INFO] [stdout]     |            ^^^^^^^^^^ required by this bound in `Tera::add_raw_templates`
[INFO] [stdout] 
[INFO] [stdout] 
[INFO] [stdout] error: aborting due to 1 previous error; 5 warnings emitted
[INFO] [stdout] 
[INFO] [stdout] 
[INFO] [stdout] For more information about this error, try `rustc --explain E0277`.
[INFO] [stdout] 
[INFO] [stderr] error: could not compile `nebula_email` (lib) due to 2 previous errors; 5 warnings emitted
[INFO] [stderr] warning: build failed, waiting for other jobs to finish...
[INFO] [stdout] error[E0277]: the trait bound `(): AsRef<str>` is not satisfied
[INFO] [stdout]    --> src/config.rs:374:32
[INFO] [stdout]     |
[INFO] [stdout] 374 |         if let Err(err) = tera.add_raw_templates(vec![
[INFO] [stdout]     |                                ^^^^^^^^^^^^^^^^^ the trait `AsRef<str>` is not implemented for `()`
[INFO] [stdout]     |
[INFO] [stdout] note: required by a bound in `Tera::add_raw_templates`
[INFO] [stdout]    --> /opt/rustwide/cargo-home/registry/src/index.crates.io-6f17d22bba15001f/tera-1.19.1/src/tera.rs:546:12
[INFO] [stdout]     |
[INFO] [stdout] 542 |     pub fn add_raw_templates<I, N, C>(&mut self, templates: I) -> Result<()>
[INFO] [stdout]     |            ----------------- required by a bound in this associated function
[INFO] [stdout] ...
[INFO] [stdout] 546 |         C: AsRef<str>,
[INFO] [stdout]     |            ^^^^^^^^^^ required by this bound in `Tera::add_raw_templates`
[INFO] [stdout] 
[INFO] [stdout] 
[INFO] [stdout] error: aborting due to 1 previous error; 5 warnings emitted
[INFO] [stdout] 
[INFO] [stdout] 
[INFO] [stdout] For more information about this error, try `rustc --explain E0277`.
[INFO] [stdout] 
[INFO] [stderr] error: could not compile `nebula_email` (lib test) due to 2 previous errors; 5 warnings emitted
[INFO] running `Command { std: "docker" "inspect" "437d444c14058be43ba8264283f13fa655ba67c1040f12a2819a64f6f77123b8", kill_on_drop: false }`
[INFO] running `Command { std: "docker" "rm" "-f" "437d444c14058be43ba8264283f13fa655ba67c1040f12a2819a64f6f77123b8", kill_on_drop: false }`
[INFO] [stdout] 437d444c14058be43ba8264283f13fa655ba67c1040f12a2819a64f6f77123b8
[INFO] checking nebula_email-0.0.1 against nightly-2024-02-05+rustflags=-Dunexpected_cfgs+cargoflags=-Zcheck-cfg for check-cfg
[INFO] extracting crate nebula_email 0.0.1 into /workspace/builds/worker-3-tc2/source
[INFO] validating manifest of crates.io crate nebula_email 0.0.1 on toolchain nightly-2024-02-05
[INFO] running `Command { std: CARGO_HOME="/workspace/cargo-home" RUSTUP_HOME="/workspace/rustup-home" "/workspace/cargo-home/bin/cargo" "+nightly-2024-02-05" "metadata" "--manifest-path" "Cargo.toml" "--no-deps", kill_on_drop: false }`
[INFO] started tweaking crates.io crate nebula_email 0.0.1
[INFO] finished tweaking crates.io crate nebula_email 0.0.1
[INFO] tweaked toml for crates.io crate nebula_email 0.0.1 written to /workspace/builds/worker-3-tc2/source/Cargo.toml
[INFO] running `Command { std: CARGO_HOME="/workspace/cargo-home" RUSTUP_HOME="/workspace/rustup-home" "/workspace/cargo-home/bin/cargo" "+nightly-2024-02-05" "generate-lockfile" "--manifest-path" "Cargo.toml", kill_on_drop: false }`
[INFO] [stderr]     Updating crates.io index
[INFO] running `Command { std: CARGO_HOME="/workspace/cargo-home" RUSTUP_HOME="/workspace/rustup-home" "/workspace/cargo-home/bin/cargo" "+nightly-2024-02-05" "fetch" "--manifest-path" "Cargo.toml", kill_on_drop: false }`
[INFO] [stderr]     Blocking waiting for file lock on package cache
[INFO] running `Command { std: "docker" "create" "-v" "/var/lib/crater-agent-workspace/builds/worker-3-tc2/target:/opt/rustwide/target:rw,Z" "-v" "/var/lib/crater-agent-workspace/builds/worker-3-tc2/source:/opt/rustwide/workdir:ro,Z" "-v" "/var/lib/crater-agent-workspace/cargo-home:/opt/rustwide/cargo-home:ro,Z" "-v" "/var/lib/crater-agent-workspace/rustup-home:/opt/rustwide/rustup-home:ro,Z" "-e" "SOURCE_DIR=/opt/rustwide/workdir" "-e" "CARGO_TARGET_DIR=/opt/rustwide/target" "-e" "CARGO_HOME=/opt/rustwide/cargo-home" "-e" "RUSTUP_HOME=/opt/rustwide/rustup-home" "-w" "/opt/rustwide/workdir" "-m" "1610612736" "--user" "0:0" "--network" "none" "ghcr.io/rust-lang/crates-build-env/linux@sha256:2788e3201cd34a07e3172128adcd8b3090168a8e3bcc40d7c032b9dda1df7d1c" "/opt/rustwide/cargo-home/bin/cargo" "+nightly-2024-02-05" "metadata" "--no-deps" "--format-version=1", kill_on_drop: false }`
[INFO] [stdout] be766513c2b36d40e2a86094f8512067e2445e67c055cf87e4d4599ae750fc28
[INFO] running `Command { std: "docker" "start" "-a" "be766513c2b36d40e2a86094f8512067e2445e67c055cf87e4d4599ae750fc28", kill_on_drop: false }`
[INFO] running `Command { std: "docker" "inspect" "be766513c2b36d40e2a86094f8512067e2445e67c055cf87e4d4599ae750fc28", kill_on_drop: false }`
[INFO] running `Command { std: "docker" "rm" "-f" "be766513c2b36d40e2a86094f8512067e2445e67c055cf87e4d4599ae750fc28", kill_on_drop: false }`
[INFO] [stdout] be766513c2b36d40e2a86094f8512067e2445e67c055cf87e4d4599ae750fc28
[INFO] running `Command { std: "docker" "create" "-v" "/var/lib/crater-agent-workspace/builds/worker-3-tc2/target:/opt/rustwide/target:rw,Z" "-v" "/var/lib/crater-agent-workspace/builds/worker-3-tc2/source:/opt/rustwide/workdir:ro,Z" "-v" "/var/lib/crater-agent-workspace/cargo-home:/opt/rustwide/cargo-home:ro,Z" "-v" "/var/lib/crater-agent-workspace/rustup-home:/opt/rustwide/rustup-home:ro,Z" "-e" "SOURCE_DIR=/opt/rustwide/workdir" "-e" "CARGO_TARGET_DIR=/opt/rustwide/target" "-e" "CARGO_INCREMENTAL=0" "-e" "RUST_BACKTRACE=full" "-e" "RUSTFLAGS=--cap-lints=forbid -Dunexpected_cfgs" "-e" "RUSTDOCFLAGS=--cap-lints=forbid" "-e" "CARGO_HOME=/opt/rustwide/cargo-home" "-e" "RUSTUP_HOME=/opt/rustwide/rustup-home" "-w" "/opt/rustwide/workdir" "-m" "1610612736" "--user" "0:0" "--network" "none" "ghcr.io/rust-lang/crates-build-env/linux@sha256:2788e3201cd34a07e3172128adcd8b3090168a8e3bcc40d7c032b9dda1df7d1c" "/opt/rustwide/cargo-home/bin/cargo" "+nightly-2024-02-05" "check" "--frozen" "--all" "--all-targets" "--message-format=json" "-Zcheck-cfg", kill_on_drop: false }`
[INFO] [stdout] fb8a032c87d92be966d587744de455ca658e3626a226f14f2726ad7f3fbb40a3
[INFO] running `Command { std: "docker" "start" "-a" "fb8a032c87d92be966d587744de455ca658e3626a226f14f2726ad7f3fbb40a3", kill_on_drop: false }`
[INFO] [stderr]    Compiling libc v0.2.153
[INFO] [stderr]    Compiling memchr v2.7.1
[INFO] [stderr]     Checking rand_core v0.4.2
[INFO] [stderr]    Compiling cfg-if v1.0.0
[INFO] [stderr]    Compiling pkg-config v0.3.29
[INFO] [stderr]    Compiling ppv-lite86 v0.2.17
[INFO] [stderr]    Compiling siphasher v0.3.11
[INFO] [stderr]     Checking encoding_index_tests v0.1.4
[INFO] [stderr]    Compiling regex-syntax v0.8.2
[INFO] [stderr]    Compiling autocfg v0.1.8
[INFO] [stderr]    Compiling version_check v0.1.5
[INFO] [stderr]    Compiling num-traits v0.2.17
[INFO] [stderr]    Compiling crossbeam-utils v0.8.19
[INFO] [stderr]     Checking log v0.4.20
[INFO] [stderr]    Compiling thiserror-impl v1.0.56
[INFO] [stderr]    Compiling serde_derive v1.0.196
[INFO] [stderr]    Compiling rand_chacha v0.1.1
[INFO] [stderr]    Compiling rand_pcg v0.1.2
[INFO] [stderr]     Checking rand_core v0.3.1
[INFO] [stderr]     Checking iana-time-zone v0.1.60
[INFO] [stderr]    Compiling openssl v0.10.63
[INFO] [stderr]    Compiling phf_shared v0.11.2
[INFO] [stderr]    Compiling rand v0.6.5
[INFO] [stderr]    Compiling nom v4.2.3
[INFO] [stderr]     Checking aho-corasick v1.1.2
[INFO] [stderr]     Checking bstr v1.9.0
[INFO] [stderr]    Compiling phf v0.11.2
[INFO] [stderr]    Compiling openssl-macros v0.1.1
[INFO] [stderr]    Compiling once_cell v1.19.0
[INFO] [stderr]     Checking bitflags v2.4.2
[INFO] [stderr]    Compiling libm v0.2.8
[INFO] [stderr]     Checking unic-common v0.9.0
[INFO] [stderr]     Checking unic-char-range v0.9.0
[INFO] [stderr]     Checking unic-ucd-version v0.9.0
[INFO] [stderr]     Checking unic-char-property v0.9.0
[INFO] [stderr]    Compiling email v0.0.20
[INFO] [stderr]     Checking rand_hc v0.1.0
[INFO] [stderr]     Checking rand_xorshift v0.1.1
[INFO] [stderr]     Checking rand_isaac v0.1.1
[INFO] [stderr]     Checking rand_jitter v0.1.4
[INFO] [stderr]     Checking encoding-index-korean v1.20141219.5
[INFO] [stderr]     Checking encoding-index-tradchinese v1.20141219.5
[INFO] [stderr]     Checking encoding-index-simpchinese v1.20141219.5
[INFO] [stderr]     Checking encoding-index-japanese v1.20141219.5
[INFO] [stderr]     Checking crossbeam-epoch v0.9.18
[INFO] [stderr]     Checking encoding-index-singlebyte v1.20141219.5
[INFO] [stderr]     Checking ascii_utils v0.9.3
[INFO] [stderr]     Checking regex-automata v0.4.5
[INFO] [stderr]     Checking safemem v0.3.3
[INFO] [stderr]     Checking fast_chemail v0.9.6
[INFO] [stderr]     Checking chrono v0.4.33
[INFO] [stderr]     Checking unic-ucd-segment v0.9.0
[INFO] [stderr]     Checking base64 v0.9.3
[INFO] [stderr]     Checking crossbeam-deque v0.8.5
[INFO] [stderr]     Checking base64 v0.10.1
[INFO] [stderr]     Checking encoding v0.2.33
[INFO] [stderr]     Checking bufstream v0.1.4
[INFO] [stderr]     Checking deunicode v1.4.2
[INFO] [stderr]     Checking bytes v0.5.6
[INFO] [stderr]     Checking pin-project-lite v0.1.12
[INFO] [stderr]     Checking getrandom v0.2.12
[INFO] [stderr]     Checking rand_os v0.1.3
[INFO] [stderr]     Checking time v0.1.45
[INFO] [stderr]     Checking hostname v0.1.5
[INFO] [stderr]     Checking rand v0.4.6
[INFO] [stderr]     Checking slug v0.1.5
[INFO] [stderr]     Checking unic-segment v0.9.0
[INFO] [stderr]     Checking tokio v0.2.25
[INFO] [stderr]     Checking rand_core v0.6.4
[INFO] [stderr]    Compiling thiserror v1.0.56
[INFO] [stderr]     Checking pest v2.7.7
[INFO] [stderr]     Checking rand_chacha v0.3.1
[INFO] [stderr]     Checking humansize v2.1.3
[INFO] [stderr]     Checking rand v0.8.5
[INFO] [stderr]    Compiling cc v1.0.83
[INFO] [stderr]     Checking uuid v0.7.4
[INFO] [stderr]     Checking globset v0.4.14
[INFO] [stderr]     Checking regex v1.10.3
[INFO] [stderr]     Checking ignore v0.4.22
[INFO] [stderr]    Compiling openssl-sys v0.9.99
[INFO] [stderr]    Compiling pest_meta v2.7.7
[INFO] [stderr]     Checking globwalk v0.8.1
[INFO] [stderr]    Compiling native-tls v0.2.11
[INFO] [stderr]    Compiling phf_generator v0.11.2
[INFO] [stderr]    Compiling pest_generator v2.7.7
[INFO] [stderr]    Compiling phf_codegen v0.11.2
[INFO] [stderr]     Checking serde v1.0.196
[INFO] [stderr]    Compiling pest_derive v2.7.7
[INFO] [stderr]    Compiling parse-zoneinfo v0.3.0
[INFO] [stderr]    Compiling chrono-tz-build v0.2.1
[INFO] [stderr]    Compiling chrono-tz v0.8.5
[INFO] [stderr]     Checking serde_json v1.0.113
[INFO] [stderr]     Checking toml v0.5.11
[INFO] [stderr]     Checking lettre v0.9.6
[INFO] [stderr]     Checking lettre_email v0.9.4
[INFO] [stderr]     Checking tera v1.19.1
[INFO] [stderr]     Checking nebula_email v0.0.1 (/opt/rustwide/workdir)
[INFO] [stdout] warning: unused import: `std::collections::HashMap`
[INFO] [stdout]  --> src/config.rs:2:5
[INFO] [stdout]   |
[INFO] [stdout] 2 | use std::collections::HashMap;
[INFO] [stdout]   |     ^^^^^^^^^^^^^^^^^^^^^^^^^
[INFO] [stdout]   |
[INFO] [stdout]   = note: `#[warn(unused_imports)]` on by default
[INFO] [stdout] 
[INFO] [stdout] 
[INFO] [stdout] warning: unused import: `Context`
[INFO] [stdout]  --> src/config.rs:9:12
[INFO] [stdout]   |
[INFO] [stdout] 9 | use tera::{Context, Tera};
[INFO] [stdout]   |            ^^^^^^^
[INFO] [stdout] 
[INFO] [stdout] 
[INFO] [stdout] warning: unused import: `error::SendmailResult`
[INFO] [stdout]  --> src/sender.rs:2:24
[INFO] [stdout]   |
[INFO] [stdout] 2 | use lettre::sendmail::{error::SendmailResult, SendmailTransport};
[INFO] [stdout]   |                        ^^^^^^^^^^^^^^^^^^^^^
[INFO] [stdout] 
[INFO] [stdout] 
[INFO] [stdout] warning: unused import: `error::SmtpResult`
[INFO] [stdout]  --> src/sender.rs:3:20
[INFO] [stdout]   |
[INFO] [stdout] 3 | use lettre::smtp::{error::SmtpResult, SmtpTransport};
[INFO] [stdout]   |                    ^^^^^^^^^^^^^^^^^
[INFO] [stdout] 
[INFO] [stdout] 
[INFO] [stdout] warning: unused import: `serde::Deserialize`
[INFO] [stdout]  --> src/sender.rs:4:5
[INFO] [stdout]   |
[INFO] [stdout] 4 | use serde::Deserialize;
[INFO] [stdout]   |     ^^^^^^^^^^^^^^^^^^
[INFO] [stdout] 
[INFO] [stdout] 
[INFO] [stdout] warning: unused import: `std::collections::HashMap`
[INFO] [stdout]  --> src/config.rs:2:5
[INFO] [stdout]   |
[INFO] [stdout] 2 | use std::collections::HashMap;
[INFO] [stdout]   |     ^^^^^^^^^^^^^^^^^^^^^^^^^
[INFO] [stdout]   |
[INFO] [stdout]   = note: `#[warn(unused_imports)]` on by default
[INFO] [stdout] 
[INFO] [stdout] 
[INFO] [stdout] warning: unused import: `Context`
[INFO] [stdout]  --> src/config.rs:9:12
[INFO] [stdout]   |
[INFO] [stdout] 9 | use tera::{Context, Tera};
[INFO] [stdout]   |            ^^^^^^^
[INFO] [stdout] 
[INFO] [stdout] 
[INFO] [stdout] warning: unused import: `error::SendmailResult`
[INFO] [stdout]  --> src/sender.rs:2:24
[INFO] [stdout]   |
[INFO] [stdout] 2 | use lettre::sendmail::{error::SendmailResult, SendmailTransport};
[INFO] [stdout]   |                        ^^^^^^^^^^^^^^^^^^^^^
[INFO] [stdout] 
[INFO] [stdout] 
[INFO] [stdout] warning: unused import: `error::SmtpResult`
[INFO] [stdout]  --> src/sender.rs:3:20
[INFO] [stdout]   |
[INFO] [stdout] 3 | use lettre::smtp::{error::SmtpResult, SmtpTransport};
[INFO] [stdout]   |                    ^^^^^^^^^^^^^^^^^
[INFO] [stdout] 
[INFO] [stdout] 
[INFO] [stdout] warning: unused import: `serde::Deserialize`
[INFO] [stdout]  --> src/sender.rs:4:5
[INFO] [stdout]   |
[INFO] [stdout] 4 | use serde::Deserialize;
[INFO] [stdout]   |     ^^^^^^^^^^^^^^^^^^
[INFO] [stdout] 
[INFO] [stdout] 
[INFO] [stdout] error[E0277]: the trait bound `(): AsRef<str>` is not satisfied
[INFO] [stdout]    --> src/config.rs:374:32
[INFO] [stdout]     |
[INFO] [stdout] 374 |         if let Err(err) = tera.add_raw_templates(vec![
[INFO] [stdout]     |                                ^^^^^^^^^^^^^^^^^ the trait `AsRef<str>` is not implemented for `()`
[INFO] [stdout]     |
[INFO] [stdout] note: required by a bound in `Tera::add_raw_templates`
[INFO] [stdout]    --> /opt/rustwide/cargo-home/registry/src/index.crates.io-6f17d22bba15001f/tera-1.19.1/src/tera.rs:546:12
[INFO] [stdout]     |
[INFO] [stdout] 542 |     pub fn add_raw_templates<I, N, C>(&mut self, templates: I) -> Result<()>
[INFO] [stdout]     |            ----------------- required by a bound in this associated function
[INFO] [stdout] ...
[INFO] [stdout] 546 |         C: AsRef<str>,
[INFO] [stdout]     |            ^^^^^^^^^^ required by this bound in `Tera::add_raw_templates`
[INFO] [stdout] 
[INFO] [stdout] 
[INFO] [stdout] error: aborting due to 1 previous error; 5 warnings emitted
[INFO] [stdout] 
[INFO] [stdout] 
[INFO] [stdout] For more information about this error, try `rustc --explain E0277`.
[INFO] [stdout] 
[INFO] [stdout] error[E0277]: the trait bound `(): AsRef<str>` is not satisfied
[INFO] [stdout]    --> src/config.rs:374:32
[INFO] [stdout]     |
[INFO] [stdout] 374 |         if let Err(err) = tera.add_raw_templates(vec![
[INFO] [stdout]     |                                ^^^^^^^^^^^^^^^^^ the trait `AsRef<str>` is not implemented for `()`
[INFO] [stdout]     |
[INFO] [stdout] note: required by a bound in `Tera::add_raw_templates`
[INFO] [stdout]    --> /opt/rustwide/cargo-home/registry/src/index.crates.io-6f17d22bba15001f/tera-1.19.1/src/tera.rs:546:12
[INFO] [stdout]     |
[INFO] [stdout] 542 |     pub fn add_raw_templates<I, N, C>(&mut self, templates: I) -> Result<()>
[INFO] [stdout]     |            ----------------- required by a bound in this associated function
[INFO] [stdout] ...
[INFO] [stdout] 546 |         C: AsRef<str>,
[INFO] [stdout]     |            ^^^^^^^^^^ required by this bound in `Tera::add_raw_templates`
[INFO] [stdout] 
[INFO] [stdout] 
[INFO] [stderr] error: could not compile `nebula_email` (lib) due to 2 previous errors; 5 warnings emitted
[INFO] [stderr] warning: build failed, waiting for other jobs to finish...
[INFO] [stdout] error: aborting due to 1 previous error; 5 warnings emitted
[INFO] [stdout] 
[INFO] [stdout] 
[INFO] [stdout] For more information about this error, try `rustc --explain E0277`.
[INFO] [stdout] 
[INFO] [stderr] error: could not compile `nebula_email` (lib test) due to 2 previous errors; 5 warnings emitted
[INFO] running `Command { std: "docker" "inspect" "fb8a032c87d92be966d587744de455ca658e3626a226f14f2726ad7f3fbb40a3", kill_on_drop: false }`
[INFO] running `Command { std: "docker" "rm" "-f" "fb8a032c87d92be966d587744de455ca658e3626a226f14f2726ad7f3fbb40a3", kill_on_drop: false }`
[INFO] [stdout] fb8a032c87d92be966d587744de455ca658e3626a226f14f2726ad7f3fbb40a3
