[INFO] fetching crate near_schemafy_lib 0.7.0...
[INFO] checking near_schemafy_lib-0.7.0 against nightly-2024-02-05 for check-cfg
[INFO] extracting crate near_schemafy_lib 0.7.0 into /workspace/builds/worker-4-tc1/source
[INFO] validating manifest of crates.io crate near_schemafy_lib 0.7.0 on toolchain nightly-2024-02-05
[INFO] running `Command { std: CARGO_HOME="/workspace/cargo-home" RUSTUP_HOME="/workspace/rustup-home" "/workspace/cargo-home/bin/cargo" "+nightly-2024-02-05" "metadata" "--manifest-path" "Cargo.toml" "--no-deps", kill_on_drop: false }`
[INFO] started tweaking crates.io crate near_schemafy_lib 0.7.0
[INFO] finished tweaking crates.io crate near_schemafy_lib 0.7.0
[INFO] tweaked toml for crates.io crate near_schemafy_lib 0.7.0 written to /workspace/builds/worker-4-tc1/source/Cargo.toml
[INFO] running `Command { std: CARGO_HOME="/workspace/cargo-home" RUSTUP_HOME="/workspace/rustup-home" "/workspace/cargo-home/bin/cargo" "+nightly-2024-02-05" "generate-lockfile" "--manifest-path" "Cargo.toml", kill_on_drop: false }`
[INFO] [stderr]     Updating crates.io index
[INFO] running `Command { std: CARGO_HOME="/workspace/cargo-home" RUSTUP_HOME="/workspace/rustup-home" "/workspace/cargo-home/bin/cargo" "+nightly-2024-02-05" "fetch" "--manifest-path" "Cargo.toml", kill_on_drop: false }`
[INFO] [stderr]  Downloading crates ...
[INFO] [stderr]   Downloaded near_schemafy_core v0.7.0
[INFO] running `Command { std: "docker" "create" "-v" "/var/lib/crater-agent-workspace/builds/worker-4-tc1/target:/opt/rustwide/target:rw,Z" "-v" "/var/lib/crater-agent-workspace/builds/worker-4-tc1/source:/opt/rustwide/workdir:ro,Z" "-v" "/var/lib/crater-agent-workspace/cargo-home:/opt/rustwide/cargo-home:ro,Z" "-v" "/var/lib/crater-agent-workspace/rustup-home:/opt/rustwide/rustup-home:ro,Z" "-e" "SOURCE_DIR=/opt/rustwide/workdir" "-e" "CARGO_TARGET_DIR=/opt/rustwide/target" "-e" "CARGO_HOME=/opt/rustwide/cargo-home" "-e" "RUSTUP_HOME=/opt/rustwide/rustup-home" "-w" "/opt/rustwide/workdir" "-m" "1610612736" "--user" "0:0" "--network" "none" "ghcr.io/rust-lang/crates-build-env/linux@sha256:2788e3201cd34a07e3172128adcd8b3090168a8e3bcc40d7c032b9dda1df7d1c" "/opt/rustwide/cargo-home/bin/cargo" "+nightly-2024-02-05" "metadata" "--no-deps" "--format-version=1", kill_on_drop: false }`
[INFO] [stdout] c063e1cecb3514cfa2b8f3571c90c3bbb80e9d2992add86bb9eaff176e1cc956
[INFO] running `Command { std: "docker" "start" "-a" "c063e1cecb3514cfa2b8f3571c90c3bbb80e9d2992add86bb9eaff176e1cc956", kill_on_drop: false }`
[INFO] running `Command { std: "docker" "inspect" "c063e1cecb3514cfa2b8f3571c90c3bbb80e9d2992add86bb9eaff176e1cc956", kill_on_drop: false }`
[INFO] running `Command { std: "docker" "rm" "-f" "c063e1cecb3514cfa2b8f3571c90c3bbb80e9d2992add86bb9eaff176e1cc956", kill_on_drop: false }`
[INFO] [stdout] c063e1cecb3514cfa2b8f3571c90c3bbb80e9d2992add86bb9eaff176e1cc956
[INFO] running `Command { std: "docker" "create" "-v" "/var/lib/crater-agent-workspace/builds/worker-4-tc1/target:/opt/rustwide/target:rw,Z" "-v" "/var/lib/crater-agent-workspace/builds/worker-4-tc1/source:/opt/rustwide/workdir:ro,Z" "-v" "/var/lib/crater-agent-workspace/cargo-home:/opt/rustwide/cargo-home:ro,Z" "-v" "/var/lib/crater-agent-workspace/rustup-home:/opt/rustwide/rustup-home:ro,Z" "-e" "SOURCE_DIR=/opt/rustwide/workdir" "-e" "CARGO_TARGET_DIR=/opt/rustwide/target" "-e" "CARGO_INCREMENTAL=0" "-e" "RUST_BACKTRACE=full" "-e" "RUSTFLAGS=--cap-lints=forbid" "-e" "RUSTDOCFLAGS=--cap-lints=forbid" "-e" "CARGO_HOME=/opt/rustwide/cargo-home" "-e" "RUSTUP_HOME=/opt/rustwide/rustup-home" "-w" "/opt/rustwide/workdir" "-m" "1610612736" "--user" "0:0" "--network" "none" "ghcr.io/rust-lang/crates-build-env/linux@sha256:2788e3201cd34a07e3172128adcd8b3090168a8e3bcc40d7c032b9dda1df7d1c" "/opt/rustwide/cargo-home/bin/cargo" "+nightly-2024-02-05" "check" "--frozen" "--all" "--all-targets" "--message-format=json", kill_on_drop: false }`
[INFO] [stdout] d800d7c900befee9dda80734536d123d71e519ee45b95012955e6747b9154910
[INFO] running `Command { std: "docker" "start" "-a" "d800d7c900befee9dda80734536d123d71e519ee45b95012955e6747b9154910", kill_on_drop: false }`
[INFO] [stderr]    Compiling proc-macro2 v1.0.78
[INFO] [stderr]    Compiling syn v1.0.109
[INFO] [stderr]     Checking Inflector v0.11.4
[INFO] [stderr]    Compiling quote v1.0.35
[INFO] [stderr]    Compiling syn v2.0.48
[INFO] [stderr]    Compiling serde_derive v1.0.196
[INFO] [stderr]     Checking serde v1.0.196
[INFO] [stderr]     Checking serde_json v1.0.113
[INFO] [stderr]     Checking near_schemafy_core v0.7.0
[INFO] [stderr]     Checking near_schemafy_lib v0.7.0 (/opt/rustwide/workdir)
[INFO] [stdout] error[E0432]: unresolved import `schemafy_lib`
[INFO] [stdout]  --> tests/test.rs:1:5
[INFO] [stdout]   |
[INFO] [stdout] 1 | use schemafy_lib::Expander;
[INFO] [stdout]   |     ^^^^^^^^^^^^ use of undeclared crate or module `schemafy_lib`
[INFO] [stdout]   |
[INFO] [stdout] help: there is a crate or module with a similar name
[INFO] [stdout]   |
[INFO] [stdout] 1 | use schemafy_core::Expander;
[INFO] [stdout]   |     ~~~~~~~~~~~~~
[INFO] [stdout] 
[INFO] [stdout] 
[INFO] [stdout] error[E0432]: unresolved import `schemafy_lib`
[INFO] [stdout]   --> tests/test.rs:16:9
[INFO] [stdout]    |
[INFO] [stdout] 16 |     use schemafy_lib::str_to_ident;
[INFO] [stdout]    |         ^^^^^^^^^^^^ use of undeclared crate or module `schemafy_lib`
[INFO] [stdout]    |
[INFO] [stdout] help: there is a crate or module with a similar name
[INFO] [stdout]    |
[INFO] [stdout] 16 |     use schemafy_core::str_to_ident;
[INFO] [stdout]    |         ~~~~~~~~~~~~~
[INFO] [stdout] 
[INFO] [stdout] 
[INFO] [stdout] error: aborting due to 2 previous errors
[INFO] [stdout] 
[INFO] [stdout] 
[INFO] [stdout] For more information about this error, try `rustc --explain E0432`.
[INFO] [stdout] 
[INFO] [stderr] error: could not compile `near_schemafy_lib` (test "test") due to 3 previous errors
[INFO] running `Command { std: "docker" "inspect" "d800d7c900befee9dda80734536d123d71e519ee45b95012955e6747b9154910", kill_on_drop: false }`
[INFO] running `Command { std: "docker" "rm" "-f" "d800d7c900befee9dda80734536d123d71e519ee45b95012955e6747b9154910", kill_on_drop: false }`
[INFO] [stdout] d800d7c900befee9dda80734536d123d71e519ee45b95012955e6747b9154910
[INFO] checking near_schemafy_lib-0.7.0 against nightly-2024-02-05+rustflags=-Dunexpected_cfgs+cargoflags=-Zcheck-cfg for check-cfg
[INFO] extracting crate near_schemafy_lib 0.7.0 into /workspace/builds/worker-4-tc2/source
[INFO] validating manifest of crates.io crate near_schemafy_lib 0.7.0 on toolchain nightly-2024-02-05
[INFO] running `Command { std: CARGO_HOME="/workspace/cargo-home" RUSTUP_HOME="/workspace/rustup-home" "/workspace/cargo-home/bin/cargo" "+nightly-2024-02-05" "metadata" "--manifest-path" "Cargo.toml" "--no-deps", kill_on_drop: false }`
[INFO] started tweaking crates.io crate near_schemafy_lib 0.7.0
[INFO] finished tweaking crates.io crate near_schemafy_lib 0.7.0
[INFO] tweaked toml for crates.io crate near_schemafy_lib 0.7.0 written to /workspace/builds/worker-4-tc2/source/Cargo.toml
[INFO] running `Command { std: CARGO_HOME="/workspace/cargo-home" RUSTUP_HOME="/workspace/rustup-home" "/workspace/cargo-home/bin/cargo" "+nightly-2024-02-05" "generate-lockfile" "--manifest-path" "Cargo.toml", kill_on_drop: false }`
[INFO] [stderr]     Updating crates.io index
[INFO] running `Command { std: CARGO_HOME="/workspace/cargo-home" RUSTUP_HOME="/workspace/rustup-home" "/workspace/cargo-home/bin/cargo" "+nightly-2024-02-05" "fetch" "--manifest-path" "Cargo.toml", kill_on_drop: false }`
[INFO] running `Command { std: "docker" "create" "-v" "/var/lib/crater-agent-workspace/builds/worker-4-tc2/target:/opt/rustwide/target:rw,Z" "-v" "/var/lib/crater-agent-workspace/builds/worker-4-tc2/source:/opt/rustwide/workdir:ro,Z" "-v" "/var/lib/crater-agent-workspace/cargo-home:/opt/rustwide/cargo-home:ro,Z" "-v" "/var/lib/crater-agent-workspace/rustup-home:/opt/rustwide/rustup-home:ro,Z" "-e" "SOURCE_DIR=/opt/rustwide/workdir" "-e" "CARGO_TARGET_DIR=/opt/rustwide/target" "-e" "CARGO_HOME=/opt/rustwide/cargo-home" "-e" "RUSTUP_HOME=/opt/rustwide/rustup-home" "-w" "/opt/rustwide/workdir" "-m" "1610612736" "--user" "0:0" "--network" "none" "ghcr.io/rust-lang/crates-build-env/linux@sha256:2788e3201cd34a07e3172128adcd8b3090168a8e3bcc40d7c032b9dda1df7d1c" "/opt/rustwide/cargo-home/bin/cargo" "+nightly-2024-02-05" "metadata" "--no-deps" "--format-version=1", kill_on_drop: false }`
[INFO] [stdout] f91da8374e2d831abb55b34a3d77494c7b1b7389ac6d64c17759a54dbb6403a8
[INFO] running `Command { std: "docker" "start" "-a" "f91da8374e2d831abb55b34a3d77494c7b1b7389ac6d64c17759a54dbb6403a8", kill_on_drop: false }`
[INFO] running `Command { std: "docker" "inspect" "f91da8374e2d831abb55b34a3d77494c7b1b7389ac6d64c17759a54dbb6403a8", kill_on_drop: false }`
[INFO] running `Command { std: "docker" "rm" "-f" "f91da8374e2d831abb55b34a3d77494c7b1b7389ac6d64c17759a54dbb6403a8", kill_on_drop: false }`
[INFO] [stdout] f91da8374e2d831abb55b34a3d77494c7b1b7389ac6d64c17759a54dbb6403a8
[INFO] running `Command { std: "docker" "create" "-v" "/var/lib/crater-agent-workspace/builds/worker-4-tc2/target:/opt/rustwide/target:rw,Z" "-v" "/var/lib/crater-agent-workspace/builds/worker-4-tc2/source:/opt/rustwide/workdir:ro,Z" "-v" "/var/lib/crater-agent-workspace/cargo-home:/opt/rustwide/cargo-home:ro,Z" "-v" "/var/lib/crater-agent-workspace/rustup-home:/opt/rustwide/rustup-home:ro,Z" "-e" "SOURCE_DIR=/opt/rustwide/workdir" "-e" "CARGO_TARGET_DIR=/opt/rustwide/target" "-e" "CARGO_INCREMENTAL=0" "-e" "RUST_BACKTRACE=full" "-e" "RUSTFLAGS=--cap-lints=forbid -Dunexpected_cfgs" "-e" "RUSTDOCFLAGS=--cap-lints=forbid" "-e" "CARGO_HOME=/opt/rustwide/cargo-home" "-e" "RUSTUP_HOME=/opt/rustwide/rustup-home" "-w" "/opt/rustwide/workdir" "-m" "1610612736" "--user" "0:0" "--network" "none" "ghcr.io/rust-lang/crates-build-env/linux@sha256:2788e3201cd34a07e3172128adcd8b3090168a8e3bcc40d7c032b9dda1df7d1c" "/opt/rustwide/cargo-home/bin/cargo" "+nightly-2024-02-05" "check" "--frozen" "--all" "--all-targets" "--message-format=json" "-Zcheck-cfg", kill_on_drop: false }`
[INFO] [stdout] 652200dacb0cfaf93a5796b965f986ff466968bdbe46ff4e6df06f9f2bd78420
[INFO] running `Command { std: "docker" "start" "-a" "652200dacb0cfaf93a5796b965f986ff466968bdbe46ff4e6df06f9f2bd78420", kill_on_drop: false }`
[INFO] [stderr]    Compiling proc-macro2 v1.0.78
[INFO] [stderr]    Compiling syn v1.0.109
[INFO] [stderr]     Checking Inflector v0.11.4
[INFO] [stderr]    Compiling quote v1.0.35
[INFO] [stderr]    Compiling syn v2.0.48
[INFO] [stderr]    Compiling serde_derive v1.0.196
[INFO] [stderr]     Checking serde v1.0.196
[INFO] [stderr]     Checking serde_json v1.0.113
[INFO] [stderr]     Checking near_schemafy_core v0.7.0
[INFO] [stderr]     Checking near_schemafy_lib v0.7.0 (/opt/rustwide/workdir)
[INFO] [stdout] error[E0432]: unresolved import `schemafy_lib`
[INFO] [stdout]  --> tests/test.rs:1:5
[INFO] [stdout]   |
[INFO] [stdout] 1 | use schemafy_lib::Expander;
[INFO] [stdout]   |     ^^^^^^^^^^^^ use of undeclared crate or module `schemafy_lib`
[INFO] [stdout]   |
[INFO] [stdout] help: there is a crate or module with a similar name
[INFO] [stdout]   |
[INFO] [stdout] 1 | use schemafy_core::Expander;
[INFO] [stdout]   |     ~~~~~~~~~~~~~
[INFO] [stdout] 
[INFO] [stdout] 
[INFO] [stdout] error[E0432]: unresolved import `schemafy_lib`
[INFO] [stdout]   --> tests/test.rs:16:9
[INFO] [stdout]    |
[INFO] [stdout] 16 |     use schemafy_lib::str_to_ident;
[INFO] [stdout]    |         ^^^^^^^^^^^^ use of undeclared crate or module `schemafy_lib`
[INFO] [stdout]    |
[INFO] [stdout] help: there is a crate or module with a similar name
[INFO] [stdout]    |
[INFO] [stdout] 16 |     use schemafy_core::str_to_ident;
[INFO] [stdout]    |         ~~~~~~~~~~~~~
[INFO] [stdout] 
[INFO] [stdout] 
[INFO] [stdout] error: aborting due to 2 previous errors
[INFO] [stdout] 
[INFO] [stdout] 
[INFO] [stdout] For more information about this error, try `rustc --explain E0432`.
[INFO] [stdout] 
[INFO] [stderr] error: could not compile `near_schemafy_lib` (test "test") due to 3 previous errors
[INFO] running `Command { std: "docker" "inspect" "652200dacb0cfaf93a5796b965f986ff466968bdbe46ff4e6df06f9f2bd78420", kill_on_drop: false }`
[INFO] running `Command { std: "docker" "rm" "-f" "652200dacb0cfaf93a5796b965f986ff466968bdbe46ff4e6df06f9f2bd78420", kill_on_drop: false }`
[INFO] [stdout] 652200dacb0cfaf93a5796b965f986ff466968bdbe46ff4e6df06f9f2bd78420
