[INFO] fetching crate near-contract-standards-icebear 0.0.1...
[INFO] checking near-contract-standards-icebear-0.0.1 against nightly-2024-02-05 for check-cfg
[INFO] extracting crate near-contract-standards-icebear 0.0.1 into /workspace/builds/worker-5-tc1/source
[INFO] validating manifest of crates.io crate near-contract-standards-icebear 0.0.1 on toolchain nightly-2024-02-05
[INFO] running `Command { std: CARGO_HOME="/workspace/cargo-home" RUSTUP_HOME="/workspace/rustup-home" "/workspace/cargo-home/bin/cargo" "+nightly-2024-02-05" "metadata" "--manifest-path" "Cargo.toml" "--no-deps", kill_on_drop: false }`
[INFO] started tweaking crates.io crate near-contract-standards-icebear 0.0.1
[INFO] finished tweaking crates.io crate near-contract-standards-icebear 0.0.1
[INFO] tweaked toml for crates.io crate near-contract-standards-icebear 0.0.1 written to /workspace/builds/worker-5-tc1/source/Cargo.toml
[INFO] running `Command { std: CARGO_HOME="/workspace/cargo-home" RUSTUP_HOME="/workspace/rustup-home" "/workspace/cargo-home/bin/cargo" "+nightly-2024-02-05" "generate-lockfile" "--manifest-path" "Cargo.toml", kill_on_drop: false }`
[INFO] [stderr]     Updating crates.io index
[INFO] running `Command { std: CARGO_HOME="/workspace/cargo-home" RUSTUP_HOME="/workspace/rustup-home" "/workspace/cargo-home/bin/cargo" "+nightly-2024-02-05" "fetch" "--manifest-path" "Cargo.toml", kill_on_drop: false }`
[INFO] [stderr]  Downloading crates ...
[INFO] [stderr]   Downloaded near-sys v0.2.1
[INFO] [stderr]   Downloaded near-sdk-macros v4.1.1
[INFO] [stderr]   Downloaded near-abi v0.3.0
[INFO] [stderr]   Downloaded near-sdk v4.1.1
[INFO] running `Command { std: "docker" "create" "-v" "/var/lib/crater-agent-workspace/builds/worker-5-tc1/target:/opt/rustwide/target:rw,Z" "-v" "/var/lib/crater-agent-workspace/builds/worker-5-tc1/source:/opt/rustwide/workdir:ro,Z" "-v" "/var/lib/crater-agent-workspace/cargo-home:/opt/rustwide/cargo-home:ro,Z" "-v" "/var/lib/crater-agent-workspace/rustup-home:/opt/rustwide/rustup-home:ro,Z" "-e" "SOURCE_DIR=/opt/rustwide/workdir" "-e" "CARGO_TARGET_DIR=/opt/rustwide/target" "-e" "CARGO_HOME=/opt/rustwide/cargo-home" "-e" "RUSTUP_HOME=/opt/rustwide/rustup-home" "-w" "/opt/rustwide/workdir" "-m" "1610612736" "--user" "0:0" "--network" "none" "ghcr.io/rust-lang/crates-build-env/linux@sha256:2788e3201cd34a07e3172128adcd8b3090168a8e3bcc40d7c032b9dda1df7d1c" "/opt/rustwide/cargo-home/bin/cargo" "+nightly-2024-02-05" "metadata" "--no-deps" "--format-version=1", kill_on_drop: false }`
[INFO] [stdout] 9964a006273b20f74a760d2f7b1f33c8070a14b6d819ae58af3a8e7b0b8abc74
[INFO] running `Command { std: "docker" "start" "-a" "9964a006273b20f74a760d2f7b1f33c8070a14b6d819ae58af3a8e7b0b8abc74", kill_on_drop: false }`
[INFO] running `Command { std: "docker" "inspect" "9964a006273b20f74a760d2f7b1f33c8070a14b6d819ae58af3a8e7b0b8abc74", kill_on_drop: false }`
[INFO] running `Command { std: "docker" "rm" "-f" "9964a006273b20f74a760d2f7b1f33c8070a14b6d819ae58af3a8e7b0b8abc74", kill_on_drop: false }`
[INFO] [stdout] 9964a006273b20f74a760d2f7b1f33c8070a14b6d819ae58af3a8e7b0b8abc74
[INFO] running `Command { std: "docker" "create" "-v" "/var/lib/crater-agent-workspace/builds/worker-5-tc1/target:/opt/rustwide/target:rw,Z" "-v" "/var/lib/crater-agent-workspace/builds/worker-5-tc1/source:/opt/rustwide/workdir:ro,Z" "-v" "/var/lib/crater-agent-workspace/cargo-home:/opt/rustwide/cargo-home:ro,Z" "-v" "/var/lib/crater-agent-workspace/rustup-home:/opt/rustwide/rustup-home:ro,Z" "-e" "SOURCE_DIR=/opt/rustwide/workdir" "-e" "CARGO_TARGET_DIR=/opt/rustwide/target" "-e" "CARGO_INCREMENTAL=0" "-e" "RUST_BACKTRACE=full" "-e" "RUSTFLAGS=--cap-lints=forbid" "-e" "RUSTDOCFLAGS=--cap-lints=forbid" "-e" "CARGO_HOME=/opt/rustwide/cargo-home" "-e" "RUSTUP_HOME=/opt/rustwide/rustup-home" "-w" "/opt/rustwide/workdir" "-m" "1610612736" "--user" "0:0" "--network" "none" "ghcr.io/rust-lang/crates-build-env/linux@sha256:2788e3201cd34a07e3172128adcd8b3090168a8e3bcc40d7c032b9dda1df7d1c" "/opt/rustwide/cargo-home/bin/cargo" "+nightly-2024-02-05" "check" "--frozen" "--all" "--all-targets" "--message-format=json", kill_on_drop: false }`
[INFO] [stdout] dc94e8b845d2b1b689f1e5778db72602dbfe00869a2f86e8b91ccb12d46cba92
[INFO] running `Command { std: "docker" "start" "-a" "dc94e8b845d2b1b689f1e5778db72602dbfe00869a2f86e8b91ccb12d46cba92", kill_on_drop: false }`
[INFO] [stderr]     Checking once_cell v1.19.0
[INFO] [stderr]    Compiling schemars v0.8.16
[INFO] [stderr]     Checking dyn-clone v1.0.16
[INFO] [stderr]    Compiling Inflector v0.11.4
[INFO] [stderr]     Checking near-sys v0.2.1
[INFO] [stderr]     Checking getrandom v0.2.12
[INFO] [stderr]    Compiling serde_derive_internals v0.26.0
[INFO] [stderr]    Compiling serde v1.0.196
[INFO] [stderr]     Checking ahash v0.7.7
[INFO] [stderr]    Compiling near-sdk-macros v4.1.1
[INFO] [stderr]     Checking hashbrown v0.11.2
[INFO] [stderr]    Compiling schemars_derive v0.8.16
[INFO] [stderr]    Compiling toml v0.5.11
[INFO] [stderr]    Compiling proc-macro-crate v0.1.5
[INFO] [stderr]    Compiling borsh-derive v0.9.3
[INFO] [stderr]     Checking borsh v0.9.3
[INFO] [stderr]     Checking near-abi v0.3.0
[INFO] [stderr]     Checking near-sdk v4.1.1
[INFO] [stderr]     Checking near-contract-standards-icebear v0.0.1 (/opt/rustwide/workdir)
[INFO] [stdout] error[E0432]: unresolved import `near_sdk::test_utils`
[INFO] [stdout]    --> src/fungible_token/events.rs:123:20
[INFO] [stdout]     |
[INFO] [stdout] 123 |     use near_sdk::{test_utils, AccountId};
[INFO] [stdout]     |                    ^^^^^^^^^^ no `test_utils` in the root
[INFO] [stdout]     |
[INFO] [stdout] note: found an item that was configured out
[INFO] [stdout]    --> /opt/rustwide/cargo-home/registry/src/index.crates.io-6f17d22bba15001f/near-sdk-4.1.1/src/lib.rs:52:9
[INFO] [stdout]     |
[INFO] [stdout] 52  | pub mod test_utils;
[INFO] [stdout]     |         ^^^^^^^^^^
[INFO] [stdout] 
[INFO] [stdout] 
[INFO] [stdout] error[E0432]: unresolved import `near_sdk::test_utils`
[INFO] [stdout]    --> src/non_fungible_token/events.rs:126:20
[INFO] [stdout]     |
[INFO] [stdout] 126 |     use near_sdk::{test_utils, AccountId};
[INFO] [stdout]     |                    ^^^^^^^^^^ no `test_utils` in the root
[INFO] [stdout]     |
[INFO] [stdout] note: found an item that was configured out
[INFO] [stdout]    --> /opt/rustwide/cargo-home/registry/src/index.crates.io-6f17d22bba15001f/near-sdk-4.1.1/src/lib.rs:52:9
[INFO] [stdout]     |
[INFO] [stdout] 52  | pub mod test_utils;
[INFO] [stdout]     |         ^^^^^^^^^^
[INFO] [stdout] 
[INFO] [stdout] 
[INFO] [stdout] warning: unused import: `macros::*`
[INFO] [stdout]   --> src/fungible_token/mod.rs:11:9
[INFO] [stdout]    |
[INFO] [stdout] 11 | pub use macros::*;
[INFO] [stdout]    |         ^^^^^^^^^
[INFO] [stdout]    |
[INFO] [stdout]    = note: `#[warn(unused_imports)]` on by default
[INFO] [stdout] 
[INFO] [stdout] 
[INFO] [stdout] warning: unused import: `approval_impl::*`
[INFO] [stdout]  --> src/non_fungible_token/approval/mod.rs:4:9
[INFO] [stdout]   |
[INFO] [stdout] 4 | pub use approval_impl::*;
[INFO] [stdout]   |         ^^^^^^^^^^^^^^^^
[INFO] [stdout] 
[INFO] [stdout] 
[INFO] [stdout] warning: unused import: `macros::*`
[INFO] [stdout]   --> src/non_fungible_token/mod.rs:24:9
[INFO] [stdout]    |
[INFO] [stdout] 24 | pub use macros::*;
[INFO] [stdout]    |         ^^^^^^^^^
[INFO] [stdout] 
[INFO] [stdout] 
[INFO] [stdout] warning: unused import: `macros::*`
[INFO] [stdout]   --> src/fungible_token/mod.rs:11:9
[INFO] [stdout]    |
[INFO] [stdout] 11 | pub use macros::*;
[INFO] [stdout]    |         ^^^^^^^^^
[INFO] [stdout]    |
[INFO] [stdout]    = note: `#[warn(unused_imports)]` on by default
[INFO] [stdout] 
[INFO] [stdout] 
[INFO] [stdout] warning: unused import: `approval_impl::*`
[INFO] [stdout]  --> src/non_fungible_token/approval/mod.rs:4:9
[INFO] [stdout]   |
[INFO] [stdout] 4 | pub use approval_impl::*;
[INFO] [stdout]   |         ^^^^^^^^^^^^^^^^
[INFO] [stdout] 
[INFO] [stdout] 
[INFO] [stdout] warning: unused import: `macros::*`
[INFO] [stdout]   --> src/non_fungible_token/mod.rs:24:9
[INFO] [stdout]    |
[INFO] [stdout] 24 | pub use macros::*;
[INFO] [stdout]    |         ^^^^^^^^^
[INFO] [stdout] 
[INFO] [stdout] 
[INFO] [stdout] error: aborting due to 2 previous errors; 3 warnings emitted
[INFO] [stdout] 
[INFO] [stdout] 
[INFO] [stdout] For more information about this error, try `rustc --explain E0432`.
[INFO] [stdout] 
[INFO] [stderr] error: could not compile `near-contract-standards-icebear` (lib test) due to 3 previous errors; 3 warnings emitted
[INFO] [stderr] warning: build failed, waiting for other jobs to finish...
[INFO] [stdout] warning: 3 warnings emitted
[INFO] [stdout] 
[INFO] [stdout] 
[INFO] running `Command { std: "docker" "inspect" "dc94e8b845d2b1b689f1e5778db72602dbfe00869a2f86e8b91ccb12d46cba92", kill_on_drop: false }`
[INFO] running `Command { std: "docker" "rm" "-f" "dc94e8b845d2b1b689f1e5778db72602dbfe00869a2f86e8b91ccb12d46cba92", kill_on_drop: false }`
[INFO] [stdout] dc94e8b845d2b1b689f1e5778db72602dbfe00869a2f86e8b91ccb12d46cba92
[INFO] checking near-contract-standards-icebear-0.0.1 against nightly-2024-02-05+rustflags=-Dunexpected_cfgs+cargoflags=-Zcheck-cfg for check-cfg
[INFO] extracting crate near-contract-standards-icebear 0.0.1 into /workspace/builds/worker-5-tc2/source
[INFO] validating manifest of crates.io crate near-contract-standards-icebear 0.0.1 on toolchain nightly-2024-02-05
[INFO] running `Command { std: CARGO_HOME="/workspace/cargo-home" RUSTUP_HOME="/workspace/rustup-home" "/workspace/cargo-home/bin/cargo" "+nightly-2024-02-05" "metadata" "--manifest-path" "Cargo.toml" "--no-deps", kill_on_drop: false }`
[INFO] started tweaking crates.io crate near-contract-standards-icebear 0.0.1
[INFO] finished tweaking crates.io crate near-contract-standards-icebear 0.0.1
[INFO] tweaked toml for crates.io crate near-contract-standards-icebear 0.0.1 written to /workspace/builds/worker-5-tc2/source/Cargo.toml
[INFO] running `Command { std: CARGO_HOME="/workspace/cargo-home" RUSTUP_HOME="/workspace/rustup-home" "/workspace/cargo-home/bin/cargo" "+nightly-2024-02-05" "generate-lockfile" "--manifest-path" "Cargo.toml", kill_on_drop: false }`
[INFO] [stderr]     Blocking waiting for file lock on package cache
[INFO] [stderr]     Updating crates.io index
[INFO] running `Command { std: CARGO_HOME="/workspace/cargo-home" RUSTUP_HOME="/workspace/rustup-home" "/workspace/cargo-home/bin/cargo" "+nightly-2024-02-05" "fetch" "--manifest-path" "Cargo.toml", kill_on_drop: false }`
[INFO] [stderr]     Blocking waiting for file lock on package cache
[INFO] [stderr]     Blocking waiting for file lock on package cache
[INFO] running `Command { std: "docker" "create" "-v" "/var/lib/crater-agent-workspace/builds/worker-5-tc2/target:/opt/rustwide/target:rw,Z" "-v" "/var/lib/crater-agent-workspace/builds/worker-5-tc2/source:/opt/rustwide/workdir:ro,Z" "-v" "/var/lib/crater-agent-workspace/cargo-home:/opt/rustwide/cargo-home:ro,Z" "-v" "/var/lib/crater-agent-workspace/rustup-home:/opt/rustwide/rustup-home:ro,Z" "-e" "SOURCE_DIR=/opt/rustwide/workdir" "-e" "CARGO_TARGET_DIR=/opt/rustwide/target" "-e" "CARGO_HOME=/opt/rustwide/cargo-home" "-e" "RUSTUP_HOME=/opt/rustwide/rustup-home" "-w" "/opt/rustwide/workdir" "-m" "1610612736" "--user" "0:0" "--network" "none" "ghcr.io/rust-lang/crates-build-env/linux@sha256:2788e3201cd34a07e3172128adcd8b3090168a8e3bcc40d7c032b9dda1df7d1c" "/opt/rustwide/cargo-home/bin/cargo" "+nightly-2024-02-05" "metadata" "--no-deps" "--format-version=1", kill_on_drop: false }`
[INFO] [stdout] 2bfe6e3f65af1d1e3f837fe75940b45ff7679e0567a132e1b033dbb99d845919
[INFO] running `Command { std: "docker" "start" "-a" "2bfe6e3f65af1d1e3f837fe75940b45ff7679e0567a132e1b033dbb99d845919", kill_on_drop: false }`
[INFO] running `Command { std: "docker" "inspect" "2bfe6e3f65af1d1e3f837fe75940b45ff7679e0567a132e1b033dbb99d845919", kill_on_drop: false }`
[INFO] running `Command { std: "docker" "rm" "-f" "2bfe6e3f65af1d1e3f837fe75940b45ff7679e0567a132e1b033dbb99d845919", kill_on_drop: false }`
[INFO] [stdout] 2bfe6e3f65af1d1e3f837fe75940b45ff7679e0567a132e1b033dbb99d845919
[INFO] running `Command { std: "docker" "create" "-v" "/var/lib/crater-agent-workspace/builds/worker-5-tc2/target:/opt/rustwide/target:rw,Z" "-v" "/var/lib/crater-agent-workspace/builds/worker-5-tc2/source:/opt/rustwide/workdir:ro,Z" "-v" "/var/lib/crater-agent-workspace/cargo-home:/opt/rustwide/cargo-home:ro,Z" "-v" "/var/lib/crater-agent-workspace/rustup-home:/opt/rustwide/rustup-home:ro,Z" "-e" "SOURCE_DIR=/opt/rustwide/workdir" "-e" "CARGO_TARGET_DIR=/opt/rustwide/target" "-e" "CARGO_INCREMENTAL=0" "-e" "RUST_BACKTRACE=full" "-e" "RUSTFLAGS=--cap-lints=forbid -Dunexpected_cfgs" "-e" "RUSTDOCFLAGS=--cap-lints=forbid" "-e" "CARGO_HOME=/opt/rustwide/cargo-home" "-e" "RUSTUP_HOME=/opt/rustwide/rustup-home" "-w" "/opt/rustwide/workdir" "-m" "1610612736" "--user" "0:0" "--network" "none" "ghcr.io/rust-lang/crates-build-env/linux@sha256:2788e3201cd34a07e3172128adcd8b3090168a8e3bcc40d7c032b9dda1df7d1c" "/opt/rustwide/cargo-home/bin/cargo" "+nightly-2024-02-05" "check" "--frozen" "--all" "--all-targets" "--message-format=json" "-Zcheck-cfg", kill_on_drop: false }`
[INFO] [stdout] 4ff2e9d0e92b593d19580e1aff5bad480e7caa027c32b548a74f5c8eee4bc0b0
[INFO] running `Command { std: "docker" "start" "-a" "4ff2e9d0e92b593d19580e1aff5bad480e7caa027c32b548a74f5c8eee4bc0b0", kill_on_drop: false }`
[INFO] [stderr]     Checking once_cell v1.19.0
[INFO] [stderr]    Compiling schemars v0.8.16
[INFO] [stderr]     Checking dyn-clone v1.0.16
[INFO] [stderr]    Compiling Inflector v0.11.4
[INFO] [stderr]     Checking near-sys v0.2.1
[INFO] [stderr]    Compiling serde v1.0.196
[INFO] [stderr]     Checking getrandom v0.2.12
[INFO] [stderr]    Compiling serde_derive_internals v0.26.0
[INFO] [stderr]     Checking ahash v0.7.7
[INFO] [stderr]    Compiling near-sdk-macros v4.1.1
[INFO] [stderr]     Checking hashbrown v0.11.2
[INFO] [stderr]    Compiling schemars_derive v0.8.16
[INFO] [stderr]    Compiling toml v0.5.11
[INFO] [stderr]    Compiling proc-macro-crate v0.1.5
[INFO] [stderr]    Compiling borsh-derive v0.9.3
[INFO] [stderr]     Checking borsh v0.9.3
[INFO] [stderr]     Checking near-abi v0.3.0
[INFO] [stderr]     Checking near-sdk v4.1.1
[INFO] [stderr]     Checking near-contract-standards-icebear v0.0.1 (/opt/rustwide/workdir)
[INFO] [stdout] warning: unused import: `macros::*`
[INFO] [stdout]   --> src/fungible_token/mod.rs:11:9
[INFO] [stdout]    |
[INFO] [stdout] 11 | pub use macros::*;
[INFO] [stdout]    |         ^^^^^^^^^
[INFO] [stdout]    |
[INFO] [stdout]    = note: `#[warn(unused_imports)]` on by default
[INFO] [stdout] 
[INFO] [stdout] 
[INFO] [stdout] warning: unused import: `approval_impl::*`
[INFO] [stdout]  --> src/non_fungible_token/approval/mod.rs:4:9
[INFO] [stdout]   |
[INFO] [stdout] 4 | pub use approval_impl::*;
[INFO] [stdout]   |         ^^^^^^^^^^^^^^^^
[INFO] [stdout] 
[INFO] [stdout] 
[INFO] [stdout] error[E0432]: unresolved import `near_sdk::test_utils`
[INFO] [stdout]    --> src/fungible_token/events.rs:123:20
[INFO] [stdout]     |
[INFO] [stdout] 123 |     use near_sdk::{test_utils, AccountId};
[INFO] [stdout]     |                    ^^^^^^^^^^ no `test_utils` in the root
[INFO] [stdout]     |
[INFO] [stdout] note: found an item that was configured out
[INFO] [stdout]    --> /opt/rustwide/cargo-home/registry/src/index.crates.io-6f17d22bba15001f/near-sdk-4.1.1/src/lib.rs:52:9
[INFO] [stdout]     |
[INFO] [stdout] 52  | pub mod test_utils;
[INFO] [stdout]     |         ^^^^^^^^^^
[INFO] [stdout] 
[INFO] [stdout] 
[INFO] [stdout] error[E0432]: unresolved import `near_sdk::test_utils`
[INFO] [stdout]    --> src/non_fungible_token/events.rs:126:20
[INFO] [stdout]     |
[INFO] [stdout] 126 |     use near_sdk::{test_utils, AccountId};
[INFO] [stdout]     |                    ^^^^^^^^^^ no `test_utils` in the root
[INFO] [stdout]     |
[INFO] [stdout] note: found an item that was configured out
[INFO] [stdout]    --> /opt/rustwide/cargo-home/registry/src/index.crates.io-6f17d22bba15001f/near-sdk-4.1.1/src/lib.rs:52:9
[INFO] [stdout]     |
[INFO] [stdout] 52  | pub mod test_utils;
[INFO] [stdout]     |         ^^^^^^^^^^
[INFO] [stdout] 
[INFO] [stdout] 
[INFO] [stdout] warning: unused import: `macros::*`
[INFO] [stdout]   --> src/non_fungible_token/mod.rs:24:9
[INFO] [stdout]    |
[INFO] [stdout] 24 | pub use macros::*;
[INFO] [stdout]    |         ^^^^^^^^^
[INFO] [stdout] 
[INFO] [stdout] 
[INFO] [stdout] warning: unused import: `macros::*`
[INFO] [stdout]   --> src/fungible_token/mod.rs:11:9
[INFO] [stdout]    |
[INFO] [stdout] 11 | pub use macros::*;
[INFO] [stdout]    |         ^^^^^^^^^
[INFO] [stdout]    |
[INFO] [stdout]    = note: `#[warn(unused_imports)]` on by default
[INFO] [stdout] 
[INFO] [stdout] 
[INFO] [stdout] warning: unused import: `approval_impl::*`
[INFO] [stdout]  --> src/non_fungible_token/approval/mod.rs:4:9
[INFO] [stdout]   |
[INFO] [stdout] 4 | pub use approval_impl::*;
[INFO] [stdout]   |         ^^^^^^^^^^^^^^^^
[INFO] [stdout] 
[INFO] [stdout] 
[INFO] [stdout] warning: unused import: `macros::*`
[INFO] [stdout]   --> src/non_fungible_token/mod.rs:24:9
[INFO] [stdout]    |
[INFO] [stdout] 24 | pub use macros::*;
[INFO] [stdout]    |         ^^^^^^^^^
[INFO] [stdout] 
[INFO] [stdout] 
[INFO] [stdout] error: aborting due to 2 previous errors; 3 warnings emitted
[INFO] [stdout] 
[INFO] [stdout] 
[INFO] [stdout] For more information about this error, try `rustc --explain E0432`.
[INFO] [stdout] 
[INFO] [stderr] error: could not compile `near-contract-standards-icebear` (lib test) due to 3 previous errors; 3 warnings emitted
[INFO] [stderr] warning: build failed, waiting for other jobs to finish...
[INFO] [stdout] warning: 3 warnings emitted
[INFO] [stdout] 
[INFO] [stdout] 
[INFO] running `Command { std: "docker" "inspect" "4ff2e9d0e92b593d19580e1aff5bad480e7caa027c32b548a74f5c8eee4bc0b0", kill_on_drop: false }`
[INFO] running `Command { std: "docker" "rm" "-f" "4ff2e9d0e92b593d19580e1aff5bad480e7caa027c32b548a74f5c8eee4bc0b0", kill_on_drop: false }`
[INFO] [stdout] 4ff2e9d0e92b593d19580e1aff5bad480e7caa027c32b548a74f5c8eee4bc0b0
