[INFO] fetching crate naver 0.1.2...
[INFO] checking naver-0.1.2 against nightly-2024-02-05 for check-cfg
[INFO] extracting crate naver 0.1.2 into /workspace/builds/worker-7-tc1/source
[INFO] validating manifest of crates.io crate naver 0.1.2 on toolchain nightly-2024-02-05
[INFO] running `Command { std: CARGO_HOME="/workspace/cargo-home" RUSTUP_HOME="/workspace/rustup-home" "/workspace/cargo-home/bin/cargo" "+nightly-2024-02-05" "metadata" "--manifest-path" "Cargo.toml" "--no-deps", kill_on_drop: false }`
[INFO] started tweaking crates.io crate naver 0.1.2
[INFO] finished tweaking crates.io crate naver 0.1.2
[INFO] tweaked toml for crates.io crate naver 0.1.2 written to /workspace/builds/worker-7-tc1/source/Cargo.toml
[INFO] running `Command { std: CARGO_HOME="/workspace/cargo-home" RUSTUP_HOME="/workspace/rustup-home" "/workspace/cargo-home/bin/cargo" "+nightly-2024-02-05" "generate-lockfile" "--manifest-path" "Cargo.toml", kill_on_drop: false }`
[INFO] [stderr]     Updating crates.io index
[INFO] running `Command { std: CARGO_HOME="/workspace/cargo-home" RUSTUP_HOME="/workspace/rustup-home" "/workspace/cargo-home/bin/cargo" "+nightly-2024-02-05" "fetch" "--manifest-path" "Cargo.toml", kill_on_drop: false }`
[INFO] [stderr]  Downloading crates ...
[INFO] [stderr]   Downloaded html5ever v0.26.0
[INFO] [stderr]   Downloaded xml5ever v0.17.0
[INFO] [stderr]   Downloaded markup5ever v0.11.0
[INFO] [stderr]   Downloaded select v0.6.0
[INFO] [stderr]   Downloaded markup5ever_rcdom v0.2.0
[INFO] running `Command { std: "docker" "create" "-v" "/var/lib/crater-agent-workspace/builds/worker-7-tc1/target:/opt/rustwide/target:rw,Z" "-v" "/var/lib/crater-agent-workspace/builds/worker-7-tc1/source:/opt/rustwide/workdir:ro,Z" "-v" "/var/lib/crater-agent-workspace/cargo-home:/opt/rustwide/cargo-home:ro,Z" "-v" "/var/lib/crater-agent-workspace/rustup-home:/opt/rustwide/rustup-home:ro,Z" "-e" "SOURCE_DIR=/opt/rustwide/workdir" "-e" "CARGO_TARGET_DIR=/opt/rustwide/target" "-e" "CARGO_HOME=/opt/rustwide/cargo-home" "-e" "RUSTUP_HOME=/opt/rustwide/rustup-home" "-w" "/opt/rustwide/workdir" "-m" "1610612736" "--user" "0:0" "--network" "none" "ghcr.io/rust-lang/crates-build-env/linux@sha256:2788e3201cd34a07e3172128adcd8b3090168a8e3bcc40d7c032b9dda1df7d1c" "/opt/rustwide/cargo-home/bin/cargo" "+nightly-2024-02-05" "metadata" "--no-deps" "--format-version=1", kill_on_drop: false }`
[INFO] [stdout] 5d5c6703de4a038cd5ed4a05d567f2a11868f75d93ebf421aa28290047965333
[INFO] running `Command { std: "docker" "start" "-a" "5d5c6703de4a038cd5ed4a05d567f2a11868f75d93ebf421aa28290047965333", kill_on_drop: false }`
[INFO] running `Command { std: "docker" "inspect" "5d5c6703de4a038cd5ed4a05d567f2a11868f75d93ebf421aa28290047965333", kill_on_drop: false }`
[INFO] running `Command { std: "docker" "rm" "-f" "5d5c6703de4a038cd5ed4a05d567f2a11868f75d93ebf421aa28290047965333", kill_on_drop: false }`
[INFO] [stdout] 5d5c6703de4a038cd5ed4a05d567f2a11868f75d93ebf421aa28290047965333
[INFO] running `Command { std: "docker" "create" "-v" "/var/lib/crater-agent-workspace/builds/worker-7-tc1/target:/opt/rustwide/target:rw,Z" "-v" "/var/lib/crater-agent-workspace/builds/worker-7-tc1/source:/opt/rustwide/workdir:ro,Z" "-v" "/var/lib/crater-agent-workspace/cargo-home:/opt/rustwide/cargo-home:ro,Z" "-v" "/var/lib/crater-agent-workspace/rustup-home:/opt/rustwide/rustup-home:ro,Z" "-e" "SOURCE_DIR=/opt/rustwide/workdir" "-e" "CARGO_TARGET_DIR=/opt/rustwide/target" "-e" "CARGO_INCREMENTAL=0" "-e" "RUST_BACKTRACE=full" "-e" "RUSTFLAGS=--cap-lints=forbid" "-e" "RUSTDOCFLAGS=--cap-lints=forbid" "-e" "CARGO_HOME=/opt/rustwide/cargo-home" "-e" "RUSTUP_HOME=/opt/rustwide/rustup-home" "-w" "/opt/rustwide/workdir" "-m" "1610612736" "--user" "0:0" "--network" "none" "ghcr.io/rust-lang/crates-build-env/linux@sha256:2788e3201cd34a07e3172128adcd8b3090168a8e3bcc40d7c032b9dda1df7d1c" "/opt/rustwide/cargo-home/bin/cargo" "+nightly-2024-02-05" "check" "--frozen" "--all" "--all-targets" "--message-format=json", kill_on_drop: false }`
[INFO] [stdout] f9e8151b0d2d4f2b0008748e0d2141df1ef2f5566ea67d9edeafc94473ea3f65
[INFO] running `Command { std: "docker" "start" "-a" "f9e8151b0d2d4f2b0008748e0d2141df1ef2f5566ea67d9edeafc94473ea3f65", kill_on_drop: false }`
[INFO] [stderr]    Compiling ppv-lite86 v0.2.17
[INFO] [stderr]    Compiling siphasher v0.3.11
[INFO] [stderr]    Compiling libc v0.2.153
[INFO] [stderr]    Compiling serde v1.0.196
[INFO] [stderr]     Checking new_debug_unreachable v1.0.4
[INFO] [stderr]     Checking mac v0.1.1
[INFO] [stderr]    Compiling syn v1.0.109
[INFO] [stderr]     Checking tokio v1.36.0
[INFO] [stderr]     Checking utf-8 v0.7.6
[INFO] [stderr]     Checking precomputed-hash v0.1.1
[INFO] [stderr]    Compiling syn v2.0.48
[INFO] [stderr]     Checking hashbrown v0.14.3
[INFO] [stderr]     Checking futures-util v0.3.30
[INFO] [stderr]     Checking unicode-normalization v0.1.22
[INFO] [stderr]     Checking futures-channel v0.3.30
[INFO] [stderr]     Checking bit-vec v0.6.3
[INFO] [stderr]     Checking futf v0.1.5
[INFO] [stderr]     Checking chrono v0.4.33
[INFO] [stderr]     Checking phf_shared v0.10.0
[INFO] [stderr]     Checking tendril v0.4.3
[INFO] [stderr]     Checking bit-set v0.5.3
[INFO] [stderr]     Checking phf v0.10.1
[INFO] [stderr]     Checking idna v0.5.0
[INFO] [stderr]     Checking indexmap v2.2.2
[INFO] [stderr]     Checking url v2.5.0
[INFO] [stderr]    Compiling getrandom v0.2.12
[INFO] [stderr]    Compiling cc v1.0.83
[INFO] [stderr]    Compiling rand_core v0.6.4
[INFO] [stderr]    Compiling rand_chacha v0.3.1
[INFO] [stderr]    Compiling rand v0.8.5
[INFO] [stderr]    Compiling openssl-sys v0.9.99
[INFO] [stderr]     Checking string_cache v0.8.7
[INFO] [stderr]     Checking serde_urlencoded v0.7.1
[INFO] [stderr]    Compiling phf_generator v0.10.0
[INFO] [stderr]    Compiling string_cache_codegen v0.5.2
[INFO] [stderr]    Compiling phf_codegen v0.10.0
[INFO] [stderr]    Compiling openssl v0.10.63
[INFO] [stderr]    Compiling native-tls v0.2.11
[INFO] [stderr]    Compiling markup5ever v0.11.0
[INFO] [stderr]     Checking tokio-util v0.7.10
[INFO] [stderr]    Compiling openssl-macros v0.1.1
[INFO] [stderr]    Compiling thiserror-impl v1.0.56
[INFO] [stderr]     Checking h2 v0.3.24
[INFO] [stderr]    Compiling html5ever v0.26.0
[INFO] [stderr]     Checking thiserror v1.0.56
[INFO] [stderr]     Checking xml5ever v0.17.0
[INFO] [stderr]     Checking hyper v0.14.28
[INFO] [stderr]     Checking markup5ever_rcdom v0.2.0
[INFO] [stderr]     Checking select v0.6.0
[INFO] [stderr]     Checking tokio-native-tls v0.3.1
[INFO] [stderr]     Checking hyper-tls v0.5.0
[INFO] [stderr]     Checking reqwest v0.11.24
[INFO] [stderr]     Checking naver v0.1.2 (/opt/rustwide/workdir)
[INFO] [stdout] error[E0599]: no method named `select` found for reference `&Document` in the current scope
[INFO] [stdout]   --> src/lib.rs:73:34
[INFO] [stdout]    |
[INFO] [stdout] 73 |         let selection = document.select(predicate);
[INFO] [stdout]    |                                  ^^^^^^ method not found in `&Document`
[INFO] [stdout] 
[INFO] [stdout] 
[INFO] [stdout] error[E0599]: no method named `select` found for reference `&Document` in the current scope
[INFO] [stdout]   --> src/lib.rs:73:34
[INFO] [stdout]    |
[INFO] [stdout] 73 |         let selection = document.select(predicate);
[INFO] [stdout]    |                                  ^^^^^^ method not found in `&Document`
[INFO] [stdout] 
[INFO] [stdout] 
[INFO] [stdout] error[E0599]: no method named `select` found for reference `&Document` in the current scope
[INFO] [stdout]   --> src/lib.rs:83:34
[INFO] [stdout]    |
[INFO] [stdout] 83 |         let selection = document.select(predicate);
[INFO] [stdout]    |                                  ^^^^^^ method not found in `&Document`
[INFO] [stdout] 
[INFO] [stdout] 
[INFO] [stdout] error[E0599]: no method named `select` found for reference `&Document` in the current scope
[INFO] [stdout]   --> src/lib.rs:83:34
[INFO] [stdout]    |
[INFO] [stdout] 83 |         let selection = document.select(predicate);
[INFO] [stdout]    |                                  ^^^^^^ method not found in `&Document`
[INFO] [stdout] 
[INFO] [stdout] 
[INFO] [stdout] error[E0599]: no method named `select` found for reference `&Document` in the current scope
[INFO] [stdout]   --> src/lib.rs:96:34
[INFO] [stdout]    |
[INFO] [stdout] 96 |         let selection = document.select(predicate);
[INFO] [stdout]    |                                  ^^^^^^ method not found in `&Document`
[INFO] [stdout] 
[INFO] [stdout] 
[INFO] [stdout] error[E0599]: no method named `select` found for reference `&Document` in the current scope
[INFO] [stdout]   --> src/lib.rs:96:34
[INFO] [stdout]    |
[INFO] [stdout] 96 |         let selection = document.select(predicate);
[INFO] [stdout]    |                                  ^^^^^^ method not found in `&Document`
[INFO] [stdout] 
[INFO] [stdout] 
[INFO] [stdout] error[E0599]: no method named `select` found for reference `&Document` in the current scope
[INFO] [stdout]    --> src/lib.rs:110:34
[INFO] [stdout]     |
[INFO] [stdout] 110 |         let selection = document.select(predicate);
[INFO] [stdout]     |                                  ^^^^^^ method not found in `&Document`
[INFO] [stdout] 
[INFO] [stdout] 
[INFO] [stdout] error[E0599]: no method named `select` found for reference `&Document` in the current scope
[INFO] [stdout]    --> src/lib.rs:110:34
[INFO] [stdout]     |
[INFO] [stdout] 110 |         let selection = document.select(predicate);
[INFO] [stdout]     |                                  ^^^^^^ method not found in `&Document`
[INFO] [stdout] 
[INFO] [stdout] 
[INFO] [stdout] error[E0599]: no method named `select` found for reference `&Document` in the current scope
[INFO] [stdout]    --> src/lib.rs:123:34
[INFO] [stdout]     |
[INFO] [stdout] 123 |         let selection = document.select(predicate);
[INFO] [stdout]     |                                  ^^^^^^ method not found in `&Document`
[INFO] [stdout] 
[INFO] [stdout] 
[INFO] [stdout] error[E0599]: no method named `select` found for reference `&Document` in the current scope
[INFO] [stdout]    --> src/lib.rs:123:34
[INFO] [stdout]     |
[INFO] [stdout] 123 |         let selection = document.select(predicate);
[INFO] [stdout]     |                                  ^^^^^^ method not found in `&Document`
[INFO] [stdout] 
[INFO] [stdout] 
[INFO] [stdout] error[E0599]: no method named `select` found for struct `Document` in the current scope
[INFO] [stdout]    --> src/lib.rs:128:14
[INFO] [stdout]     |
[INFO] [stdout] 127 |           Ok(Document::from(value.as_str())
[INFO] [stdout]     |  ____________-
[INFO] [stdout] 128 | |             .select(Class("se_mediaImage"))
[INFO] [stdout]     | |             -^^^^^^ method not found in `Document`
[INFO] [stdout]     | |_____________|
[INFO] [stdout]     | 
[INFO] [stdout] 
[INFO] [stdout] 
[INFO] [stdout] error[E0599]: no method named `select` found for struct `Document` in the current scope
[INFO] [stdout]    --> src/lib.rs:128:14
[INFO] [stdout]     |
[INFO] [stdout] 127 |           Ok(Document::from(value.as_str())
[INFO] [stdout]     |  ____________-
[INFO] [stdout] 128 | |             .select(Class("se_mediaImage"))
[INFO] [stdout]     | |             -^^^^^^ method not found in `Document`
[INFO] [stdout]     | |_____________|
[INFO] [stdout]     | 
[INFO] [stdout] 
[INFO] [stdout] 
[INFO] [stdout] error: aborting due to 6 previous errors
[INFO] [stdout] 
[INFO] [stdout] 
[INFO] [stdout] For more information about this error, try `rustc --explain E0599`.
[INFO] [stdout] 
[INFO] [stdout] error: aborting due to 6 previous errors
[INFO] [stdout] 
[INFO] [stdout] 
[INFO] [stdout] For more information about this error, try `rustc --explain E0599`.
[INFO] [stdout] 
[INFO] [stderr] error: could not compile `naver` (lib) due to 7 previous errors
[INFO] [stderr] warning: build failed, waiting for other jobs to finish...
[INFO] [stderr] error: could not compile `naver` (lib test) due to 7 previous errors
[INFO] running `Command { std: "docker" "inspect" "f9e8151b0d2d4f2b0008748e0d2141df1ef2f5566ea67d9edeafc94473ea3f65", kill_on_drop: false }`
[INFO] running `Command { std: "docker" "rm" "-f" "f9e8151b0d2d4f2b0008748e0d2141df1ef2f5566ea67d9edeafc94473ea3f65", kill_on_drop: false }`
[INFO] [stdout] f9e8151b0d2d4f2b0008748e0d2141df1ef2f5566ea67d9edeafc94473ea3f65
[INFO] checking naver-0.1.2 against nightly-2024-02-05+rustflags=-Dunexpected_cfgs+cargoflags=-Zcheck-cfg for check-cfg
[INFO] extracting crate naver 0.1.2 into /workspace/builds/worker-7-tc2/source
[INFO] validating manifest of crates.io crate naver 0.1.2 on toolchain nightly-2024-02-05
[INFO] running `Command { std: CARGO_HOME="/workspace/cargo-home" RUSTUP_HOME="/workspace/rustup-home" "/workspace/cargo-home/bin/cargo" "+nightly-2024-02-05" "metadata" "--manifest-path" "Cargo.toml" "--no-deps", kill_on_drop: false }`
[INFO] started tweaking crates.io crate naver 0.1.2
[INFO] finished tweaking crates.io crate naver 0.1.2
[INFO] tweaked toml for crates.io crate naver 0.1.2 written to /workspace/builds/worker-7-tc2/source/Cargo.toml
[INFO] running `Command { std: CARGO_HOME="/workspace/cargo-home" RUSTUP_HOME="/workspace/rustup-home" "/workspace/cargo-home/bin/cargo" "+nightly-2024-02-05" "generate-lockfile" "--manifest-path" "Cargo.toml", kill_on_drop: false }`
[INFO] [stderr]     Updating crates.io index
[INFO] running `Command { std: CARGO_HOME="/workspace/cargo-home" RUSTUP_HOME="/workspace/rustup-home" "/workspace/cargo-home/bin/cargo" "+nightly-2024-02-05" "fetch" "--manifest-path" "Cargo.toml", kill_on_drop: false }`
[INFO] running `Command { std: "docker" "create" "-v" "/var/lib/crater-agent-workspace/builds/worker-7-tc2/target:/opt/rustwide/target:rw,Z" "-v" "/var/lib/crater-agent-workspace/builds/worker-7-tc2/source:/opt/rustwide/workdir:ro,Z" "-v" "/var/lib/crater-agent-workspace/cargo-home:/opt/rustwide/cargo-home:ro,Z" "-v" "/var/lib/crater-agent-workspace/rustup-home:/opt/rustwide/rustup-home:ro,Z" "-e" "SOURCE_DIR=/opt/rustwide/workdir" "-e" "CARGO_TARGET_DIR=/opt/rustwide/target" "-e" "CARGO_HOME=/opt/rustwide/cargo-home" "-e" "RUSTUP_HOME=/opt/rustwide/rustup-home" "-w" "/opt/rustwide/workdir" "-m" "1610612736" "--user" "0:0" "--network" "none" "ghcr.io/rust-lang/crates-build-env/linux@sha256:2788e3201cd34a07e3172128adcd8b3090168a8e3bcc40d7c032b9dda1df7d1c" "/opt/rustwide/cargo-home/bin/cargo" "+nightly-2024-02-05" "metadata" "--no-deps" "--format-version=1", kill_on_drop: false }`
[INFO] [stdout] 2e6cf329549725011a06ef83a76f5e1a0b62665aaf63373914dce76a916a2efc
[INFO] running `Command { std: "docker" "start" "-a" "2e6cf329549725011a06ef83a76f5e1a0b62665aaf63373914dce76a916a2efc", kill_on_drop: false }`
[INFO] running `Command { std: "docker" "inspect" "2e6cf329549725011a06ef83a76f5e1a0b62665aaf63373914dce76a916a2efc", kill_on_drop: false }`
[INFO] running `Command { std: "docker" "rm" "-f" "2e6cf329549725011a06ef83a76f5e1a0b62665aaf63373914dce76a916a2efc", kill_on_drop: false }`
[INFO] [stdout] 2e6cf329549725011a06ef83a76f5e1a0b62665aaf63373914dce76a916a2efc
[INFO] running `Command { std: "docker" "create" "-v" "/var/lib/crater-agent-workspace/builds/worker-7-tc2/target:/opt/rustwide/target:rw,Z" "-v" "/var/lib/crater-agent-workspace/builds/worker-7-tc2/source:/opt/rustwide/workdir:ro,Z" "-v" "/var/lib/crater-agent-workspace/cargo-home:/opt/rustwide/cargo-home:ro,Z" "-v" "/var/lib/crater-agent-workspace/rustup-home:/opt/rustwide/rustup-home:ro,Z" "-e" "SOURCE_DIR=/opt/rustwide/workdir" "-e" "CARGO_TARGET_DIR=/opt/rustwide/target" "-e" "CARGO_INCREMENTAL=0" "-e" "RUST_BACKTRACE=full" "-e" "RUSTFLAGS=--cap-lints=forbid -Dunexpected_cfgs" "-e" "RUSTDOCFLAGS=--cap-lints=forbid" "-e" "CARGO_HOME=/opt/rustwide/cargo-home" "-e" "RUSTUP_HOME=/opt/rustwide/rustup-home" "-w" "/opt/rustwide/workdir" "-m" "1610612736" "--user" "0:0" "--network" "none" "ghcr.io/rust-lang/crates-build-env/linux@sha256:2788e3201cd34a07e3172128adcd8b3090168a8e3bcc40d7c032b9dda1df7d1c" "/opt/rustwide/cargo-home/bin/cargo" "+nightly-2024-02-05" "check" "--frozen" "--all" "--all-targets" "--message-format=json" "-Zcheck-cfg", kill_on_drop: false }`
[INFO] [stdout] 8427ccf50b1b7cf3b45d49cfab83b259e85917f22f93bf66f69cdba9e24fa437
[INFO] running `Command { std: "docker" "start" "-a" "8427ccf50b1b7cf3b45d49cfab83b259e85917f22f93bf66f69cdba9e24fa437", kill_on_drop: false }`
[INFO] [stderr]    Compiling ppv-lite86 v0.2.17
[INFO] [stderr]    Compiling siphasher v0.3.11
[INFO] [stderr]    Compiling libc v0.2.153
[INFO] [stderr]    Compiling serde v1.0.196
[INFO] [stderr]     Checking new_debug_unreachable v1.0.4
[INFO] [stderr]    Compiling syn v1.0.109
[INFO] [stderr]     Checking mac v0.1.1
[INFO] [stderr]     Checking tokio v1.36.0
[INFO] [stderr]     Checking precomputed-hash v0.1.1
[INFO] [stderr]    Compiling syn v2.0.48
[INFO] [stderr]     Checking utf-8 v0.7.6
[INFO] [stderr]     Checking hashbrown v0.14.3
[INFO] [stderr]     Checking futures-util v0.3.30
[INFO] [stderr]     Checking unicode-normalization v0.1.22
[INFO] [stderr]     Checking futures-channel v0.3.30
[INFO] [stderr]     Checking bit-vec v0.6.3
[INFO] [stderr]     Checking futf v0.1.5
[INFO] [stderr]     Checking chrono v0.4.33
[INFO] [stderr]     Checking tendril v0.4.3
[INFO] [stderr]     Checking phf_shared v0.10.0
[INFO] [stderr]     Checking bit-set v0.5.3
[INFO] [stderr]     Checking phf v0.10.1
[INFO] [stderr]     Checking idna v0.5.0
[INFO] [stderr]     Checking indexmap v2.2.2
[INFO] [stderr]     Checking url v2.5.0
[INFO] [stderr]    Compiling getrandom v0.2.12
[INFO] [stderr]    Compiling cc v1.0.83
[INFO] [stderr]    Compiling rand_core v0.6.4
[INFO] [stderr]    Compiling rand_chacha v0.3.1
[INFO] [stderr]    Compiling rand v0.8.5
[INFO] [stderr]    Compiling openssl-sys v0.9.99
[INFO] [stderr]    Compiling phf_generator v0.10.0
[INFO] [stderr]    Compiling string_cache_codegen v0.5.2
[INFO] [stderr]    Compiling phf_codegen v0.10.0
[INFO] [stderr]    Compiling openssl v0.10.63
[INFO] [stderr]    Compiling native-tls v0.2.11
[INFO] [stderr]     Checking string_cache v0.8.7
[INFO] [stderr]     Checking serde_urlencoded v0.7.1
[INFO] [stderr]    Compiling markup5ever v0.11.0
[INFO] [stderr]    Compiling openssl-macros v0.1.1
[INFO] [stderr]    Compiling thiserror-impl v1.0.56
[INFO] [stderr]     Checking tokio-util v0.7.10
[INFO] [stderr]     Checking h2 v0.3.24
[INFO] [stderr]     Checking thiserror v1.0.56
[INFO] [stderr]    Compiling html5ever v0.26.0
[INFO] [stderr]     Checking xml5ever v0.17.0
[INFO] [stderr]     Checking hyper v0.14.28
[INFO] [stderr]     Checking markup5ever_rcdom v0.2.0
[INFO] [stderr]     Checking select v0.6.0
[INFO] [stderr]     Checking tokio-native-tls v0.3.1
[INFO] [stderr]     Checking hyper-tls v0.5.0
[INFO] [stderr]     Checking reqwest v0.11.24
[INFO] [stderr]     Checking naver v0.1.2 (/opt/rustwide/workdir)
[INFO] [stdout] error[E0599]: no method named `select` found for reference `&Document` in the current scope
[INFO] [stdout]   --> src/lib.rs:73:34
[INFO] [stdout]    |
[INFO] [stdout] 73 |         let selection = document.select(predicate);
[INFO] [stdout]    |                                  ^^^^^^ method not found in `&Document`
[INFO] [stdout] 
[INFO] [stdout] 
[INFO] [stdout] error[E0599]: no method named `select` found for reference `&Document` in the current scope
[INFO] [stdout]   --> src/lib.rs:73:34
[INFO] [stdout]    |
[INFO] [stdout] 73 |         let selection = document.select(predicate);
[INFO] [stdout]    |                                  ^^^^^^ method not found in `&Document`
[INFO] [stdout] 
[INFO] [stdout] 
[INFO] [stdout] error[E0599]: no method named `select` found for reference `&Document` in the current scope
[INFO] [stdout]   --> src/lib.rs:83:34
[INFO] [stdout]    |
[INFO] [stdout] 83 |         let selection = document.select(predicate);
[INFO] [stdout]    |                                  ^^^^^^ method not found in `&Document`
[INFO] [stdout] 
[INFO] [stdout] 
[INFO] [stdout] error[E0599]: no method named `select` found for reference `&Document` in the current scope
[INFO] [stdout]   --> src/lib.rs:83:34
[INFO] [stdout]    |
[INFO] [stdout] 83 |         let selection = document.select(predicate);
[INFO] [stdout]    |                                  ^^^^^^ method not found in `&Document`
[INFO] [stdout] 
[INFO] [stdout] 
[INFO] [stdout] error[E0599]: no method named `select` found for reference `&Document` in the current scope
[INFO] [stdout]   --> src/lib.rs:96:34
[INFO] [stdout]    |
[INFO] [stdout] 96 |         let selection = document.select(predicate);
[INFO] [stdout]    |                                  ^^^^^^ method not found in `&Document`
[INFO] [stdout] 
[INFO] [stdout] 
[INFO] [stdout] error[E0599]: no method named `select` found for reference `&Document` in the current scope
[INFO] [stdout]   --> src/lib.rs:96:34
[INFO] [stdout]    |
[INFO] [stdout] 96 |         let selection = document.select(predicate);
[INFO] [stdout]    |                                  ^^^^^^ method not found in `&Document`
[INFO] [stdout] 
[INFO] [stdout] 
[INFO] [stdout] error[E0599]: no method named `select` found for reference `&Document` in the current scope
[INFO] [stdout]    --> src/lib.rs:110:34
[INFO] [stdout]     |
[INFO] [stdout] 110 |         let selection = document.select(predicate);
[INFO] [stdout]     |                                  ^^^^^^ method not found in `&Document`
[INFO] [stdout] 
[INFO] [stdout] 
[INFO] [stdout] error[E0599]: no method named `select` found for reference `&Document` in the current scope
[INFO] [stdout]    --> src/lib.rs:110:34
[INFO] [stdout]     |
[INFO] [stdout] 110 |         let selection = document.select(predicate);
[INFO] [stdout]     |                                  ^^^^^^ method not found in `&Document`
[INFO] [stdout] 
[INFO] [stdout] 
[INFO] [stdout] error[E0599]: no method named `select` found for reference `&Document` in the current scope
[INFO] [stdout]    --> src/lib.rs:123:34
[INFO] [stdout]     |
[INFO] [stdout] 123 |         let selection = document.select(predicate);
[INFO] [stdout]     |                                  ^^^^^^ method not found in `&Document`
[INFO] [stdout] 
[INFO] [stdout] 
[INFO] [stdout] error[E0599]: no method named `select` found for reference `&Document` in the current scope
[INFO] [stdout]    --> src/lib.rs:123:34
[INFO] [stdout]     |
[INFO] [stdout] 123 |         let selection = document.select(predicate);
[INFO] [stdout]     |                                  ^^^^^^ method not found in `&Document`
[INFO] [stdout] 
[INFO] [stdout] 
[INFO] [stdout] error[E0599]: no method named `select` found for struct `Document` in the current scope
[INFO] [stdout]    --> src/lib.rs:128:14
[INFO] [stdout]     |
[INFO] [stdout] 127 |           Ok(Document::from(value.as_str())
[INFO] [stdout]     |  ____________-
[INFO] [stdout] 128 | |             .select(Class("se_mediaImage"))
[INFO] [stdout]     | |             -^^^^^^ method not found in `Document`
[INFO] [stdout]     | |_____________|
[INFO] [stdout]     | 
[INFO] [stdout] 
[INFO] [stdout] 
[INFO] [stdout] error[E0599]: no method named `select` found for struct `Document` in the current scope
[INFO] [stdout]    --> src/lib.rs:128:14
[INFO] [stdout]     |
[INFO] [stdout] 127 |           Ok(Document::from(value.as_str())
[INFO] [stdout]     |  ____________-
[INFO] [stdout] 128 | |             .select(Class("se_mediaImage"))
[INFO] [stdout]     | |             -^^^^^^ method not found in `Document`
[INFO] [stdout]     | |_____________|
[INFO] [stdout]     | 
[INFO] [stdout] 
[INFO] [stdout] 
[INFO] [stdout] error: aborting due to 6 previous errors
[INFO] [stdout] 
[INFO] [stdout] 
[INFO] [stdout] For more information about this error, try `rustc --explain E0599`.
[INFO] [stdout] 
[INFO] [stderr] error: could not compile `naver` (lib) due to 7 previous errors
[INFO] [stderr] warning: build failed, waiting for other jobs to finish...
[INFO] [stdout] error: aborting due to 6 previous errors
[INFO] [stdout] 
[INFO] [stdout] 
[INFO] [stdout] For more information about this error, try `rustc --explain E0599`.
[INFO] [stdout] 
[INFO] [stderr] error: could not compile `naver` (lib test) due to 7 previous errors
[INFO] running `Command { std: "docker" "inspect" "8427ccf50b1b7cf3b45d49cfab83b259e85917f22f93bf66f69cdba9e24fa437", kill_on_drop: false }`
[INFO] running `Command { std: "docker" "rm" "-f" "8427ccf50b1b7cf3b45d49cfab83b259e85917f22f93bf66f69cdba9e24fa437", kill_on_drop: false }`
[INFO] [stdout] 8427ccf50b1b7cf3b45d49cfab83b259e85917f22f93bf66f69cdba9e24fa437
