[INFO] fetching crate natrium 0.2.0...
[INFO] checking natrium-0.2.0 against nightly-2024-02-05 for check-cfg
[INFO] extracting crate natrium 0.2.0 into /workspace/builds/worker-6-tc1/source
[INFO] validating manifest of crates.io crate natrium 0.2.0 on toolchain nightly-2024-02-05
[INFO] running `Command { std: CARGO_HOME="/workspace/cargo-home" RUSTUP_HOME="/workspace/rustup-home" "/workspace/cargo-home/bin/cargo" "+nightly-2024-02-05" "metadata" "--manifest-path" "Cargo.toml" "--no-deps", kill_on_drop: false }`
[INFO] started tweaking crates.io crate natrium 0.2.0
[INFO] finished tweaking crates.io crate natrium 0.2.0
[INFO] tweaked toml for crates.io crate natrium 0.2.0 written to /workspace/builds/worker-6-tc1/source/Cargo.toml
[INFO] running `Command { std: CARGO_HOME="/workspace/cargo-home" RUSTUP_HOME="/workspace/rustup-home" "/workspace/cargo-home/bin/cargo" "+nightly-2024-02-05" "generate-lockfile" "--manifest-path" "Cargo.toml", kill_on_drop: false }`
[INFO] [stderr]     Updating crates.io index
[INFO] running `Command { std: CARGO_HOME="/workspace/cargo-home" RUSTUP_HOME="/workspace/rustup-home" "/workspace/cargo-home/bin/cargo" "+nightly-2024-02-05" "fetch" "--manifest-path" "Cargo.toml", kill_on_drop: false }`
[INFO] running `Command { std: "docker" "create" "-v" "/var/lib/crater-agent-workspace/builds/worker-6-tc1/target:/opt/rustwide/target:rw,Z" "-v" "/var/lib/crater-agent-workspace/builds/worker-6-tc1/source:/opt/rustwide/workdir:ro,Z" "-v" "/var/lib/crater-agent-workspace/cargo-home:/opt/rustwide/cargo-home:ro,Z" "-v" "/var/lib/crater-agent-workspace/rustup-home:/opt/rustwide/rustup-home:ro,Z" "-e" "SOURCE_DIR=/opt/rustwide/workdir" "-e" "CARGO_TARGET_DIR=/opt/rustwide/target" "-e" "CARGO_HOME=/opt/rustwide/cargo-home" "-e" "RUSTUP_HOME=/opt/rustwide/rustup-home" "-w" "/opt/rustwide/workdir" "-m" "1610612736" "--user" "0:0" "--network" "none" "ghcr.io/rust-lang/crates-build-env/linux@sha256:2788e3201cd34a07e3172128adcd8b3090168a8e3bcc40d7c032b9dda1df7d1c" "/opt/rustwide/cargo-home/bin/cargo" "+nightly-2024-02-05" "metadata" "--no-deps" "--format-version=1", kill_on_drop: false }`
[INFO] [stdout] 96b0ad9fe9ba40145053bdf34cc1e0263180f6c2104cc938b8b0c0925315acd6
[INFO] running `Command { std: "docker" "start" "-a" "96b0ad9fe9ba40145053bdf34cc1e0263180f6c2104cc938b8b0c0925315acd6", kill_on_drop: false }`
[INFO] running `Command { std: "docker" "inspect" "96b0ad9fe9ba40145053bdf34cc1e0263180f6c2104cc938b8b0c0925315acd6", kill_on_drop: false }`
[INFO] running `Command { std: "docker" "rm" "-f" "96b0ad9fe9ba40145053bdf34cc1e0263180f6c2104cc938b8b0c0925315acd6", kill_on_drop: false }`
[INFO] [stdout] 96b0ad9fe9ba40145053bdf34cc1e0263180f6c2104cc938b8b0c0925315acd6
[INFO] running `Command { std: "docker" "create" "-v" "/var/lib/crater-agent-workspace/builds/worker-6-tc1/target:/opt/rustwide/target:rw,Z" "-v" "/var/lib/crater-agent-workspace/builds/worker-6-tc1/source:/opt/rustwide/workdir:ro,Z" "-v" "/var/lib/crater-agent-workspace/cargo-home:/opt/rustwide/cargo-home:ro,Z" "-v" "/var/lib/crater-agent-workspace/rustup-home:/opt/rustwide/rustup-home:ro,Z" "-e" "SOURCE_DIR=/opt/rustwide/workdir" "-e" "CARGO_TARGET_DIR=/opt/rustwide/target" "-e" "CARGO_INCREMENTAL=0" "-e" "RUST_BACKTRACE=full" "-e" "RUSTFLAGS=--cap-lints=forbid" "-e" "RUSTDOCFLAGS=--cap-lints=forbid" "-e" "CARGO_HOME=/opt/rustwide/cargo-home" "-e" "RUSTUP_HOME=/opt/rustwide/rustup-home" "-w" "/opt/rustwide/workdir" "-m" "1610612736" "--user" "0:0" "--network" "none" "ghcr.io/rust-lang/crates-build-env/linux@sha256:2788e3201cd34a07e3172128adcd8b3090168a8e3bcc40d7c032b9dda1df7d1c" "/opt/rustwide/cargo-home/bin/cargo" "+nightly-2024-02-05" "check" "--frozen" "--all" "--all-targets" "--message-format=json", kill_on_drop: false }`
[INFO] [stdout] e9ffc72bc5bd64d5489a7535bb371577bd1a47156ce8581453deabb644e2b708
[INFO] running `Command { std: "docker" "start" "-a" "e9ffc72bc5bd64d5489a7535bb371577bd1a47156ce8581453deabb644e2b708", kill_on_drop: false }`
[INFO] [stderr]    Compiling libc v0.2.153
[INFO] [stderr]    Compiling syn v1.0.109
[INFO] [stderr]     Checking gimli v0.28.1
[INFO] [stderr]     Checking memchr v2.7.1
[INFO] [stderr]    Compiling failure_derive v0.1.8
[INFO] [stderr]    Compiling unicode-xid v0.2.4
[INFO] [stderr]     Checking rustc-demangle v0.1.23
[INFO] [stderr]     Checking miniz_oxide v0.7.2
[INFO] [stderr]     Checking object v0.32.2
[INFO] [stderr]    Compiling cc v1.0.83
[INFO] [stderr]    Compiling backtrace v0.3.69
[INFO] [stderr]     Checking addr2line v0.21.0
[INFO] [stderr]    Compiling synstructure v0.12.6
[INFO] [stderr]     Checking failure v0.1.8
[INFO] [stderr]     Checking natrium v0.2.0 (/opt/rustwide/workdir)
[INFO] [stdout] error[E0557]: feature has been removed
[INFO] [stdout]  --> src/lib.rs:2:12
[INFO] [stdout]   |
[INFO] [stdout] 2 | #![feature(external_doc)]
[INFO] [stdout]   |            ^^^^^^^^^^^^ feature has been removed
[INFO] [stdout]   |
[INFO] [stdout]   = note: use #[doc = include_str!("filename")] instead, which handles macro invocations
[INFO] [stdout] 
[INFO] [stdout] 
[INFO] [stdout] error[E0557]: feature has been removed
[INFO] [stdout]  --> src/lib.rs:2:12
[INFO] [stdout]   |
[INFO] [stdout] 2 | #![feature(external_doc)]
[INFO] [stdout]   |            ^^^^^^^^^^^^ feature has been removed
[INFO] [stdout]   |
[INFO] [stdout]   = note: use #[doc = include_str!("filename")] instead, which handles macro invocations
[INFO] [stdout] 
[INFO] [stdout] 
[INFO] [stdout] warning: unknown `doc` attribute `include`
[INFO] [stdout]  --> src/lib.rs:3:8
[INFO] [stdout]   |
[INFO] [stdout] 3 | #![doc(include = "../README.md")]
[INFO] [stdout]   | -------^^^^^^^^^^^^^^^^^^^^^^^^-- help: use `doc = include_str!` instead: `#![doc = include_str!("../README.md")]`
[INFO] [stdout]   |
[INFO] [stdout]   = warning: this was previously accepted by the compiler but is being phased out; it will become a hard error in a future release!
[INFO] [stdout]   = note: for more information, see issue #82730 <https://github.com/rust-lang/rust/issues/82730>
[INFO] [stdout]   = note: `#[warn(invalid_doc_attributes)]` on by default
[INFO] [stdout] 
[INFO] [stdout] 
[INFO] [stdout] error: unknown `doc` attribute `include`
[INFO] [stdout]  --> src/lib.rs:3:8
[INFO] [stdout]   |
[INFO] [stdout] 3 | #![doc(include = "../README.md")]
[INFO] [stdout]   | -------^^^^^^^^^^^^^^^^^^^^^^^^-- help: use `doc = include_str!` instead: `#![doc = include_str!("../README.md")]`
[INFO] [stdout]   |
[INFO] [stdout]   = warning: this was previously accepted by the compiler but is being phased out; it will become a hard error in a future release!
[INFO] [stdout]   = note: for more information, see issue #82730 <https://github.com/rust-lang/rust/issues/82730>
[INFO] [stdout] note: the lint level is defined here
[INFO] [stdout]  --> src/lib.rs:4:24
[INFO] [stdout]   |
[INFO] [stdout] 4 | #![cfg_attr(test, deny(warnings))]
[INFO] [stdout]   |                        ^^^^^^^^
[INFO] [stdout]   = note: `#[deny(invalid_doc_attributes)]` implied by `#[deny(warnings)]`
[INFO] [stdout] 
[INFO] [stdout] 
[INFO] [stdout] error: aborting due to 1 previous error; 1 warning emitted
[INFO] [stdout] 
[INFO] [stdout] 
[INFO] [stdout] For more information about this error, try `rustc --explain E0557`.
[INFO] [stdout] 
[INFO] [stdout] error: aborting due to 2 previous errors
[INFO] [stdout] 
[INFO] [stdout] 
[INFO] [stdout] For more information about this error, try `rustc --explain E0557`.
[INFO] [stdout] 
[INFO] [stderr] error: could not compile `natrium` (lib) due to 2 previous errors; 1 warning emitted
[INFO] [stderr] warning: build failed, waiting for other jobs to finish...
[INFO] [stderr] error: could not compile `natrium` (lib test) due to 3 previous errors
[INFO] running `Command { std: "docker" "inspect" "e9ffc72bc5bd64d5489a7535bb371577bd1a47156ce8581453deabb644e2b708", kill_on_drop: false }`
[INFO] running `Command { std: "docker" "rm" "-f" "e9ffc72bc5bd64d5489a7535bb371577bd1a47156ce8581453deabb644e2b708", kill_on_drop: false }`
[INFO] [stdout] e9ffc72bc5bd64d5489a7535bb371577bd1a47156ce8581453deabb644e2b708
[INFO] checking natrium-0.2.0 against nightly-2024-02-05+rustflags=-Dunexpected_cfgs+cargoflags=-Zcheck-cfg for check-cfg
[INFO] extracting crate natrium 0.2.0 into /workspace/builds/worker-6-tc2/source
[INFO] validating manifest of crates.io crate natrium 0.2.0 on toolchain nightly-2024-02-05
[INFO] running `Command { std: CARGO_HOME="/workspace/cargo-home" RUSTUP_HOME="/workspace/rustup-home" "/workspace/cargo-home/bin/cargo" "+nightly-2024-02-05" "metadata" "--manifest-path" "Cargo.toml" "--no-deps", kill_on_drop: false }`
[INFO] started tweaking crates.io crate natrium 0.2.0
[INFO] finished tweaking crates.io crate natrium 0.2.0
[INFO] tweaked toml for crates.io crate natrium 0.2.0 written to /workspace/builds/worker-6-tc2/source/Cargo.toml
[INFO] running `Command { std: CARGO_HOME="/workspace/cargo-home" RUSTUP_HOME="/workspace/rustup-home" "/workspace/cargo-home/bin/cargo" "+nightly-2024-02-05" "generate-lockfile" "--manifest-path" "Cargo.toml", kill_on_drop: false }`
[INFO] [stderr]     Updating crates.io index
[INFO] running `Command { std: CARGO_HOME="/workspace/cargo-home" RUSTUP_HOME="/workspace/rustup-home" "/workspace/cargo-home/bin/cargo" "+nightly-2024-02-05" "fetch" "--manifest-path" "Cargo.toml", kill_on_drop: false }`
[INFO] [stderr]     Blocking waiting for file lock on package cache
[INFO] running `Command { std: "docker" "create" "-v" "/var/lib/crater-agent-workspace/builds/worker-6-tc2/target:/opt/rustwide/target:rw,Z" "-v" "/var/lib/crater-agent-workspace/builds/worker-6-tc2/source:/opt/rustwide/workdir:ro,Z" "-v" "/var/lib/crater-agent-workspace/cargo-home:/opt/rustwide/cargo-home:ro,Z" "-v" "/var/lib/crater-agent-workspace/rustup-home:/opt/rustwide/rustup-home:ro,Z" "-e" "SOURCE_DIR=/opt/rustwide/workdir" "-e" "CARGO_TARGET_DIR=/opt/rustwide/target" "-e" "CARGO_HOME=/opt/rustwide/cargo-home" "-e" "RUSTUP_HOME=/opt/rustwide/rustup-home" "-w" "/opt/rustwide/workdir" "-m" "1610612736" "--user" "0:0" "--network" "none" "ghcr.io/rust-lang/crates-build-env/linux@sha256:2788e3201cd34a07e3172128adcd8b3090168a8e3bcc40d7c032b9dda1df7d1c" "/opt/rustwide/cargo-home/bin/cargo" "+nightly-2024-02-05" "metadata" "--no-deps" "--format-version=1", kill_on_drop: false }`
[INFO] [stdout] fddd2ab6f0c0193e9f1a8f4b8b6e30050ba8df8345c55092a5386c62c8297591
[INFO] running `Command { std: "docker" "start" "-a" "fddd2ab6f0c0193e9f1a8f4b8b6e30050ba8df8345c55092a5386c62c8297591", kill_on_drop: false }`
[INFO] running `Command { std: "docker" "inspect" "fddd2ab6f0c0193e9f1a8f4b8b6e30050ba8df8345c55092a5386c62c8297591", kill_on_drop: false }`
[INFO] running `Command { std: "docker" "rm" "-f" "fddd2ab6f0c0193e9f1a8f4b8b6e30050ba8df8345c55092a5386c62c8297591", kill_on_drop: false }`
[INFO] [stdout] fddd2ab6f0c0193e9f1a8f4b8b6e30050ba8df8345c55092a5386c62c8297591
[INFO] running `Command { std: "docker" "create" "-v" "/var/lib/crater-agent-workspace/builds/worker-6-tc2/target:/opt/rustwide/target:rw,Z" "-v" "/var/lib/crater-agent-workspace/builds/worker-6-tc2/source:/opt/rustwide/workdir:ro,Z" "-v" "/var/lib/crater-agent-workspace/cargo-home:/opt/rustwide/cargo-home:ro,Z" "-v" "/var/lib/crater-agent-workspace/rustup-home:/opt/rustwide/rustup-home:ro,Z" "-e" "SOURCE_DIR=/opt/rustwide/workdir" "-e" "CARGO_TARGET_DIR=/opt/rustwide/target" "-e" "CARGO_INCREMENTAL=0" "-e" "RUST_BACKTRACE=full" "-e" "RUSTFLAGS=--cap-lints=forbid -Dunexpected_cfgs" "-e" "RUSTDOCFLAGS=--cap-lints=forbid" "-e" "CARGO_HOME=/opt/rustwide/cargo-home" "-e" "RUSTUP_HOME=/opt/rustwide/rustup-home" "-w" "/opt/rustwide/workdir" "-m" "1610612736" "--user" "0:0" "--network" "none" "ghcr.io/rust-lang/crates-build-env/linux@sha256:2788e3201cd34a07e3172128adcd8b3090168a8e3bcc40d7c032b9dda1df7d1c" "/opt/rustwide/cargo-home/bin/cargo" "+nightly-2024-02-05" "check" "--frozen" "--all" "--all-targets" "--message-format=json" "-Zcheck-cfg", kill_on_drop: false }`
[INFO] [stdout] 7b159a2e0425cf8c4c3b3ce0c8823d4fe7ccaaf497cceaf5c47271e4353f1a65
[INFO] running `Command { std: "docker" "start" "-a" "7b159a2e0425cf8c4c3b3ce0c8823d4fe7ccaaf497cceaf5c47271e4353f1a65", kill_on_drop: false }`
[INFO] [stderr]    Compiling libc v0.2.153
[INFO] [stderr]    Compiling syn v1.0.109
[INFO] [stderr]    Compiling unicode-xid v0.2.4
[INFO] [stderr]     Checking gimli v0.28.1
[INFO] [stderr]     Checking memchr v2.7.1
[INFO] [stderr]    Compiling failure_derive v0.1.8
[INFO] [stderr]     Checking rustc-demangle v0.1.23
[INFO] [stderr]     Checking miniz_oxide v0.7.2
[INFO] [stderr]     Checking object v0.32.2
[INFO] [stderr]    Compiling cc v1.0.83
[INFO] [stderr]    Compiling backtrace v0.3.69
[INFO] [stderr]     Checking addr2line v0.21.0
[INFO] [stderr]    Compiling synstructure v0.12.6
[INFO] [stderr]     Checking failure v0.1.8
[INFO] [stderr]     Checking natrium v0.2.0 (/opt/rustwide/workdir)
[INFO] [stdout] error[E0557]: feature has been removed
[INFO] [stdout]  --> src/lib.rs:2:12
[INFO] [stdout]   |
[INFO] [stdout] 2 | #![feature(external_doc)]
[INFO] [stdout]   |            ^^^^^^^^^^^^ feature has been removed
[INFO] [stdout]   |
[INFO] [stdout]   = note: use #[doc = include_str!("filename")] instead, which handles macro invocations
[INFO] [stdout] 
[INFO] [stdout] 
[INFO] [stdout] error[E0557]: feature has been removed
[INFO] [stdout]  --> src/lib.rs:2:12
[INFO] [stdout]   |
[INFO] [stdout] 2 | #![feature(external_doc)]
[INFO] [stdout]   |            ^^^^^^^^^^^^ feature has been removed
[INFO] [stdout]   |
[INFO] [stdout]   = note: use #[doc = include_str!("filename")] instead, which handles macro invocations
[INFO] [stdout] 
[INFO] [stdout] 
[INFO] [stdout] warning: unknown `doc` attribute `include`
[INFO] [stdout]  --> src/lib.rs:3:8
[INFO] [stdout]   |
[INFO] [stdout] 3 | #![doc(include = "../README.md")]
[INFO] [stdout]   | -------^^^^^^^^^^^^^^^^^^^^^^^^-- help: use `doc = include_str!` instead: `#![doc = include_str!("../README.md")]`
[INFO] [stdout]   |
[INFO] [stdout]   = warning: this was previously accepted by the compiler but is being phased out; it will become a hard error in a future release!
[INFO] [stdout]   = note: for more information, see issue #82730 <https://github.com/rust-lang/rust/issues/82730>
[INFO] [stdout]   = note: `#[warn(invalid_doc_attributes)]` on by default
[INFO] [stdout] 
[INFO] [stdout] 
[INFO] [stdout] error: unknown `doc` attribute `include`
[INFO] [stdout]  --> src/lib.rs:3:8
[INFO] [stdout]   |
[INFO] [stdout] 3 | #![doc(include = "../README.md")]
[INFO] [stdout]   | -------^^^^^^^^^^^^^^^^^^^^^^^^-- help: use `doc = include_str!` instead: `#![doc = include_str!("../README.md")]`
[INFO] [stdout]   |
[INFO] [stdout]   = warning: this was previously accepted by the compiler but is being phased out; it will become a hard error in a future release!
[INFO] [stdout]   = note: for more information, see issue #82730 <https://github.com/rust-lang/rust/issues/82730>
[INFO] [stdout] note: the lint level is defined here
[INFO] [stdout]  --> src/lib.rs:4:24
[INFO] [stdout]   |
[INFO] [stdout] 4 | #![cfg_attr(test, deny(warnings))]
[INFO] [stdout]   |                        ^^^^^^^^
[INFO] [stdout]   = note: `#[deny(invalid_doc_attributes)]` implied by `#[deny(warnings)]`
[INFO] [stdout] 
[INFO] [stdout] 
[INFO] [stdout] error: aborting due to 2 previous errors
[INFO] [stdout] 
[INFO] [stdout] 
[INFO] [stdout] For more information about this error, try `rustc --explain E0557`.
[INFO] [stdout] 
[INFO] [stdout] error: aborting due to 1 previous error; 1 warning emitted
[INFO] [stdout] 
[INFO] [stdout] 
[INFO] [stdout] For more information about this error, try `rustc --explain E0557`.
[INFO] [stdout] 
[INFO] [stderr] error: could not compile `natrium` (lib test) due to 3 previous errors
[INFO] [stderr] warning: build failed, waiting for other jobs to finish...
[INFO] [stderr] error: could not compile `natrium` (lib) due to 2 previous errors; 1 warning emitted
[INFO] running `Command { std: "docker" "inspect" "7b159a2e0425cf8c4c3b3ce0c8823d4fe7ccaaf497cceaf5c47271e4353f1a65", kill_on_drop: false }`
[INFO] running `Command { std: "docker" "rm" "-f" "7b159a2e0425cf8c4c3b3ce0c8823d4fe7ccaaf497cceaf5c47271e4353f1a65", kill_on_drop: false }`
[INFO] [stdout] 7b159a2e0425cf8c4c3b3ce0c8823d4fe7ccaaf497cceaf5c47271e4353f1a65
