[INFO] fetching crate nativefiledialog-sys 0.1.0...
[INFO] checking nativefiledialog-sys-0.1.0 against nightly-2024-02-05 for check-cfg
[INFO] extracting crate nativefiledialog-sys 0.1.0 into /workspace/builds/worker-2-tc1/source
[INFO] validating manifest of crates.io crate nativefiledialog-sys 0.1.0 on toolchain nightly-2024-02-05
[INFO] running `Command { std: CARGO_HOME="/workspace/cargo-home" RUSTUP_HOME="/workspace/rustup-home" "/workspace/cargo-home/bin/cargo" "+nightly-2024-02-05" "metadata" "--manifest-path" "Cargo.toml" "--no-deps", kill_on_drop: false }`
[INFO] started tweaking crates.io crate nativefiledialog-sys 0.1.0
[INFO] finished tweaking crates.io crate nativefiledialog-sys 0.1.0
[INFO] tweaked toml for crates.io crate nativefiledialog-sys 0.1.0 written to /workspace/builds/worker-2-tc1/source/Cargo.toml
[INFO] running `Command { std: CARGO_HOME="/workspace/cargo-home" RUSTUP_HOME="/workspace/rustup-home" "/workspace/cargo-home/bin/cargo" "+nightly-2024-02-05" "generate-lockfile" "--manifest-path" "Cargo.toml", kill_on_drop: false }`
[INFO] [stderr]     Updating crates.io index
[INFO] running `Command { std: CARGO_HOME="/workspace/cargo-home" RUSTUP_HOME="/workspace/rustup-home" "/workspace/cargo-home/bin/cargo" "+nightly-2024-02-05" "fetch" "--manifest-path" "Cargo.toml", kill_on_drop: false }`
[INFO] running `Command { std: "docker" "create" "-v" "/var/lib/crater-agent-workspace/builds/worker-2-tc1/target:/opt/rustwide/target:rw,Z" "-v" "/var/lib/crater-agent-workspace/builds/worker-2-tc1/source:/opt/rustwide/workdir:ro,Z" "-v" "/var/lib/crater-agent-workspace/cargo-home:/opt/rustwide/cargo-home:ro,Z" "-v" "/var/lib/crater-agent-workspace/rustup-home:/opt/rustwide/rustup-home:ro,Z" "-e" "SOURCE_DIR=/opt/rustwide/workdir" "-e" "CARGO_TARGET_DIR=/opt/rustwide/target" "-e" "CARGO_HOME=/opt/rustwide/cargo-home" "-e" "RUSTUP_HOME=/opt/rustwide/rustup-home" "-w" "/opt/rustwide/workdir" "-m" "1610612736" "--user" "0:0" "--network" "none" "ghcr.io/rust-lang/crates-build-env/linux@sha256:2788e3201cd34a07e3172128adcd8b3090168a8e3bcc40d7c032b9dda1df7d1c" "/opt/rustwide/cargo-home/bin/cargo" "+nightly-2024-02-05" "metadata" "--no-deps" "--format-version=1", kill_on_drop: false }`
[INFO] [stdout] 2725ac36e763ad276cbb22121825084896dd38932bc8bacf776d6a23be3e6d8a
[INFO] running `Command { std: "docker" "start" "-a" "2725ac36e763ad276cbb22121825084896dd38932bc8bacf776d6a23be3e6d8a", kill_on_drop: false }`
[INFO] running `Command { std: "docker" "inspect" "2725ac36e763ad276cbb22121825084896dd38932bc8bacf776d6a23be3e6d8a", kill_on_drop: false }`
[INFO] running `Command { std: "docker" "rm" "-f" "2725ac36e763ad276cbb22121825084896dd38932bc8bacf776d6a23be3e6d8a", kill_on_drop: false }`
[INFO] [stdout] 2725ac36e763ad276cbb22121825084896dd38932bc8bacf776d6a23be3e6d8a
[INFO] running `Command { std: "docker" "create" "-v" "/var/lib/crater-agent-workspace/builds/worker-2-tc1/target:/opt/rustwide/target:rw,Z" "-v" "/var/lib/crater-agent-workspace/builds/worker-2-tc1/source:/opt/rustwide/workdir:ro,Z" "-v" "/var/lib/crater-agent-workspace/cargo-home:/opt/rustwide/cargo-home:ro,Z" "-v" "/var/lib/crater-agent-workspace/rustup-home:/opt/rustwide/rustup-home:ro,Z" "-e" "SOURCE_DIR=/opt/rustwide/workdir" "-e" "CARGO_TARGET_DIR=/opt/rustwide/target" "-e" "CARGO_INCREMENTAL=0" "-e" "RUST_BACKTRACE=full" "-e" "RUSTFLAGS=--cap-lints=forbid" "-e" "RUSTDOCFLAGS=--cap-lints=forbid" "-e" "CARGO_HOME=/opt/rustwide/cargo-home" "-e" "RUSTUP_HOME=/opt/rustwide/rustup-home" "-w" "/opt/rustwide/workdir" "-m" "1610612736" "--user" "0:0" "--network" "none" "ghcr.io/rust-lang/crates-build-env/linux@sha256:2788e3201cd34a07e3172128adcd8b3090168a8e3bcc40d7c032b9dda1df7d1c" "/opt/rustwide/cargo-home/bin/cargo" "+nightly-2024-02-05" "check" "--frozen" "--all" "--all-targets" "--message-format=json", kill_on_drop: false }`
[INFO] [stdout] 4263df1854089143832b6c163ee62ae5678201a38d41877048c451de6726d6f0
[INFO] running `Command { std: "docker" "start" "-a" "4263df1854089143832b6c163ee62ae5678201a38d41877048c451de6726d6f0", kill_on_drop: false }`
[INFO] [stderr]    Compiling libc v0.2.153
[INFO] [stderr]    Compiling memchr v2.7.1
[INFO] [stderr]    Compiling version_check v0.1.5
[INFO] [stderr]    Compiling proc-macro2 v1.0.78
[INFO] [stderr]    Compiling quick-error v1.2.3
[INFO] [stderr]    Compiling unicode-width v0.1.11
[INFO] [stderr]    Compiling ansi_term v0.12.1
[INFO] [stderr]    Compiling bindgen v0.52.0
[INFO] [stderr]    Compiling termcolor v1.4.1
[INFO] [stderr]    Compiling log v0.4.20
[INFO] [stderr]    Compiling strsim v0.8.0
[INFO] [stderr]    Compiling vec_map v0.8.2
[INFO] [stderr]    Compiling clang-sys v0.28.1
[INFO] [stderr]    Compiling cfg-if v0.1.10
[INFO] [stderr]    Compiling shlex v0.1.1
[INFO] [stderr]    Compiling humantime v1.3.0
[INFO] [stderr]    Compiling textwrap v0.11.0
[INFO] [stderr]    Compiling nom v4.2.3
[INFO] [stderr]    Compiling aho-corasick v1.1.2
[INFO] [stderr]    Compiling jobserver v0.1.27
[INFO] [stderr]    Compiling atty v0.2.14
[INFO] [stderr]    Compiling which v3.1.1
[INFO] [stderr]    Compiling clap v2.34.0
[INFO] [stderr]    Compiling quote v1.0.35
[INFO] [stderr]    Compiling cc v1.0.83
[INFO] [stderr]    Compiling cexpr v0.3.6
[INFO] [stderr]    Compiling regex-automata v0.4.5
[INFO] [stderr]    Compiling libloading v0.5.2
[INFO] [stderr]    Compiling regex v1.10.3
[INFO] [stderr]    Compiling env_logger v0.7.1
[INFO] [stderr]    Compiling nativefiledialog-sys v0.1.0 (/opt/rustwide/workdir)
[INFO] [stderr] The following warnings were emitted during compilation:
[INFO] [stderr] 
[INFO] [stderr] warning: nativefiledialog-sys@0.1.0: cc: fatal error: cannot execute 'cc1obj': execvp: No such file or directory
[INFO] [stderr] warning: nativefiledialog-sys@0.1.0: compilation terminated.
[INFO] [stderr] warning: nativefiledialog-sys@0.1.0: ToolExecError: Command "cc" "-O0" "-ffunction-sections" "-fdata-sections" "-fPIC" "-gdwarf-4" "-fno-omit-frame-pointer" "-m64" "-I" "nativefiledialog/src/include" "-Wall" "-Wextra" "-o" "/opt/rustwide/target/debug/build/nativefiledialog-sys-e3e8f76c3c9ad92c/out/nativefiledialog/src/nfd_cocoa.o" "-c" "nativefiledialog/src/nfd_cocoa.m" with args "cc" did not execute successfully (status code exit status: 1).
[INFO] [stderr] 
[INFO] [stderr] error: failed to run custom build command for `nativefiledialog-sys v0.1.0 (/opt/rustwide/workdir)`
[INFO] [stderr] note: To improve backtraces for build dependencies, set the CARGO_PROFILE_DEV_BUILD_OVERRIDE_DEBUG=true environment variable to enable debug information generation.
[INFO] [stderr] 
[INFO] [stderr] Caused by:
[INFO] [stderr]   process didn't exit successfully: `/opt/rustwide/target/debug/build/nativefiledialog-sys-b1e0f73f6d4e1d7b/build-script-build` (exit status: 1)
[INFO] [stderr]   --- stdout
[INFO] [stderr]   TARGET = Some("x86_64-unknown-linux-gnu")
[INFO] [stderr]   OPT_LEVEL = Some("0")
[INFO] [stderr]   HOST = Some("x86_64-unknown-linux-gnu")
[INFO] [stderr]   cargo:rerun-if-env-changed=CC_x86_64-unknown-linux-gnu
[INFO] [stderr]   CC_x86_64-unknown-linux-gnu = None
[INFO] [stderr]   cargo:rerun-if-env-changed=CC_x86_64_unknown_linux_gnu
[INFO] [stderr]   CC_x86_64_unknown_linux_gnu = None
[INFO] [stderr]   cargo:rerun-if-env-changed=HOST_CC
[INFO] [stderr]   HOST_CC = None
[INFO] [stderr]   cargo:rerun-if-env-changed=CC
[INFO] [stderr]   CC = None
[INFO] [stderr]   cargo:rerun-if-env-changed=CRATE_CC_NO_DEFAULTS
[INFO] [stderr]   CRATE_CC_NO_DEFAULTS = None
[INFO] [stderr]   DEBUG = Some("true")
[INFO] [stderr]   CARGO_CFG_TARGET_FEATURE = Some("fxsr,sse,sse2")
[INFO] [stderr]   cargo:rerun-if-env-changed=CFLAGS_x86_64-unknown-linux-gnu
[INFO] [stderr]   CFLAGS_x86_64-unknown-linux-gnu = None
[INFO] [stderr]   cargo:rerun-if-env-changed=CFLAGS_x86_64_unknown_linux_gnu
[INFO] [stderr]   CFLAGS_x86_64_unknown_linux_gnu = None
[INFO] [stderr]   cargo:rerun-if-env-changed=HOST_CFLAGS
[INFO] [stderr]   HOST_CFLAGS = None
[INFO] [stderr]   cargo:rerun-if-env-changed=CFLAGS
[INFO] [stderr]   CFLAGS = None
[INFO] [stderr]   running: "cc" "-O0" "-ffunction-sections" "-fdata-sections" "-fPIC" "-gdwarf-4" "-fno-omit-frame-pointer" "-m64" "-I" "nativefiledialog/src/include" "-Wall" "-Wextra" "-o" "/opt/rustwide/target/debug/build/nativefiledialog-sys-e3e8f76c3c9ad92c/out/nativefiledialog/src/nfd_common.o" "-c" "nativefiledialog/src/nfd_common.c"
[INFO] [stderr]   running: "cc" "-O0" "-ffunction-sections" "-fdata-sections" "-fPIC" "-gdwarf-4" "-fno-omit-frame-pointer" "-m64" "-I" "nativefiledialog/src/include" "-Wall" "-Wextra" "-o" "/opt/rustwide/target/debug/build/nativefiledialog-sys-e3e8f76c3c9ad92c/out/nativefiledialog/src/nfd_cocoa.o" "-c" "nativefiledialog/src/nfd_cocoa.m"
[INFO] [stderr]   cargo:warning=cc: fatal error: cannot execute 'cc1obj': execvp: No such file or directory
[INFO] [stderr] 
[INFO] [stderr]   cargo:warning=compilation terminated.
[INFO] [stderr] 
[INFO] [stderr]   exit status: 0
[INFO] [stderr]   exit status: 1
[INFO] [stderr]   cargo:warning=ToolExecError: Command "cc" "-O0" "-ffunction-sections" "-fdata-sections" "-fPIC" "-gdwarf-4" "-fno-omit-frame-pointer" "-m64" "-I" "nativefiledialog/src/include" "-Wall" "-Wextra" "-o" "/opt/rustwide/target/debug/build/nativefiledialog-sys-e3e8f76c3c9ad92c/out/nativefiledialog/src/nfd_cocoa.o" "-c" "nativefiledialog/src/nfd_cocoa.m" with args "cc" did not execute successfully (status code exit status: 1).
[INFO] [stderr] 
[INFO] [stderr]   --- stderr
[INFO] [stderr] 
[INFO] [stderr] 
[INFO] [stderr]   error occurred: Command "cc" "-O0" "-ffunction-sections" "-fdata-sections" "-fPIC" "-gdwarf-4" "-fno-omit-frame-pointer" "-m64" "-I" "nativefiledialog/src/include" "-Wall" "-Wextra" "-o" "/opt/rustwide/target/debug/build/nativefiledialog-sys-e3e8f76c3c9ad92c/out/nativefiledialog/src/nfd_cocoa.o" "-c" "nativefiledialog/src/nfd_cocoa.m" with args "cc" did not execute successfully (status code exit status: 1).
[INFO] [stderr] 
[INFO] [stderr] 
[INFO] running `Command { std: "docker" "inspect" "4263df1854089143832b6c163ee62ae5678201a38d41877048c451de6726d6f0", kill_on_drop: false }`
[INFO] running `Command { std: "docker" "rm" "-f" "4263df1854089143832b6c163ee62ae5678201a38d41877048c451de6726d6f0", kill_on_drop: false }`
[INFO] [stdout] 4263df1854089143832b6c163ee62ae5678201a38d41877048c451de6726d6f0
[INFO] checking nativefiledialog-sys-0.1.0 against nightly-2024-02-05+rustflags=-Dunexpected_cfgs+cargoflags=-Zcheck-cfg for check-cfg
[INFO] extracting crate nativefiledialog-sys 0.1.0 into /workspace/builds/worker-2-tc2/source
[INFO] validating manifest of crates.io crate nativefiledialog-sys 0.1.0 on toolchain nightly-2024-02-05
[INFO] running `Command { std: CARGO_HOME="/workspace/cargo-home" RUSTUP_HOME="/workspace/rustup-home" "/workspace/cargo-home/bin/cargo" "+nightly-2024-02-05" "metadata" "--manifest-path" "Cargo.toml" "--no-deps", kill_on_drop: false }`
[INFO] started tweaking crates.io crate nativefiledialog-sys 0.1.0
[INFO] finished tweaking crates.io crate nativefiledialog-sys 0.1.0
[INFO] tweaked toml for crates.io crate nativefiledialog-sys 0.1.0 written to /workspace/builds/worker-2-tc2/source/Cargo.toml
[INFO] running `Command { std: CARGO_HOME="/workspace/cargo-home" RUSTUP_HOME="/workspace/rustup-home" "/workspace/cargo-home/bin/cargo" "+nightly-2024-02-05" "generate-lockfile" "--manifest-path" "Cargo.toml", kill_on_drop: false }`
[INFO] [stderr]     Updating crates.io index
[INFO] running `Command { std: CARGO_HOME="/workspace/cargo-home" RUSTUP_HOME="/workspace/rustup-home" "/workspace/cargo-home/bin/cargo" "+nightly-2024-02-05" "fetch" "--manifest-path" "Cargo.toml", kill_on_drop: false }`
[INFO] [stderr]     Blocking waiting for file lock on package cache
[INFO] running `Command { std: "docker" "create" "-v" "/var/lib/crater-agent-workspace/builds/worker-2-tc2/target:/opt/rustwide/target:rw,Z" "-v" "/var/lib/crater-agent-workspace/builds/worker-2-tc2/source:/opt/rustwide/workdir:ro,Z" "-v" "/var/lib/crater-agent-workspace/cargo-home:/opt/rustwide/cargo-home:ro,Z" "-v" "/var/lib/crater-agent-workspace/rustup-home:/opt/rustwide/rustup-home:ro,Z" "-e" "SOURCE_DIR=/opt/rustwide/workdir" "-e" "CARGO_TARGET_DIR=/opt/rustwide/target" "-e" "CARGO_HOME=/opt/rustwide/cargo-home" "-e" "RUSTUP_HOME=/opt/rustwide/rustup-home" "-w" "/opt/rustwide/workdir" "-m" "1610612736" "--user" "0:0" "--network" "none" "ghcr.io/rust-lang/crates-build-env/linux@sha256:2788e3201cd34a07e3172128adcd8b3090168a8e3bcc40d7c032b9dda1df7d1c" "/opt/rustwide/cargo-home/bin/cargo" "+nightly-2024-02-05" "metadata" "--no-deps" "--format-version=1", kill_on_drop: false }`
[INFO] [stdout] cb8553b8f6c5da7b2d956ef59ea33a6ff41ba0987ab490d3d30c0a8ecd10f3e7
[INFO] running `Command { std: "docker" "start" "-a" "cb8553b8f6c5da7b2d956ef59ea33a6ff41ba0987ab490d3d30c0a8ecd10f3e7", kill_on_drop: false }`
[INFO] running `Command { std: "docker" "inspect" "cb8553b8f6c5da7b2d956ef59ea33a6ff41ba0987ab490d3d30c0a8ecd10f3e7", kill_on_drop: false }`
[INFO] running `Command { std: "docker" "rm" "-f" "cb8553b8f6c5da7b2d956ef59ea33a6ff41ba0987ab490d3d30c0a8ecd10f3e7", kill_on_drop: false }`
[INFO] [stdout] cb8553b8f6c5da7b2d956ef59ea33a6ff41ba0987ab490d3d30c0a8ecd10f3e7
[INFO] running `Command { std: "docker" "create" "-v" "/var/lib/crater-agent-workspace/builds/worker-2-tc2/target:/opt/rustwide/target:rw,Z" "-v" "/var/lib/crater-agent-workspace/builds/worker-2-tc2/source:/opt/rustwide/workdir:ro,Z" "-v" "/var/lib/crater-agent-workspace/cargo-home:/opt/rustwide/cargo-home:ro,Z" "-v" "/var/lib/crater-agent-workspace/rustup-home:/opt/rustwide/rustup-home:ro,Z" "-e" "SOURCE_DIR=/opt/rustwide/workdir" "-e" "CARGO_TARGET_DIR=/opt/rustwide/target" "-e" "CARGO_INCREMENTAL=0" "-e" "RUST_BACKTRACE=full" "-e" "RUSTFLAGS=--cap-lints=forbid -Dunexpected_cfgs" "-e" "RUSTDOCFLAGS=--cap-lints=forbid" "-e" "CARGO_HOME=/opt/rustwide/cargo-home" "-e" "RUSTUP_HOME=/opt/rustwide/rustup-home" "-w" "/opt/rustwide/workdir" "-m" "1610612736" "--user" "0:0" "--network" "none" "ghcr.io/rust-lang/crates-build-env/linux@sha256:2788e3201cd34a07e3172128adcd8b3090168a8e3bcc40d7c032b9dda1df7d1c" "/opt/rustwide/cargo-home/bin/cargo" "+nightly-2024-02-05" "check" "--frozen" "--all" "--all-targets" "--message-format=json" "-Zcheck-cfg", kill_on_drop: false }`
[INFO] [stdout] 5e160d7fba01644dc272e5b0d2d5b92cf3663896bc331d26a31685a6f39fb593
[INFO] running `Command { std: "docker" "start" "-a" "5e160d7fba01644dc272e5b0d2d5b92cf3663896bc331d26a31685a6f39fb593", kill_on_drop: false }`
[INFO] [stderr]    Compiling libc v0.2.153
[INFO] [stderr]    Compiling memchr v2.7.1
[INFO] [stderr]    Compiling version_check v0.1.5
[INFO] [stderr]    Compiling proc-macro2 v1.0.78
[INFO] [stderr]    Compiling unicode-width v0.1.11
[INFO] [stderr]    Compiling quick-error v1.2.3
[INFO] [stderr]    Compiling bindgen v0.52.0
[INFO] [stderr]    Compiling strsim v0.8.0
[INFO] [stderr]    Compiling log v0.4.20
[INFO] [stderr]    Compiling ansi_term v0.12.1
[INFO] [stderr]    Compiling vec_map v0.8.2
[INFO] [stderr]    Compiling termcolor v1.4.1
[INFO] [stderr]    Compiling clang-sys v0.28.1
[INFO] [stderr]    Compiling shlex v0.1.1
[INFO] [stderr]    Compiling cfg-if v0.1.10
[INFO] [stderr]    Compiling humantime v1.3.0
[INFO] [stderr]    Compiling textwrap v0.11.0
[INFO] [stderr]    Compiling nom v4.2.3
[INFO] [stderr]    Compiling aho-corasick v1.1.2
[INFO] [stderr]    Compiling quote v1.0.35
[INFO] [stderr]    Compiling jobserver v0.1.27
[INFO] [stderr]    Compiling atty v0.2.14
[INFO] [stderr]    Compiling which v3.1.1
[INFO] [stderr]    Compiling clap v2.34.0
[INFO] [stderr]    Compiling cc v1.0.83
[INFO] [stderr]    Compiling cexpr v0.3.6
[INFO] [stderr]    Compiling regex-automata v0.4.5
[INFO] [stderr]    Compiling libloading v0.5.2
[INFO] [stderr]    Compiling regex v1.10.3
[INFO] [stderr]    Compiling env_logger v0.7.1
[INFO] [stderr]    Compiling nativefiledialog-sys v0.1.0 (/opt/rustwide/workdir)
[INFO] [stderr] The following warnings were emitted during compilation:
[INFO] [stderr] 
[INFO] [stderr] warning: nativefiledialog-sys@0.1.0: cc: fatal error: cannot execute 'cc1obj': execvp: No such file or directory
[INFO] [stderr] warning: nativefiledialog-sys@0.1.0: compilation terminated.
[INFO] [stderr] warning: nativefiledialog-sys@0.1.0: ToolExecError: Command "cc" "-O0" "-ffunction-sections" "-fdata-sections" "-fPIC" "-gdwarf-4" "-fno-omit-frame-pointer" "-m64" "-I" "nativefiledialog/src/include" "-Wall" "-Wextra" "-o" "/opt/rustwide/target/debug/build/nativefiledialog-sys-e3e8f76c3c9ad92c/out/nativefiledialog/src/nfd_cocoa.o" "-c" "nativefiledialog/src/nfd_cocoa.m" with args "cc" did not execute successfully (status code exit status: 1).
[INFO] [stderr] 
[INFO] [stderr] error: failed to run custom build command for `nativefiledialog-sys v0.1.0 (/opt/rustwide/workdir)`
[INFO] [stderr] note: To improve backtraces for build dependencies, set the CARGO_PROFILE_DEV_BUILD_OVERRIDE_DEBUG=true environment variable to enable debug information generation.
[INFO] [stderr] 
[INFO] [stderr] Caused by:
[INFO] [stderr]   process didn't exit successfully: `/opt/rustwide/target/debug/build/nativefiledialog-sys-b1e0f73f6d4e1d7b/build-script-build` (exit status: 1)
[INFO] [stderr]   --- stdout
[INFO] [stderr]   TARGET = Some("x86_64-unknown-linux-gnu")
[INFO] [stderr]   OPT_LEVEL = Some("0")
[INFO] [stderr]   HOST = Some("x86_64-unknown-linux-gnu")
[INFO] [stderr]   cargo:rerun-if-env-changed=CC_x86_64-unknown-linux-gnu
[INFO] [stderr]   CC_x86_64-unknown-linux-gnu = None
[INFO] [stderr]   cargo:rerun-if-env-changed=CC_x86_64_unknown_linux_gnu
[INFO] [stderr]   CC_x86_64_unknown_linux_gnu = None
[INFO] [stderr]   cargo:rerun-if-env-changed=HOST_CC
[INFO] [stderr]   HOST_CC = None
[INFO] [stderr]   cargo:rerun-if-env-changed=CC
[INFO] [stderr]   CC = None
[INFO] [stderr]   cargo:rerun-if-env-changed=CRATE_CC_NO_DEFAULTS
[INFO] [stderr]   CRATE_CC_NO_DEFAULTS = None
[INFO] [stderr]   DEBUG = Some("true")
[INFO] [stderr]   CARGO_CFG_TARGET_FEATURE = Some("fxsr,sse,sse2")
[INFO] [stderr]   cargo:rerun-if-env-changed=CFLAGS_x86_64-unknown-linux-gnu
[INFO] [stderr]   CFLAGS_x86_64-unknown-linux-gnu = None
[INFO] [stderr]   cargo:rerun-if-env-changed=CFLAGS_x86_64_unknown_linux_gnu
[INFO] [stderr]   CFLAGS_x86_64_unknown_linux_gnu = None
[INFO] [stderr]   cargo:rerun-if-env-changed=HOST_CFLAGS
[INFO] [stderr]   HOST_CFLAGS = None
[INFO] [stderr]   cargo:rerun-if-env-changed=CFLAGS
[INFO] [stderr]   CFLAGS = None
[INFO] [stderr]   running: "cc" "-O0" "-ffunction-sections" "-fdata-sections" "-fPIC" "-gdwarf-4" "-fno-omit-frame-pointer" "-m64" "-I" "nativefiledialog/src/include" "-Wall" "-Wextra" "-o" "/opt/rustwide/target/debug/build/nativefiledialog-sys-e3e8f76c3c9ad92c/out/nativefiledialog/src/nfd_common.o" "-c" "nativefiledialog/src/nfd_common.c"
[INFO] [stderr]   running: "cc" "-O0" "-ffunction-sections" "-fdata-sections" "-fPIC" "-gdwarf-4" "-fno-omit-frame-pointer" "-m64" "-I" "nativefiledialog/src/include" "-Wall" "-Wextra" "-o" "/opt/rustwide/target/debug/build/nativefiledialog-sys-e3e8f76c3c9ad92c/out/nativefiledialog/src/nfd_cocoa.o" "-c" "nativefiledialog/src/nfd_cocoa.m"
[INFO] [stderr]   cargo:warning=cc: fatal error: cannot execute 'cc1obj': execvp: No such file or directory
[INFO] [stderr] 
[INFO] [stderr]   cargo:warning=compilation terminated.
[INFO] [stderr] 
[INFO] [stderr]   exit status: 0
[INFO] [stderr]   exit status: 1
[INFO] [stderr]   cargo:warning=ToolExecError: Command "cc" "-O0" "-ffunction-sections" "-fdata-sections" "-fPIC" "-gdwarf-4" "-fno-omit-frame-pointer" "-m64" "-I" "nativefiledialog/src/include" "-Wall" "-Wextra" "-o" "/opt/rustwide/target/debug/build/nativefiledialog-sys-e3e8f76c3c9ad92c/out/nativefiledialog/src/nfd_cocoa.o" "-c" "nativefiledialog/src/nfd_cocoa.m" with args "cc" did not execute successfully (status code exit status: 1).
[INFO] [stderr] 
[INFO] [stderr]   --- stderr
[INFO] [stderr] 
[INFO] [stderr] 
[INFO] [stderr]   error occurred: Command "cc" "-O0" "-ffunction-sections" "-fdata-sections" "-fPIC" "-gdwarf-4" "-fno-omit-frame-pointer" "-m64" "-I" "nativefiledialog/src/include" "-Wall" "-Wextra" "-o" "/opt/rustwide/target/debug/build/nativefiledialog-sys-e3e8f76c3c9ad92c/out/nativefiledialog/src/nfd_cocoa.o" "-c" "nativefiledialog/src/nfd_cocoa.m" with args "cc" did not execute successfully (status code exit status: 1).
[INFO] [stderr] 
[INFO] [stderr] 
[INFO] running `Command { std: "docker" "inspect" "5e160d7fba01644dc272e5b0d2d5b92cf3663896bc331d26a31685a6f39fb593", kill_on_drop: false }`
[INFO] running `Command { std: "docker" "rm" "-f" "5e160d7fba01644dc272e5b0d2d5b92cf3663896bc331d26a31685a6f39fb593", kill_on_drop: false }`
[INFO] [stdout] 5e160d7fba01644dc272e5b0d2d5b92cf3663896bc331d26a31685a6f39fb593
