[INFO] fetching crate nanoset-py 0.1.4...
[INFO] checking nanoset-py-0.1.4 against nightly-2024-02-05 for check-cfg
[INFO] extracting crate nanoset-py 0.1.4 into /workspace/builds/worker-4-tc1/source
[INFO] validating manifest of crates.io crate nanoset-py 0.1.4 on toolchain nightly-2024-02-05
[INFO] running `Command { std: CARGO_HOME="/workspace/cargo-home" RUSTUP_HOME="/workspace/rustup-home" "/workspace/cargo-home/bin/cargo" "+nightly-2024-02-05" "metadata" "--manifest-path" "Cargo.toml" "--no-deps", kill_on_drop: false }`
[INFO] started tweaking crates.io crate nanoset-py 0.1.4
[INFO] finished tweaking crates.io crate nanoset-py 0.1.4
[INFO] tweaked toml for crates.io crate nanoset-py 0.1.4 written to /workspace/builds/worker-4-tc1/source/Cargo.toml
[INFO] running `Command { std: CARGO_HOME="/workspace/cargo-home" RUSTUP_HOME="/workspace/rustup-home" "/workspace/cargo-home/bin/cargo" "+nightly-2024-02-05" "generate-lockfile" "--manifest-path" "Cargo.toml", kill_on_drop: false }`
[INFO] [stderr]     Updating crates.io index
[INFO] running `Command { std: CARGO_HOME="/workspace/cargo-home" RUSTUP_HOME="/workspace/rustup-home" "/workspace/cargo-home/bin/cargo" "+nightly-2024-02-05" "fetch" "--manifest-path" "Cargo.toml", kill_on_drop: false }`
[INFO] [stderr]  Downloading crates ...
[INFO] [stderr]   Downloaded ghost v0.1.17
[INFO] [stderr]   Downloaded inventory-impl v0.1.11
[INFO] [stderr]   Downloaded paste v0.1.18
[INFO] [stderr]   Downloaded indoc-impl v0.3.6
[INFO] [stderr]   Downloaded inventory v0.1.11
[INFO] [stderr]   Downloaded pyo3cls v0.8.5
[INFO] [stderr]   Downloaded paste-impl v0.1.18
[INFO] [stderr]   Downloaded pyo3-derive-backend v0.8.5
[INFO] [stderr]   Downloaded built v0.3.2
[INFO] [stderr]   Downloaded pyo3 v0.8.5
[INFO] [stderr]   Downloaded git2 v0.10.2
[INFO] [stderr]   Downloaded indoc v0.3.6
[INFO] [stderr]   Downloaded libgit2-sys v0.9.2
[INFO] [stderr]   Downloaded pyo3-built v0.3.0
[INFO] running `Command { std: "docker" "create" "-v" "/var/lib/crater-agent-workspace/builds/worker-4-tc1/target:/opt/rustwide/target:rw,Z" "-v" "/var/lib/crater-agent-workspace/builds/worker-4-tc1/source:/opt/rustwide/workdir:ro,Z" "-v" "/var/lib/crater-agent-workspace/cargo-home:/opt/rustwide/cargo-home:ro,Z" "-v" "/var/lib/crater-agent-workspace/rustup-home:/opt/rustwide/rustup-home:ro,Z" "-e" "SOURCE_DIR=/opt/rustwide/workdir" "-e" "CARGO_TARGET_DIR=/opt/rustwide/target" "-e" "CARGO_HOME=/opt/rustwide/cargo-home" "-e" "RUSTUP_HOME=/opt/rustwide/rustup-home" "-w" "/opt/rustwide/workdir" "-m" "1610612736" "--user" "0:0" "--network" "none" "ghcr.io/rust-lang/crates-build-env/linux@sha256:2788e3201cd34a07e3172128adcd8b3090168a8e3bcc40d7c032b9dda1df7d1c" "/opt/rustwide/cargo-home/bin/cargo" "+nightly-2024-02-05" "metadata" "--no-deps" "--format-version=1", kill_on_drop: false }`
[INFO] [stdout] deb13b76bfec494d072e3b7bfcc682562e262562012ed97e178b075e7bd4654d
[INFO] running `Command { std: "docker" "start" "-a" "deb13b76bfec494d072e3b7bfcc682562e262562012ed97e178b075e7bd4654d", kill_on_drop: false }`
[INFO] running `Command { std: "docker" "inspect" "deb13b76bfec494d072e3b7bfcc682562e262562012ed97e178b075e7bd4654d", kill_on_drop: false }`
[INFO] running `Command { std: "docker" "rm" "-f" "deb13b76bfec494d072e3b7bfcc682562e262562012ed97e178b075e7bd4654d", kill_on_drop: false }`
[INFO] [stdout] deb13b76bfec494d072e3b7bfcc682562e262562012ed97e178b075e7bd4654d
[INFO] running `Command { std: "docker" "create" "-v" "/var/lib/crater-agent-workspace/builds/worker-4-tc1/target:/opt/rustwide/target:rw,Z" "-v" "/var/lib/crater-agent-workspace/builds/worker-4-tc1/source:/opt/rustwide/workdir:ro,Z" "-v" "/var/lib/crater-agent-workspace/cargo-home:/opt/rustwide/cargo-home:ro,Z" "-v" "/var/lib/crater-agent-workspace/rustup-home:/opt/rustwide/rustup-home:ro,Z" "-e" "SOURCE_DIR=/opt/rustwide/workdir" "-e" "CARGO_TARGET_DIR=/opt/rustwide/target" "-e" "CARGO_INCREMENTAL=0" "-e" "RUST_BACKTRACE=full" "-e" "RUSTFLAGS=--cap-lints=forbid" "-e" "RUSTDOCFLAGS=--cap-lints=forbid" "-e" "CARGO_HOME=/opt/rustwide/cargo-home" "-e" "RUSTUP_HOME=/opt/rustwide/rustup-home" "-w" "/opt/rustwide/workdir" "-m" "1610612736" "--user" "0:0" "--network" "none" "ghcr.io/rust-lang/crates-build-env/linux@sha256:2788e3201cd34a07e3172128adcd8b3090168a8e3bcc40d7c032b9dda1df7d1c" "/opt/rustwide/cargo-home/bin/cargo" "+nightly-2024-02-05" "check" "--frozen" "--all" "--all-targets" "--message-format=json", kill_on_drop: false }`
[INFO] [stdout] 281136fddfa78944bb8a255eaa71be3ea6cae41ed401c63e9ad22879bb6d1daf
[INFO] running `Command { std: "docker" "start" "-a" "281136fddfa78944bb8a255eaa71be3ea6cae41ed401c63e9ad22879bb6d1daf", kill_on_drop: false }`
[INFO] [stderr]    Compiling syn v1.0.109
[INFO] [stderr]    Compiling tinyvec_macros v0.1.1
[INFO] [stderr]    Compiling percent-encoding v2.3.1
[INFO] [stderr]    Compiling memchr v2.7.1
[INFO] [stderr]    Compiling unicode-bidi v0.3.15
[INFO] [stderr]    Compiling regex-syntax v0.8.2
[INFO] [stderr]    Compiling semver-parser v0.7.0
[INFO] [stderr]    Compiling serde v1.0.196
[INFO] [stderr]    Compiling num-traits v0.2.17
[INFO] [stderr]    Compiling serde_json v1.0.113
[INFO] [stderr]    Compiling log v0.4.20
[INFO] [stderr]    Compiling itoa v1.0.10
[INFO] [stderr]    Compiling ryu v1.0.16
[INFO] [stderr]    Compiling libc v0.2.153
[INFO] [stderr]    Compiling syn v2.0.48
[INFO] [stderr]    Compiling iana-time-zone v0.1.60
[INFO] [stderr]    Compiling inventory v0.1.11
[INFO] [stderr]    Compiling tinyvec v1.6.0
[INFO] [stderr]    Compiling unindent v0.1.11
[INFO] [stderr]    Compiling form_urlencoded v1.2.1
[INFO] [stderr]    Compiling semver v0.9.0
[INFO] [stderr]    Compiling paste-impl v0.1.18
[INFO] [stderr]     Checking spin v0.5.2
[INFO] [stderr]    Compiling aho-corasick v1.1.2
[INFO] [stderr]     Checking paste v0.1.18
[INFO] [stderr]    Compiling jobserver v0.1.27
[INFO] [stderr]    Compiling cc v1.0.83
[INFO] [stderr]    Compiling unicode-normalization v0.1.22
[INFO] [stderr]    Compiling idna v0.5.0
[INFO] [stderr]    Compiling chrono v0.4.33
[INFO] [stderr]    Compiling url v2.5.0
[INFO] [stderr]    Compiling libz-sys v1.1.15
[INFO] [stderr]    Compiling libgit2-sys v0.9.2
[INFO] [stderr]    Compiling regex-automata v0.4.5
[INFO] [stderr]    Compiling pyo3-derive-backend v0.8.5
[INFO] [stderr]    Compiling serde_derive v1.0.196
[INFO] [stderr]    Compiling ghost v0.1.17
[INFO] [stderr]    Compiling regex v1.10.3
[INFO] [stderr]    Compiling indoc-impl v0.3.6
[INFO] [stderr]    Compiling inventory-impl v0.1.11
[INFO] [stderr]    Compiling ctor v0.1.26
[INFO] [stderr]    Compiling pyo3cls v0.8.5
[INFO] [stderr]     Checking indoc v0.3.6
[INFO] [stderr]    Compiling git2 v0.10.2
[INFO] [stderr]    Compiling toml v0.5.11
[INFO] [stderr]    Compiling built v0.3.2
[INFO] [stderr]    Compiling pyo3 v0.8.5
[INFO] [stderr]    Compiling nanoset-py v0.1.4 (/opt/rustwide/workdir)
[INFO] [stdout] error[E0557]: feature has been removed
[INFO] [stdout]  --> nanoset/lib.rs:1:21
[INFO] [stdout]   |
[INFO] [stdout] 1 | #![feature(doc_cfg, external_doc)]
[INFO] [stdout]   |                     ^^^^^^^^^^^^ feature has been removed
[INFO] [stdout]   |
[INFO] [stdout]   = note: use #[doc = include_str!("filename")] instead, which handles macro invocations
[INFO] [stdout] 
[INFO] [stdout] 
[INFO] [stdout] error[E0557]: feature has been removed
[INFO] [stdout]  --> nanoset/lib.rs:1:21
[INFO] [stdout]   |
[INFO] [stdout] 1 | #![feature(doc_cfg, external_doc)]
[INFO] [stdout]   |                     ^^^^^^^^^^^^ feature has been removed
[INFO] [stdout]   |
[INFO] [stdout]   = note: use #[doc = include_str!("filename")] instead, which handles macro invocations
[INFO] [stdout] 
[INFO] [stdout] 
[INFO] [stdout] warning: unknown `doc` attribute `include`
[INFO] [stdout]  --> nanoset/lib.rs:2:8
[INFO] [stdout]   |
[INFO] [stdout] 2 | #![doc(include = "../README.md")]
[INFO] [stdout]   | -------^^^^^^^^^^^^^^^^^^^^^^^^-- help: use `doc = include_str!` instead: `#![doc = include_str!("../README.md")]`
[INFO] [stdout]   |
[INFO] [stdout]   = warning: this was previously accepted by the compiler but is being phased out; it will become a hard error in a future release!
[INFO] [stdout]   = note: for more information, see issue #82730 <https://github.com/rust-lang/rust/issues/82730>
[INFO] [stdout]   = note: `#[warn(invalid_doc_attributes)]` on by default
[INFO] [stdout] 
[INFO] [stdout] 
[INFO] [stdout] warning: unknown `doc` attribute `include`
[INFO] [stdout]  --> nanoset/lib.rs:2:8
[INFO] [stdout]   |
[INFO] [stdout] 2 | #![doc(include = "../README.md")]
[INFO] [stdout]   | -------^^^^^^^^^^^^^^^^^^^^^^^^-- help: use `doc = include_str!` instead: `#![doc = include_str!("../README.md")]`
[INFO] [stdout]   |
[INFO] [stdout]   = warning: this was previously accepted by the compiler but is being phased out; it will become a hard error in a future release!
[INFO] [stdout]   = note: for more information, see issue #82730 <https://github.com/rust-lang/rust/issues/82730>
[INFO] [stdout]   = note: `#[warn(invalid_doc_attributes)]` on by default
[INFO] [stdout] 
[INFO] [stdout] 
[INFO] [stdout] error: aborting due to 1 previous error; 1 warning emitted
[INFO] [stdout] 
[INFO] [stdout] 
[INFO] [stdout] For more information about this error, try `rustc --explain E0557`.
[INFO] [stdout] 
[INFO] [stdout] error: aborting due to 1 previous error; 1 warning emitted
[INFO] [stdout] 
[INFO] [stdout] 
[INFO] [stdout] For more information about this error, try `rustc --explain E0557`.
[INFO] [stdout] 
[INFO] [stderr] error: could not compile `nanoset-py` (lib) due to 2 previous errors; 1 warning emitted
[INFO] [stderr] warning: build failed, waiting for other jobs to finish...
[INFO] [stderr] error: could not compile `nanoset-py` (lib test) due to 2 previous errors; 1 warning emitted
[INFO] running `Command { std: "docker" "inspect" "281136fddfa78944bb8a255eaa71be3ea6cae41ed401c63e9ad22879bb6d1daf", kill_on_drop: false }`
[INFO] running `Command { std: "docker" "rm" "-f" "281136fddfa78944bb8a255eaa71be3ea6cae41ed401c63e9ad22879bb6d1daf", kill_on_drop: false }`
[INFO] [stdout] 281136fddfa78944bb8a255eaa71be3ea6cae41ed401c63e9ad22879bb6d1daf
[INFO] checking nanoset-py-0.1.4 against nightly-2024-02-05+rustflags=-Dunexpected_cfgs+cargoflags=-Zcheck-cfg for check-cfg
[INFO] extracting crate nanoset-py 0.1.4 into /workspace/builds/worker-4-tc2/source
[INFO] validating manifest of crates.io crate nanoset-py 0.1.4 on toolchain nightly-2024-02-05
[INFO] running `Command { std: CARGO_HOME="/workspace/cargo-home" RUSTUP_HOME="/workspace/rustup-home" "/workspace/cargo-home/bin/cargo" "+nightly-2024-02-05" "metadata" "--manifest-path" "Cargo.toml" "--no-deps", kill_on_drop: false }`
[INFO] started tweaking crates.io crate nanoset-py 0.1.4
[INFO] finished tweaking crates.io crate nanoset-py 0.1.4
[INFO] tweaked toml for crates.io crate nanoset-py 0.1.4 written to /workspace/builds/worker-4-tc2/source/Cargo.toml
[INFO] running `Command { std: CARGO_HOME="/workspace/cargo-home" RUSTUP_HOME="/workspace/rustup-home" "/workspace/cargo-home/bin/cargo" "+nightly-2024-02-05" "generate-lockfile" "--manifest-path" "Cargo.toml", kill_on_drop: false }`
[INFO] [stderr]     Updating crates.io index
[INFO] running `Command { std: CARGO_HOME="/workspace/cargo-home" RUSTUP_HOME="/workspace/rustup-home" "/workspace/cargo-home/bin/cargo" "+nightly-2024-02-05" "fetch" "--manifest-path" "Cargo.toml", kill_on_drop: false }`
[INFO] running `Command { std: "docker" "create" "-v" "/var/lib/crater-agent-workspace/builds/worker-4-tc2/target:/opt/rustwide/target:rw,Z" "-v" "/var/lib/crater-agent-workspace/builds/worker-4-tc2/source:/opt/rustwide/workdir:ro,Z" "-v" "/var/lib/crater-agent-workspace/cargo-home:/opt/rustwide/cargo-home:ro,Z" "-v" "/var/lib/crater-agent-workspace/rustup-home:/opt/rustwide/rustup-home:ro,Z" "-e" "SOURCE_DIR=/opt/rustwide/workdir" "-e" "CARGO_TARGET_DIR=/opt/rustwide/target" "-e" "CARGO_HOME=/opt/rustwide/cargo-home" "-e" "RUSTUP_HOME=/opt/rustwide/rustup-home" "-w" "/opt/rustwide/workdir" "-m" "1610612736" "--user" "0:0" "--network" "none" "ghcr.io/rust-lang/crates-build-env/linux@sha256:2788e3201cd34a07e3172128adcd8b3090168a8e3bcc40d7c032b9dda1df7d1c" "/opt/rustwide/cargo-home/bin/cargo" "+nightly-2024-02-05" "metadata" "--no-deps" "--format-version=1", kill_on_drop: false }`
[INFO] [stdout] dcb476bb1f495061db97557c87e2482a3348b7033bd87084d0b16ccf38c7b444
[INFO] running `Command { std: "docker" "start" "-a" "dcb476bb1f495061db97557c87e2482a3348b7033bd87084d0b16ccf38c7b444", kill_on_drop: false }`
[INFO] running `Command { std: "docker" "inspect" "dcb476bb1f495061db97557c87e2482a3348b7033bd87084d0b16ccf38c7b444", kill_on_drop: false }`
[INFO] running `Command { std: "docker" "rm" "-f" "dcb476bb1f495061db97557c87e2482a3348b7033bd87084d0b16ccf38c7b444", kill_on_drop: false }`
[INFO] [stdout] dcb476bb1f495061db97557c87e2482a3348b7033bd87084d0b16ccf38c7b444
[INFO] running `Command { std: "docker" "create" "-v" "/var/lib/crater-agent-workspace/builds/worker-4-tc2/target:/opt/rustwide/target:rw,Z" "-v" "/var/lib/crater-agent-workspace/builds/worker-4-tc2/source:/opt/rustwide/workdir:ro,Z" "-v" "/var/lib/crater-agent-workspace/cargo-home:/opt/rustwide/cargo-home:ro,Z" "-v" "/var/lib/crater-agent-workspace/rustup-home:/opt/rustwide/rustup-home:ro,Z" "-e" "SOURCE_DIR=/opt/rustwide/workdir" "-e" "CARGO_TARGET_DIR=/opt/rustwide/target" "-e" "CARGO_INCREMENTAL=0" "-e" "RUST_BACKTRACE=full" "-e" "RUSTFLAGS=--cap-lints=forbid -Dunexpected_cfgs" "-e" "RUSTDOCFLAGS=--cap-lints=forbid" "-e" "CARGO_HOME=/opt/rustwide/cargo-home" "-e" "RUSTUP_HOME=/opt/rustwide/rustup-home" "-w" "/opt/rustwide/workdir" "-m" "1610612736" "--user" "0:0" "--network" "none" "ghcr.io/rust-lang/crates-build-env/linux@sha256:2788e3201cd34a07e3172128adcd8b3090168a8e3bcc40d7c032b9dda1df7d1c" "/opt/rustwide/cargo-home/bin/cargo" "+nightly-2024-02-05" "check" "--frozen" "--all" "--all-targets" "--message-format=json" "-Zcheck-cfg", kill_on_drop: false }`
[INFO] [stdout] e988619df41253c5767f0273b867e85053d0a9248f2d314804ae085772e5e063
[INFO] running `Command { std: "docker" "start" "-a" "e988619df41253c5767f0273b867e85053d0a9248f2d314804ae085772e5e063", kill_on_drop: false }`
[INFO] [stderr]    Compiling syn v1.0.109
[INFO] [stderr]    Compiling serde v1.0.196
[INFO] [stderr]    Compiling tinyvec_macros v0.1.1
[INFO] [stderr]    Compiling percent-encoding v2.3.1
[INFO] [stderr]    Compiling unicode-bidi v0.3.15
[INFO] [stderr]    Compiling memchr v2.7.1
[INFO] [stderr]    Compiling regex-syntax v0.8.2
[INFO] [stderr]    Compiling itoa v1.0.10
[INFO] [stderr]    Compiling ryu v1.0.16
[INFO] [stderr]    Compiling log v0.4.20
[INFO] [stderr]    Compiling libc v0.2.153
[INFO] [stderr]    Compiling num-traits v0.2.17
[INFO] [stderr]    Compiling serde_json v1.0.113
[INFO] [stderr]    Compiling iana-time-zone v0.1.60
[INFO] [stderr]    Compiling syn v2.0.48
[INFO] [stderr]    Compiling semver-parser v0.7.0
[INFO] [stderr]    Compiling unindent v0.1.11
[INFO] [stderr]    Compiling inventory v0.1.11
[INFO] [stderr]    Compiling tinyvec v1.6.0
[INFO] [stderr]    Compiling form_urlencoded v1.2.1
[INFO] [stderr]    Compiling paste-impl v0.1.18
[INFO] [stderr]     Checking spin v0.5.2
[INFO] [stderr]    Compiling semver v0.9.0
[INFO] [stderr]     Checking paste v0.1.18
[INFO] [stderr]    Compiling aho-corasick v1.1.2
[INFO] [stderr]    Compiling jobserver v0.1.27
[INFO] [stderr]    Compiling cc v1.0.83
[INFO] [stderr]    Compiling unicode-normalization v0.1.22
[INFO] [stderr]    Compiling chrono v0.4.33
[INFO] [stderr]    Compiling idna v0.5.0
[INFO] [stderr]    Compiling libz-sys v1.1.15
[INFO] [stderr]    Compiling libgit2-sys v0.9.2
[INFO] [stderr]    Compiling url v2.5.0
[INFO] [stderr]    Compiling regex-automata v0.4.5
[INFO] [stderr]    Compiling pyo3-derive-backend v0.8.5
[INFO] [stderr]    Compiling serde_derive v1.0.196
[INFO] [stderr]    Compiling ghost v0.1.17
[INFO] [stderr]    Compiling regex v1.10.3
[INFO] [stderr]    Compiling indoc-impl v0.3.6
[INFO] [stderr]    Compiling ctor v0.1.26
[INFO] [stderr]    Compiling inventory-impl v0.1.11
[INFO] [stderr]    Compiling pyo3cls v0.8.5
[INFO] [stderr]     Checking indoc v0.3.6
[INFO] [stderr]    Compiling git2 v0.10.2
[INFO] [stderr]    Compiling toml v0.5.11
[INFO] [stderr]    Compiling built v0.3.2
[INFO] [stderr]    Compiling pyo3 v0.8.5
[INFO] [stderr]    Compiling nanoset-py v0.1.4 (/opt/rustwide/workdir)
[INFO] [stdout] error[E0557]: feature has been removed
[INFO] [stdout]  --> nanoset/lib.rs:1:21
[INFO] [stdout]   |
[INFO] [stdout] 1 | #![feature(doc_cfg, external_doc)]
[INFO] [stdout]   |                     ^^^^^^^^^^^^ feature has been removed
[INFO] [stdout]   |
[INFO] [stdout]   = note: use #[doc = include_str!("filename")] instead, which handles macro invocations
[INFO] [stdout] 
[INFO] [stdout] 
[INFO] [stdout] error[E0557]: feature has been removed
[INFO] [stdout]  --> nanoset/lib.rs:1:21
[INFO] [stdout]   |
[INFO] [stdout] 1 | #![feature(doc_cfg, external_doc)]
[INFO] [stdout]   |                     ^^^^^^^^^^^^ feature has been removed
[INFO] [stdout]   |
[INFO] [stdout]   = note: use #[doc = include_str!("filename")] instead, which handles macro invocations
[INFO] [stdout] 
[INFO] [stdout] 
[INFO] [stdout] warning: unknown `doc` attribute `include`
[INFO] [stdout]  --> nanoset/lib.rs:2:8
[INFO] [stdout]   |
[INFO] [stdout] 2 | #![doc(include = "../README.md")]
[INFO] [stdout]   | -------^^^^^^^^^^^^^^^^^^^^^^^^-- help: use `doc = include_str!` instead: `#![doc = include_str!("../README.md")]`
[INFO] [stdout]   |
[INFO] [stdout]   = warning: this was previously accepted by the compiler but is being phased out; it will become a hard error in a future release!
[INFO] [stdout]   = note: for more information, see issue #82730 <https://github.com/rust-lang/rust/issues/82730>
[INFO] [stdout]   = note: `#[warn(invalid_doc_attributes)]` on by default
[INFO] [stdout] 
[INFO] [stdout] 
[INFO] [stdout] warning: unknown `doc` attribute `include`
[INFO] [stdout]  --> nanoset/lib.rs:2:8
[INFO] [stdout]   |
[INFO] [stdout] 2 | #![doc(include = "../README.md")]
[INFO] [stdout]   | -------^^^^^^^^^^^^^^^^^^^^^^^^-- help: use `doc = include_str!` instead: `#![doc = include_str!("../README.md")]`
[INFO] [stdout]   |
[INFO] [stdout]   = warning: this was previously accepted by the compiler but is being phased out; it will become a hard error in a future release!
[INFO] [stdout]   = note: for more information, see issue #82730 <https://github.com/rust-lang/rust/issues/82730>
[INFO] [stdout]   = note: `#[warn(invalid_doc_attributes)]` on by default
[INFO] [stdout] 
[INFO] [stdout] 
[INFO] [stdout] error: aborting due to 1 previous error; 1 warning emitted
[INFO] [stdout] 
[INFO] [stdout] 
[INFO] [stdout] For more information about this error, try `rustc --explain E0557`.
[INFO] [stdout] 
[INFO] [stdout] error: aborting due to 1 previous error; 1 warning emitted
[INFO] [stdout] 
[INFO] [stdout] 
[INFO] [stdout] For more information about this error, try `rustc --explain E0557`.
[INFO] [stdout] 
[INFO] [stderr] error: could not compile `nanoset-py` (lib) due to 2 previous errors; 1 warning emitted
[INFO] [stderr] warning: build failed, waiting for other jobs to finish...
[INFO] [stderr] error: could not compile `nanoset-py` (lib test) due to 2 previous errors; 1 warning emitted
[INFO] running `Command { std: "docker" "inspect" "e988619df41253c5767f0273b867e85053d0a9248f2d314804ae085772e5e063", kill_on_drop: false }`
[INFO] running `Command { std: "docker" "rm" "-f" "e988619df41253c5767f0273b867e85053d0a9248f2d314804ae085772e5e063", kill_on_drop: false }`
[INFO] [stdout] e988619df41253c5767f0273b867e85053d0a9248f2d314804ae085772e5e063
