[INFO] fetching crate muta-apm 0.1.0...
[INFO] checking muta-apm-0.1.0 against nightly-2024-02-05 for check-cfg
[INFO] extracting crate muta-apm 0.1.0 into /workspace/builds/worker-0-tc1/source
[INFO] validating manifest of crates.io crate muta-apm 0.1.0 on toolchain nightly-2024-02-05
[INFO] running `Command { std: CARGO_HOME="/workspace/cargo-home" RUSTUP_HOME="/workspace/rustup-home" "/workspace/cargo-home/bin/cargo" "+nightly-2024-02-05" "metadata" "--manifest-path" "Cargo.toml" "--no-deps", kill_on_drop: false }`
[INFO] started tweaking crates.io crate muta-apm 0.1.0
[INFO] finished tweaking crates.io crate muta-apm 0.1.0
[INFO] tweaked toml for crates.io crate muta-apm 0.1.0 written to /workspace/builds/worker-0-tc1/source/Cargo.toml
[INFO] crate crates.io crate muta-apm 0.1.0 already has a lockfile, it will not be regenerated
[INFO] running `Command { std: CARGO_HOME="/workspace/cargo-home" RUSTUP_HOME="/workspace/rustup-home" "/workspace/cargo-home/bin/cargo" "+nightly-2024-02-05" "fetch" "--manifest-path" "Cargo.toml", kill_on_drop: false }`
[INFO] [stderr]     Updating crates.io index
[INFO] [stderr]  Downloading crates ...
[INFO] [stderr]   Downloaded muta-apm-derive v0.1.0
[INFO] [stderr]   Downloaded trackable_derive v1.0.0
[INFO] [stderr]   Downloaded trackable v0.2.24
[INFO] [stderr]   Downloaded thrift_codec v0.1.1
[INFO] [stderr]   Downloaded trackable v1.2.0
[INFO] [stderr]   Downloaded rustracing_jaeger v0.7.0
[INFO] [stderr]   Downloaded rustracing v0.5.1
[INFO] [stderr]   Downloaded ryu v1.0.6
[INFO] [stderr]   Downloaded creep v0.2.2
[INFO] running `Command { std: "docker" "create" "-v" "/var/lib/crater-agent-workspace/builds/worker-0-tc1/target:/opt/rustwide/target:rw,Z" "-v" "/var/lib/crater-agent-workspace/builds/worker-0-tc1/source:/opt/rustwide/workdir:ro,Z" "-v" "/var/lib/crater-agent-workspace/cargo-home:/opt/rustwide/cargo-home:ro,Z" "-v" "/var/lib/crater-agent-workspace/rustup-home:/opt/rustwide/rustup-home:ro,Z" "-e" "SOURCE_DIR=/opt/rustwide/workdir" "-e" "CARGO_TARGET_DIR=/opt/rustwide/target" "-e" "CARGO_HOME=/opt/rustwide/cargo-home" "-e" "RUSTUP_HOME=/opt/rustwide/rustup-home" "-w" "/opt/rustwide/workdir" "-m" "1610612736" "--user" "0:0" "--network" "none" "ghcr.io/rust-lang/crates-build-env/linux@sha256:2788e3201cd34a07e3172128adcd8b3090168a8e3bcc40d7c032b9dda1df7d1c" "/opt/rustwide/cargo-home/bin/cargo" "+nightly-2024-02-05" "metadata" "--no-deps" "--format-version=1", kill_on_drop: false }`
[INFO] [stdout] 976eee00f5c6451f718dac3bdddeb51fe1802eec016907c4bd4c29ecf483d5a0
[INFO] running `Command { std: "docker" "start" "-a" "976eee00f5c6451f718dac3bdddeb51fe1802eec016907c4bd4c29ecf483d5a0", kill_on_drop: false }`
[INFO] running `Command { std: "docker" "inspect" "976eee00f5c6451f718dac3bdddeb51fe1802eec016907c4bd4c29ecf483d5a0", kill_on_drop: false }`
[INFO] running `Command { std: "docker" "rm" "-f" "976eee00f5c6451f718dac3bdddeb51fe1802eec016907c4bd4c29ecf483d5a0", kill_on_drop: false }`
[INFO] [stdout] 976eee00f5c6451f718dac3bdddeb51fe1802eec016907c4bd4c29ecf483d5a0
[INFO] running `Command { std: "docker" "create" "-v" "/var/lib/crater-agent-workspace/builds/worker-0-tc1/target:/opt/rustwide/target:rw,Z" "-v" "/var/lib/crater-agent-workspace/builds/worker-0-tc1/source:/opt/rustwide/workdir:ro,Z" "-v" "/var/lib/crater-agent-workspace/cargo-home:/opt/rustwide/cargo-home:ro,Z" "-v" "/var/lib/crater-agent-workspace/rustup-home:/opt/rustwide/rustup-home:ro,Z" "-e" "SOURCE_DIR=/opt/rustwide/workdir" "-e" "CARGO_TARGET_DIR=/opt/rustwide/target" "-e" "CARGO_INCREMENTAL=0" "-e" "RUST_BACKTRACE=full" "-e" "RUSTFLAGS=--cap-lints=forbid" "-e" "RUSTDOCFLAGS=--cap-lints=forbid" "-e" "CARGO_HOME=/opt/rustwide/cargo-home" "-e" "RUSTUP_HOME=/opt/rustwide/rustup-home" "-w" "/opt/rustwide/workdir" "-m" "1610612736" "--user" "0:0" "--network" "none" "ghcr.io/rust-lang/crates-build-env/linux@sha256:2788e3201cd34a07e3172128adcd8b3090168a8e3bcc40d7c032b9dda1df7d1c" "/opt/rustwide/cargo-home/bin/cargo" "+nightly-2024-02-05" "check" "--frozen" "--all" "--all-targets" "--message-format=json", kill_on_drop: false }`
[INFO] [stdout] b8dc6316420e7f6d05bf48e8ab9f09e1509410ef5ede91985d7e27318f811b27
[INFO] running `Command { std: "docker" "start" "-a" "b8dc6316420e7f6d05bf48e8ab9f09e1509410ef5ede91985d7e27318f811b27", kill_on_drop: false }`
[INFO] [stderr]    Compiling proc-macro2 v1.0.32
[INFO] [stderr]    Compiling unicode-xid v0.2.2
[INFO] [stderr]    Compiling syn v1.0.82
[INFO] [stderr]    Compiling libc v0.2.108
[INFO] [stderr]    Compiling autocfg v1.0.1
[INFO] [stderr]    Compiling memchr v2.4.1
[INFO] [stderr]    Compiling cc v1.0.72
[INFO] [stderr]    Compiling crossbeam-utils v0.8.5
[INFO] [stderr]    Compiling serde v1.0.130
[INFO] [stderr]    Compiling ryu v1.0.6
[INFO] [stderr]     Checking ppv-lite86 v0.2.15
[INFO] [stderr]     Checking gimli v0.26.1
[INFO] [stderr]    Compiling miniz_oxide v0.4.4
[INFO] [stderr]     Checking object v0.27.1
[INFO] [stderr]     Checking rustc-demangle v0.1.21
[INFO] [stderr]    Compiling quote v1.0.10
[INFO] [stderr]    Compiling parking_lot_core v0.8.5
[INFO] [stderr]     Checking getrandom v0.2.3
[INFO] [stderr]    Compiling serde_json v1.0.72
[INFO] [stderr]     Checking rand_core v0.6.3
[INFO] [stderr]     Checking crossbeam-channel v0.5.1
[INFO] [stderr]    Compiling backtrace v0.3.63
[INFO] [stderr]     Checking rand_chacha v0.3.1
[INFO] [stderr]     Checking instant v0.1.12
[INFO] [stderr]    Compiling log v0.4.14
[INFO] [stderr]     Checking rand v0.8.4
[INFO] [stderr]     Checking smallvec v1.7.0
[INFO] [stderr]     Checking byteorder v1.4.3
[INFO] [stderr]     Checking match_cfg v0.1.0
[INFO] [stderr]    Compiling itoa v0.4.8
[INFO] [stderr]     Checking hostname v0.3.1
[INFO] [stderr]     Checking lock_api v0.4.5
[INFO] [stderr]    Compiling tokio v1.14.0
[INFO] [stderr]     Checking percent-encoding v2.1.0
[INFO] [stderr]    Compiling async-trait v0.1.51
[INFO] [stderr]     Checking dyn-clone v1.0.4
[INFO] [stderr]     Checking creep v0.2.2
[INFO] [stderr]     Checking parking_lot v0.11.2
[INFO] [stderr]     Checking pin-project-lite v0.2.7
[INFO] [stderr]     Checking bytes v1.1.0
[INFO] [stderr]     Checking addr2line v0.17.0
[INFO] [stderr]    Compiling trackable_derive v1.0.0
[INFO] [stderr]    Compiling tokio-macros v1.6.0
[INFO] [stderr]     Checking trackable v1.2.0
[INFO] [stderr]     Checking trackable v0.2.24
[INFO] [stderr]     Checking thrift_codec v0.1.1
[INFO] [stderr]     Checking rustracing v0.5.1
[INFO] [stderr]    Compiling muta-apm-derive v0.1.0
[INFO] [stderr]     Checking rustracing_jaeger v0.7.0
[INFO] [stderr]     Checking muta-apm v0.1.0 (/opt/rustwide/workdir)
[INFO] [stdout] error: The default runtime flavor is `multi_thread`, but the `rt-multi-thread` feature is disabled.
[INFO] [stdout]   --> examples/example.rs:48:1
[INFO] [stdout]    |
[INFO] [stdout] 48 | #[tokio::main]
[INFO] [stdout]    | ^^^^^^^^^^^^^^
[INFO] [stdout]    |
[INFO] [stdout]    = note: this error originates in the attribute macro `tokio::main` (in Nightly builds, run with -Z macro-backtrace for more info)
[INFO] [stdout] 
[INFO] [stdout] 
[INFO] [stdout] error[E0432]: unresolved import `muta_protocol`
[INFO] [stdout]  --> examples/example.rs:8:5
[INFO] [stdout]   |
[INFO] [stdout] 8 | use muta_protocol::{ProtocolError, ProtocolErrorKind};
[INFO] [stdout]   |     ^^^^^^^^^^^^^ use of undeclared crate or module `muta_protocol`
[INFO] [stdout] 
[INFO] [stdout] 
[INFO] [stdout] error[E0425]: cannot find value `d` in this scope
[INFO] [stdout]    --> examples/example.rs:111:1
[INFO] [stdout]     |
[INFO] [stdout] 111 | #[tracing_span(kind = "main", tags = "{'a': 'b', 'c': 'd'}", logs = "{'c': 'm + 3'}")]
[INFO] [stdout]     | ^^^^^^^^^^^^^^^^^^^^^^^^^^^^^^^^^^^^^^^^^^^^^^^^^^^^^^^^^^^^^^^^^^^^^^^^^^^^^^^^^^^^^^ help: a local variable with a similar name exists: `a`
[INFO] [stdout]     |
[INFO] [stdout]     = note: this error originates in the attribute macro `tracing_span` (in Nightly builds, run with -Z macro-backtrace for more info)
[INFO] [stdout] 
[INFO] [stdout] 
[INFO] [stdout] warning: unused import: `std::io`
[INFO] [stdout]   --> examples/example.rs:42:13
[INFO] [stdout]    |
[INFO] [stdout] 42 |         use std::io;
[INFO] [stdout]    |             ^^^^^^^
[INFO] [stdout]    |
[INFO] [stdout]    = note: `#[warn(unused_imports)]` on by default
[INFO] [stdout] 
[INFO] [stdout] 
[INFO] [stdout] error: aborting due to 3 previous errors; 1 warning emitted
[INFO] [stdout] 
[INFO] [stdout] 
[INFO] [stdout] Some errors have detailed explanations: E0425, E0432.
[INFO] [stdout] 
[INFO] [stdout] For more information about an error, try `rustc --explain E0425`.
[INFO] [stdout] 
[INFO] [stderr] error: could not compile `muta-apm` (example "example") due to 4 previous errors; 1 warning emitted
[INFO] running `Command { std: "docker" "inspect" "b8dc6316420e7f6d05bf48e8ab9f09e1509410ef5ede91985d7e27318f811b27", kill_on_drop: false }`
[INFO] running `Command { std: "docker" "rm" "-f" "b8dc6316420e7f6d05bf48e8ab9f09e1509410ef5ede91985d7e27318f811b27", kill_on_drop: false }`
[INFO] [stdout] b8dc6316420e7f6d05bf48e8ab9f09e1509410ef5ede91985d7e27318f811b27
[INFO] checking muta-apm-0.1.0 against nightly-2024-02-05+rustflags=-Dunexpected_cfgs+cargoflags=-Zcheck-cfg for check-cfg
[INFO] extracting crate muta-apm 0.1.0 into /workspace/builds/worker-0-tc2/source
[INFO] validating manifest of crates.io crate muta-apm 0.1.0 on toolchain nightly-2024-02-05
[INFO] running `Command { std: CARGO_HOME="/workspace/cargo-home" RUSTUP_HOME="/workspace/rustup-home" "/workspace/cargo-home/bin/cargo" "+nightly-2024-02-05" "metadata" "--manifest-path" "Cargo.toml" "--no-deps", kill_on_drop: false }`
[INFO] started tweaking crates.io crate muta-apm 0.1.0
[INFO] finished tweaking crates.io crate muta-apm 0.1.0
[INFO] tweaked toml for crates.io crate muta-apm 0.1.0 written to /workspace/builds/worker-0-tc2/source/Cargo.toml
[INFO] crate crates.io crate muta-apm 0.1.0 already has a lockfile, it will not be regenerated
[INFO] running `Command { std: CARGO_HOME="/workspace/cargo-home" RUSTUP_HOME="/workspace/rustup-home" "/workspace/cargo-home/bin/cargo" "+nightly-2024-02-05" "fetch" "--manifest-path" "Cargo.toml", kill_on_drop: false }`
[INFO] running `Command { std: "docker" "create" "-v" "/var/lib/crater-agent-workspace/builds/worker-0-tc2/target:/opt/rustwide/target:rw,Z" "-v" "/var/lib/crater-agent-workspace/builds/worker-0-tc2/source:/opt/rustwide/workdir:ro,Z" "-v" "/var/lib/crater-agent-workspace/cargo-home:/opt/rustwide/cargo-home:ro,Z" "-v" "/var/lib/crater-agent-workspace/rustup-home:/opt/rustwide/rustup-home:ro,Z" "-e" "SOURCE_DIR=/opt/rustwide/workdir" "-e" "CARGO_TARGET_DIR=/opt/rustwide/target" "-e" "CARGO_HOME=/opt/rustwide/cargo-home" "-e" "RUSTUP_HOME=/opt/rustwide/rustup-home" "-w" "/opt/rustwide/workdir" "-m" "1610612736" "--user" "0:0" "--network" "none" "ghcr.io/rust-lang/crates-build-env/linux@sha256:2788e3201cd34a07e3172128adcd8b3090168a8e3bcc40d7c032b9dda1df7d1c" "/opt/rustwide/cargo-home/bin/cargo" "+nightly-2024-02-05" "metadata" "--no-deps" "--format-version=1", kill_on_drop: false }`
[INFO] [stdout] 943fee561a1508054b3d10aac5fcda3f9c285d99eb0f125cb59659665dd0be7b
[INFO] running `Command { std: "docker" "start" "-a" "943fee561a1508054b3d10aac5fcda3f9c285d99eb0f125cb59659665dd0be7b", kill_on_drop: false }`
[INFO] running `Command { std: "docker" "inspect" "943fee561a1508054b3d10aac5fcda3f9c285d99eb0f125cb59659665dd0be7b", kill_on_drop: false }`
[INFO] running `Command { std: "docker" "rm" "-f" "943fee561a1508054b3d10aac5fcda3f9c285d99eb0f125cb59659665dd0be7b", kill_on_drop: false }`
[INFO] [stdout] 943fee561a1508054b3d10aac5fcda3f9c285d99eb0f125cb59659665dd0be7b
[INFO] running `Command { std: "docker" "create" "-v" "/var/lib/crater-agent-workspace/builds/worker-0-tc2/target:/opt/rustwide/target:rw,Z" "-v" "/var/lib/crater-agent-workspace/builds/worker-0-tc2/source:/opt/rustwide/workdir:ro,Z" "-v" "/var/lib/crater-agent-workspace/cargo-home:/opt/rustwide/cargo-home:ro,Z" "-v" "/var/lib/crater-agent-workspace/rustup-home:/opt/rustwide/rustup-home:ro,Z" "-e" "SOURCE_DIR=/opt/rustwide/workdir" "-e" "CARGO_TARGET_DIR=/opt/rustwide/target" "-e" "CARGO_INCREMENTAL=0" "-e" "RUST_BACKTRACE=full" "-e" "RUSTFLAGS=--cap-lints=forbid -Dunexpected_cfgs" "-e" "RUSTDOCFLAGS=--cap-lints=forbid" "-e" "CARGO_HOME=/opt/rustwide/cargo-home" "-e" "RUSTUP_HOME=/opt/rustwide/rustup-home" "-w" "/opt/rustwide/workdir" "-m" "1610612736" "--user" "0:0" "--network" "none" "ghcr.io/rust-lang/crates-build-env/linux@sha256:2788e3201cd34a07e3172128adcd8b3090168a8e3bcc40d7c032b9dda1df7d1c" "/opt/rustwide/cargo-home/bin/cargo" "+nightly-2024-02-05" "check" "--frozen" "--all" "--all-targets" "--message-format=json" "-Zcheck-cfg", kill_on_drop: false }`
[INFO] [stdout] 9fa8766b6c9fa7d6e630e32d5812a4de27011faa4ce26aea43974d5caefd2f46
[INFO] running `Command { std: "docker" "start" "-a" "9fa8766b6c9fa7d6e630e32d5812a4de27011faa4ce26aea43974d5caefd2f46", kill_on_drop: false }`
[INFO] [stderr]    Compiling proc-macro2 v1.0.32
[INFO] [stderr]    Compiling unicode-xid v0.2.2
[INFO] [stderr]    Compiling libc v0.2.108
[INFO] [stderr]    Compiling syn v1.0.82
[INFO] [stderr]    Compiling autocfg v1.0.1
[INFO] [stderr]    Compiling memchr v2.4.1
[INFO] [stderr]    Compiling cc v1.0.72
[INFO] [stderr]    Compiling crossbeam-utils v0.8.5
[INFO] [stderr]    Compiling serde v1.0.130
[INFO] [stderr]    Compiling ryu v1.0.6
[INFO] [stderr]     Checking ppv-lite86 v0.2.15
[INFO] [stderr]    Compiling miniz_oxide v0.4.4
[INFO] [stderr]     Checking gimli v0.26.1
[INFO] [stderr]     Checking object v0.27.1
[INFO] [stderr]    Compiling parking_lot_core v0.8.5
[INFO] [stderr]    Compiling quote v1.0.10
[INFO] [stderr]     Checking getrandom v0.2.3
[INFO] [stderr]     Checking rustc-demangle v0.1.21
[INFO] [stderr]    Compiling serde_json v1.0.72
[INFO] [stderr]     Checking rand_core v0.6.3
[INFO] [stderr]     Checking crossbeam-channel v0.5.1
[INFO] [stderr]    Compiling backtrace v0.3.63
[INFO] [stderr]     Checking rand_chacha v0.3.1
[INFO] [stderr]     Checking rand v0.8.4
[INFO] [stderr]     Checking instant v0.1.12
[INFO] [stderr]     Checking byteorder v1.4.3
[INFO] [stderr]    Compiling itoa v0.4.8
[INFO] [stderr]     Checking match_cfg v0.1.0
[INFO] [stderr]    Compiling log v0.4.14
[INFO] [stderr]     Checking smallvec v1.7.0
[INFO] [stderr]     Checking lock_api v0.4.5
[INFO] [stderr]     Checking hostname v0.3.1
[INFO] [stderr]    Compiling tokio v1.14.0
[INFO] [stderr]    Compiling async-trait v0.1.51
[INFO] [stderr]     Checking dyn-clone v1.0.4
[INFO] [stderr]     Checking percent-encoding v2.1.0
[INFO] [stderr]     Checking creep v0.2.2
[INFO] [stderr]     Checking parking_lot v0.11.2
[INFO] [stderr]     Checking pin-project-lite v0.2.7
[INFO] [stderr]     Checking bytes v1.1.0
[INFO] [stderr]     Checking addr2line v0.17.0
[INFO] [stderr]    Compiling trackable_derive v1.0.0
[INFO] [stderr]    Compiling tokio-macros v1.6.0
[INFO] [stderr]     Checking trackable v1.2.0
[INFO] [stderr]    Compiling muta-apm-derive v0.1.0
[INFO] [stderr]     Checking trackable v0.2.24
[INFO] [stderr]     Checking rustracing v0.5.1
[INFO] [stderr]     Checking thrift_codec v0.1.1
[INFO] [stderr]     Checking rustracing_jaeger v0.7.0
[INFO] [stderr]     Checking muta-apm v0.1.0 (/opt/rustwide/workdir)
[INFO] [stdout] error: The default runtime flavor is `multi_thread`, but the `rt-multi-thread` feature is disabled.
[INFO] [stdout]   --> examples/example.rs:48:1
[INFO] [stdout]    |
[INFO] [stdout] 48 | #[tokio::main]
[INFO] [stdout]    | ^^^^^^^^^^^^^^
[INFO] [stdout]    |
[INFO] [stdout]    = note: this error originates in the attribute macro `tokio::main` (in Nightly builds, run with -Z macro-backtrace for more info)
[INFO] [stdout] 
[INFO] [stdout] 
[INFO] [stdout] error[E0432]: unresolved import `muta_protocol`
[INFO] [stdout]  --> examples/example.rs:8:5
[INFO] [stdout]   |
[INFO] [stdout] 8 | use muta_protocol::{ProtocolError, ProtocolErrorKind};
[INFO] [stdout]   |     ^^^^^^^^^^^^^ use of undeclared crate or module `muta_protocol`
[INFO] [stdout] 
[INFO] [stdout] 
[INFO] [stdout] error[E0425]: cannot find value `d` in this scope
[INFO] [stdout]    --> examples/example.rs:111:1
[INFO] [stdout]     |
[INFO] [stdout] 111 | #[tracing_span(kind = "main", tags = "{'a': 'b', 'c': 'd'}", logs = "{'c': 'm + 3'}")]
[INFO] [stdout]     | ^^^^^^^^^^^^^^^^^^^^^^^^^^^^^^^^^^^^^^^^^^^^^^^^^^^^^^^^^^^^^^^^^^^^^^^^^^^^^^^^^^^^^^ help: a local variable with a similar name exists: `a`
[INFO] [stdout]     |
[INFO] [stdout]     = note: this error originates in the attribute macro `tracing_span` (in Nightly builds, run with -Z macro-backtrace for more info)
[INFO] [stdout] 
[INFO] [stdout] 
[INFO] [stdout] warning: unused import: `std::io`
[INFO] [stdout]   --> examples/example.rs:42:13
[INFO] [stdout]    |
[INFO] [stdout] 42 |         use std::io;
[INFO] [stdout]    |             ^^^^^^^
[INFO] [stdout]    |
[INFO] [stdout]    = note: `#[warn(unused_imports)]` on by default
[INFO] [stdout] 
[INFO] [stdout] 
[INFO] [stdout] error: aborting due to 3 previous errors; 1 warning emitted
[INFO] [stdout] 
[INFO] [stdout] 
[INFO] [stdout] Some errors have detailed explanations: E0425, E0432.
[INFO] [stdout] 
[INFO] [stdout] For more information about an error, try `rustc --explain E0425`.
[INFO] [stdout] 
[INFO] [stderr] error: could not compile `muta-apm` (example "example") due to 4 previous errors; 1 warning emitted
[INFO] running `Command { std: "docker" "inspect" "9fa8766b6c9fa7d6e630e32d5812a4de27011faa4ce26aea43974d5caefd2f46", kill_on_drop: false }`
[INFO] running `Command { std: "docker" "rm" "-f" "9fa8766b6c9fa7d6e630e32d5812a4de27011faa4ce26aea43974d5caefd2f46", kill_on_drop: false }`
[INFO] [stdout] 9fa8766b6c9fa7d6e630e32d5812a4de27011faa4ce26aea43974d5caefd2f46
