[INFO] fetching crate msql-srv 0.10.0...
[INFO] checking msql-srv-0.10.0 against nightly-2024-02-05 for check-cfg
[INFO] extracting crate msql-srv 0.10.0 into /workspace/builds/worker-7-tc1/source
[INFO] validating manifest of crates.io crate msql-srv 0.10.0 on toolchain nightly-2024-02-05
[INFO] running `Command { std: CARGO_HOME="/workspace/cargo-home" RUSTUP_HOME="/workspace/rustup-home" "/workspace/cargo-home/bin/cargo" "+nightly-2024-02-05" "metadata" "--manifest-path" "Cargo.toml" "--no-deps", kill_on_drop: false }`
[INFO] started tweaking crates.io crate msql-srv 0.10.0
[INFO] finished tweaking crates.io crate msql-srv 0.10.0
[INFO] tweaked toml for crates.io crate msql-srv 0.10.0 written to /workspace/builds/worker-7-tc1/source/Cargo.toml
[INFO] crate crates.io crate msql-srv 0.10.0 already has a lockfile, it will not be regenerated
[INFO] running `Command { std: CARGO_HOME="/workspace/cargo-home" RUSTUP_HOME="/workspace/rustup-home" "/workspace/cargo-home/bin/cargo" "+nightly-2024-02-05" "fetch" "--manifest-path" "Cargo.toml", kill_on_drop: false }`
[INFO] [stderr]     Updating crates.io index
[INFO] [stderr]  Downloading crates ...
[INFO] [stderr]   Downloaded cxxbridge-macro v1.0.68
[INFO] [stderr]   Downloaded cxxbridge-flags v1.0.68
[INFO] [stderr]   Downloaded saturating v0.1.0
[INFO] [stderr]   Downloaded postgres-types v0.2.1
[INFO] [stderr]   Downloaded bigdecimal v0.3.0
[INFO] [stderr]   Downloaded priority-queue v1.3.0
[INFO] [stderr]   Downloaded tokio-postgres v0.7.2
[INFO] [stderr]   Downloaded frunk_proc_macro_helpers v0.1.1
[INFO] [stderr]   Downloaded frunk_proc_macros_impl v0.1.1
[INFO] [stderr]   Downloaded frunk_derives v0.4.1
[INFO] [stderr]   Downloaded frunk_proc_macros v0.1.1
[INFO] [stderr]   Downloaded postgres-protocol v0.6.1
[INFO] [stderr]   Downloaded twox-hash v1.6.0
[INFO] [stderr]   Downloaded io-enum v1.0.2
[INFO] [stderr]   Downloaded parking_lot_core v0.8.4
[INFO] [stderr]   Downloaded postgres v0.19.1
[INFO] [stderr]   Downloaded futures v0.3.16
[INFO] [stderr]   Downloaded cxx-build v1.0.68
[INFO] [stderr]   Downloaded tokio v1.24.1
[INFO] [stderr]   Downloaded rustls v0.20.7
[INFO] [stderr]   Downloaded cxx v1.0.68
[INFO] [stderr]   Downloaded mysql_common v0.29.2
[INFO] [stderr]   Downloaded nom v7.1.2
[INFO] [stderr]   Downloaded unicode-normalization v0.1.18
[INFO] [stderr]   Downloaded mysql v23.0.1
[INFO] [stderr]   Downloaded mysql_async v0.31.2
[INFO] [stderr]   Downloaded clang-sys v1.4.0
[INFO] [stderr]   Downloaded frunk v0.4.1
[INFO] [stderr]   Downloaded frunk_core v0.4.1
[INFO] [stderr]   Downloaded rcgen v0.8.14
[INFO] [stderr]   Downloaded named_pipe v0.4.1
[INFO] [stderr]   Downloaded sha2 v0.9.6
[INFO] [stderr]   Downloaded siphasher v0.3.6
[INFO] [stderr]   Downloaded pem v1.1.0
[INFO] [stderr]   Downloaded futures-executor v0.3.16
[INFO] [stderr]   Downloaded vcpkg v0.2.13
[INFO] [stderr]   Downloaded yasna v0.4.0
[INFO] [stderr]   Downloaded rust_decimal v1.14.1
[INFO] running `Command { std: "docker" "create" "-v" "/var/lib/crater-agent-workspace/builds/worker-7-tc1/target:/opt/rustwide/target:rw,Z" "-v" "/var/lib/crater-agent-workspace/builds/worker-7-tc1/source:/opt/rustwide/workdir:ro,Z" "-v" "/var/lib/crater-agent-workspace/cargo-home:/opt/rustwide/cargo-home:ro,Z" "-v" "/var/lib/crater-agent-workspace/rustup-home:/opt/rustwide/rustup-home:ro,Z" "-e" "SOURCE_DIR=/opt/rustwide/workdir" "-e" "CARGO_TARGET_DIR=/opt/rustwide/target" "-e" "CARGO_HOME=/opt/rustwide/cargo-home" "-e" "RUSTUP_HOME=/opt/rustwide/rustup-home" "-w" "/opt/rustwide/workdir" "-m" "1610612736" "--user" "0:0" "--network" "none" "ghcr.io/rust-lang/crates-build-env/linux@sha256:2788e3201cd34a07e3172128adcd8b3090168a8e3bcc40d7c032b9dda1df7d1c" "/opt/rustwide/cargo-home/bin/cargo" "+nightly-2024-02-05" "metadata" "--no-deps" "--format-version=1", kill_on_drop: false }`
[INFO] [stdout] 3d51292a09c8b927a78040b0c4839ad5ff5202b6fe35c366b9e803b16c363a1f
[INFO] running `Command { std: "docker" "start" "-a" "3d51292a09c8b927a78040b0c4839ad5ff5202b6fe35c366b9e803b16c363a1f", kill_on_drop: false }`
[INFO] running `Command { std: "docker" "inspect" "3d51292a09c8b927a78040b0c4839ad5ff5202b6fe35c366b9e803b16c363a1f", kill_on_drop: false }`
[INFO] running `Command { std: "docker" "rm" "-f" "3d51292a09c8b927a78040b0c4839ad5ff5202b6fe35c366b9e803b16c363a1f", kill_on_drop: false }`
[INFO] [stdout] 3d51292a09c8b927a78040b0c4839ad5ff5202b6fe35c366b9e803b16c363a1f
[INFO] running `Command { std: "docker" "create" "-v" "/var/lib/crater-agent-workspace/builds/worker-7-tc1/target:/opt/rustwide/target:rw,Z" "-v" "/var/lib/crater-agent-workspace/builds/worker-7-tc1/source:/opt/rustwide/workdir:ro,Z" "-v" "/var/lib/crater-agent-workspace/cargo-home:/opt/rustwide/cargo-home:ro,Z" "-v" "/var/lib/crater-agent-workspace/rustup-home:/opt/rustwide/rustup-home:ro,Z" "-e" "SOURCE_DIR=/opt/rustwide/workdir" "-e" "CARGO_TARGET_DIR=/opt/rustwide/target" "-e" "CARGO_INCREMENTAL=0" "-e" "RUST_BACKTRACE=full" "-e" "RUSTFLAGS=--cap-lints=forbid" "-e" "RUSTDOCFLAGS=--cap-lints=forbid" "-e" "CARGO_HOME=/opt/rustwide/cargo-home" "-e" "RUSTUP_HOME=/opt/rustwide/rustup-home" "-w" "/opt/rustwide/workdir" "-m" "1610612736" "--user" "0:0" "--network" "none" "ghcr.io/rust-lang/crates-build-env/linux@sha256:2788e3201cd34a07e3172128adcd8b3090168a8e3bcc40d7c032b9dda1df7d1c" "/opt/rustwide/cargo-home/bin/cargo" "+nightly-2024-02-05" "check" "--frozen" "--all" "--all-targets" "--message-format=json", kill_on_drop: false }`
[INFO] [stdout] 2d0b5faecacad22d96d635d7e7a28a96dd70e89f41c9057ab830387633f846fd
[INFO] running `Command { std: "docker" "start" "-a" "2d0b5faecacad22d96d635d7e7a28a96dd70e89f41c9057ab830387633f846fd", kill_on_drop: false }`
[INFO] [stderr]    Compiling libc v0.2.139
[INFO] [stderr]    Compiling proc-macro2 v1.0.27
[INFO] [stderr]    Compiling unicode-xid v0.2.2
[INFO] [stderr]    Compiling syn v1.0.72
[INFO] [stderr]    Compiling version_check v0.9.3
[INFO] [stderr]    Compiling memchr v2.4.0
[INFO] [stderr]    Compiling cc v1.0.78
[INFO] [stderr]    Compiling typenum v1.16.0
[INFO] [stderr]     Checking once_cell v1.17.0
[INFO] [stderr]    Compiling pkg-config v0.3.19
[INFO] [stderr]    Compiling generic-array v0.14.4
[INFO] [stderr]    Compiling proc-macro-hack v0.5.19
[INFO] [stdout] error[E0422]: cannot find struct, variant or union type `LineColumn` in crate `proc_macro`
[INFO] [stdout]    --> /opt/rustwide/cargo-home/registry/src/index.crates.io-6f17d22bba15001f/proc-macro2-1.0.27/src/wrapper.rs:485:33
[INFO] [stdout]     |
[INFO] [stdout] 485 |                 let proc_macro::LineColumn { line, column } = s.start();
[INFO] [stdout]     |                                 ^^^^^^^^^^ not found in `proc_macro`
[INFO] [stdout]     |
[INFO] [stdout] help: consider importing one of these items
[INFO] [stdout]     |
[INFO] [stdout] 1   + use crate::LineColumn;
[INFO] [stdout]     |
[INFO] [stdout] 1   + use crate::fallback::LineColumn;
[INFO] [stdout]     |
[INFO] [stdout] help: if you import `LineColumn`, refer to it directly
[INFO] [stdout]     |
[INFO] [stdout] 485 -                 let proc_macro::LineColumn { line, column } = s.start();
[INFO] [stdout] 485 +                 let LineColumn { line, column } = s.start();
[INFO] [stdout]     |
[INFO] [stdout] 
[INFO] [stdout] 
[INFO] [stdout] error[E0422]: cannot find struct, variant or union type `LineColumn` in crate `proc_macro`
[INFO] [stdout]    --> /opt/rustwide/cargo-home/registry/src/index.crates.io-6f17d22bba15001f/proc-macro2-1.0.27/src/wrapper.rs:502:33
[INFO] [stdout]     |
[INFO] [stdout] 502 |                 let proc_macro::LineColumn { line, column } = s.end();
[INFO] [stdout]     |                                 ^^^^^^^^^^ not found in `proc_macro`
[INFO] [stdout]     |
[INFO] [stdout] help: consider importing one of these items
[INFO] [stdout]     |
[INFO] [stdout] 1   + use crate::LineColumn;
[INFO] [stdout]     |
[INFO] [stdout] 1   + use crate::fallback::LineColumn;
[INFO] [stdout]     |
[INFO] [stdout] help: if you import `LineColumn`, refer to it directly
[INFO] [stdout]     |
[INFO] [stdout] 502 -                 let proc_macro::LineColumn { line, column } = s.end();
[INFO] [stdout] 502 +                 let LineColumn { line, column } = s.end();
[INFO] [stdout]     |
[INFO] [stdout] 
[INFO] [stdout] 
[INFO] [stdout] error: aborting due to 2 previous errors
[INFO] [stdout] 
[INFO] [stdout] 
[INFO] [stdout] For more information about this error, try `rustc --explain E0422`.
[INFO] [stdout] 
[INFO] [stderr]     Checking scopeguard v1.1.0
[INFO] [stderr] error: could not compile `proc-macro2` (lib) due to 3 previous errors
[INFO] [stderr] warning: build failed, waiting for other jobs to finish...
[INFO] running `Command { std: "docker" "inspect" "2d0b5faecacad22d96d635d7e7a28a96dd70e89f41c9057ab830387633f846fd", kill_on_drop: false }`
[INFO] running `Command { std: "docker" "rm" "-f" "2d0b5faecacad22d96d635d7e7a28a96dd70e89f41c9057ab830387633f846fd", kill_on_drop: false }`
[INFO] [stdout] 2d0b5faecacad22d96d635d7e7a28a96dd70e89f41c9057ab830387633f846fd
[INFO] checking msql-srv-0.10.0 against nightly-2024-02-05+rustflags=-Dunexpected_cfgs+cargoflags=-Zcheck-cfg for check-cfg
[INFO] extracting crate msql-srv 0.10.0 into /workspace/builds/worker-7-tc2/source
[INFO] validating manifest of crates.io crate msql-srv 0.10.0 on toolchain nightly-2024-02-05
[INFO] running `Command { std: CARGO_HOME="/workspace/cargo-home" RUSTUP_HOME="/workspace/rustup-home" "/workspace/cargo-home/bin/cargo" "+nightly-2024-02-05" "metadata" "--manifest-path" "Cargo.toml" "--no-deps", kill_on_drop: false }`
[INFO] started tweaking crates.io crate msql-srv 0.10.0
[INFO] finished tweaking crates.io crate msql-srv 0.10.0
[INFO] tweaked toml for crates.io crate msql-srv 0.10.0 written to /workspace/builds/worker-7-tc2/source/Cargo.toml
[INFO] crate crates.io crate msql-srv 0.10.0 already has a lockfile, it will not be regenerated
[INFO] running `Command { std: CARGO_HOME="/workspace/cargo-home" RUSTUP_HOME="/workspace/rustup-home" "/workspace/cargo-home/bin/cargo" "+nightly-2024-02-05" "fetch" "--manifest-path" "Cargo.toml", kill_on_drop: false }`
[INFO] running `Command { std: "docker" "create" "-v" "/var/lib/crater-agent-workspace/builds/worker-7-tc2/target:/opt/rustwide/target:rw,Z" "-v" "/var/lib/crater-agent-workspace/builds/worker-7-tc2/source:/opt/rustwide/workdir:ro,Z" "-v" "/var/lib/crater-agent-workspace/cargo-home:/opt/rustwide/cargo-home:ro,Z" "-v" "/var/lib/crater-agent-workspace/rustup-home:/opt/rustwide/rustup-home:ro,Z" "-e" "SOURCE_DIR=/opt/rustwide/workdir" "-e" "CARGO_TARGET_DIR=/opt/rustwide/target" "-e" "CARGO_HOME=/opt/rustwide/cargo-home" "-e" "RUSTUP_HOME=/opt/rustwide/rustup-home" "-w" "/opt/rustwide/workdir" "-m" "1610612736" "--user" "0:0" "--network" "none" "ghcr.io/rust-lang/crates-build-env/linux@sha256:2788e3201cd34a07e3172128adcd8b3090168a8e3bcc40d7c032b9dda1df7d1c" "/opt/rustwide/cargo-home/bin/cargo" "+nightly-2024-02-05" "metadata" "--no-deps" "--format-version=1", kill_on_drop: false }`
[INFO] [stdout] cc457aceba52c33aafe3a98ef63a6247067aead205b50ee4b32357251c4741ea
[INFO] running `Command { std: "docker" "start" "-a" "cc457aceba52c33aafe3a98ef63a6247067aead205b50ee4b32357251c4741ea", kill_on_drop: false }`
[INFO] running `Command { std: "docker" "inspect" "cc457aceba52c33aafe3a98ef63a6247067aead205b50ee4b32357251c4741ea", kill_on_drop: false }`
[INFO] running `Command { std: "docker" "rm" "-f" "cc457aceba52c33aafe3a98ef63a6247067aead205b50ee4b32357251c4741ea", kill_on_drop: false }`
[INFO] [stdout] cc457aceba52c33aafe3a98ef63a6247067aead205b50ee4b32357251c4741ea
[INFO] running `Command { std: "docker" "create" "-v" "/var/lib/crater-agent-workspace/builds/worker-7-tc2/target:/opt/rustwide/target:rw,Z" "-v" "/var/lib/crater-agent-workspace/builds/worker-7-tc2/source:/opt/rustwide/workdir:ro,Z" "-v" "/var/lib/crater-agent-workspace/cargo-home:/opt/rustwide/cargo-home:ro,Z" "-v" "/var/lib/crater-agent-workspace/rustup-home:/opt/rustwide/rustup-home:ro,Z" "-e" "SOURCE_DIR=/opt/rustwide/workdir" "-e" "CARGO_TARGET_DIR=/opt/rustwide/target" "-e" "CARGO_INCREMENTAL=0" "-e" "RUST_BACKTRACE=full" "-e" "RUSTFLAGS=--cap-lints=forbid -Dunexpected_cfgs" "-e" "RUSTDOCFLAGS=--cap-lints=forbid" "-e" "CARGO_HOME=/opt/rustwide/cargo-home" "-e" "RUSTUP_HOME=/opt/rustwide/rustup-home" "-w" "/opt/rustwide/workdir" "-m" "1610612736" "--user" "0:0" "--network" "none" "ghcr.io/rust-lang/crates-build-env/linux@sha256:2788e3201cd34a07e3172128adcd8b3090168a8e3bcc40d7c032b9dda1df7d1c" "/opt/rustwide/cargo-home/bin/cargo" "+nightly-2024-02-05" "check" "--frozen" "--all" "--all-targets" "--message-format=json" "-Zcheck-cfg", kill_on_drop: false }`
[INFO] [stdout] 87676e43d07942b9a4f29815be34baa8747aaca8c30746f0ecf9219e81a5b06c
[INFO] running `Command { std: "docker" "start" "-a" "87676e43d07942b9a4f29815be34baa8747aaca8c30746f0ecf9219e81a5b06c", kill_on_drop: false }`
[INFO] [stderr]    Compiling libc v0.2.139
[INFO] [stderr]    Compiling proc-macro2 v1.0.27
[INFO] [stderr]    Compiling unicode-xid v0.2.2
[INFO] [stderr]    Compiling syn v1.0.72
[INFO] [stderr]    Compiling version_check v0.9.3
[INFO] [stderr]    Compiling memchr v2.4.0
[INFO] [stderr]    Compiling cc v1.0.78
[INFO] [stderr]    Compiling typenum v1.16.0
[INFO] [stderr]     Checking once_cell v1.17.0
[INFO] [stderr]    Compiling pkg-config v0.3.19
[INFO] [stderr]    Compiling proc-macro-hack v0.5.19
[INFO] [stderr]    Compiling generic-array v0.14.4
[INFO] [stdout] error[E0422]: cannot find struct, variant or union type `LineColumn` in crate `proc_macro`
[INFO] [stdout]    --> /opt/rustwide/cargo-home/registry/src/index.crates.io-6f17d22bba15001f/proc-macro2-1.0.27/src/wrapper.rs:485:33
[INFO] [stdout]     |
[INFO] [stdout] 485 |                 let proc_macro::LineColumn { line, column } = s.start();
[INFO] [stdout]     |                                 ^^^^^^^^^^ not found in `proc_macro`
[INFO] [stdout]     |
[INFO] [stdout] help: consider importing one of these items
[INFO] [stdout]     |
[INFO] [stdout] 1   + use crate::LineColumn;
[INFO] [stdout]     |
[INFO] [stdout] 1   + use crate::fallback::LineColumn;
[INFO] [stdout]     |
[INFO] [stdout] help: if you import `LineColumn`, refer to it directly
[INFO] [stdout]     |
[INFO] [stdout] 485 -                 let proc_macro::LineColumn { line, column } = s.start();
[INFO] [stdout] 485 +                 let LineColumn { line, column } = s.start();
[INFO] [stdout]     |
[INFO] [stdout] 
[INFO] [stdout] 
[INFO] [stdout] error[E0422]: cannot find struct, variant or union type `LineColumn` in crate `proc_macro`
[INFO] [stdout]    --> /opt/rustwide/cargo-home/registry/src/index.crates.io-6f17d22bba15001f/proc-macro2-1.0.27/src/wrapper.rs:502:33
[INFO] [stdout]     |
[INFO] [stdout] 502 |                 let proc_macro::LineColumn { line, column } = s.end();
[INFO] [stdout]     |                                 ^^^^^^^^^^ not found in `proc_macro`
[INFO] [stdout]     |
[INFO] [stdout] help: consider importing one of these items
[INFO] [stdout]     |
[INFO] [stdout] 1   + use crate::LineColumn;
[INFO] [stdout]     |
[INFO] [stdout] 1   + use crate::fallback::LineColumn;
[INFO] [stdout]     |
[INFO] [stdout] help: if you import `LineColumn`, refer to it directly
[INFO] [stdout]     |
[INFO] [stdout] 502 -                 let proc_macro::LineColumn { line, column } = s.end();
[INFO] [stdout] 502 +                 let LineColumn { line, column } = s.end();
[INFO] [stdout]     |
[INFO] [stdout] 
[INFO] [stdout] 
[INFO] [stdout] error: aborting due to 2 previous errors
[INFO] [stdout] 
[INFO] [stdout] 
[INFO] [stdout] For more information about this error, try `rustc --explain E0422`.
[INFO] [stdout] 
[INFO] [stderr] error: could not compile `proc-macro2` (lib) due to 3 previous errors
[INFO] [stderr] warning: build failed, waiting for other jobs to finish...
[INFO] running `Command { std: "docker" "inspect" "87676e43d07942b9a4f29815be34baa8747aaca8c30746f0ecf9219e81a5b06c", kill_on_drop: false }`
[INFO] running `Command { std: "docker" "rm" "-f" "87676e43d07942b9a4f29815be34baa8747aaca8c30746f0ecf9219e81a5b06c", kill_on_drop: false }`
[INFO] [stdout] 87676e43d07942b9a4f29815be34baa8747aaca8c30746f0ecf9219e81a5b06c
