[INFO] fetching crate mqtt4bytes 0.4.0...
[INFO] checking mqtt4bytes-0.4.0 against nightly-2024-02-05 for check-cfg
[INFO] extracting crate mqtt4bytes 0.4.0 into /workspace/builds/worker-4-tc1/source
[INFO] validating manifest of crates.io crate mqtt4bytes 0.4.0 on toolchain nightly-2024-02-05
[INFO] running `Command { std: CARGO_HOME="/workspace/cargo-home" RUSTUP_HOME="/workspace/rustup-home" "/workspace/cargo-home/bin/cargo" "+nightly-2024-02-05" "metadata" "--manifest-path" "Cargo.toml" "--no-deps", kill_on_drop: false }`
[INFO] started tweaking crates.io crate mqtt4bytes 0.4.0
[INFO] finished tweaking crates.io crate mqtt4bytes 0.4.0
[INFO] tweaked toml for crates.io crate mqtt4bytes 0.4.0 written to /workspace/builds/worker-4-tc1/source/Cargo.toml
[INFO] running `Command { std: CARGO_HOME="/workspace/cargo-home" RUSTUP_HOME="/workspace/rustup-home" "/workspace/cargo-home/bin/cargo" "+nightly-2024-02-05" "generate-lockfile" "--manifest-path" "Cargo.toml", kill_on_drop: false }`
[INFO] [stderr]     Updating crates.io index
[INFO] running `Command { std: CARGO_HOME="/workspace/cargo-home" RUSTUP_HOME="/workspace/rustup-home" "/workspace/cargo-home/bin/cargo" "+nightly-2024-02-05" "fetch" "--manifest-path" "Cargo.toml", kill_on_drop: false }`
[INFO] running `Command { std: "docker" "create" "-v" "/var/lib/crater-agent-workspace/builds/worker-4-tc1/target:/opt/rustwide/target:rw,Z" "-v" "/var/lib/crater-agent-workspace/builds/worker-4-tc1/source:/opt/rustwide/workdir:ro,Z" "-v" "/var/lib/crater-agent-workspace/cargo-home:/opt/rustwide/cargo-home:ro,Z" "-v" "/var/lib/crater-agent-workspace/rustup-home:/opt/rustwide/rustup-home:ro,Z" "-e" "SOURCE_DIR=/opt/rustwide/workdir" "-e" "CARGO_TARGET_DIR=/opt/rustwide/target" "-e" "CARGO_HOME=/opt/rustwide/cargo-home" "-e" "RUSTUP_HOME=/opt/rustwide/rustup-home" "-w" "/opt/rustwide/workdir" "-m" "1610612736" "--user" "0:0" "--network" "none" "ghcr.io/rust-lang/crates-build-env/linux@sha256:2788e3201cd34a07e3172128adcd8b3090168a8e3bcc40d7c032b9dda1df7d1c" "/opt/rustwide/cargo-home/bin/cargo" "+nightly-2024-02-05" "metadata" "--no-deps" "--format-version=1", kill_on_drop: false }`
[INFO] [stdout] 34a207e3a593c4b9d0cf35e6c3c3c50d5df3b6fc1bb17a7a96520436b8d8a789
[INFO] running `Command { std: "docker" "start" "-a" "34a207e3a593c4b9d0cf35e6c3c3c50d5df3b6fc1bb17a7a96520436b8d8a789", kill_on_drop: false }`
[INFO] running `Command { std: "docker" "inspect" "34a207e3a593c4b9d0cf35e6c3c3c50d5df3b6fc1bb17a7a96520436b8d8a789", kill_on_drop: false }`
[INFO] running `Command { std: "docker" "rm" "-f" "34a207e3a593c4b9d0cf35e6c3c3c50d5df3b6fc1bb17a7a96520436b8d8a789", kill_on_drop: false }`
[INFO] [stdout] 34a207e3a593c4b9d0cf35e6c3c3c50d5df3b6fc1bb17a7a96520436b8d8a789
[INFO] running `Command { std: "docker" "create" "-v" "/var/lib/crater-agent-workspace/builds/worker-4-tc1/target:/opt/rustwide/target:rw,Z" "-v" "/var/lib/crater-agent-workspace/builds/worker-4-tc1/source:/opt/rustwide/workdir:ro,Z" "-v" "/var/lib/crater-agent-workspace/cargo-home:/opt/rustwide/cargo-home:ro,Z" "-v" "/var/lib/crater-agent-workspace/rustup-home:/opt/rustwide/rustup-home:ro,Z" "-e" "SOURCE_DIR=/opt/rustwide/workdir" "-e" "CARGO_TARGET_DIR=/opt/rustwide/target" "-e" "CARGO_INCREMENTAL=0" "-e" "RUST_BACKTRACE=full" "-e" "RUSTFLAGS=--cap-lints=forbid" "-e" "RUSTDOCFLAGS=--cap-lints=forbid" "-e" "CARGO_HOME=/opt/rustwide/cargo-home" "-e" "RUSTUP_HOME=/opt/rustwide/rustup-home" "-w" "/opt/rustwide/workdir" "-m" "1610612736" "--user" "0:0" "--network" "none" "ghcr.io/rust-lang/crates-build-env/linux@sha256:2788e3201cd34a07e3172128adcd8b3090168a8e3bcc40d7c032b9dda1df7d1c" "/opt/rustwide/cargo-home/bin/cargo" "+nightly-2024-02-05" "check" "--frozen" "--all" "--all-targets" "--message-format=json", kill_on_drop: false }`
[INFO] [stdout] a9b24f2a7d6e4484bc5152eb4266a449256071b6b0372096c7bc1a07b88cc83c
[INFO] running `Command { std: "docker" "start" "-a" "a9b24f2a7d6e4484bc5152eb4266a449256071b6b0372096c7bc1a07b88cc83c", kill_on_drop: false }`
[INFO] [stderr]    Compiling crossbeam-utils v0.8.19
[INFO] [stderr]    Compiling serde v1.0.196
[INFO] [stderr]    Compiling rayon-core v1.12.1
[INFO] [stderr]    Compiling num-traits v0.2.17
[INFO] [stderr]     Checking either v1.9.0
[INFO] [stderr]     Checking getrandom v0.1.16
[INFO] [stderr]     Checking plotters-backend v0.3.5
[INFO] [stderr]     Checking unicode-width v0.1.11
[INFO] [stderr]     Checking memchr v2.7.1
[INFO] [stderr]     Checking rand_core v0.5.1
[INFO] [stderr]     Checking plotters-svg v0.3.5
[INFO] [stderr]     Checking itertools v0.10.5
[INFO] [stderr]     Checking textwrap v0.11.0
[INFO] [stderr]     Checking regex-automata v0.4.5
[INFO] [stderr]    Compiling syn v2.0.48
[INFO] [stderr]     Checking half v1.8.2
[INFO] [stderr]     Checking csv-core v0.1.11
[INFO] [stderr]     Checking cast v0.3.0
[INFO] [stderr]     Checking walkdir v2.4.0
[INFO] [stderr]     Checking clap v2.34.0
[INFO] [stderr]     Checking rand_chacha v0.2.2
[INFO] [stderr]     Checking crossbeam-epoch v0.9.18
[INFO] [stderr]     Checking oorandom v11.1.3
[INFO] [stderr]     Checking bytes v0.6.0
[INFO] [stderr]     Checking crossbeam-deque v0.8.5
[INFO] [stderr]     Checking pretty_assertions v0.6.1
[INFO] [stderr]     Checking criterion-plot v0.4.5
[INFO] [stderr]     Checking rand v0.7.3
[INFO] [stderr]     Checking mqtt4bytes v0.4.0 (/opt/rustwide/workdir)
[INFO] [stderr]     Checking plotters v0.3.5
[INFO] [stderr]     Checking rayon v1.8.1
[INFO] [stderr]     Checking regex v1.10.3
[INFO] [stderr]     Checking serde_json v1.0.113
[INFO] [stderr]     Checking serde_cbor v0.11.2
[INFO] [stderr]     Checking csv v1.3.0
[INFO] [stderr]    Compiling serde_derive v1.0.196
[INFO] [stderr]     Checking tinytemplate v1.2.1
[INFO] [stderr]     Checking criterion v0.3.6
[INFO] [stdout] warning: panic message is not a string literal
[INFO] [stdout]   --> tests/smoke.rs:28:30
[INFO] [stdout]    |
[INFO] [stdout] 28 |             Err(e) => panic!(e),
[INFO] [stdout]    |                              ^
[INFO] [stdout]    |
[INFO] [stdout]    = note: this usage of `panic!()` is deprecated; it will be a hard error in Rust 2021
[INFO] [stdout]    = note: for more information, see <https://doc.rust-lang.org/nightly/edition-guide/rust-2021/panic-macro-consistency.html>
[INFO] [stdout]    = note: `#[warn(non_fmt_panics)]` on by default
[INFO] [stdout] help: add a "{}" format string to `Display` the message
[INFO] [stdout]    |
[INFO] [stdout] 28 |             Err(e) => panic!("{}", e),
[INFO] [stdout]    |                              +++++
[INFO] [stdout] help: or use std::panic::panic_any instead
[INFO] [stdout]    |
[INFO] [stdout] 28 |             Err(e) => std::panic::panic_any(e),
[INFO] [stdout]    |                       ~~~~~~~~~~~~~~~~~~~~~
[INFO] [stdout] 
[INFO] [stdout] 
[INFO] [stdout] warning: panic message is not a string literal
[INFO] [stdout]   --> tests/smoke.rs:78:30
[INFO] [stdout]    |
[INFO] [stdout] 78 |             Err(e) => panic!(e),
[INFO] [stdout]    |                              ^
[INFO] [stdout]    |
[INFO] [stdout]    = note: this usage of `panic!()` is deprecated; it will be a hard error in Rust 2021
[INFO] [stdout]    = note: for more information, see <https://doc.rust-lang.org/nightly/edition-guide/rust-2021/panic-macro-consistency.html>
[INFO] [stdout] help: add a "{}" format string to `Display` the message
[INFO] [stdout]    |
[INFO] [stdout] 78 |             Err(e) => panic!("{}", e),
[INFO] [stdout]    |                              +++++
[INFO] [stdout] help: or use std::panic::panic_any instead
[INFO] [stdout]    |
[INFO] [stdout] 78 |             Err(e) => std::panic::panic_any(e),
[INFO] [stdout]    |                       ~~~~~~~~~~~~~~~~~~~~~
[INFO] [stdout] 
[INFO] [stdout] 
[INFO] [stdout] warning: 2 warnings emitted
[INFO] [stdout] 
[INFO] [stdout] 
[INFO] [stdout] error[E0599]: no method named `set_pkid` found for struct `mqtt4bytes::Publish` in the current scope
[INFO] [stdout]   --> benches/bench.rs:11:11
[INFO] [stdout]    |
[INFO] [stdout] 11 |         p.set_pkid(1);
[INFO] [stdout]    |           ^^^^^^^^ method not found in `Publish`
[INFO] [stdout] 
[INFO] [stdout] 
[INFO] [stdout] error[E0599]: no method named `set_pkid` found for struct `mqtt4bytes::Publish` in the current scope
[INFO] [stdout]   --> benches/bench.rs:21:13
[INFO] [stdout]    |
[INFO] [stdout] 21 |     publish.set_pkid(1);
[INFO] [stdout]    |             ^^^^^^^^ method not found in `Publish`
[INFO] [stdout] 
[INFO] [stdout] 
[INFO] [stdout] error: aborting due to 2 previous errors
[INFO] [stdout] 
[INFO] [stdout] 
[INFO] [stdout] For more information about this error, try `rustc --explain E0599`.
[INFO] [stdout] 
[INFO] [stderr] error: could not compile `mqtt4bytes` (bench "bench") due to 3 previous errors
[INFO] [stderr] warning: build failed, waiting for other jobs to finish...
[INFO] running `Command { std: "docker" "inspect" "a9b24f2a7d6e4484bc5152eb4266a449256071b6b0372096c7bc1a07b88cc83c", kill_on_drop: false }`
[INFO] running `Command { std: "docker" "rm" "-f" "a9b24f2a7d6e4484bc5152eb4266a449256071b6b0372096c7bc1a07b88cc83c", kill_on_drop: false }`
[INFO] [stdout] a9b24f2a7d6e4484bc5152eb4266a449256071b6b0372096c7bc1a07b88cc83c
[INFO] checking mqtt4bytes-0.4.0 against nightly-2024-02-05+rustflags=-Dunexpected_cfgs+cargoflags=-Zcheck-cfg for check-cfg
[INFO] extracting crate mqtt4bytes 0.4.0 into /workspace/builds/worker-4-tc2/source
[INFO] validating manifest of crates.io crate mqtt4bytes 0.4.0 on toolchain nightly-2024-02-05
[INFO] running `Command { std: CARGO_HOME="/workspace/cargo-home" RUSTUP_HOME="/workspace/rustup-home" "/workspace/cargo-home/bin/cargo" "+nightly-2024-02-05" "metadata" "--manifest-path" "Cargo.toml" "--no-deps", kill_on_drop: false }`
[INFO] started tweaking crates.io crate mqtt4bytes 0.4.0
[INFO] finished tweaking crates.io crate mqtt4bytes 0.4.0
[INFO] tweaked toml for crates.io crate mqtt4bytes 0.4.0 written to /workspace/builds/worker-4-tc2/source/Cargo.toml
[INFO] running `Command { std: CARGO_HOME="/workspace/cargo-home" RUSTUP_HOME="/workspace/rustup-home" "/workspace/cargo-home/bin/cargo" "+nightly-2024-02-05" "generate-lockfile" "--manifest-path" "Cargo.toml", kill_on_drop: false }`
[INFO] [stderr]     Updating crates.io index
[INFO] running `Command { std: CARGO_HOME="/workspace/cargo-home" RUSTUP_HOME="/workspace/rustup-home" "/workspace/cargo-home/bin/cargo" "+nightly-2024-02-05" "fetch" "--manifest-path" "Cargo.toml", kill_on_drop: false }`
[INFO] running `Command { std: "docker" "create" "-v" "/var/lib/crater-agent-workspace/builds/worker-4-tc2/target:/opt/rustwide/target:rw,Z" "-v" "/var/lib/crater-agent-workspace/builds/worker-4-tc2/source:/opt/rustwide/workdir:ro,Z" "-v" "/var/lib/crater-agent-workspace/cargo-home:/opt/rustwide/cargo-home:ro,Z" "-v" "/var/lib/crater-agent-workspace/rustup-home:/opt/rustwide/rustup-home:ro,Z" "-e" "SOURCE_DIR=/opt/rustwide/workdir" "-e" "CARGO_TARGET_DIR=/opt/rustwide/target" "-e" "CARGO_HOME=/opt/rustwide/cargo-home" "-e" "RUSTUP_HOME=/opt/rustwide/rustup-home" "-w" "/opt/rustwide/workdir" "-m" "1610612736" "--user" "0:0" "--network" "none" "ghcr.io/rust-lang/crates-build-env/linux@sha256:2788e3201cd34a07e3172128adcd8b3090168a8e3bcc40d7c032b9dda1df7d1c" "/opt/rustwide/cargo-home/bin/cargo" "+nightly-2024-02-05" "metadata" "--no-deps" "--format-version=1", kill_on_drop: false }`
[INFO] [stdout] 518281e7d542db029d40b6fb515948c4bd1b4f6a6b79d492564b6b5f2eea5c5f
[INFO] running `Command { std: "docker" "start" "-a" "518281e7d542db029d40b6fb515948c4bd1b4f6a6b79d492564b6b5f2eea5c5f", kill_on_drop: false }`
[INFO] running `Command { std: "docker" "inspect" "518281e7d542db029d40b6fb515948c4bd1b4f6a6b79d492564b6b5f2eea5c5f", kill_on_drop: false }`
[INFO] running `Command { std: "docker" "rm" "-f" "518281e7d542db029d40b6fb515948c4bd1b4f6a6b79d492564b6b5f2eea5c5f", kill_on_drop: false }`
[INFO] [stdout] 518281e7d542db029d40b6fb515948c4bd1b4f6a6b79d492564b6b5f2eea5c5f
[INFO] running `Command { std: "docker" "create" "-v" "/var/lib/crater-agent-workspace/builds/worker-4-tc2/target:/opt/rustwide/target:rw,Z" "-v" "/var/lib/crater-agent-workspace/builds/worker-4-tc2/source:/opt/rustwide/workdir:ro,Z" "-v" "/var/lib/crater-agent-workspace/cargo-home:/opt/rustwide/cargo-home:ro,Z" "-v" "/var/lib/crater-agent-workspace/rustup-home:/opt/rustwide/rustup-home:ro,Z" "-e" "SOURCE_DIR=/opt/rustwide/workdir" "-e" "CARGO_TARGET_DIR=/opt/rustwide/target" "-e" "CARGO_INCREMENTAL=0" "-e" "RUST_BACKTRACE=full" "-e" "RUSTFLAGS=--cap-lints=forbid -Dunexpected_cfgs" "-e" "RUSTDOCFLAGS=--cap-lints=forbid" "-e" "CARGO_HOME=/opt/rustwide/cargo-home" "-e" "RUSTUP_HOME=/opt/rustwide/rustup-home" "-w" "/opt/rustwide/workdir" "-m" "1610612736" "--user" "0:0" "--network" "none" "ghcr.io/rust-lang/crates-build-env/linux@sha256:2788e3201cd34a07e3172128adcd8b3090168a8e3bcc40d7c032b9dda1df7d1c" "/opt/rustwide/cargo-home/bin/cargo" "+nightly-2024-02-05" "check" "--frozen" "--all" "--all-targets" "--message-format=json" "-Zcheck-cfg", kill_on_drop: false }`
[INFO] [stdout] 43772e744d051eafecc8e042ad480774b92c42ae696100c70c0f1adece80a8d8
[INFO] running `Command { std: "docker" "start" "-a" "43772e744d051eafecc8e042ad480774b92c42ae696100c70c0f1adece80a8d8", kill_on_drop: false }`
[INFO] [stderr]    Compiling serde v1.0.196
[INFO] [stderr]    Compiling crossbeam-utils v0.8.19
[INFO] [stderr]    Compiling num-traits v0.2.17
[INFO] [stderr]     Checking either v1.9.0
[INFO] [stderr]    Compiling rayon-core v1.12.1
[INFO] [stderr]     Checking getrandom v0.1.16
[INFO] [stderr]     Checking plotters-backend v0.3.5
[INFO] [stderr]     Checking unicode-width v0.1.11
[INFO] [stderr]     Checking memchr v2.7.1
[INFO] [stderr]     Checking rand_core v0.5.1
[INFO] [stderr]     Checking itertools v0.10.5
[INFO] [stderr]     Checking plotters-svg v0.3.5
[INFO] [stderr]     Checking textwrap v0.11.0
[INFO] [stderr]     Checking regex-automata v0.4.5
[INFO] [stderr]    Compiling syn v2.0.48
[INFO] [stderr]     Checking cast v0.3.0
[INFO] [stderr]     Checking half v1.8.2
[INFO] [stderr]     Checking csv-core v0.1.11
[INFO] [stderr]     Checking walkdir v2.4.0
[INFO] [stderr]     Checking rand_chacha v0.2.2
[INFO] [stderr]     Checking clap v2.34.0
[INFO] [stderr]     Checking bytes v0.6.0
[INFO] [stderr]     Checking crossbeam-epoch v0.9.18
[INFO] [stderr]     Checking crossbeam-deque v0.8.5
[INFO] [stderr]     Checking oorandom v11.1.3
[INFO] [stderr]     Checking pretty_assertions v0.6.1
[INFO] [stderr]     Checking rand v0.7.3
[INFO] [stderr]     Checking plotters v0.3.5
[INFO] [stderr]     Checking criterion-plot v0.4.5
[INFO] [stderr]     Checking rayon v1.8.1
[INFO] [stderr]     Checking mqtt4bytes v0.4.0 (/opt/rustwide/workdir)
[INFO] [stderr]     Checking regex v1.10.3
[INFO] [stderr]     Checking serde_json v1.0.113
[INFO] [stderr]     Checking serde_cbor v0.11.2
[INFO] [stderr]     Checking csv v1.3.0
[INFO] [stderr]    Compiling serde_derive v1.0.196
[INFO] [stderr]     Checking tinytemplate v1.2.1
[INFO] [stderr]     Checking criterion v0.3.6
[INFO] [stdout] warning: panic message is not a string literal
[INFO] [stdout]   --> tests/smoke.rs:28:30
[INFO] [stdout]    |
[INFO] [stdout] 28 |             Err(e) => panic!(e),
[INFO] [stdout]    |                              ^
[INFO] [stdout]    |
[INFO] [stdout]    = note: this usage of `panic!()` is deprecated; it will be a hard error in Rust 2021
[INFO] [stdout]    = note: for more information, see <https://doc.rust-lang.org/nightly/edition-guide/rust-2021/panic-macro-consistency.html>
[INFO] [stdout]    = note: `#[warn(non_fmt_panics)]` on by default
[INFO] [stdout] help: add a "{}" format string to `Display` the message
[INFO] [stdout]    |
[INFO] [stdout] 28 |             Err(e) => panic!("{}", e),
[INFO] [stdout]    |                              +++++
[INFO] [stdout] help: or use std::panic::panic_any instead
[INFO] [stdout]    |
[INFO] [stdout] 28 |             Err(e) => std::panic::panic_any(e),
[INFO] [stdout]    |                       ~~~~~~~~~~~~~~~~~~~~~
[INFO] [stdout] 
[INFO] [stdout] 
[INFO] [stdout] warning: panic message is not a string literal
[INFO] [stdout]   --> tests/smoke.rs:78:30
[INFO] [stdout]    |
[INFO] [stdout] 78 |             Err(e) => panic!(e),
[INFO] [stdout]    |                              ^
[INFO] [stdout]    |
[INFO] [stdout]    = note: this usage of `panic!()` is deprecated; it will be a hard error in Rust 2021
[INFO] [stdout]    = note: for more information, see <https://doc.rust-lang.org/nightly/edition-guide/rust-2021/panic-macro-consistency.html>
[INFO] [stdout] help: add a "{}" format string to `Display` the message
[INFO] [stdout]    |
[INFO] [stdout] 78 |             Err(e) => panic!("{}", e),
[INFO] [stdout]    |                              +++++
[INFO] [stdout] help: or use std::panic::panic_any instead
[INFO] [stdout]    |
[INFO] [stdout] 78 |             Err(e) => std::panic::panic_any(e),
[INFO] [stdout]    |                       ~~~~~~~~~~~~~~~~~~~~~
[INFO] [stdout] 
[INFO] [stdout] 
[INFO] [stdout] warning: 2 warnings emitted
[INFO] [stdout] 
[INFO] [stdout] 
[INFO] [stdout] error[E0599]: no method named `set_pkid` found for struct `mqtt4bytes::Publish` in the current scope
[INFO] [stdout]   --> benches/bench.rs:11:11
[INFO] [stdout]    |
[INFO] [stdout] 11 |         p.set_pkid(1);
[INFO] [stdout]    |           ^^^^^^^^ method not found in `Publish`
[INFO] [stdout] 
[INFO] [stdout] 
[INFO] [stdout] error[E0599]: no method named `set_pkid` found for struct `mqtt4bytes::Publish` in the current scope
[INFO] [stdout]   --> benches/bench.rs:21:13
[INFO] [stdout]    |
[INFO] [stdout] 21 |     publish.set_pkid(1);
[INFO] [stdout]    |             ^^^^^^^^ method not found in `Publish`
[INFO] [stdout] 
[INFO] [stdout] 
[INFO] [stdout] error: aborting due to 2 previous errors
[INFO] [stdout] 
[INFO] [stdout] 
[INFO] [stdout] For more information about this error, try `rustc --explain E0599`.
[INFO] [stdout] 
[INFO] [stderr] error: could not compile `mqtt4bytes` (bench "bench") due to 3 previous errors
[INFO] [stderr] warning: build failed, waiting for other jobs to finish...
[INFO] running `Command { std: "docker" "inspect" "43772e744d051eafecc8e042ad480774b92c42ae696100c70c0f1adece80a8d8", kill_on_drop: false }`
[INFO] running `Command { std: "docker" "rm" "-f" "43772e744d051eafecc8e042ad480774b92c42ae696100c70c0f1adece80a8d8", kill_on_drop: false }`
[INFO] [stdout] 43772e744d051eafecc8e042ad480774b92c42ae696100c70c0f1adece80a8d8
