[INFO] fetching crate mping 0.4.2...
[INFO] checking mping-0.4.2 against nightly-2024-02-05 for check-cfg
[INFO] extracting crate mping 0.4.2 into /workspace/builds/worker-1-tc1/source
[INFO] validating manifest of crates.io crate mping 0.4.2 on toolchain nightly-2024-02-05
[INFO] running `Command { std: CARGO_HOME="/workspace/cargo-home" RUSTUP_HOME="/workspace/rustup-home" "/workspace/cargo-home/bin/cargo" "+nightly-2024-02-05" "metadata" "--manifest-path" "Cargo.toml" "--no-deps", kill_on_drop: false }`
[INFO] started tweaking crates.io crate mping 0.4.2
[INFO] finished tweaking crates.io crate mping 0.4.2
[INFO] tweaked toml for crates.io crate mping 0.4.2 written to /workspace/builds/worker-1-tc1/source/Cargo.toml
[INFO] crate crates.io crate mping 0.4.2 already has a lockfile, it will not be regenerated
[INFO] running `Command { std: CARGO_HOME="/workspace/cargo-home" RUSTUP_HOME="/workspace/rustup-home" "/workspace/cargo-home/bin/cargo" "+nightly-2024-02-05" "fetch" "--manifest-path" "Cargo.toml", kill_on_drop: false }`
[INFO] [stderr]     Updating crates.io index
[INFO] [stderr]  Downloading crates ...
[INFO] [stderr]   Downloaded pnet_macros_support v0.34.0
[INFO] [stderr]   Downloaded pnet_packet v0.34.0
[INFO] [stderr]   Downloaded ticker v0.1.1
[INFO] [stderr]   Downloaded ipnetwork v0.20.0
[INFO] [stderr]   Downloaded pnet_base v0.34.0
[INFO] [stderr]   Downloaded pnet_macros v0.34.0
[INFO] [stderr]   Downloaded regex-syntax v0.8.1
[INFO] [stderr]   Downloaded rate_limit v0.1.1
[INFO] running `Command { std: "docker" "create" "-v" "/var/lib/crater-agent-workspace/builds/worker-1-tc1/target:/opt/rustwide/target:rw,Z" "-v" "/var/lib/crater-agent-workspace/builds/worker-1-tc1/source:/opt/rustwide/workdir:ro,Z" "-v" "/var/lib/crater-agent-workspace/cargo-home:/opt/rustwide/cargo-home:ro,Z" "-v" "/var/lib/crater-agent-workspace/rustup-home:/opt/rustwide/rustup-home:ro,Z" "-e" "SOURCE_DIR=/opt/rustwide/workdir" "-e" "CARGO_TARGET_DIR=/opt/rustwide/target" "-e" "CARGO_HOME=/opt/rustwide/cargo-home" "-e" "RUSTUP_HOME=/opt/rustwide/rustup-home" "-w" "/opt/rustwide/workdir" "-m" "1610612736" "--user" "0:0" "--network" "none" "ghcr.io/rust-lang/crates-build-env/linux@sha256:2788e3201cd34a07e3172128adcd8b3090168a8e3bcc40d7c032b9dda1df7d1c" "/opt/rustwide/cargo-home/bin/cargo" "+nightly-2024-02-05" "metadata" "--no-deps" "--format-version=1", kill_on_drop: false }`
[INFO] [stdout] 404e816b69b26e7eec7589e741c2b4abbe4956e8af8ccc921471e5f2ff5e9bcc
[INFO] running `Command { std: "docker" "start" "-a" "404e816b69b26e7eec7589e741c2b4abbe4956e8af8ccc921471e5f2ff5e9bcc", kill_on_drop: false }`
[INFO] running `Command { std: "docker" "inspect" "404e816b69b26e7eec7589e741c2b4abbe4956e8af8ccc921471e5f2ff5e9bcc", kill_on_drop: false }`
[INFO] running `Command { std: "docker" "rm" "-f" "404e816b69b26e7eec7589e741c2b4abbe4956e8af8ccc921471e5f2ff5e9bcc", kill_on_drop: false }`
[INFO] [stdout] 404e816b69b26e7eec7589e741c2b4abbe4956e8af8ccc921471e5f2ff5e9bcc
[INFO] running `Command { std: "docker" "create" "-v" "/var/lib/crater-agent-workspace/builds/worker-1-tc1/target:/opt/rustwide/target:rw,Z" "-v" "/var/lib/crater-agent-workspace/builds/worker-1-tc1/source:/opt/rustwide/workdir:ro,Z" "-v" "/var/lib/crater-agent-workspace/cargo-home:/opt/rustwide/cargo-home:ro,Z" "-v" "/var/lib/crater-agent-workspace/rustup-home:/opt/rustwide/rustup-home:ro,Z" "-e" "SOURCE_DIR=/opt/rustwide/workdir" "-e" "CARGO_TARGET_DIR=/opt/rustwide/target" "-e" "CARGO_INCREMENTAL=0" "-e" "RUST_BACKTRACE=full" "-e" "RUSTFLAGS=--cap-lints=forbid" "-e" "RUSTDOCFLAGS=--cap-lints=forbid" "-e" "CARGO_HOME=/opt/rustwide/cargo-home" "-e" "RUSTUP_HOME=/opt/rustwide/rustup-home" "-w" "/opt/rustwide/workdir" "-m" "1610612736" "--user" "0:0" "--network" "none" "ghcr.io/rust-lang/crates-build-env/linux@sha256:2788e3201cd34a07e3172128adcd8b3090168a8e3bcc40d7c032b9dda1df7d1c" "/opt/rustwide/cargo-home/bin/cargo" "+nightly-2024-02-05" "check" "--frozen" "--all" "--all-targets" "--message-format=json", kill_on_drop: false }`
[INFO] [stdout] 9b4967ecb729626d2475337c071c9567b0456576636b6ec9fdb15de1e257c054
[INFO] running `Command { std: "docker" "start" "-a" "9b4967ecb729626d2475337c071c9567b0456576636b6ec9fdb15de1e257c054", kill_on_drop: false }`
[INFO] [stderr]     Checking utf8parse v0.2.1
[INFO] [stderr]    Compiling proc-macro-error v1.0.4
[INFO] [stderr]    Compiling regex-syntax v0.8.1
[INFO] [stderr]    Compiling rustix v0.38.18
[INFO] [stderr]    Compiling syn v2.0.38
[INFO] [stderr]    Compiling proc-macro-error-attr v1.0.4
[INFO] [stderr]    Compiling syn v1.0.109
[INFO] [stderr]     Checking getrandom v0.2.10
[INFO] [stderr]     Checking anstyle-parse v0.2.2
[INFO] [stderr]     Checking aho-corasick v1.1.2
[INFO] [stderr]    Compiling serde v1.0.188
[INFO] [stderr]     Checking colorchoice v1.0.0
[INFO] [stderr]     Checking anstyle-query v1.0.0
[INFO] [stderr]     Checking unicode-width v0.1.11
[INFO] [stderr]     Checking bitflags v2.4.0
[INFO] [stderr]     Checking no-std-net v0.6.0
[INFO] [stderr]     Checking textwrap v0.11.0
[INFO] [stderr]     Checking pnet_base v0.34.0
[INFO] [stderr]     Checking anstream v0.6.4
[INFO] [stderr]     Checking rand_core v0.6.4
[INFO] [stderr]     Checking atty v0.2.14
[INFO] [stderr]     Checking strsim v0.10.0
[INFO] [stderr]     Checking clap_lex v0.6.0
[INFO] [stderr]     Checking vec_map v0.8.2
[INFO] [stderr]     Checking ansi_term v0.12.1
[INFO] [stderr]     Checking strsim v0.8.0
[INFO] [stderr]     Checking rand_chacha v0.3.1
[INFO] [stderr]     Checking clap_builder v4.4.8
[INFO] [stderr]     Checking clap v2.34.0
[INFO] [stderr]     Checking is-terminal v0.4.9
[INFO] [stderr]     Checking pnet_macros_support v0.34.0
[INFO] [stderr]     Checking regex-automata v0.4.1
[INFO] [stderr]     Checking termcolor v1.3.0
[INFO] [stderr]     Checking iana-time-zone v0.1.57
[INFO] [stderr]     Checking chrono v0.4.31
[INFO] [stderr]     Checking rand v0.8.5
[INFO] [stderr]     Checking ticker v0.1.1
[INFO] [stderr]     Checking rate_limit v0.1.1
[INFO] [stderr]     Checking regex v1.10.0
[INFO] [stderr]     Checking env_logger v0.10.0
[INFO] [stderr]     Checking ipnetwork v0.20.0
[INFO] [stderr]    Compiling clap_derive v4.4.7
[INFO] [stderr]    Compiling structopt-derive v0.4.18
[INFO] [stderr]     Checking structopt v0.3.26
[INFO] [stderr]    Compiling pnet_macros v0.34.0
[INFO] [stderr]     Checking clap v4.4.8
[INFO] [stderr]     Checking pnet_packet v0.34.0
[INFO] [stderr]     Checking mping v0.4.2 (/opt/rustwide/workdir)
[INFO] [stdout] error[E0425]: cannot find value `txts` in this scope
[INFO] [stdout]    --> src/ping.rs:811:58
[INFO] [stdout]     |
[INFO] [stdout] 811 |         return Ok((bitflip, Duration::from_nanos((rxts - txts) as u64)));
[INFO] [stdout]     |                                                          ^^^^ help: a local variable with a similar name exists: `rxts`
[INFO] [stdout] 
[INFO] [stdout] 
[INFO] [stdout] error[E0425]: cannot find value `txts` in this scope
[INFO] [stdout]    --> src/ping.rs:811:58
[INFO] [stdout]     |
[INFO] [stdout] 811 |         return Ok((bitflip, Duration::from_nanos((rxts - txts) as u64)));
[INFO] [stdout]     |                                                          ^^^^ help: a local variable with a similar name exists: `rxts`
[INFO] [stdout] 
[INFO] [stdout] 
[INFO] [stdout] error: aborting due to 1 previous error
[INFO] [stdout] 
[INFO] [stdout] 
[INFO] [stdout] For more information about this error, try `rustc --explain E0425`.
[INFO] [stdout] 
[INFO] [stdout] error: aborting due to 1 previous error
[INFO] [stdout] 
[INFO] [stdout] 
[INFO] [stdout] For more information about this error, try `rustc --explain E0425`.
[INFO] [stdout] 
[INFO] [stderr] error: could not compile `mping` (lib test) due to 2 previous errors
[INFO] [stderr] warning: build failed, waiting for other jobs to finish...
[INFO] [stderr] error: could not compile `mping` (lib) due to 2 previous errors
[INFO] running `Command { std: "docker" "inspect" "9b4967ecb729626d2475337c071c9567b0456576636b6ec9fdb15de1e257c054", kill_on_drop: false }`
[INFO] running `Command { std: "docker" "rm" "-f" "9b4967ecb729626d2475337c071c9567b0456576636b6ec9fdb15de1e257c054", kill_on_drop: false }`
[INFO] [stdout] 9b4967ecb729626d2475337c071c9567b0456576636b6ec9fdb15de1e257c054
[INFO] checking mping-0.4.2 against nightly-2024-02-05+rustflags=-Dunexpected_cfgs+cargoflags=-Zcheck-cfg for check-cfg
[INFO] extracting crate mping 0.4.2 into /workspace/builds/worker-1-tc2/source
[INFO] validating manifest of crates.io crate mping 0.4.2 on toolchain nightly-2024-02-05
[INFO] running `Command { std: CARGO_HOME="/workspace/cargo-home" RUSTUP_HOME="/workspace/rustup-home" "/workspace/cargo-home/bin/cargo" "+nightly-2024-02-05" "metadata" "--manifest-path" "Cargo.toml" "--no-deps", kill_on_drop: false }`
[INFO] started tweaking crates.io crate mping 0.4.2
[INFO] finished tweaking crates.io crate mping 0.4.2
[INFO] tweaked toml for crates.io crate mping 0.4.2 written to /workspace/builds/worker-1-tc2/source/Cargo.toml
[INFO] crate crates.io crate mping 0.4.2 already has a lockfile, it will not be regenerated
[INFO] running `Command { std: CARGO_HOME="/workspace/cargo-home" RUSTUP_HOME="/workspace/rustup-home" "/workspace/cargo-home/bin/cargo" "+nightly-2024-02-05" "fetch" "--manifest-path" "Cargo.toml", kill_on_drop: false }`
[INFO] running `Command { std: "docker" "create" "-v" "/var/lib/crater-agent-workspace/builds/worker-1-tc2/target:/opt/rustwide/target:rw,Z" "-v" "/var/lib/crater-agent-workspace/builds/worker-1-tc2/source:/opt/rustwide/workdir:ro,Z" "-v" "/var/lib/crater-agent-workspace/cargo-home:/opt/rustwide/cargo-home:ro,Z" "-v" "/var/lib/crater-agent-workspace/rustup-home:/opt/rustwide/rustup-home:ro,Z" "-e" "SOURCE_DIR=/opt/rustwide/workdir" "-e" "CARGO_TARGET_DIR=/opt/rustwide/target" "-e" "CARGO_HOME=/opt/rustwide/cargo-home" "-e" "RUSTUP_HOME=/opt/rustwide/rustup-home" "-w" "/opt/rustwide/workdir" "-m" "1610612736" "--user" "0:0" "--network" "none" "ghcr.io/rust-lang/crates-build-env/linux@sha256:2788e3201cd34a07e3172128adcd8b3090168a8e3bcc40d7c032b9dda1df7d1c" "/opt/rustwide/cargo-home/bin/cargo" "+nightly-2024-02-05" "metadata" "--no-deps" "--format-version=1", kill_on_drop: false }`
[INFO] [stdout] ae8796f7ad9117f183fa82b186d34f3e5a4e0d9667fffb1cfa2d209280580b76
[INFO] running `Command { std: "docker" "start" "-a" "ae8796f7ad9117f183fa82b186d34f3e5a4e0d9667fffb1cfa2d209280580b76", kill_on_drop: false }`
[INFO] running `Command { std: "docker" "inspect" "ae8796f7ad9117f183fa82b186d34f3e5a4e0d9667fffb1cfa2d209280580b76", kill_on_drop: false }`
[INFO] running `Command { std: "docker" "rm" "-f" "ae8796f7ad9117f183fa82b186d34f3e5a4e0d9667fffb1cfa2d209280580b76", kill_on_drop: false }`
[INFO] [stdout] ae8796f7ad9117f183fa82b186d34f3e5a4e0d9667fffb1cfa2d209280580b76
[INFO] running `Command { std: "docker" "create" "-v" "/var/lib/crater-agent-workspace/builds/worker-1-tc2/target:/opt/rustwide/target:rw,Z" "-v" "/var/lib/crater-agent-workspace/builds/worker-1-tc2/source:/opt/rustwide/workdir:ro,Z" "-v" "/var/lib/crater-agent-workspace/cargo-home:/opt/rustwide/cargo-home:ro,Z" "-v" "/var/lib/crater-agent-workspace/rustup-home:/opt/rustwide/rustup-home:ro,Z" "-e" "SOURCE_DIR=/opt/rustwide/workdir" "-e" "CARGO_TARGET_DIR=/opt/rustwide/target" "-e" "CARGO_INCREMENTAL=0" "-e" "RUST_BACKTRACE=full" "-e" "RUSTFLAGS=--cap-lints=forbid -Dunexpected_cfgs" "-e" "RUSTDOCFLAGS=--cap-lints=forbid" "-e" "CARGO_HOME=/opt/rustwide/cargo-home" "-e" "RUSTUP_HOME=/opt/rustwide/rustup-home" "-w" "/opt/rustwide/workdir" "-m" "1610612736" "--user" "0:0" "--network" "none" "ghcr.io/rust-lang/crates-build-env/linux@sha256:2788e3201cd34a07e3172128adcd8b3090168a8e3bcc40d7c032b9dda1df7d1c" "/opt/rustwide/cargo-home/bin/cargo" "+nightly-2024-02-05" "check" "--frozen" "--all" "--all-targets" "--message-format=json" "-Zcheck-cfg", kill_on_drop: false }`
[INFO] [stdout] 2dce1a81241c2993371db1981fe01dd55a236d80aece040cae8e62b8ac2e27ac
[INFO] running `Command { std: "docker" "start" "-a" "2dce1a81241c2993371db1981fe01dd55a236d80aece040cae8e62b8ac2e27ac", kill_on_drop: false }`
[INFO] [stderr]     Checking utf8parse v0.2.1
[INFO] [stderr]    Compiling proc-macro-error v1.0.4
[INFO] [stderr]    Compiling rustix v0.38.18
[INFO] [stderr]    Compiling regex-syntax v0.8.1
[INFO] [stderr]    Compiling syn v2.0.38
[INFO] [stderr]     Checking getrandom v0.2.10
[INFO] [stderr]    Compiling syn v1.0.109
[INFO] [stderr]    Compiling proc-macro-error-attr v1.0.4
[INFO] [stderr]     Checking anstyle-parse v0.2.2
[INFO] [stderr]     Checking aho-corasick v1.1.2
[INFO] [stderr]     Checking no-std-net v0.6.0
[INFO] [stderr]     Checking unicode-width v0.1.11
[INFO] [stderr]     Checking colorchoice v1.0.0
[INFO] [stderr]    Compiling serde v1.0.188
[INFO] [stderr]     Checking bitflags v2.4.0
[INFO] [stderr]     Checking anstyle-query v1.0.0
[INFO] [stderr]     Checking anstream v0.6.4
[INFO] [stderr]     Checking textwrap v0.11.0
[INFO] [stderr]     Checking pnet_base v0.34.0
[INFO] [stderr]     Checking rand_core v0.6.4
[INFO] [stderr]     Checking atty v0.2.14
[INFO] [stderr]     Checking strsim v0.10.0
[INFO] [stderr]     Checking strsim v0.8.0
[INFO] [stderr]     Checking ansi_term v0.12.1
[INFO] [stderr]     Checking clap_lex v0.6.0
[INFO] [stderr]     Checking vec_map v0.8.2
[INFO] [stderr]     Checking regex-automata v0.4.1
[INFO] [stderr]     Checking clap_builder v4.4.8
[INFO] [stderr]     Checking rand_chacha v0.3.1
[INFO] [stderr]     Checking clap v2.34.0
[INFO] [stderr]     Checking is-terminal v0.4.9
[INFO] [stderr]     Checking pnet_macros_support v0.34.0
[INFO] [stderr]     Checking termcolor v1.3.0
[INFO] [stderr]     Checking iana-time-zone v0.1.57
[INFO] [stderr]     Checking chrono v0.4.31
[INFO] [stderr]     Checking regex v1.10.0
[INFO] [stderr]     Checking env_logger v0.10.0
[INFO] [stderr]     Checking rand v0.8.5
[INFO] [stderr]     Checking rate_limit v0.1.1
[INFO] [stderr]     Checking ticker v0.1.1
[INFO] [stderr]     Checking ipnetwork v0.20.0
[INFO] [stderr]    Compiling clap_derive v4.4.7
[INFO] [stderr]    Compiling structopt-derive v0.4.18
[INFO] [stderr]    Compiling pnet_macros v0.34.0
[INFO] [stderr]     Checking structopt v0.3.26
[INFO] [stderr]     Checking clap v4.4.8
[INFO] [stderr]     Checking pnet_packet v0.34.0
[INFO] [stderr]     Checking mping v0.4.2 (/opt/rustwide/workdir)
[INFO] [stdout] error[E0425]: cannot find value `txts` in this scope
[INFO] [stdout]    --> src/ping.rs:811:58
[INFO] [stdout]     |
[INFO] [stdout] 811 |         return Ok((bitflip, Duration::from_nanos((rxts - txts) as u64)));
[INFO] [stdout]     |                                                          ^^^^ help: a local variable with a similar name exists: `rxts`
[INFO] [stdout] 
[INFO] [stdout] 
[INFO] [stdout] error[E0425]: cannot find value `txts` in this scope
[INFO] [stdout]    --> src/ping.rs:811:58
[INFO] [stdout]     |
[INFO] [stdout] 811 |         return Ok((bitflip, Duration::from_nanos((rxts - txts) as u64)));
[INFO] [stdout]     |                                                          ^^^^ help: a local variable with a similar name exists: `rxts`
[INFO] [stdout] 
[INFO] [stdout] 
[INFO] [stdout] error: aborting due to 1 previous error
[INFO] [stdout] 
[INFO] [stdout] 
[INFO] [stdout] For more information about this error, try `rustc --explain E0425`.
[INFO] [stdout] 
[INFO] [stderr] error: could not compile `mping` (lib) due to 2 previous errors
[INFO] [stderr] warning: build failed, waiting for other jobs to finish...
[INFO] [stdout] error: aborting due to 1 previous error
[INFO] [stdout] 
[INFO] [stdout] 
[INFO] [stdout] For more information about this error, try `rustc --explain E0425`.
[INFO] [stdout] 
[INFO] [stderr] error: could not compile `mping` (lib test) due to 2 previous errors
[INFO] running `Command { std: "docker" "inspect" "2dce1a81241c2993371db1981fe01dd55a236d80aece040cae8e62b8ac2e27ac", kill_on_drop: false }`
[INFO] running `Command { std: "docker" "rm" "-f" "2dce1a81241c2993371db1981fe01dd55a236d80aece040cae8e62b8ac2e27ac", kill_on_drop: false }`
[INFO] [stdout] 2dce1a81241c2993371db1981fe01dd55a236d80aece040cae8e62b8ac2e27ac
