[INFO] fetching crate mpc-relay-server 0.4.0...
[INFO] checking mpc-relay-server-0.4.0 against nightly-2024-02-05 for check-cfg
[INFO] extracting crate mpc-relay-server 0.4.0 into /workspace/builds/worker-4-tc1/source
[INFO] validating manifest of crates.io crate mpc-relay-server 0.4.0 on toolchain nightly-2024-02-05
[INFO] running `Command { std: CARGO_HOME="/workspace/cargo-home" RUSTUP_HOME="/workspace/rustup-home" "/workspace/cargo-home/bin/cargo" "+nightly-2024-02-05" "metadata" "--manifest-path" "Cargo.toml" "--no-deps", kill_on_drop: false }`
[INFO] started tweaking crates.io crate mpc-relay-server 0.4.0
[INFO] finished tweaking crates.io crate mpc-relay-server 0.4.0
[INFO] tweaked toml for crates.io crate mpc-relay-server 0.4.0 written to /workspace/builds/worker-4-tc1/source/Cargo.toml
[INFO] running `Command { std: CARGO_HOME="/workspace/cargo-home" RUSTUP_HOME="/workspace/rustup-home" "/workspace/cargo-home/bin/cargo" "+nightly-2024-02-05" "generate-lockfile" "--manifest-path" "Cargo.toml", kill_on_drop: false }`
[INFO] [stderr]     Updating crates.io index
[INFO] running `Command { std: CARGO_HOME="/workspace/cargo-home" RUSTUP_HOME="/workspace/rustup-home" "/workspace/cargo-home/bin/cargo" "+nightly-2024-02-05" "fetch" "--manifest-path" "Cargo.toml", kill_on_drop: false }`
[INFO] [stderr]  Downloading crates ...
[INFO] [stderr]   Downloaded binary-stream v8.3.0
[INFO] [stderr]   Downloaded mpc-protocol v0.4.1
[INFO] [stderr]   Downloaded axum-macros v0.3.8
[INFO] running `Command { std: "docker" "create" "-v" "/var/lib/crater-agent-workspace/builds/worker-4-tc1/target:/opt/rustwide/target:rw,Z" "-v" "/var/lib/crater-agent-workspace/builds/worker-4-tc1/source:/opt/rustwide/workdir:ro,Z" "-v" "/var/lib/crater-agent-workspace/cargo-home:/opt/rustwide/cargo-home:ro,Z" "-v" "/var/lib/crater-agent-workspace/rustup-home:/opt/rustwide/rustup-home:ro,Z" "-e" "SOURCE_DIR=/opt/rustwide/workdir" "-e" "CARGO_TARGET_DIR=/opt/rustwide/target" "-e" "CARGO_HOME=/opt/rustwide/cargo-home" "-e" "RUSTUP_HOME=/opt/rustwide/rustup-home" "-w" "/opt/rustwide/workdir" "-m" "1610612736" "--user" "0:0" "--network" "none" "ghcr.io/rust-lang/crates-build-env/linux@sha256:2788e3201cd34a07e3172128adcd8b3090168a8e3bcc40d7c032b9dda1df7d1c" "/opt/rustwide/cargo-home/bin/cargo" "+nightly-2024-02-05" "metadata" "--no-deps" "--format-version=1", kill_on_drop: false }`
[INFO] [stdout] 6653a8213c106ce06ed6e34135a3ef001f57928b355ddc7272fc90aeabb80d14
[INFO] running `Command { std: "docker" "start" "-a" "6653a8213c106ce06ed6e34135a3ef001f57928b355ddc7272fc90aeabb80d14", kill_on_drop: false }`
[INFO] running `Command { std: "docker" "inspect" "6653a8213c106ce06ed6e34135a3ef001f57928b355ddc7272fc90aeabb80d14", kill_on_drop: false }`
[INFO] running `Command { std: "docker" "rm" "-f" "6653a8213c106ce06ed6e34135a3ef001f57928b355ddc7272fc90aeabb80d14", kill_on_drop: false }`
[INFO] [stdout] 6653a8213c106ce06ed6e34135a3ef001f57928b355ddc7272fc90aeabb80d14
[INFO] running `Command { std: "docker" "create" "-v" "/var/lib/crater-agent-workspace/builds/worker-4-tc1/target:/opt/rustwide/target:rw,Z" "-v" "/var/lib/crater-agent-workspace/builds/worker-4-tc1/source:/opt/rustwide/workdir:ro,Z" "-v" "/var/lib/crater-agent-workspace/cargo-home:/opt/rustwide/cargo-home:ro,Z" "-v" "/var/lib/crater-agent-workspace/rustup-home:/opt/rustwide/rustup-home:ro,Z" "-e" "SOURCE_DIR=/opt/rustwide/workdir" "-e" "CARGO_TARGET_DIR=/opt/rustwide/target" "-e" "CARGO_INCREMENTAL=0" "-e" "RUST_BACKTRACE=full" "-e" "RUSTFLAGS=--cap-lints=forbid" "-e" "RUSTDOCFLAGS=--cap-lints=forbid" "-e" "CARGO_HOME=/opt/rustwide/cargo-home" "-e" "RUSTUP_HOME=/opt/rustwide/rustup-home" "-w" "/opt/rustwide/workdir" "-m" "1610612736" "--user" "0:0" "--network" "none" "ghcr.io/rust-lang/crates-build-env/linux@sha256:2788e3201cd34a07e3172128adcd8b3090168a8e3bcc40d7c032b9dda1df7d1c" "/opt/rustwide/cargo-home/bin/cargo" "+nightly-2024-02-05" "check" "--frozen" "--all" "--all-targets" "--message-format=json", kill_on_drop: false }`
[INFO] [stdout] 8e3c1289cd2c056af4587fa917c0e880eae1c4ca7f878c8c277cf59599170f7c
[INFO] running `Command { std: "docker" "start" "-a" "8e3c1289cd2c056af4587fa917c0e880eae1c4ca7f878c8c277cf59599170f7c", kill_on_drop: false }`
[INFO] [stderr]    Compiling typenum v1.17.0
[INFO] [stderr]     Checking pin-project-lite v0.2.13
[INFO] [stderr]     Checking bytes v1.5.0
[INFO] [stderr]     Checking subtle v2.5.0
[INFO] [stderr]     Checking cpufeatures v0.2.12
[INFO] [stderr]     Checking futures-core v0.3.30
[INFO] [stderr]     Checking log v0.4.20
[INFO] [stderr]     Checking futures-sink v0.3.30
[INFO] [stderr]    Compiling generic-array v0.14.7
[INFO] [stderr]    Compiling slab v0.4.9
[INFO] [stderr]     Checking futures-io v0.3.30
[INFO] [stderr]     Checking pin-utils v0.1.0
[INFO] [stderr]     Checking futures-task v0.3.30
[INFO] [stderr]     Checking memchr v2.7.1
[INFO] [stderr]    Compiling syn v2.0.48
[INFO] [stderr]     Checking getrandom v0.2.12
[INFO] [stderr]    Compiling serde v1.0.196
[INFO] [stderr]    Compiling libc v0.2.153
[INFO] [stderr]     Checking num_cpus v1.16.0
[INFO] [stderr]     Checking mio v0.8.10
[INFO] [stderr]     Checking futures-channel v0.3.30
[INFO] [stderr]     Checking socket2 v0.5.5
[INFO] [stderr]     Checking tracing-core v0.1.32
[INFO] [stderr]     Checking tinyvec_macros v0.1.1
[INFO] [stderr]    Compiling httparse v1.8.0
[INFO] [stderr]     Checking rand_core v0.6.4
[INFO] [stderr]     Checking zeroize v1.7.0
[INFO] [stderr]     Checking tinyvec v1.6.0
[INFO] [stderr]    Compiling thiserror v1.0.56
[INFO] [stderr]     Checking percent-encoding v2.3.1
[INFO] [stderr]    Compiling rustversion v1.0.14
[INFO] [stderr]     Checking opaque-debug v0.3.0
[INFO] [stderr]     Checking hashbrown v0.14.3
[INFO] [stderr]     Checking http v0.2.11
[INFO] [stderr]     Checking form_urlencoded v1.2.1
[INFO] [stderr]     Checking ppv-lite86 v0.2.17
[INFO] [stderr]     Checking equivalent v1.0.1
[INFO] [stderr]     Checking unicode-bidi v0.3.15
[INFO] [stderr]     Checking tower-service v0.3.2
[INFO] [stderr]     Checking untrusted v0.9.0
[INFO] [stderr]     Checking spin v0.9.8
[INFO] [stderr]    Compiling async-trait v0.1.77
[INFO] [stderr]     Checking base64 v0.21.7
[INFO] [stderr]     Checking utf-8 v0.7.6
[INFO] [stderr]    Compiling platforms v3.3.0
[INFO] [stderr]     Checking try-lock v0.2.5
[INFO] [stderr]     Checking tower-layer v0.3.2
[INFO] [stderr]     Checking httpdate v1.0.3
[INFO] [stderr]    Compiling rustls v0.21.10
[INFO] [stderr]     Checking want v0.3.1
[INFO] [stderr]    Compiling binary-stream v8.3.0
[INFO] [stderr]    Compiling snow v0.9.6
[INFO] [stderr]    Compiling serde_json v1.0.113
[INFO] [stderr]     Checking rand_chacha v0.3.1
[INFO] [stderr]     Checking regex-syntax v0.8.2
[INFO] [stderr]    Compiling curve25519-dalek v4.1.1
[INFO] [stderr]     Checking regex-syntax v0.6.29
[INFO] [stderr]     Checking data-encoding v2.5.0
[INFO] [stderr]     Checking mime v0.3.17
[INFO] [stderr]     Checking rand v0.8.5
[INFO] [stderr]     Checking indexmap v2.2.2
[INFO] [stderr]     Checking winnow v0.5.37
[INFO] [stderr]     Checking lazy_static v1.4.0
[INFO] [stderr]     Checking base64 v0.13.1
[INFO] [stderr]     Checking unicode-normalization v0.1.22
[INFO] [stderr]     Checking overload v0.1.1
[INFO] [stderr]     Checking sharded-slab v0.1.7
[INFO] [stderr]     Checking nu-ansi-term v0.46.0
[INFO] [stderr]     Checking http-body v0.4.6
[INFO] [stderr]     Checking headers-core v0.2.0
[INFO] [stderr]    Compiling cc v1.0.83
[INFO] [stderr]     Checking rustls-pemfile v1.0.4
[INFO] [stderr]     Checking pem v2.0.1
[INFO] [stderr]     Checking tracing-log v0.2.0
[INFO] [stderr]     Checking thread_local v1.1.7
[INFO] [stderr]     Checking sync_wrapper v0.1.2
[INFO] [stderr]    Compiling heck v0.4.1
[INFO] [stderr]     Checking smallvec v1.13.1
[INFO] [stderr]    Compiling anyhow v1.0.79
[INFO] [stderr]     Checking http-range-header v0.3.1
[INFO] [stderr]     Checking matchit v0.7.3
[INFO] [stderr]     Checking bitflags v2.4.2
[INFO] [stderr]     Checking arc-swap v1.6.0
[INFO] [stderr]     Checking idna v0.5.0
[INFO] [stderr]    Compiling axum-core v0.3.4
[INFO] [stderr]    Compiling axum v0.6.20
[INFO] [stderr]     Checking url v2.5.0
[INFO] [stderr]    Compiling ring v0.17.7
[INFO] [stderr]     Checking crypto-common v0.1.6
[INFO] [stderr]     Checking block-buffer v0.10.4
[INFO] [stderr]     Checking inout v0.1.3
[INFO] [stderr]     Checking regex-automata v0.4.5
[INFO] [stderr]     Checking universal-hash v0.5.1
[INFO] [stderr]     Checking cipher v0.4.4
[INFO] [stderr]     Checking aead v0.5.2
[INFO] [stderr]     Checking digest v0.10.7
[INFO] [stderr]     Checking polyval v0.6.1
[INFO] [stderr]     Checking poly1305 v0.8.0
[INFO] [stderr]     Checking chacha20 v0.9.1
[INFO] [stderr]     Checking aes v0.8.3
[INFO] [stderr]     Checking ctr v0.9.2
[INFO] [stderr]     Checking ghash v0.5.0
[INFO] [stderr]     Checking sha1 v0.10.6
[INFO] [stderr]     Checking blake2 v0.10.6
[INFO] [stderr]     Checking sha2 v0.10.8
[INFO] [stderr]     Checking headers v0.3.9
[INFO] [stderr]     Checking chacha20poly1305 v0.10.1
[INFO] [stderr]     Checking regex-automata v0.1.10
[INFO] [stderr]     Checking aes-gcm v0.10.3
[INFO] [stderr]     Checking matchers v0.1.0
[INFO] [stderr]     Checking regex v1.10.3
[INFO] [stderr]    Compiling futures-macro v0.3.30
[INFO] [stderr]    Compiling serde_derive v1.0.196
[INFO] [stderr]    Compiling tokio-macros v2.2.0
[INFO] [stderr]    Compiling tracing-attributes v0.1.27
[INFO] [stderr]    Compiling thiserror-impl v1.0.56
[INFO] [stderr]    Compiling curve25519-dalek-derive v0.1.1
[INFO] [stderr]    Compiling pin-project-internal v1.1.4
[INFO] [stderr]    Compiling axum-macros v0.3.8
[INFO] [stderr]     Checking tokio v1.36.0
[INFO] [stderr]     Checking futures-util v0.3.30
[INFO] [stderr]     Checking pin-project v1.1.4
[INFO] [stderr]     Checking tungstenite v0.20.1
[INFO] [stderr]     Checking tungstenite v0.18.0
[INFO] [stderr]     Checking rustls-webpki v0.101.7
[INFO] [stderr]     Checking sct v0.7.1
[INFO] [stderr]     Checking tracing v0.1.40
[INFO] [stderr]     Checking tracing-subscriber v0.3.18
[INFO] [stderr]     Checking futures-executor v0.3.30
[INFO] [stderr]     Checking tower-http v0.4.4
[INFO] [stderr]     Checking futures v0.3.30
[INFO] [stderr]     Checking tokio-util v0.7.10
[INFO] [stderr]     Checking tokio-rustls v0.24.1
[INFO] [stderr]     Checking tower v0.4.13
[INFO] [stderr]     Checking tokio-tungstenite v0.20.1
[INFO] [stderr]     Checking tokio-tungstenite v0.18.0
[INFO] [stderr]     Checking tokio-stream v0.1.14
[INFO] [stderr]     Checking h2 v0.3.24
[INFO] [stderr]     Checking serde_spanned v0.6.5
[INFO] [stderr]     Checking toml_datetime v0.6.5
[INFO] [stderr]     Checking uuid v1.7.0
[INFO] [stderr]     Checking serde_urlencoded v0.7.1
[INFO] [stderr]     Checking serde_path_to_error v0.1.15
[INFO] [stderr]     Checking hex v0.4.3
[INFO] [stderr]     Checking toml_edit v0.19.15
[INFO] [stderr]     Checking mpc-protocol v0.4.1
[INFO] [stderr]     Checking toml v0.7.8
[INFO] [stderr]     Checking hyper v0.14.28
[INFO] [stderr]     Checking axum-server v0.5.1
[INFO] [stderr]     Checking mpc-relay-server v0.4.0 (/opt/rustwide/workdir)
[INFO] [stdout] error[E0609]: no field `session_id` on type `SessionRequest`
[INFO] [stdout]    --> src/service.rs:427:29
[INFO] [stdout]     |
[INFO] [stdout] 427 |                     request.session_id,
[INFO] [stdout]     |                             ^^^^^^^^^^ unknown field
[INFO] [stdout]     |
[INFO] [stdout]     = note: available field is: `participant_keys`
[INFO] [stdout] 
[INFO] [stdout] 
[INFO] [stdout] error[E0609]: no field `session_id` on type `SessionRequest`
[INFO] [stdout]    --> src/service.rs:427:29
[INFO] [stdout]     |
[INFO] [stdout] 427 |                     request.session_id,
[INFO] [stdout]     |                             ^^^^^^^^^^ unknown field
[INFO] [stdout]     |
[INFO] [stdout]     = note: available field is: `participant_keys`
[INFO] [stdout] 
[INFO] [stdout] 
[INFO] [stdout] error[E0061]: this method takes 2 arguments but 3 arguments were supplied
[INFO] [stdout]    --> src/service.rs:424:50
[INFO] [stdout]     |
[INFO] [stdout] 424 |                   let session_id = writer.sessions.new_session(
[INFO] [stdout]     |                                                    ^^^^^^^^^^^
[INFO] [stdout] 425 |                       public_key.as_ref().to_vec(),
[INFO] [stdout] 426 |                       request.participant_keys,
[INFO] [stdout]     |  _____________________________________________-
[INFO] [stdout] 427 | |                     request.session_id,
[INFO] [stdout]     | |                     ------------------
[INFO] [stdout]     | |_____________________|________________|
[INFO] [stdout]     |                       |                help: remove the extra argument
[INFO] [stdout]     |                       unexpected argument
[INFO] [stdout]     |
[INFO] [stdout] note: method defined here
[INFO] [stdout]    --> /opt/rustwide/cargo-home/registry/src/index.crates.io-6f17d22bba15001f/mpc-protocol-0.4.1/src/protocol.rs:387:12
[INFO] [stdout]     |
[INFO] [stdout] 387 |     pub fn new_session(
[INFO] [stdout]     |            ^^^^^^^^^^^
[INFO] [stdout] 
[INFO] [stdout] 
[INFO] [stdout] error[E0061]: this method takes 2 arguments but 3 arguments were supplied
[INFO] [stdout]    --> src/service.rs:424:50
[INFO] [stdout]     |
[INFO] [stdout] 424 |                   let session_id = writer.sessions.new_session(
[INFO] [stdout]     |                                                    ^^^^^^^^^^^
[INFO] [stdout] 425 |                       public_key.as_ref().to_vec(),
[INFO] [stdout] 426 |                       request.participant_keys,
[INFO] [stdout]     |  _____________________________________________-
[INFO] [stdout] 427 | |                     request.session_id,
[INFO] [stdout]     | |                     ------------------
[INFO] [stdout]     | |_____________________|________________|
[INFO] [stdout]     |                       |                help: remove the extra argument
[INFO] [stdout]     |                       unexpected argument
[INFO] [stdout]     |
[INFO] [stdout] note: method defined here
[INFO] [stdout]    --> /opt/rustwide/cargo-home/registry/src/index.crates.io-6f17d22bba15001f/mpc-protocol-0.4.1/src/protocol.rs:387:12
[INFO] [stdout]     |
[INFO] [stdout] 387 |     pub fn new_session(
[INFO] [stdout]     |            ^^^^^^^^^^^
[INFO] [stdout] 
[INFO] [stdout] 
[INFO] [stdout] error[E0308]: mismatched types
[INFO] [stdout]    --> src/service.rs:545:9
[INFO] [stdout]     |
[INFO] [stdout] 543 |     let envelope = encrypt_server_channel(
[INFO] [stdout]     |                    ---------------------- arguments to this function are incorrect
[INFO] [stdout] 544 |         writer.state.as_mut().unwrap(),
[INFO] [stdout] 545 |         payload,
[INFO] [stdout]     |         ^^^^^^^ expected `&[u8]`, found `Vec<u8>`
[INFO] [stdout]     |
[INFO] [stdout]     = note: expected reference `&[u8]`
[INFO] [stdout]                   found struct `Vec<u8>`
[INFO] [stdout] note: function defined here
[INFO] [stdout]    --> /opt/rustwide/cargo-home/registry/src/index.crates.io-6f17d22bba15001f/mpc-protocol-0.4.1/src/channel.rs:13:14
[INFO] [stdout]     |
[INFO] [stdout] 13  | pub async fn encrypt_server_channel(
[INFO] [stdout]     |              ^^^^^^^^^^^^^^^^^^^^^^
[INFO] [stdout] help: consider borrowing here
[INFO] [stdout]     |
[INFO] [stdout] 545 |         &payload,
[INFO] [stdout]     |         +
[INFO] [stdout] 
[INFO] [stdout] 
[INFO] [stdout] error[E0308]: mismatched types
[INFO] [stdout]    --> src/service.rs:545:9
[INFO] [stdout]     |
[INFO] [stdout] 543 |     let envelope = encrypt_server_channel(
[INFO] [stdout]     |                    ---------------------- arguments to this function are incorrect
[INFO] [stdout] 544 |         writer.state.as_mut().unwrap(),
[INFO] [stdout] 545 |         payload,
[INFO] [stdout]     |         ^^^^^^^ expected `&[u8]`, found `Vec<u8>`
[INFO] [stdout]     |
[INFO] [stdout]     = note: expected reference `&[u8]`
[INFO] [stdout]                   found struct `Vec<u8>`
[INFO] [stdout] note: function defined here
[INFO] [stdout]    --> /opt/rustwide/cargo-home/registry/src/index.crates.io-6f17d22bba15001f/mpc-protocol-0.4.1/src/channel.rs:13:14
[INFO] [stdout]     |
[INFO] [stdout] 13  | pub async fn encrypt_server_channel(
[INFO] [stdout]     |              ^^^^^^^^^^^^^^^^^^^^^^
[INFO] [stdout] help: consider borrowing here
[INFO] [stdout]     |
[INFO] [stdout] 545 |         &payload,
[INFO] [stdout]     |         +
[INFO] [stdout] 
[INFO] [stdout] 
[INFO] [stdout] error: aborting due to 3 previous errors
[INFO] [stdout] 
[INFO] [stdout] 
[INFO] [stdout] Some errors have detailed explanations: E0061, E0308, E0609.
[INFO] [stdout] 
[INFO] [stdout] For more information about an error, try `rustc --explain E0061`.
[INFO] [stdout] 
[INFO] [stdout] error: aborting due to 3 previous errors
[INFO] [stdout] 
[INFO] [stdout] 
[INFO] [stdout] Some errors have detailed explanations: E0061, E0308, E0609.
[INFO] [stdout] 
[INFO] [stdout] For more information about an error, try `rustc --explain E0061`.
[INFO] [stdout] 
[INFO] [stderr] error: could not compile `mpc-relay-server` (lib test) due to 4 previous errors
[INFO] [stderr] warning: build failed, waiting for other jobs to finish...
[INFO] [stderr] error: could not compile `mpc-relay-server` (lib) due to 4 previous errors
[INFO] running `Command { std: "docker" "inspect" "8e3c1289cd2c056af4587fa917c0e880eae1c4ca7f878c8c277cf59599170f7c", kill_on_drop: false }`
[INFO] running `Command { std: "docker" "rm" "-f" "8e3c1289cd2c056af4587fa917c0e880eae1c4ca7f878c8c277cf59599170f7c", kill_on_drop: false }`
[INFO] [stdout] 8e3c1289cd2c056af4587fa917c0e880eae1c4ca7f878c8c277cf59599170f7c
[INFO] checking mpc-relay-server-0.4.0 against nightly-2024-02-05+rustflags=-Dunexpected_cfgs+cargoflags=-Zcheck-cfg for check-cfg
[INFO] extracting crate mpc-relay-server 0.4.0 into /workspace/builds/worker-4-tc2/source
[INFO] validating manifest of crates.io crate mpc-relay-server 0.4.0 on toolchain nightly-2024-02-05
[INFO] running `Command { std: CARGO_HOME="/workspace/cargo-home" RUSTUP_HOME="/workspace/rustup-home" "/workspace/cargo-home/bin/cargo" "+nightly-2024-02-05" "metadata" "--manifest-path" "Cargo.toml" "--no-deps", kill_on_drop: false }`
[INFO] started tweaking crates.io crate mpc-relay-server 0.4.0
[INFO] finished tweaking crates.io crate mpc-relay-server 0.4.0
[INFO] tweaked toml for crates.io crate mpc-relay-server 0.4.0 written to /workspace/builds/worker-4-tc2/source/Cargo.toml
[INFO] running `Command { std: CARGO_HOME="/workspace/cargo-home" RUSTUP_HOME="/workspace/rustup-home" "/workspace/cargo-home/bin/cargo" "+nightly-2024-02-05" "generate-lockfile" "--manifest-path" "Cargo.toml", kill_on_drop: false }`
[INFO] [stderr]     Updating crates.io index
[INFO] running `Command { std: CARGO_HOME="/workspace/cargo-home" RUSTUP_HOME="/workspace/rustup-home" "/workspace/cargo-home/bin/cargo" "+nightly-2024-02-05" "fetch" "--manifest-path" "Cargo.toml", kill_on_drop: false }`
[INFO] running `Command { std: "docker" "create" "-v" "/var/lib/crater-agent-workspace/builds/worker-4-tc2/target:/opt/rustwide/target:rw,Z" "-v" "/var/lib/crater-agent-workspace/builds/worker-4-tc2/source:/opt/rustwide/workdir:ro,Z" "-v" "/var/lib/crater-agent-workspace/cargo-home:/opt/rustwide/cargo-home:ro,Z" "-v" "/var/lib/crater-agent-workspace/rustup-home:/opt/rustwide/rustup-home:ro,Z" "-e" "SOURCE_DIR=/opt/rustwide/workdir" "-e" "CARGO_TARGET_DIR=/opt/rustwide/target" "-e" "CARGO_HOME=/opt/rustwide/cargo-home" "-e" "RUSTUP_HOME=/opt/rustwide/rustup-home" "-w" "/opt/rustwide/workdir" "-m" "1610612736" "--user" "0:0" "--network" "none" "ghcr.io/rust-lang/crates-build-env/linux@sha256:2788e3201cd34a07e3172128adcd8b3090168a8e3bcc40d7c032b9dda1df7d1c" "/opt/rustwide/cargo-home/bin/cargo" "+nightly-2024-02-05" "metadata" "--no-deps" "--format-version=1", kill_on_drop: false }`
[INFO] [stdout] 0321de65753840955024063108acaccd4688af742d0d66cced10925c4968e8af
[INFO] running `Command { std: "docker" "start" "-a" "0321de65753840955024063108acaccd4688af742d0d66cced10925c4968e8af", kill_on_drop: false }`
[INFO] running `Command { std: "docker" "inspect" "0321de65753840955024063108acaccd4688af742d0d66cced10925c4968e8af", kill_on_drop: false }`
[INFO] running `Command { std: "docker" "rm" "-f" "0321de65753840955024063108acaccd4688af742d0d66cced10925c4968e8af", kill_on_drop: false }`
[INFO] [stdout] 0321de65753840955024063108acaccd4688af742d0d66cced10925c4968e8af
[INFO] running `Command { std: "docker" "create" "-v" "/var/lib/crater-agent-workspace/builds/worker-4-tc2/target:/opt/rustwide/target:rw,Z" "-v" "/var/lib/crater-agent-workspace/builds/worker-4-tc2/source:/opt/rustwide/workdir:ro,Z" "-v" "/var/lib/crater-agent-workspace/cargo-home:/opt/rustwide/cargo-home:ro,Z" "-v" "/var/lib/crater-agent-workspace/rustup-home:/opt/rustwide/rustup-home:ro,Z" "-e" "SOURCE_DIR=/opt/rustwide/workdir" "-e" "CARGO_TARGET_DIR=/opt/rustwide/target" "-e" "CARGO_INCREMENTAL=0" "-e" "RUST_BACKTRACE=full" "-e" "RUSTFLAGS=--cap-lints=forbid -Dunexpected_cfgs" "-e" "RUSTDOCFLAGS=--cap-lints=forbid" "-e" "CARGO_HOME=/opt/rustwide/cargo-home" "-e" "RUSTUP_HOME=/opt/rustwide/rustup-home" "-w" "/opt/rustwide/workdir" "-m" "1610612736" "--user" "0:0" "--network" "none" "ghcr.io/rust-lang/crates-build-env/linux@sha256:2788e3201cd34a07e3172128adcd8b3090168a8e3bcc40d7c032b9dda1df7d1c" "/opt/rustwide/cargo-home/bin/cargo" "+nightly-2024-02-05" "check" "--frozen" "--all" "--all-targets" "--message-format=json" "-Zcheck-cfg", kill_on_drop: false }`
[INFO] [stdout] ae2af97e34235125788ebe1e5b6172ad8683558b624d2993c1ea15a9301ad315
[INFO] running `Command { std: "docker" "start" "-a" "ae2af97e34235125788ebe1e5b6172ad8683558b624d2993c1ea15a9301ad315", kill_on_drop: false }`
[INFO] [stderr]    Compiling typenum v1.17.0
[INFO] [stderr]     Checking pin-project-lite v0.2.13
[INFO] [stderr]     Checking bytes v1.5.0
[INFO] [stderr]     Checking subtle v2.5.0
[INFO] [stderr]     Checking cpufeatures v0.2.12
[INFO] [stderr]     Checking log v0.4.20
[INFO] [stderr]     Checking futures-core v0.3.30
[INFO] [stderr]     Checking futures-sink v0.3.30
[INFO] [stderr]    Compiling generic-array v0.14.7
[INFO] [stderr]    Compiling slab v0.4.9
[INFO] [stderr]     Checking futures-task v0.3.30
[INFO] [stderr]     Checking pin-utils v0.1.0
[INFO] [stderr]     Checking futures-io v0.3.30
[INFO] [stderr]     Checking memchr v2.7.1
[INFO] [stderr]    Compiling syn v2.0.48
[INFO] [stderr]     Checking getrandom v0.2.12
[INFO] [stderr]    Compiling serde v1.0.196
[INFO] [stderr]    Compiling libc v0.2.153
[INFO] [stderr]     Checking mio v0.8.10
[INFO] [stderr]     Checking num_cpus v1.16.0
[INFO] [stderr]     Checking futures-channel v0.3.30
[INFO] [stderr]     Checking socket2 v0.5.5
[INFO] [stderr]     Checking tracing-core v0.1.32
[INFO] [stderr]    Compiling httparse v1.8.0
[INFO] [stderr]     Checking zeroize v1.7.0
[INFO] [stderr]     Checking rand_core v0.6.4
[INFO] [stderr]     Checking tinyvec_macros v0.1.1
[INFO] [stderr]     Checking tinyvec v1.6.0
[INFO] [stderr]    Compiling thiserror v1.0.56
[INFO] [stderr]     Checking percent-encoding v2.3.1
[INFO] [stderr]    Compiling rustversion v1.0.14
[INFO] [stderr]     Checking hashbrown v0.14.3
[INFO] [stderr]     Checking unicode-bidi v0.3.15
[INFO] [stderr]     Checking form_urlencoded v1.2.1
[INFO] [stderr]     Checking opaque-debug v0.3.0
[INFO] [stderr]     Checking equivalent v1.0.1
[INFO] [stderr]     Checking http v0.2.11
[INFO] [stderr]     Checking ppv-lite86 v0.2.17
[INFO] [stderr]     Checking base64 v0.21.7
[INFO] [stderr]    Compiling async-trait v0.1.77
[INFO] [stderr]     Checking spin v0.9.8
[INFO] [stderr]     Checking tower-service v0.3.2
[INFO] [stderr]     Checking untrusted v0.9.0
[INFO] [stderr]     Checking utf-8 v0.7.6
[INFO] [stderr]    Compiling platforms v3.3.0
[INFO] [stderr]     Checking httpdate v1.0.3
[INFO] [stderr]     Checking try-lock v0.2.5
[INFO] [stderr]    Compiling rustls v0.21.10
[INFO] [stderr]     Checking tower-layer v0.3.2
[INFO] [stderr]     Checking want v0.3.1
[INFO] [stderr]    Compiling binary-stream v8.3.0
[INFO] [stderr]    Compiling snow v0.9.6
[INFO] [stderr]     Checking regex-syntax v0.6.29
[INFO] [stderr]     Checking regex-syntax v0.8.2
[INFO] [stderr]     Checking mime v0.3.17
[INFO] [stderr]     Checking data-encoding v2.5.0
[INFO] [stderr]     Checking rand_chacha v0.3.1
[INFO] [stderr]    Compiling curve25519-dalek v4.1.1
[INFO] [stderr]    Compiling serde_json v1.0.113
[INFO] [stderr]     Checking indexmap v2.2.2
[INFO] [stderr]     Checking base64 v0.13.1
[INFO] [stderr]     Checking lazy_static v1.4.0
[INFO] [stderr]     Checking rand v0.8.5
[INFO] [stderr]     Checking winnow v0.5.37
[INFO] [stderr]     Checking overload v0.1.1
[INFO] [stderr]     Checking unicode-normalization v0.1.22
[INFO] [stderr]     Checking nu-ansi-term v0.46.0
[INFO] [stderr]     Checking sharded-slab v0.1.7
[INFO] [stderr]     Checking rustls-pemfile v1.0.4
[INFO] [stderr]     Checking pem v2.0.1
[INFO] [stderr]     Checking tracing-log v0.2.0
[INFO] [stderr]     Checking http-body v0.4.6
[INFO] [stderr]     Checking headers-core v0.2.0
[INFO] [stderr]    Compiling cc v1.0.83
[INFO] [stderr]     Checking thread_local v1.1.7
[INFO] [stderr]     Checking bitflags v2.4.2
[INFO] [stderr]     Checking sync_wrapper v0.1.2
[INFO] [stderr]     Checking http-range-header v0.3.1
[INFO] [stderr]     Checking smallvec v1.13.1
[INFO] [stderr]     Checking arc-swap v1.6.0
[INFO] [stderr]     Checking matchit v0.7.3
[INFO] [stderr]    Compiling heck v0.4.1
[INFO] [stderr]    Compiling anyhow v1.0.79
[INFO] [stderr]     Checking idna v0.5.0
[INFO] [stderr]    Compiling axum-core v0.3.4
[INFO] [stderr]    Compiling axum v0.6.20
[INFO] [stderr]     Checking regex-automata v0.4.5
[INFO] [stderr]     Checking crypto-common v0.1.6
[INFO] [stderr]     Checking block-buffer v0.10.4
[INFO] [stderr]     Checking inout v0.1.3
[INFO] [stderr]     Checking universal-hash v0.5.1
[INFO] [stderr]     Checking aead v0.5.2
[INFO] [stderr]     Checking cipher v0.4.4
[INFO] [stderr]     Checking url v2.5.0
[INFO] [stderr]     Checking digest v0.10.7
[INFO] [stderr]     Checking polyval v0.6.1
[INFO] [stderr]     Checking poly1305 v0.8.0
[INFO] [stderr]    Compiling ring v0.17.7
[INFO] [stderr]     Checking ghash v0.5.0
[INFO] [stderr]     Checking sha1 v0.10.6
[INFO] [stderr]     Checking sha2 v0.10.8
[INFO] [stderr]     Checking blake2 v0.10.6
[INFO] [stderr]     Checking ctr v0.9.2
[INFO] [stderr]     Checking aes v0.8.3
[INFO] [stderr]     Checking chacha20 v0.9.1
[INFO] [stderr]     Checking headers v0.3.9
[INFO] [stderr]     Checking chacha20poly1305 v0.10.1
[INFO] [stderr]     Checking regex-automata v0.1.10
[INFO] [stderr]     Checking aes-gcm v0.10.3
[INFO] [stderr]     Checking matchers v0.1.0
[INFO] [stderr]     Checking regex v1.10.3
[INFO] [stderr]    Compiling futures-macro v0.3.30
[INFO] [stderr]    Compiling serde_derive v1.0.196
[INFO] [stderr]    Compiling tokio-macros v2.2.0
[INFO] [stderr]    Compiling tracing-attributes v0.1.27
[INFO] [stderr]    Compiling thiserror-impl v1.0.56
[INFO] [stderr]    Compiling curve25519-dalek-derive v0.1.1
[INFO] [stderr]    Compiling pin-project-internal v1.1.4
[INFO] [stderr]    Compiling axum-macros v0.3.8
[INFO] [stderr]     Checking tokio v1.36.0
[INFO] [stderr]     Checking futures-util v0.3.30
[INFO] [stderr]     Checking tungstenite v0.20.1
[INFO] [stderr]     Checking tungstenite v0.18.0
[INFO] [stderr]     Checking pin-project v1.1.4
[INFO] [stderr]     Checking sct v0.7.1
[INFO] [stderr]     Checking rustls-webpki v0.101.7
[INFO] [stderr]     Checking tracing v0.1.40
[INFO] [stderr]     Checking tracing-subscriber v0.3.18
[INFO] [stderr]     Checking futures-executor v0.3.30
[INFO] [stderr]     Checking tower-http v0.4.4
[INFO] [stderr]     Checking futures v0.3.30
[INFO] [stderr]     Checking tokio-util v0.7.10
[INFO] [stderr]     Checking tokio-tungstenite v0.20.1
[INFO] [stderr]     Checking tower v0.4.13
[INFO] [stderr]     Checking tokio-rustls v0.24.1
[INFO] [stderr]     Checking tokio-tungstenite v0.18.0
[INFO] [stderr]     Checking tokio-stream v0.1.14
[INFO] [stderr]     Checking h2 v0.3.24
[INFO] [stderr]     Checking serde_spanned v0.6.5
[INFO] [stderr]     Checking toml_datetime v0.6.5
[INFO] [stderr]     Checking serde_urlencoded v0.7.1
[INFO] [stderr]     Checking serde_path_to_error v0.1.15
[INFO] [stderr]     Checking uuid v1.7.0
[INFO] [stderr]     Checking hex v0.4.3
[INFO] [stderr]     Checking toml_edit v0.19.15
[INFO] [stderr]     Checking mpc-protocol v0.4.1
[INFO] [stderr]     Checking toml v0.7.8
[INFO] [stderr]     Checking hyper v0.14.28
[INFO] [stderr]     Checking axum-server v0.5.1
[INFO] [stderr]     Checking mpc-relay-server v0.4.0 (/opt/rustwide/workdir)
[INFO] [stdout] error[E0609]: no field `session_id` on type `SessionRequest`
[INFO] [stdout]    --> src/service.rs:427:29
[INFO] [stdout]     |
[INFO] [stdout] 427 |                     request.session_id,
[INFO] [stdout]     |                             ^^^^^^^^^^ unknown field
[INFO] [stdout]     |
[INFO] [stdout]     = note: available field is: `participant_keys`
[INFO] [stdout] 
[INFO] [stdout] 
[INFO] [stdout] error[E0609]: no field `session_id` on type `SessionRequest`
[INFO] [stdout]    --> src/service.rs:427:29
[INFO] [stdout]     |
[INFO] [stdout] 427 |                     request.session_id,
[INFO] [stdout]     |                             ^^^^^^^^^^ unknown field
[INFO] [stdout]     |
[INFO] [stdout]     = note: available field is: `participant_keys`
[INFO] [stdout] 
[INFO] [stdout] 
[INFO] [stdout] error[E0061]: this method takes 2 arguments but 3 arguments were supplied
[INFO] [stdout]    --> src/service.rs:424:50
[INFO] [stdout]     |
[INFO] [stdout] 424 |                   let session_id = writer.sessions.new_session(
[INFO] [stdout]     |                                                    ^^^^^^^^^^^
[INFO] [stdout] 425 |                       public_key.as_ref().to_vec(),
[INFO] [stdout] 426 |                       request.participant_keys,
[INFO] [stdout]     |  _____________________________________________-
[INFO] [stdout] 427 | |                     request.session_id,
[INFO] [stdout]     | |                     ------------------
[INFO] [stdout]     | |_____________________|________________|
[INFO] [stdout]     |                       |                help: remove the extra argument
[INFO] [stdout]     |                       unexpected argument
[INFO] [stdout]     |
[INFO] [stdout] note: method defined here
[INFO] [stdout]    --> /opt/rustwide/cargo-home/registry/src/index.crates.io-6f17d22bba15001f/mpc-protocol-0.4.1/src/protocol.rs:387:12
[INFO] [stdout]     |
[INFO] [stdout] 387 |     pub fn new_session(
[INFO] [stdout]     |            ^^^^^^^^^^^
[INFO] [stdout] 
[INFO] [stdout] 
[INFO] [stdout] error[E0061]: this method takes 2 arguments but 3 arguments were supplied
[INFO] [stdout]    --> src/service.rs:424:50
[INFO] [stdout]     |
[INFO] [stdout] 424 |                   let session_id = writer.sessions.new_session(
[INFO] [stdout]     |                                                    ^^^^^^^^^^^
[INFO] [stdout] 425 |                       public_key.as_ref().to_vec(),
[INFO] [stdout] 426 |                       request.participant_keys,
[INFO] [stdout]     |  _____________________________________________-
[INFO] [stdout] 427 | |                     request.session_id,
[INFO] [stdout]     | |                     ------------------
[INFO] [stdout]     | |_____________________|________________|
[INFO] [stdout]     |                       |                help: remove the extra argument
[INFO] [stdout]     |                       unexpected argument
[INFO] [stdout]     |
[INFO] [stdout] note: method defined here
[INFO] [stdout]    --> /opt/rustwide/cargo-home/registry/src/index.crates.io-6f17d22bba15001f/mpc-protocol-0.4.1/src/protocol.rs:387:12
[INFO] [stdout]     |
[INFO] [stdout] 387 |     pub fn new_session(
[INFO] [stdout]     |            ^^^^^^^^^^^
[INFO] [stdout] 
[INFO] [stdout] 
[INFO] [stdout] error[E0308]: mismatched types
[INFO] [stdout]    --> src/service.rs:545:9
[INFO] [stdout]     |
[INFO] [stdout] 543 |     let envelope = encrypt_server_channel(
[INFO] [stdout]     |                    ---------------------- arguments to this function are incorrect
[INFO] [stdout] 544 |         writer.state.as_mut().unwrap(),
[INFO] [stdout] 545 |         payload,
[INFO] [stdout]     |         ^^^^^^^ expected `&[u8]`, found `Vec<u8>`
[INFO] [stdout]     |
[INFO] [stdout]     = note: expected reference `&[u8]`
[INFO] [stdout]                   found struct `Vec<u8>`
[INFO] [stdout] note: function defined here
[INFO] [stdout]    --> /opt/rustwide/cargo-home/registry/src/index.crates.io-6f17d22bba15001f/mpc-protocol-0.4.1/src/channel.rs:13:14
[INFO] [stdout]     |
[INFO] [stdout] 13  | pub async fn encrypt_server_channel(
[INFO] [stdout]     |              ^^^^^^^^^^^^^^^^^^^^^^
[INFO] [stdout] help: consider borrowing here
[INFO] [stdout]     |
[INFO] [stdout] 545 |         &payload,
[INFO] [stdout]     |         +
[INFO] [stdout] 
[INFO] [stdout] 
[INFO] [stdout] error[E0308]: mismatched types
[INFO] [stdout]    --> src/service.rs:545:9
[INFO] [stdout]     |
[INFO] [stdout] 543 |     let envelope = encrypt_server_channel(
[INFO] [stdout]     |                    ---------------------- arguments to this function are incorrect
[INFO] [stdout] 544 |         writer.state.as_mut().unwrap(),
[INFO] [stdout] 545 |         payload,
[INFO] [stdout]     |         ^^^^^^^ expected `&[u8]`, found `Vec<u8>`
[INFO] [stdout]     |
[INFO] [stdout]     = note: expected reference `&[u8]`
[INFO] [stdout]                   found struct `Vec<u8>`
[INFO] [stdout] note: function defined here
[INFO] [stdout]    --> /opt/rustwide/cargo-home/registry/src/index.crates.io-6f17d22bba15001f/mpc-protocol-0.4.1/src/channel.rs:13:14
[INFO] [stdout]     |
[INFO] [stdout] 13  | pub async fn encrypt_server_channel(
[INFO] [stdout]     |              ^^^^^^^^^^^^^^^^^^^^^^
[INFO] [stdout] help: consider borrowing here
[INFO] [stdout]     |
[INFO] [stdout] 545 |         &payload,
[INFO] [stdout]     |         +
[INFO] [stdout] 
[INFO] [stdout] 
[INFO] [stdout] error: aborting due to 3 previous errors
[INFO] [stdout] 
[INFO] [stdout] 
[INFO] [stdout] Some errors have detailed explanations: E0061, E0308, E0609.
[INFO] [stdout] 
[INFO] [stdout] For more information about an error, try `rustc --explain E0061`.
[INFO] [stdout] 
[INFO] [stdout] error: aborting due to 3 previous errors
[INFO] [stdout] 
[INFO] [stdout] 
[INFO] [stdout] Some errors have detailed explanations: E0061, E0308, E0609.
[INFO] [stdout] 
[INFO] [stdout] For more information about an error, try `rustc --explain E0061`.
[INFO] [stdout] 
[INFO] [stderr] error: could not compile `mpc-relay-server` (lib) due to 4 previous errors
[INFO] [stderr] warning: build failed, waiting for other jobs to finish...
[INFO] [stderr] error: could not compile `mpc-relay-server` (lib test) due to 4 previous errors
[INFO] running `Command { std: "docker" "inspect" "ae2af97e34235125788ebe1e5b6172ad8683558b624d2993c1ea15a9301ad315", kill_on_drop: false }`
[INFO] running `Command { std: "docker" "rm" "-f" "ae2af97e34235125788ebe1e5b6172ad8683558b624d2993c1ea15a9301ad315", kill_on_drop: false }`
[INFO] [stdout] ae2af97e34235125788ebe1e5b6172ad8683558b624d2993c1ea15a9301ad315
