[INFO] fetching crate mpc-client 0.4.0...
[INFO] checking mpc-client-0.4.0 against nightly-2024-02-05 for check-cfg
[INFO] extracting crate mpc-client 0.4.0 into /workspace/builds/worker-0-tc1/source
[INFO] validating manifest of crates.io crate mpc-client 0.4.0 on toolchain nightly-2024-02-05
[INFO] running `Command { std: CARGO_HOME="/workspace/cargo-home" RUSTUP_HOME="/workspace/rustup-home" "/workspace/cargo-home/bin/cargo" "+nightly-2024-02-05" "metadata" "--manifest-path" "Cargo.toml" "--no-deps", kill_on_drop: false }`
[INFO] started tweaking crates.io crate mpc-client 0.4.0
[INFO] finished tweaking crates.io crate mpc-client 0.4.0
[INFO] tweaked toml for crates.io crate mpc-client 0.4.0 written to /workspace/builds/worker-0-tc1/source/Cargo.toml
[INFO] running `Command { std: CARGO_HOME="/workspace/cargo-home" RUSTUP_HOME="/workspace/rustup-home" "/workspace/cargo-home/bin/cargo" "+nightly-2024-02-05" "generate-lockfile" "--manifest-path" "Cargo.toml", kill_on_drop: false }`
[INFO] [stderr]     Updating crates.io index
[INFO] running `Command { std: CARGO_HOME="/workspace/cargo-home" RUSTUP_HOME="/workspace/rustup-home" "/workspace/cargo-home/bin/cargo" "+nightly-2024-02-05" "fetch" "--manifest-path" "Cargo.toml", kill_on_drop: false }`
[INFO] [stderr]  Downloading crates ...
[INFO] [stderr]   Downloaded pem v2.0.1
[INFO] [stderr]   Downloaded mpc-protocol v0.4.1
[INFO] [stderr]   Downloaded binary-stream v8.3.0
[INFO] [stderr]   Downloaded wasm-log v0.3.1
[INFO] running `Command { std: "docker" "create" "-v" "/var/lib/crater-agent-workspace/builds/worker-0-tc1/target:/opt/rustwide/target:rw,Z" "-v" "/var/lib/crater-agent-workspace/builds/worker-0-tc1/source:/opt/rustwide/workdir:ro,Z" "-v" "/var/lib/crater-agent-workspace/cargo-home:/opt/rustwide/cargo-home:ro,Z" "-v" "/var/lib/crater-agent-workspace/rustup-home:/opt/rustwide/rustup-home:ro,Z" "-e" "SOURCE_DIR=/opt/rustwide/workdir" "-e" "CARGO_TARGET_DIR=/opt/rustwide/target" "-e" "CARGO_HOME=/opt/rustwide/cargo-home" "-e" "RUSTUP_HOME=/opt/rustwide/rustup-home" "-w" "/opt/rustwide/workdir" "-m" "1610612736" "--user" "0:0" "--network" "none" "ghcr.io/rust-lang/crates-build-env/linux@sha256:2788e3201cd34a07e3172128adcd8b3090168a8e3bcc40d7c032b9dda1df7d1c" "/opt/rustwide/cargo-home/bin/cargo" "+nightly-2024-02-05" "metadata" "--no-deps" "--format-version=1", kill_on_drop: false }`
[INFO] [stdout] dd4fe90ff2af5a7a163f3a473285dc18bfd7e451257de14f4c6722ce7fe1e8f9
[INFO] running `Command { std: "docker" "start" "-a" "dd4fe90ff2af5a7a163f3a473285dc18bfd7e451257de14f4c6722ce7fe1e8f9", kill_on_drop: false }`
[INFO] running `Command { std: "docker" "inspect" "dd4fe90ff2af5a7a163f3a473285dc18bfd7e451257de14f4c6722ce7fe1e8f9", kill_on_drop: false }`
[INFO] running `Command { std: "docker" "rm" "-f" "dd4fe90ff2af5a7a163f3a473285dc18bfd7e451257de14f4c6722ce7fe1e8f9", kill_on_drop: false }`
[INFO] [stdout] dd4fe90ff2af5a7a163f3a473285dc18bfd7e451257de14f4c6722ce7fe1e8f9
[INFO] running `Command { std: "docker" "create" "-v" "/var/lib/crater-agent-workspace/builds/worker-0-tc1/target:/opt/rustwide/target:rw,Z" "-v" "/var/lib/crater-agent-workspace/builds/worker-0-tc1/source:/opt/rustwide/workdir:ro,Z" "-v" "/var/lib/crater-agent-workspace/cargo-home:/opt/rustwide/cargo-home:ro,Z" "-v" "/var/lib/crater-agent-workspace/rustup-home:/opt/rustwide/rustup-home:ro,Z" "-e" "SOURCE_DIR=/opt/rustwide/workdir" "-e" "CARGO_TARGET_DIR=/opt/rustwide/target" "-e" "CARGO_INCREMENTAL=0" "-e" "RUST_BACKTRACE=full" "-e" "RUSTFLAGS=--cap-lints=forbid" "-e" "RUSTDOCFLAGS=--cap-lints=forbid" "-e" "CARGO_HOME=/opt/rustwide/cargo-home" "-e" "RUSTUP_HOME=/opt/rustwide/rustup-home" "-w" "/opt/rustwide/workdir" "-m" "1610612736" "--user" "0:0" "--network" "none" "ghcr.io/rust-lang/crates-build-env/linux@sha256:2788e3201cd34a07e3172128adcd8b3090168a8e3bcc40d7c032b9dda1df7d1c" "/opt/rustwide/cargo-home/bin/cargo" "+nightly-2024-02-05" "check" "--frozen" "--all" "--all-targets" "--message-format=json", kill_on_drop: false }`
[INFO] [stdout] a7e4b27169ad68c886e04185c334f41826b033f2ad72eda32851df1635c67dad
[INFO] running `Command { std: "docker" "start" "-a" "a7e4b27169ad68c886e04185c334f41826b033f2ad72eda32851df1635c67dad", kill_on_drop: false }`
[INFO] [stderr]    Compiling typenum v1.17.0
[INFO] [stderr]    Compiling version_check v0.9.4
[INFO] [stderr]     Checking subtle v2.5.0
[INFO] [stderr]     Checking cpufeatures v0.2.12
[INFO] [stderr]    Compiling semver v1.0.21
[INFO] [stderr]     Checking zeroize v1.7.0
[INFO] [stderr]     Checking futures-core v0.3.30
[INFO] [stderr]     Checking futures-sink v0.3.30
[INFO] [stderr]     Checking opaque-debug v0.3.0
[INFO] [stderr]    Compiling serde v1.0.196
[INFO] [stderr]     Checking futures-task v0.3.30
[INFO] [stderr]     Checking futures-io v0.3.30
[INFO] [stderr]     Checking getrandom v0.2.12
[INFO] [stderr]    Compiling slab v0.4.9
[INFO] [stderr]    Compiling futures-macro v0.3.30
[INFO] [stderr]    Compiling serde_derive v1.0.196
[INFO] [stderr]     Checking bytes v1.5.0
[INFO] [stderr]    Compiling platforms v3.3.0
[INFO] [stderr]     Checking unicode-normalization v0.1.22
[INFO] [stderr]     Checking ppv-lite86 v0.2.17
[INFO] [stderr]     Checking futures-channel v0.3.30
[INFO] [stderr]     Checking percent-encoding v2.3.1
[INFO] [stderr]     Checking unicode-bidi v0.3.15
[INFO] [stderr]    Compiling async-trait v0.1.77
[INFO] [stderr]     Checking rand_core v0.6.4
[INFO] [stderr]     Checking form_urlencoded v1.2.1
[INFO] [stderr]    Compiling curve25519-dalek-derive v0.1.1
[INFO] [stderr]     Checking log v0.4.20
[INFO] [stderr]    Compiling tokio-macros v2.2.0
[INFO] [stderr]    Compiling generic-array v0.14.7
[INFO] [stderr]     Checking mio v0.8.10
[INFO] [stderr]     Checking socket2 v0.5.5
[INFO] [stderr]     Checking base64 v0.13.1
[INFO] [stderr]     Checking rand_chacha v0.3.1
[INFO] [stderr]     Checking base64 v0.21.7
[INFO] [stderr]     Checking utf-8 v0.7.6
[INFO] [stderr]     Checking http v0.2.11
[INFO] [stderr]    Compiling rustc_version v0.4.0
[INFO] [stderr]    Compiling async-stream-impl v0.3.5
[INFO] [stderr]     Checking idna v0.5.0
[INFO] [stderr]     Checking rand v0.8.5
[INFO] [stderr]     Checking pem v2.0.1
[INFO] [stderr]    Compiling curve25519-dalek v4.1.1
[INFO] [stderr]    Compiling snow v0.9.6
[INFO] [stderr]    Compiling binary-stream v8.3.0
[INFO] [stderr]     Checking url v2.5.0
[INFO] [stderr]     Checking futures-util v0.3.30
[INFO] [stderr]     Checking tokio v1.36.0
[INFO] [stderr]     Checking async-stream v0.3.5
[INFO] [stderr]     Checking crypto-common v0.1.6
[INFO] [stderr]     Checking inout v0.1.3
[INFO] [stderr]     Checking block-buffer v0.10.4
[INFO] [stderr]     Checking universal-hash v0.5.1
[INFO] [stderr]     Checking aead v0.5.2
[INFO] [stderr]     Checking digest v0.10.7
[INFO] [stderr]     Checking cipher v0.4.4
[INFO] [stderr]     Checking polyval v0.6.1
[INFO] [stderr]     Checking poly1305 v0.8.0
[INFO] [stderr]     Checking sha2 v0.10.8
[INFO] [stderr]     Checking blake2 v0.10.6
[INFO] [stderr]     Checking sha1 v0.10.6
[INFO] [stderr]     Checking ctr v0.9.2
[INFO] [stderr]     Checking aes v0.8.3
[INFO] [stderr]     Checking chacha20 v0.9.1
[INFO] [stderr]     Checking ghash v0.5.0
[INFO] [stderr]     Checking tungstenite v0.18.0
[INFO] [stderr]     Checking chacha20poly1305 v0.10.1
[INFO] [stderr]     Checking aes-gcm v0.10.3
[INFO] [stderr]     Checking futures-executor v0.3.30
[INFO] [stderr]     Checking futures v0.3.30
[INFO] [stderr]     Checking tokio-tungstenite v0.18.0
[INFO] [stderr]     Checking hex v0.4.3
[INFO] [stderr]     Checking uuid v1.7.0
[INFO] [stderr]     Checking serde_json v1.0.113
[INFO] [stderr]     Checking mpc-protocol v0.4.1
[INFO] [stderr]     Checking mpc-client v0.4.0 (/opt/rustwide/workdir)
[INFO] [stdout] error[E0308]: mismatched types
[INFO] [stdout]    --> src/client.rs:45:33
[INFO] [stdout]     |
[INFO] [stdout] 44  |                     let inner = encrypt_server_channel(
[INFO] [stdout]     |                                 ---------------------- arguments to this function are incorrect
[INFO] [stdout] 45  |                         server, payload, false,
[INFO] [stdout]     |                                 ^^^^^^^ expected `&[u8]`, found `Vec<u8>`
[INFO] [stdout]     |
[INFO] [stdout]    ::: src/native.rs:120:5
[INFO] [stdout]     |
[INFO] [stdout] 120 |     client_impl!();
[INFO] [stdout]     |     -------------- in this macro invocation
[INFO] [stdout]     |
[INFO] [stdout]     = note: expected reference `&[u8]`
[INFO] [stdout]                   found struct `Vec<u8>`
[INFO] [stdout] note: function defined here
[INFO] [stdout]    --> /opt/rustwide/cargo-home/registry/src/index.crates.io-6f17d22bba15001f/mpc-protocol-0.4.1/src/channel.rs:13:14
[INFO] [stdout]     |
[INFO] [stdout] 13  | pub async fn encrypt_server_channel(
[INFO] [stdout]     |              ^^^^^^^^^^^^^^^^^^^^^^
[INFO] [stdout]     = note: this error originates in the macro `client_impl` (in Nightly builds, run with -Z macro-backtrace for more info)
[INFO] [stdout] help: consider borrowing here
[INFO] [stdout]     |
[INFO] [stdout] 45  |                         server, &payload, false,
[INFO] [stdout]     |                                 +
[INFO] [stdout] 
[INFO] [stdout] 
[INFO] [stdout] error[E0308]: mismatched types
[INFO] [stdout]    --> src/client.rs:45:33
[INFO] [stdout]     |
[INFO] [stdout] 44  |                     let inner = encrypt_server_channel(
[INFO] [stdout]     |                                 ---------------------- arguments to this function are incorrect
[INFO] [stdout] 45  |                         server, payload, false,
[INFO] [stdout]     |                                 ^^^^^^^ expected `&[u8]`, found `Vec<u8>`
[INFO] [stdout]     |
[INFO] [stdout]    ::: src/native.rs:120:5
[INFO] [stdout]     |
[INFO] [stdout] 120 |     client_impl!();
[INFO] [stdout]     |     -------------- in this macro invocation
[INFO] [stdout]     |
[INFO] [stdout]     = note: expected reference `&[u8]`
[INFO] [stdout]                   found struct `Vec<u8>`
[INFO] [stdout] note: function defined here
[INFO] [stdout]    --> /opt/rustwide/cargo-home/registry/src/index.crates.io-6f17d22bba15001f/mpc-protocol-0.4.1/src/channel.rs:13:14
[INFO] [stdout]     |
[INFO] [stdout] 13  | pub async fn encrypt_server_channel(
[INFO] [stdout]     |              ^^^^^^^^^^^^^^^^^^^^^^
[INFO] [stdout]     = note: this error originates in the macro `client_impl` (in Nightly builds, run with -Z macro-backtrace for more info)
[INFO] [stdout] help: consider borrowing here
[INFO] [stdout]     |
[INFO] [stdout] 45  |                         server, &payload, false,
[INFO] [stdout]     |                                 +
[INFO] [stdout] 
[INFO] [stdout] 
[INFO] [stdout] error[E0560]: struct `SessionRequest` has no field named `session_id`
[INFO] [stdout]    --> src/client.rs:225:66
[INFO] [stdout]     |
[INFO] [stdout] 225 |                 let session = SessionRequest { participant_keys, session_id };
[INFO] [stdout]     |                                                                  ^^^^^^^^^^ `SessionRequest` does not have this field
[INFO] [stdout]     |
[INFO] [stdout]    ::: src/native.rs:123:1
[INFO] [stdout]     |
[INFO] [stdout] 123 | client_transport_impl!(NativeClient);
[INFO] [stdout]     | ------------------------------------ in this macro invocation
[INFO] [stdout]     |
[INFO] [stdout]     = note: all struct fields are already assigned
[INFO] [stdout]     = note: this error originates in the macro `client_transport_impl` (in Nightly builds, run with -Z macro-backtrace for more info)
[INFO] [stdout] 
[INFO] [stdout] 
[INFO] [stdout] error[E0560]: struct `SessionRequest` has no field named `session_id`
[INFO] [stdout]    --> src/client.rs:225:66
[INFO] [stdout]     |
[INFO] [stdout] 225 |                 let session = SessionRequest { participant_keys, session_id };
[INFO] [stdout]     |                                                                  ^^^^^^^^^^ `SessionRequest` does not have this field
[INFO] [stdout]     |
[INFO] [stdout]    ::: src/native.rs:123:1
[INFO] [stdout]     |
[INFO] [stdout] 123 | client_transport_impl!(NativeClient);
[INFO] [stdout]     | ------------------------------------ in this macro invocation
[INFO] [stdout]     |
[INFO] [stdout]     = note: all struct fields are already assigned
[INFO] [stdout]     = note: this error originates in the macro `client_transport_impl` (in Nightly builds, run with -Z macro-backtrace for more info)
[INFO] [stdout] 
[INFO] [stdout] 
[INFO] [stdout] error: aborting due to 2 previous errors
[INFO] [stdout] 
[INFO] [stdout] 
[INFO] [stdout] Some errors have detailed explanations: E0308, E0560.
[INFO] [stdout] 
[INFO] [stdout] For more information about an error, try `rustc --explain E0308`.
[INFO] [stdout] 
[INFO] [stdout] error: aborting due to 2 previous errors
[INFO] [stdout] 
[INFO] [stdout] 
[INFO] [stdout] Some errors have detailed explanations: E0308, E0560.
[INFO] [stdout] 
[INFO] [stdout] For more information about an error, try `rustc --explain E0308`.
[INFO] [stdout] 
[INFO] [stderr] error: could not compile `mpc-client` (lib test) due to 3 previous errors
[INFO] [stderr] warning: build failed, waiting for other jobs to finish...
[INFO] [stderr] error: could not compile `mpc-client` (lib) due to 3 previous errors
[INFO] running `Command { std: "docker" "inspect" "a7e4b27169ad68c886e04185c334f41826b033f2ad72eda32851df1635c67dad", kill_on_drop: false }`
[INFO] running `Command { std: "docker" "rm" "-f" "a7e4b27169ad68c886e04185c334f41826b033f2ad72eda32851df1635c67dad", kill_on_drop: false }`
[INFO] [stdout] a7e4b27169ad68c886e04185c334f41826b033f2ad72eda32851df1635c67dad
