[INFO] fetching crate mountpoint-s3-crt 0.5.1...
[INFO] checking mountpoint-s3-crt-0.5.1 against nightly-2024-02-05 for check-cfg
[INFO] extracting crate mountpoint-s3-crt 0.5.1 into /workspace/builds/worker-6-tc1/source
[INFO] validating manifest of crates.io crate mountpoint-s3-crt 0.5.1 on toolchain nightly-2024-02-05
[INFO] running `Command { std: CARGO_HOME="/workspace/cargo-home" RUSTUP_HOME="/workspace/rustup-home" "/workspace/cargo-home/bin/cargo" "+nightly-2024-02-05" "metadata" "--manifest-path" "Cargo.toml" "--no-deps", kill_on_drop: false }`
[INFO] started tweaking crates.io crate mountpoint-s3-crt 0.5.1
[INFO] finished tweaking crates.io crate mountpoint-s3-crt 0.5.1
[INFO] tweaked toml for crates.io crate mountpoint-s3-crt 0.5.1 written to /workspace/builds/worker-6-tc1/source/Cargo.toml
[INFO] running `Command { std: CARGO_HOME="/workspace/cargo-home" RUSTUP_HOME="/workspace/rustup-home" "/workspace/cargo-home/bin/cargo" "+nightly-2024-02-05" "generate-lockfile" "--manifest-path" "Cargo.toml", kill_on_drop: false }`
[INFO] [stderr]     Updating crates.io index
[INFO] running `Command { std: CARGO_HOME="/workspace/cargo-home" RUSTUP_HOME="/workspace/rustup-home" "/workspace/cargo-home/bin/cargo" "+nightly-2024-02-05" "fetch" "--manifest-path" "Cargo.toml", kill_on_drop: false }`
[INFO] [stderr]  Downloading crates ...
[INFO] [stderr]   Downloaded test-case-macros v2.2.2
[INFO] [stderr]   Downloaded test-case v2.2.2
[INFO] [stderr]   Downloaded rustflags v0.1.4
[INFO] [stderr]   Downloaded mountpoint-s3-crt-sys v0.5.3
[INFO] running `Command { std: "docker" "create" "-v" "/var/lib/crater-agent-workspace/builds/worker-6-tc1/target:/opt/rustwide/target:rw,Z" "-v" "/var/lib/crater-agent-workspace/builds/worker-6-tc1/source:/opt/rustwide/workdir:ro,Z" "-v" "/var/lib/crater-agent-workspace/cargo-home:/opt/rustwide/cargo-home:ro,Z" "-v" "/var/lib/crater-agent-workspace/rustup-home:/opt/rustwide/rustup-home:ro,Z" "-e" "SOURCE_DIR=/opt/rustwide/workdir" "-e" "CARGO_TARGET_DIR=/opt/rustwide/target" "-e" "CARGO_HOME=/opt/rustwide/cargo-home" "-e" "RUSTUP_HOME=/opt/rustwide/rustup-home" "-w" "/opt/rustwide/workdir" "-m" "1610612736" "--user" "0:0" "--network" "none" "ghcr.io/rust-lang/crates-build-env/linux@sha256:2788e3201cd34a07e3172128adcd8b3090168a8e3bcc40d7c032b9dda1df7d1c" "/opt/rustwide/cargo-home/bin/cargo" "+nightly-2024-02-05" "metadata" "--no-deps" "--format-version=1", kill_on_drop: false }`
[INFO] [stdout] d6d11cc0928ba23a99c7cd0edc300ebe3be8c896b48694ebce67d61e9b180d81
[INFO] running `Command { std: "docker" "start" "-a" "d6d11cc0928ba23a99c7cd0edc300ebe3be8c896b48694ebce67d61e9b180d81", kill_on_drop: false }`
[INFO] running `Command { std: "docker" "inspect" "d6d11cc0928ba23a99c7cd0edc300ebe3be8c896b48694ebce67d61e9b180d81", kill_on_drop: false }`
[INFO] running `Command { std: "docker" "rm" "-f" "d6d11cc0928ba23a99c7cd0edc300ebe3be8c896b48694ebce67d61e9b180d81", kill_on_drop: false }`
[INFO] [stdout] d6d11cc0928ba23a99c7cd0edc300ebe3be8c896b48694ebce67d61e9b180d81
[INFO] running `Command { std: "docker" "create" "-v" "/var/lib/crater-agent-workspace/builds/worker-6-tc1/target:/opt/rustwide/target:rw,Z" "-v" "/var/lib/crater-agent-workspace/builds/worker-6-tc1/source:/opt/rustwide/workdir:ro,Z" "-v" "/var/lib/crater-agent-workspace/cargo-home:/opt/rustwide/cargo-home:ro,Z" "-v" "/var/lib/crater-agent-workspace/rustup-home:/opt/rustwide/rustup-home:ro,Z" "-e" "SOURCE_DIR=/opt/rustwide/workdir" "-e" "CARGO_TARGET_DIR=/opt/rustwide/target" "-e" "CARGO_INCREMENTAL=0" "-e" "RUST_BACKTRACE=full" "-e" "RUSTFLAGS=--cap-lints=forbid" "-e" "RUSTDOCFLAGS=--cap-lints=forbid" "-e" "CARGO_HOME=/opt/rustwide/cargo-home" "-e" "RUSTUP_HOME=/opt/rustwide/rustup-home" "-w" "/opt/rustwide/workdir" "-m" "1610612736" "--user" "0:0" "--network" "none" "ghcr.io/rust-lang/crates-build-env/linux@sha256:2788e3201cd34a07e3172128adcd8b3090168a8e3bcc40d7c032b9dda1df7d1c" "/opt/rustwide/cargo-home/bin/cargo" "+nightly-2024-02-05" "check" "--frozen" "--all" "--all-targets" "--message-format=json", kill_on_drop: false }`
[INFO] [stdout] 17ccfac678b00fb8965aecd2de5c43e97a17b6cda9cf44876ae09033a80906e9
[INFO] running `Command { std: "docker" "start" "-a" "17ccfac678b00fb8965aecd2de5c43e97a17b6cda9cf44876ae09033a80906e9", kill_on_drop: false }`
[INFO] [stderr]    Compiling syn v2.0.48
[INFO] [stderr]    Compiling regex-automata v0.4.5
[INFO] [stderr]    Compiling bindgen v0.66.1
[INFO] [stderr]    Compiling cc v1.0.83
[INFO] [stderr]     Checking futures-channel v0.3.30
[INFO] [stderr]     Checking regex-syntax v0.8.2
[INFO] [stderr]    Compiling rustflags v0.1.4
[INFO] [stderr]     Checking tracing-core v0.1.32
[INFO] [stderr]     Checking clap_lex v0.6.0
[INFO] [stderr]     Checking anstyle v1.0.6
[INFO] [stderr]     Checking regex-automata v0.1.10
[INFO] [stderr]    Compiling proc-macro-error v1.0.4
[INFO] [stderr]     Checking smallstr v0.3.0
[INFO] [stderr]     Checking concurrent-queue v2.4.0
[INFO] [stderr]     Checking clap_builder v4.4.18
[INFO] [stderr]    Compiling cmake v0.1.50
[INFO] [stderr]     Checking event-listener v2.5.3
[INFO] [stderr]     Checking overload v0.1.1
[INFO] [stderr]     Checking criterion-plot v0.5.0
[INFO] [stderr]     Checking nu-ansi-term v0.46.0
[INFO] [stderr]     Checking async-channel v1.9.0
[INFO] [stderr]     Checking matchers v0.1.0
[INFO] [stderr]     Checking sharded-slab v0.1.7
[INFO] [stderr]    Compiling test-case-macros v2.2.2
[INFO] [stderr]     Checking plotters v0.3.5
[INFO] [stderr]     Checking tracing v0.1.40
[INFO] [stderr]     Checking tracing-log v0.2.0
[INFO] [stderr]     Checking thread_local v1.1.7
[INFO] [stderr]     Checking anes v0.1.6
[INFO] [stderr]     Checking rand v0.8.5
[INFO] [stderr]    Compiling ctor v0.1.26
[INFO] [stderr]    Compiling regex v1.10.3
[INFO] [stderr]     Checking clap v4.4.18
[INFO] [stderr]     Checking tracing-subscriber v0.3.18
[INFO] [stderr]     Checking test-case v2.2.2
[INFO] [stderr]    Compiling serde_derive v1.0.196
[INFO] [stderr]    Compiling futures-macro v0.3.30
[INFO] [stderr]    Compiling thiserror-impl v1.0.56
[INFO] [stderr]     Checking futures-util v0.3.30
[INFO] [stderr]     Checking thiserror v1.0.56
[INFO] [stderr]     Checking serde v1.0.196
[INFO] [stderr]    Compiling mountpoint-s3-crt-sys v0.5.3
[INFO] [stderr]     Checking futures-executor v0.3.30
[INFO] [stderr]     Checking futures v0.3.30
[INFO] [stderr]     Checking serde_json v1.0.113
[INFO] [stderr]     Checking ciborium v0.2.2
[INFO] [stderr]     Checking tinytemplate v1.2.1
[INFO] [stderr]     Checking criterion v0.5.1
[INFO] [stderr]     Checking mountpoint-s3-crt v0.5.1 (/opt/rustwide/workdir)
[INFO] [stdout] error[E0308]: mismatched types
[INFO] [stdout]   --> src/common/uri.rs:71:18
[INFO] [stdout]    |
[INFO] [stdout] 68 |     pub fn host_port(&self) -> u16 {
[INFO] [stdout]    |                                --- expected `u16` because of return type
[INFO] [stdout] ...
[INFO] [stdout] 71 |         unsafe { aws_uri_port(self.to_inner_ptr()) }
[INFO] [stdout]    |                  ^^^^^^^^^^^^^^^^^^^^^^^^^^^^^^^^^ expected `u16`, found `u32`
[INFO] [stdout]    |
[INFO] [stdout] help: you can convert a `u32` to a `u16` and panic if the converted value doesn't fit
[INFO] [stdout]    |
[INFO] [stdout] 71 |         unsafe { aws_uri_port(self.to_inner_ptr()).try_into().unwrap() }
[INFO] [stdout]    |                                                   ++++++++++++++++++++
[INFO] [stdout] 
[INFO] [stdout] 
[INFO] [stdout] error[E0308]: mismatched types
[INFO] [stdout]   --> src/common/uri.rs:71:18
[INFO] [stdout]    |
[INFO] [stdout] 68 |     pub fn host_port(&self) -> u16 {
[INFO] [stdout]    |                                --- expected `u16` because of return type
[INFO] [stdout] ...
[INFO] [stdout] 71 |         unsafe { aws_uri_port(self.to_inner_ptr()) }
[INFO] [stdout]    |                  ^^^^^^^^^^^^^^^^^^^^^^^^^^^^^^^^^ expected `u16`, found `u32`
[INFO] [stdout]    |
[INFO] [stdout] help: you can convert a `u32` to a `u16` and panic if the converted value doesn't fit
[INFO] [stdout]    |
[INFO] [stdout] 71 |         unsafe { aws_uri_port(self.to_inner_ptr()).try_into().unwrap() }
[INFO] [stdout]    |                                                   ++++++++++++++++++++
[INFO] [stdout] 
[INFO] [stdout] 
[INFO] [stdout] error: aborting due to 1 previous error
[INFO] [stdout] 
[INFO] [stdout] 
[INFO] [stdout] For more information about this error, try `rustc --explain E0308`.
[INFO] [stdout] 
[INFO] [stderr] error: could not compile `mountpoint-s3-crt` (lib) due to 2 previous errors
[INFO] [stderr] warning: build failed, waiting for other jobs to finish...
[INFO] [stdout] error: aborting due to 1 previous error
[INFO] [stdout] 
[INFO] [stdout] 
[INFO] [stdout] For more information about this error, try `rustc --explain E0308`.
[INFO] [stdout] 
[INFO] [stderr] error: could not compile `mountpoint-s3-crt` (lib test) due to 2 previous errors
[INFO] running `Command { std: "docker" "inspect" "17ccfac678b00fb8965aecd2de5c43e97a17b6cda9cf44876ae09033a80906e9", kill_on_drop: false }`
[INFO] running `Command { std: "docker" "rm" "-f" "17ccfac678b00fb8965aecd2de5c43e97a17b6cda9cf44876ae09033a80906e9", kill_on_drop: false }`
[INFO] [stdout] 17ccfac678b00fb8965aecd2de5c43e97a17b6cda9cf44876ae09033a80906e9
[INFO] checking mountpoint-s3-crt-0.5.1 against nightly-2024-02-05+rustflags=-Dunexpected_cfgs+cargoflags=-Zcheck-cfg for check-cfg
[INFO] extracting crate mountpoint-s3-crt 0.5.1 into /workspace/builds/worker-6-tc2/source
[INFO] validating manifest of crates.io crate mountpoint-s3-crt 0.5.1 on toolchain nightly-2024-02-05
[INFO] running `Command { std: CARGO_HOME="/workspace/cargo-home" RUSTUP_HOME="/workspace/rustup-home" "/workspace/cargo-home/bin/cargo" "+nightly-2024-02-05" "metadata" "--manifest-path" "Cargo.toml" "--no-deps", kill_on_drop: false }`
[INFO] started tweaking crates.io crate mountpoint-s3-crt 0.5.1
[INFO] finished tweaking crates.io crate mountpoint-s3-crt 0.5.1
[INFO] tweaked toml for crates.io crate mountpoint-s3-crt 0.5.1 written to /workspace/builds/worker-6-tc2/source/Cargo.toml
[INFO] running `Command { std: CARGO_HOME="/workspace/cargo-home" RUSTUP_HOME="/workspace/rustup-home" "/workspace/cargo-home/bin/cargo" "+nightly-2024-02-05" "generate-lockfile" "--manifest-path" "Cargo.toml", kill_on_drop: false }`
[INFO] [stderr]     Updating crates.io index
[INFO] running `Command { std: CARGO_HOME="/workspace/cargo-home" RUSTUP_HOME="/workspace/rustup-home" "/workspace/cargo-home/bin/cargo" "+nightly-2024-02-05" "fetch" "--manifest-path" "Cargo.toml", kill_on_drop: false }`
[INFO] running `Command { std: "docker" "create" "-v" "/var/lib/crater-agent-workspace/builds/worker-6-tc2/target:/opt/rustwide/target:rw,Z" "-v" "/var/lib/crater-agent-workspace/builds/worker-6-tc2/source:/opt/rustwide/workdir:ro,Z" "-v" "/var/lib/crater-agent-workspace/cargo-home:/opt/rustwide/cargo-home:ro,Z" "-v" "/var/lib/crater-agent-workspace/rustup-home:/opt/rustwide/rustup-home:ro,Z" "-e" "SOURCE_DIR=/opt/rustwide/workdir" "-e" "CARGO_TARGET_DIR=/opt/rustwide/target" "-e" "CARGO_HOME=/opt/rustwide/cargo-home" "-e" "RUSTUP_HOME=/opt/rustwide/rustup-home" "-w" "/opt/rustwide/workdir" "-m" "1610612736" "--user" "0:0" "--network" "none" "ghcr.io/rust-lang/crates-build-env/linux@sha256:2788e3201cd34a07e3172128adcd8b3090168a8e3bcc40d7c032b9dda1df7d1c" "/opt/rustwide/cargo-home/bin/cargo" "+nightly-2024-02-05" "metadata" "--no-deps" "--format-version=1", kill_on_drop: false }`
[INFO] [stdout] aab8c84ee912f78d4142167294f7bd427dda78139ade603fa12757ab35e93712
[INFO] running `Command { std: "docker" "start" "-a" "aab8c84ee912f78d4142167294f7bd427dda78139ade603fa12757ab35e93712", kill_on_drop: false }`
[INFO] running `Command { std: "docker" "inspect" "aab8c84ee912f78d4142167294f7bd427dda78139ade603fa12757ab35e93712", kill_on_drop: false }`
[INFO] running `Command { std: "docker" "rm" "-f" "aab8c84ee912f78d4142167294f7bd427dda78139ade603fa12757ab35e93712", kill_on_drop: false }`
[INFO] [stdout] aab8c84ee912f78d4142167294f7bd427dda78139ade603fa12757ab35e93712
[INFO] running `Command { std: "docker" "create" "-v" "/var/lib/crater-agent-workspace/builds/worker-6-tc2/target:/opt/rustwide/target:rw,Z" "-v" "/var/lib/crater-agent-workspace/builds/worker-6-tc2/source:/opt/rustwide/workdir:ro,Z" "-v" "/var/lib/crater-agent-workspace/cargo-home:/opt/rustwide/cargo-home:ro,Z" "-v" "/var/lib/crater-agent-workspace/rustup-home:/opt/rustwide/rustup-home:ro,Z" "-e" "SOURCE_DIR=/opt/rustwide/workdir" "-e" "CARGO_TARGET_DIR=/opt/rustwide/target" "-e" "CARGO_INCREMENTAL=0" "-e" "RUST_BACKTRACE=full" "-e" "RUSTFLAGS=--cap-lints=forbid -Dunexpected_cfgs" "-e" "RUSTDOCFLAGS=--cap-lints=forbid" "-e" "CARGO_HOME=/opt/rustwide/cargo-home" "-e" "RUSTUP_HOME=/opt/rustwide/rustup-home" "-w" "/opt/rustwide/workdir" "-m" "1610612736" "--user" "0:0" "--network" "none" "ghcr.io/rust-lang/crates-build-env/linux@sha256:2788e3201cd34a07e3172128adcd8b3090168a8e3bcc40d7c032b9dda1df7d1c" "/opt/rustwide/cargo-home/bin/cargo" "+nightly-2024-02-05" "check" "--frozen" "--all" "--all-targets" "--message-format=json" "-Zcheck-cfg", kill_on_drop: false }`
[INFO] [stdout] 4494eea5c0bc55ae505f26029d4f0a9e2a7b4d5939afa5b3088e265c5bcf87fd
[INFO] running `Command { std: "docker" "start" "-a" "4494eea5c0bc55ae505f26029d4f0a9e2a7b4d5939afa5b3088e265c5bcf87fd", kill_on_drop: false }`
[INFO] [stderr]    Compiling syn v2.0.48
[INFO] [stderr]    Compiling regex-automata v0.4.5
[INFO] [stderr]    Compiling bindgen v0.66.1
[INFO] [stderr]    Compiling cc v1.0.83
[INFO] [stderr]     Checking futures-channel v0.3.30
[INFO] [stderr]    Compiling rustflags v0.1.4
[INFO] [stderr]     Checking regex-syntax v0.8.2
[INFO] [stderr]     Checking tracing-core v0.1.32
[INFO] [stderr]     Checking anstyle v1.0.6
[INFO] [stderr]     Checking clap_lex v0.6.0
[INFO] [stderr]     Checking regex-automata v0.1.10
[INFO] [stderr]    Compiling proc-macro-error v1.0.4
[INFO] [stderr]     Checking clap_builder v4.4.18
[INFO] [stderr]     Checking smallstr v0.3.0
[INFO] [stderr]     Checking concurrent-queue v2.4.0
[INFO] [stderr]     Checking overload v0.1.1
[INFO] [stderr]    Compiling cmake v0.1.50
[INFO] [stderr]     Checking event-listener v2.5.3
[INFO] [stderr]     Checking matchers v0.1.0
[INFO] [stderr]     Checking sharded-slab v0.1.7
[INFO] [stderr]     Checking async-channel v1.9.0
[INFO] [stderr]     Checking criterion-plot v0.5.0
[INFO] [stderr]     Checking nu-ansi-term v0.46.0
[INFO] [stderr]    Compiling test-case-macros v2.2.2
[INFO] [stderr]     Checking plotters v0.3.5
[INFO] [stderr]     Checking tracing v0.1.40
[INFO] [stderr]     Checking tracing-log v0.2.0
[INFO] [stderr]    Compiling regex v1.10.3
[INFO] [stderr]     Checking thread_local v1.1.7
[INFO] [stderr]     Checking anes v0.1.6
[INFO] [stderr]     Checking clap v4.4.18
[INFO] [stderr]     Checking rand v0.8.5
[INFO] [stderr]    Compiling ctor v0.1.26
[INFO] [stderr]     Checking test-case v2.2.2
[INFO] [stderr]     Checking tracing-subscriber v0.3.18
[INFO] [stderr]    Compiling serde_derive v1.0.196
[INFO] [stderr]    Compiling futures-macro v0.3.30
[INFO] [stderr]    Compiling thiserror-impl v1.0.56
[INFO] [stderr]     Checking futures-util v0.3.30
[INFO] [stderr]     Checking thiserror v1.0.56
[INFO] [stderr]     Checking serde v1.0.196
[INFO] [stderr]     Checking futures-executor v0.3.30
[INFO] [stderr]     Checking futures v0.3.30
[INFO] [stderr]    Compiling mountpoint-s3-crt-sys v0.5.3
[INFO] [stderr]     Checking serde_json v1.0.113
[INFO] [stderr]     Checking ciborium v0.2.2
[INFO] [stderr]     Checking tinytemplate v1.2.1
[INFO] [stderr]     Checking criterion v0.5.1
[INFO] [stderr]     Checking mountpoint-s3-crt v0.5.1 (/opt/rustwide/workdir)
[INFO] [stdout] error[E0308]: mismatched types
[INFO] [stdout]   --> src/common/uri.rs:71:18
[INFO] [stdout]    |
[INFO] [stdout] 68 |     pub fn host_port(&self) -> u16 {
[INFO] [stdout]    |                                --- expected `u16` because of return type
[INFO] [stdout] ...
[INFO] [stdout] 71 |         unsafe { aws_uri_port(self.to_inner_ptr()) }
[INFO] [stdout]    |                  ^^^^^^^^^^^^^^^^^^^^^^^^^^^^^^^^^ expected `u16`, found `u32`
[INFO] [stdout]    |
[INFO] [stdout] help: you can convert a `u32` to a `u16` and panic if the converted value doesn't fit
[INFO] [stdout]    |
[INFO] [stdout] 71 |         unsafe { aws_uri_port(self.to_inner_ptr()).try_into().unwrap() }
[INFO] [stdout]    |                                                   ++++++++++++++++++++
[INFO] [stdout] 
[INFO] [stdout] 
[INFO] [stdout] error: aborting due to 1 previous error
[INFO] [stdout] 
[INFO] [stdout] 
[INFO] [stdout] For more information about this error, try `rustc --explain E0308`.
[INFO] [stdout] 
[INFO] [stderr] error: could not compile `mountpoint-s3-crt` (lib) due to 2 previous errors
[INFO] [stderr] warning: build failed, waiting for other jobs to finish...
[INFO] [stdout] error[E0308]: mismatched types
[INFO] [stdout]   --> src/common/uri.rs:71:18
[INFO] [stdout]    |
[INFO] [stdout] 68 |     pub fn host_port(&self) -> u16 {
[INFO] [stdout]    |                                --- expected `u16` because of return type
[INFO] [stdout] ...
[INFO] [stdout] 71 |         unsafe { aws_uri_port(self.to_inner_ptr()) }
[INFO] [stdout]    |                  ^^^^^^^^^^^^^^^^^^^^^^^^^^^^^^^^^ expected `u16`, found `u32`
[INFO] [stdout]    |
[INFO] [stdout] help: you can convert a `u32` to a `u16` and panic if the converted value doesn't fit
[INFO] [stdout]    |
[INFO] [stdout] 71 |         unsafe { aws_uri_port(self.to_inner_ptr()).try_into().unwrap() }
[INFO] [stdout]    |                                                   ++++++++++++++++++++
[INFO] [stdout] 
[INFO] [stdout] 
[INFO] [stdout] error: aborting due to 1 previous error
[INFO] [stdout] 
[INFO] [stdout] 
[INFO] [stdout] For more information about this error, try `rustc --explain E0308`.
[INFO] [stdout] 
[INFO] [stderr] error: could not compile `mountpoint-s3-crt` (lib test) due to 2 previous errors
[INFO] running `Command { std: "docker" "inspect" "4494eea5c0bc55ae505f26029d4f0a9e2a7b4d5939afa5b3088e265c5bcf87fd", kill_on_drop: false }`
[INFO] running `Command { std: "docker" "rm" "-f" "4494eea5c0bc55ae505f26029d4f0a9e2a7b4d5939afa5b3088e265c5bcf87fd", kill_on_drop: false }`
[INFO] [stdout] 4494eea5c0bc55ae505f26029d4f0a9e2a7b4d5939afa5b3088e265c5bcf87fd
