[INFO] fetching crate mono_lib 0.1.6...
[INFO] checking mono_lib-0.1.6 against nightly-2024-02-05 for check-cfg
[INFO] extracting crate mono_lib 0.1.6 into /workspace/builds/worker-4-tc1/source
[INFO] validating manifest of crates.io crate mono_lib 0.1.6 on toolchain nightly-2024-02-05
[INFO] running `Command { std: CARGO_HOME="/workspace/cargo-home" RUSTUP_HOME="/workspace/rustup-home" "/workspace/cargo-home/bin/cargo" "+nightly-2024-02-05" "metadata" "--manifest-path" "Cargo.toml" "--no-deps", kill_on_drop: false }`
[INFO] started tweaking crates.io crate mono_lib 0.1.6
[INFO] removed 0 missing examples
[INFO] finished tweaking crates.io crate mono_lib 0.1.6
[INFO] tweaked toml for crates.io crate mono_lib 0.1.6 written to /workspace/builds/worker-4-tc1/source/Cargo.toml
[INFO] crate crates.io crate mono_lib 0.1.6 already has a lockfile, it will not be regenerated
[INFO] running `Command { std: CARGO_HOME="/workspace/cargo-home" RUSTUP_HOME="/workspace/rustup-home" "/workspace/cargo-home/bin/cargo" "+nightly-2024-02-05" "fetch" "--manifest-path" "Cargo.toml", kill_on_drop: false }`
[INFO] running `Command { std: "docker" "create" "-v" "/var/lib/crater-agent-workspace/builds/worker-4-tc1/target:/opt/rustwide/target:rw,Z" "-v" "/var/lib/crater-agent-workspace/builds/worker-4-tc1/source:/opt/rustwide/workdir:ro,Z" "-v" "/var/lib/crater-agent-workspace/cargo-home:/opt/rustwide/cargo-home:ro,Z" "-v" "/var/lib/crater-agent-workspace/rustup-home:/opt/rustwide/rustup-home:ro,Z" "-e" "SOURCE_DIR=/opt/rustwide/workdir" "-e" "CARGO_TARGET_DIR=/opt/rustwide/target" "-e" "CARGO_HOME=/opt/rustwide/cargo-home" "-e" "RUSTUP_HOME=/opt/rustwide/rustup-home" "-w" "/opt/rustwide/workdir" "-m" "1610612736" "--user" "0:0" "--network" "none" "ghcr.io/rust-lang/crates-build-env/linux@sha256:2788e3201cd34a07e3172128adcd8b3090168a8e3bcc40d7c032b9dda1df7d1c" "/opt/rustwide/cargo-home/bin/cargo" "+nightly-2024-02-05" "metadata" "--no-deps" "--format-version=1", kill_on_drop: false }`
[INFO] [stdout] 2c3d7f53707643c1bbee06c8deb219faea9077f8da0877d0ff25163ac0367d12
[INFO] running `Command { std: "docker" "start" "-a" "2c3d7f53707643c1bbee06c8deb219faea9077f8da0877d0ff25163ac0367d12", kill_on_drop: false }`
[INFO] running `Command { std: "docker" "inspect" "2c3d7f53707643c1bbee06c8deb219faea9077f8da0877d0ff25163ac0367d12", kill_on_drop: false }`
[INFO] running `Command { std: "docker" "rm" "-f" "2c3d7f53707643c1bbee06c8deb219faea9077f8da0877d0ff25163ac0367d12", kill_on_drop: false }`
[INFO] [stdout] 2c3d7f53707643c1bbee06c8deb219faea9077f8da0877d0ff25163ac0367d12
[INFO] running `Command { std: "docker" "create" "-v" "/var/lib/crater-agent-workspace/builds/worker-4-tc1/target:/opt/rustwide/target:rw,Z" "-v" "/var/lib/crater-agent-workspace/builds/worker-4-tc1/source:/opt/rustwide/workdir:ro,Z" "-v" "/var/lib/crater-agent-workspace/cargo-home:/opt/rustwide/cargo-home:ro,Z" "-v" "/var/lib/crater-agent-workspace/rustup-home:/opt/rustwide/rustup-home:ro,Z" "-e" "SOURCE_DIR=/opt/rustwide/workdir" "-e" "CARGO_TARGET_DIR=/opt/rustwide/target" "-e" "CARGO_INCREMENTAL=0" "-e" "RUST_BACKTRACE=full" "-e" "RUSTFLAGS=--cap-lints=forbid" "-e" "RUSTDOCFLAGS=--cap-lints=forbid" "-e" "CARGO_HOME=/opt/rustwide/cargo-home" "-e" "RUSTUP_HOME=/opt/rustwide/rustup-home" "-w" "/opt/rustwide/workdir" "-m" "1610612736" "--user" "0:0" "--network" "none" "ghcr.io/rust-lang/crates-build-env/linux@sha256:2788e3201cd34a07e3172128adcd8b3090168a8e3bcc40d7c032b9dda1df7d1c" "/opt/rustwide/cargo-home/bin/cargo" "+nightly-2024-02-05" "check" "--frozen" "--all" "--all-targets" "--message-format=json", kill_on_drop: false }`
[INFO] [stdout] 5533e8ee3ff2d32dacf0eb3eca8d39746cbe3faa22413f758e06c31cb6b03c7b
[INFO] running `Command { std: "docker" "start" "-a" "5533e8ee3ff2d32dacf0eb3eca8d39746cbe3faa22413f758e06c31cb6b03c7b", kill_on_drop: false }`
[INFO] [stderr]    Compiling winapi v0.3.9
[INFO] [stderr]     Checking mono_lib v0.1.6 (/opt/rustwide/workdir)
[INFO] [stdout] error[E0433]: failed to resolve: could not find `shared` in `winapi`
[INFO] [stdout]  --> src/mem/mod.rs:1:13
[INFO] [stdout]   |
[INFO] [stdout] 1 | use winapi::shared::minwindef::{FARPROC, HMODULE};
[INFO] [stdout]   |             ^^^^^^ could not find `shared` in `winapi`
[INFO] [stdout] 
[INFO] [stdout] 
[INFO] [stdout] error[E0433]: failed to resolve: could not find `shared` in `winapi`
[INFO] [stdout]  --> src/lib.rs:5:13
[INFO] [stdout]   |
[INFO] [stdout] 5 | use winapi::shared::minwindef::HMODULE;
[INFO] [stdout]   |             ^^^^^^ could not find `shared` in `winapi`
[INFO] [stdout] 
[INFO] [stdout] 
[INFO] [stdout] error[E0433]: failed to resolve: could not find `shared` in `winapi`
[INFO] [stdout]  --> src/mem/mod.rs:1:13
[INFO] [stdout]   |
[INFO] [stdout] 1 | use winapi::shared::minwindef::{FARPROC, HMODULE};
[INFO] [stdout]   |             ^^^^^^ could not find `shared` in `winapi`
[INFO] [stdout] 
[INFO] [stdout] 
[INFO] [stdout] error[E0433]: failed to resolve: could not find `shared` in `winapi`
[INFO] [stdout]  --> src/lib.rs:5:13
[INFO] [stdout]   |
[INFO] [stdout] 5 | use winapi::shared::minwindef::HMODULE;
[INFO] [stdout]   |             ^^^^^^ could not find `shared` in `winapi`
[INFO] [stdout] 
[INFO] [stdout] 
[INFO] [stdout] error[E0433]: failed to resolve: could not find `um` in `winapi`
[INFO] [stdout]  --> src/mem/mod.rs:7:22
[INFO] [stdout]   |
[INFO] [stdout] 7 |     unsafe { winapi::um::libloaderapi::GetModuleHandleA(module_name) }
[INFO] [stdout]   |                      ^^ could not find `um` in `winapi`
[INFO] [stdout] 
[INFO] [stdout] 
[INFO] [stdout] error[E0433]: failed to resolve: could not find `um` in `winapi`
[INFO] [stdout]   --> src/mem/mod.rs:12:22
[INFO] [stdout]    |
[INFO] [stdout] 12 |     unsafe { winapi::um::libloaderapi::GetProcAddress(module, export_name) }
[INFO] [stdout]    |                      ^^ could not find `um` in `winapi`
[INFO] [stdout] 
[INFO] [stdout] 
[INFO] [stdout] error[E0433]: failed to resolve: could not find `um` in `winapi`
[INFO] [stdout]  --> src/mem/mod.rs:7:22
[INFO] [stdout]   |
[INFO] [stdout] 7 |     unsafe { winapi::um::libloaderapi::GetModuleHandleA(module_name) }
[INFO] [stdout]   |                      ^^ could not find `um` in `winapi`
[INFO] [stdout] 
[INFO] [stdout] 
[INFO] [stdout] error[E0433]: failed to resolve: could not find `um` in `winapi`
[INFO] [stdout]   --> src/mem/mod.rs:12:22
[INFO] [stdout]    |
[INFO] [stdout] 12 |     unsafe { winapi::um::libloaderapi::GetProcAddress(module, export_name) }
[INFO] [stdout]    |                      ^^ could not find `um` in `winapi`
[INFO] [stdout] 
[INFO] [stdout] 
[INFO] [stdout] error: aborting due to 4 previous errors
[INFO] [stdout] 
[INFO] [stdout] 
[INFO] [stderr] error: could not compile `mono_lib` (lib) due to 5 previous errors
[INFO] [stdout] For more information about this error, try `rustc --explain E0433`.
[INFO] [stdout] 
[INFO] [stderr] warning: build failed, waiting for other jobs to finish...
[INFO] [stdout] error: aborting due to 4 previous errors
[INFO] [stdout] 
[INFO] [stdout] 
[INFO] [stdout] For more information about this error, try `rustc --explain E0433`.
[INFO] [stdout] 
[INFO] [stderr] error: could not compile `mono_lib` (lib test) due to 5 previous errors
[INFO] running `Command { std: "docker" "inspect" "5533e8ee3ff2d32dacf0eb3eca8d39746cbe3faa22413f758e06c31cb6b03c7b", kill_on_drop: false }`
[INFO] running `Command { std: "docker" "rm" "-f" "5533e8ee3ff2d32dacf0eb3eca8d39746cbe3faa22413f758e06c31cb6b03c7b", kill_on_drop: false }`
[INFO] [stdout] 5533e8ee3ff2d32dacf0eb3eca8d39746cbe3faa22413f758e06c31cb6b03c7b
[INFO] checking mono_lib-0.1.6 against nightly-2024-02-05+rustflags=-Dunexpected_cfgs+cargoflags=-Zcheck-cfg for check-cfg
[INFO] extracting crate mono_lib 0.1.6 into /workspace/builds/worker-4-tc2/source
[INFO] validating manifest of crates.io crate mono_lib 0.1.6 on toolchain nightly-2024-02-05
[INFO] running `Command { std: CARGO_HOME="/workspace/cargo-home" RUSTUP_HOME="/workspace/rustup-home" "/workspace/cargo-home/bin/cargo" "+nightly-2024-02-05" "metadata" "--manifest-path" "Cargo.toml" "--no-deps", kill_on_drop: false }`
[INFO] started tweaking crates.io crate mono_lib 0.1.6
[INFO] removed 0 missing examples
[INFO] finished tweaking crates.io crate mono_lib 0.1.6
[INFO] tweaked toml for crates.io crate mono_lib 0.1.6 written to /workspace/builds/worker-4-tc2/source/Cargo.toml
[INFO] crate crates.io crate mono_lib 0.1.6 already has a lockfile, it will not be regenerated
[INFO] running `Command { std: CARGO_HOME="/workspace/cargo-home" RUSTUP_HOME="/workspace/rustup-home" "/workspace/cargo-home/bin/cargo" "+nightly-2024-02-05" "fetch" "--manifest-path" "Cargo.toml", kill_on_drop: false }`
[INFO] running `Command { std: "docker" "create" "-v" "/var/lib/crater-agent-workspace/builds/worker-4-tc2/target:/opt/rustwide/target:rw,Z" "-v" "/var/lib/crater-agent-workspace/builds/worker-4-tc2/source:/opt/rustwide/workdir:ro,Z" "-v" "/var/lib/crater-agent-workspace/cargo-home:/opt/rustwide/cargo-home:ro,Z" "-v" "/var/lib/crater-agent-workspace/rustup-home:/opt/rustwide/rustup-home:ro,Z" "-e" "SOURCE_DIR=/opt/rustwide/workdir" "-e" "CARGO_TARGET_DIR=/opt/rustwide/target" "-e" "CARGO_HOME=/opt/rustwide/cargo-home" "-e" "RUSTUP_HOME=/opt/rustwide/rustup-home" "-w" "/opt/rustwide/workdir" "-m" "1610612736" "--user" "0:0" "--network" "none" "ghcr.io/rust-lang/crates-build-env/linux@sha256:2788e3201cd34a07e3172128adcd8b3090168a8e3bcc40d7c032b9dda1df7d1c" "/opt/rustwide/cargo-home/bin/cargo" "+nightly-2024-02-05" "metadata" "--no-deps" "--format-version=1", kill_on_drop: false }`
[INFO] [stdout] 8b27955567a6cff2b7e4b25b41b11db51a0eeb64736242107a9de7ad9a627b44
[INFO] running `Command { std: "docker" "start" "-a" "8b27955567a6cff2b7e4b25b41b11db51a0eeb64736242107a9de7ad9a627b44", kill_on_drop: false }`
[INFO] running `Command { std: "docker" "inspect" "8b27955567a6cff2b7e4b25b41b11db51a0eeb64736242107a9de7ad9a627b44", kill_on_drop: false }`
[INFO] running `Command { std: "docker" "rm" "-f" "8b27955567a6cff2b7e4b25b41b11db51a0eeb64736242107a9de7ad9a627b44", kill_on_drop: false }`
[INFO] [stdout] 8b27955567a6cff2b7e4b25b41b11db51a0eeb64736242107a9de7ad9a627b44
[INFO] running `Command { std: "docker" "create" "-v" "/var/lib/crater-agent-workspace/builds/worker-4-tc2/target:/opt/rustwide/target:rw,Z" "-v" "/var/lib/crater-agent-workspace/builds/worker-4-tc2/source:/opt/rustwide/workdir:ro,Z" "-v" "/var/lib/crater-agent-workspace/cargo-home:/opt/rustwide/cargo-home:ro,Z" "-v" "/var/lib/crater-agent-workspace/rustup-home:/opt/rustwide/rustup-home:ro,Z" "-e" "SOURCE_DIR=/opt/rustwide/workdir" "-e" "CARGO_TARGET_DIR=/opt/rustwide/target" "-e" "CARGO_INCREMENTAL=0" "-e" "RUST_BACKTRACE=full" "-e" "RUSTFLAGS=--cap-lints=forbid -Dunexpected_cfgs" "-e" "RUSTDOCFLAGS=--cap-lints=forbid" "-e" "CARGO_HOME=/opt/rustwide/cargo-home" "-e" "RUSTUP_HOME=/opt/rustwide/rustup-home" "-w" "/opt/rustwide/workdir" "-m" "1610612736" "--user" "0:0" "--network" "none" "ghcr.io/rust-lang/crates-build-env/linux@sha256:2788e3201cd34a07e3172128adcd8b3090168a8e3bcc40d7c032b9dda1df7d1c" "/opt/rustwide/cargo-home/bin/cargo" "+nightly-2024-02-05" "check" "--frozen" "--all" "--all-targets" "--message-format=json" "-Zcheck-cfg", kill_on_drop: false }`
[INFO] [stdout] 02007cd2a293448c92ab4395d68395e665f73b1f386fcc64ec5d623af55f30b3
[INFO] running `Command { std: "docker" "start" "-a" "02007cd2a293448c92ab4395d68395e665f73b1f386fcc64ec5d623af55f30b3", kill_on_drop: false }`
[INFO] [stderr]    Compiling winapi v0.3.9
[INFO] [stderr]     Checking mono_lib v0.1.6 (/opt/rustwide/workdir)
[INFO] [stdout] error[E0433]: failed to resolve: could not find `shared` in `winapi`
[INFO] [stdout]  --> src/mem/mod.rs:1:13
[INFO] [stdout]   |
[INFO] [stdout] 1 | use winapi::shared::minwindef::{FARPROC, HMODULE};
[INFO] [stdout]   |             ^^^^^^ could not find `shared` in `winapi`
[INFO] [stdout] 
[INFO] [stdout] 
[INFO] [stdout] error[E0433]: failed to resolve: could not find `shared` in `winapi`
[INFO] [stdout]  --> src/lib.rs:5:13
[INFO] [stdout]   |
[INFO] [stdout] 5 | use winapi::shared::minwindef::HMODULE;
[INFO] [stdout]   |             ^^^^^^ could not find `shared` in `winapi`
[INFO] [stdout] 
[INFO] [stdout] 
[INFO] [stdout] error[E0433]: failed to resolve: could not find `shared` in `winapi`
[INFO] [stdout]  --> src/mem/mod.rs:1:13
[INFO] [stdout]   |
[INFO] [stdout] 1 | use winapi::shared::minwindef::{FARPROC, HMODULE};
[INFO] [stdout]   |             ^^^^^^ could not find `shared` in `winapi`
[INFO] [stdout] 
[INFO] [stdout] 
[INFO] [stdout] error[E0433]: failed to resolve: could not find `shared` in `winapi`
[INFO] [stdout]  --> src/lib.rs:5:13
[INFO] [stdout]   |
[INFO] [stdout] 5 | use winapi::shared::minwindef::HMODULE;
[INFO] [stdout]   |             ^^^^^^ could not find `shared` in `winapi`
[INFO] [stdout] 
[INFO] [stdout] 
[INFO] [stdout] error[E0433]: failed to resolve: could not find `um` in `winapi`
[INFO] [stdout]  --> src/mem/mod.rs:7:22
[INFO] [stdout]   |
[INFO] [stdout] 7 |     unsafe { winapi::um::libloaderapi::GetModuleHandleA(module_name) }
[INFO] [stdout]   |                      ^^ could not find `um` in `winapi`
[INFO] [stdout] 
[INFO] [stdout] 
[INFO] [stdout] error[E0433]: failed to resolve: could not find `um` in `winapi`
[INFO] [stdout]   --> src/mem/mod.rs:12:22
[INFO] [stdout]    |
[INFO] [stdout] 12 |     unsafe { winapi::um::libloaderapi::GetProcAddress(module, export_name) }
[INFO] [stdout]    |                      ^^ could not find `um` in `winapi`
[INFO] [stdout] 
[INFO] [stdout] 
[INFO] [stdout] error[E0433]: failed to resolve: could not find `um` in `winapi`
[INFO] [stdout]  --> src/mem/mod.rs:7:22
[INFO] [stdout]   |
[INFO] [stdout] 7 |     unsafe { winapi::um::libloaderapi::GetModuleHandleA(module_name) }
[INFO] [stdout]   |                      ^^ could not find `um` in `winapi`
[INFO] [stdout] 
[INFO] [stdout] 
[INFO] [stdout] error: aborting due to 4 previous errors
[INFO] [stdout] 
[INFO] [stdout] 
[INFO] [stdout] For more information about this error, try `rustc --explain E0433`.
[INFO] [stdout] 
[INFO] [stdout] error[E0433]: failed to resolve: could not find `um` in `winapi`
[INFO] [stdout]   --> src/mem/mod.rs:12:22
[INFO] [stdout]    |
[INFO] [stdout] 12 |     unsafe { winapi::um::libloaderapi::GetProcAddress(module, export_name) }
[INFO] [stdout]    |                      ^^ could not find `um` in `winapi`
[INFO] [stdout] 
[INFO] [stdout] 
[INFO] [stderr] error: could not compile `mono_lib` (lib test) due to 5 previous errors
[INFO] [stderr] warning: build failed, waiting for other jobs to finish...
[INFO] [stdout] error: aborting due to 4 previous errors
[INFO] [stdout] 
[INFO] [stdout] 
[INFO] [stdout] For more information about this error, try `rustc --explain E0433`.
[INFO] [stdout] 
[INFO] [stderr] error: could not compile `mono_lib` (lib) due to 5 previous errors
[INFO] running `Command { std: "docker" "inspect" "02007cd2a293448c92ab4395d68395e665f73b1f386fcc64ec5d623af55f30b3", kill_on_drop: false }`
[INFO] running `Command { std: "docker" "rm" "-f" "02007cd2a293448c92ab4395d68395e665f73b1f386fcc64ec5d623af55f30b3", kill_on_drop: false }`
[INFO] [stdout] 02007cd2a293448c92ab4395d68395e665f73b1f386fcc64ec5d623af55f30b3
