[INFO] fetching crate moi 0.1.1...
[INFO] checking moi-0.1.1 against nightly-2024-02-05 for check-cfg
[INFO] extracting crate moi 0.1.1 into /workspace/builds/worker-2-tc1/source
[INFO] validating manifest of crates.io crate moi 0.1.1 on toolchain nightly-2024-02-05
[INFO] running `Command { std: CARGO_HOME="/workspace/cargo-home" RUSTUP_HOME="/workspace/rustup-home" "/workspace/cargo-home/bin/cargo" "+nightly-2024-02-05" "metadata" "--manifest-path" "Cargo.toml" "--no-deps", kill_on_drop: false }`
[INFO] started tweaking crates.io crate moi 0.1.1
[INFO] finished tweaking crates.io crate moi 0.1.1
[INFO] tweaked toml for crates.io crate moi 0.1.1 written to /workspace/builds/worker-2-tc1/source/Cargo.toml
[INFO] running `Command { std: CARGO_HOME="/workspace/cargo-home" RUSTUP_HOME="/workspace/rustup-home" "/workspace/cargo-home/bin/cargo" "+nightly-2024-02-05" "generate-lockfile" "--manifest-path" "Cargo.toml", kill_on_drop: false }`
[INFO] running `Command { std: CARGO_HOME="/workspace/cargo-home" RUSTUP_HOME="/workspace/rustup-home" "/workspace/cargo-home/bin/cargo" "+nightly-2024-02-05" "fetch" "--manifest-path" "Cargo.toml", kill_on_drop: false }`
[INFO] running `Command { std: "docker" "create" "-v" "/var/lib/crater-agent-workspace/builds/worker-2-tc1/target:/opt/rustwide/target:rw,Z" "-v" "/var/lib/crater-agent-workspace/builds/worker-2-tc1/source:/opt/rustwide/workdir:ro,Z" "-v" "/var/lib/crater-agent-workspace/cargo-home:/opt/rustwide/cargo-home:ro,Z" "-v" "/var/lib/crater-agent-workspace/rustup-home:/opt/rustwide/rustup-home:ro,Z" "-e" "SOURCE_DIR=/opt/rustwide/workdir" "-e" "CARGO_TARGET_DIR=/opt/rustwide/target" "-e" "CARGO_HOME=/opt/rustwide/cargo-home" "-e" "RUSTUP_HOME=/opt/rustwide/rustup-home" "-w" "/opt/rustwide/workdir" "-m" "1610612736" "--user" "0:0" "--network" "none" "ghcr.io/rust-lang/crates-build-env/linux@sha256:2788e3201cd34a07e3172128adcd8b3090168a8e3bcc40d7c032b9dda1df7d1c" "/opt/rustwide/cargo-home/bin/cargo" "+nightly-2024-02-05" "metadata" "--no-deps" "--format-version=1", kill_on_drop: false }`
[INFO] [stdout] d3ea1b16d66fa563619e0c2e5e7cb0f026918b165086a4ac4c79421c16c6b348
[INFO] running `Command { std: "docker" "start" "-a" "d3ea1b16d66fa563619e0c2e5e7cb0f026918b165086a4ac4c79421c16c6b348", kill_on_drop: false }`
[INFO] running `Command { std: "docker" "inspect" "d3ea1b16d66fa563619e0c2e5e7cb0f026918b165086a4ac4c79421c16c6b348", kill_on_drop: false }`
[INFO] running `Command { std: "docker" "rm" "-f" "d3ea1b16d66fa563619e0c2e5e7cb0f026918b165086a4ac4c79421c16c6b348", kill_on_drop: false }`
[INFO] [stdout] d3ea1b16d66fa563619e0c2e5e7cb0f026918b165086a4ac4c79421c16c6b348
[INFO] running `Command { std: "docker" "create" "-v" "/var/lib/crater-agent-workspace/builds/worker-2-tc1/target:/opt/rustwide/target:rw,Z" "-v" "/var/lib/crater-agent-workspace/builds/worker-2-tc1/source:/opt/rustwide/workdir:ro,Z" "-v" "/var/lib/crater-agent-workspace/cargo-home:/opt/rustwide/cargo-home:ro,Z" "-v" "/var/lib/crater-agent-workspace/rustup-home:/opt/rustwide/rustup-home:ro,Z" "-e" "SOURCE_DIR=/opt/rustwide/workdir" "-e" "CARGO_TARGET_DIR=/opt/rustwide/target" "-e" "CARGO_INCREMENTAL=0" "-e" "RUST_BACKTRACE=full" "-e" "RUSTFLAGS=--cap-lints=forbid" "-e" "RUSTDOCFLAGS=--cap-lints=forbid" "-e" "CARGO_HOME=/opt/rustwide/cargo-home" "-e" "RUSTUP_HOME=/opt/rustwide/rustup-home" "-w" "/opt/rustwide/workdir" "-m" "1610612736" "--user" "0:0" "--network" "none" "ghcr.io/rust-lang/crates-build-env/linux@sha256:2788e3201cd34a07e3172128adcd8b3090168a8e3bcc40d7c032b9dda1df7d1c" "/opt/rustwide/cargo-home/bin/cargo" "+nightly-2024-02-05" "check" "--frozen" "--all" "--all-targets" "--message-format=json", kill_on_drop: false }`
[INFO] [stdout] ba9bcc48dcefd42ee1f3fde2bfc63690e043c859647fc6f93c043611641fa9e2
[INFO] running `Command { std: "docker" "start" "-a" "ba9bcc48dcefd42ee1f3fde2bfc63690e043c859647fc6f93c043611641fa9e2", kill_on_drop: false }`
[INFO] [stderr]     Checking moi v0.1.1 (/opt/rustwide/workdir)
[INFO] [stdout] error[E0432]: unresolved imports `std::simd::ToBitMask`, `std::simd::SimdPartialEq`
[INFO] [stdout]  --> src/algorithm.rs:2:23
[INFO] [stdout]   |
[INFO] [stdout] 2 | use std::simd::{u32x8,ToBitMask,SimdPartialEq};
[INFO] [stdout]   |                       ^^^^^^^^^ ^^^^^^^^^^^^^ no `SimdPartialEq` in `simd`
[INFO] [stdout]   |                       |
[INFO] [stdout]   |                       no `ToBitMask` in `simd`
[INFO] [stdout]   |
[INFO] [stdout]   = help: consider importing one of these items instead:
[INFO] [stdout]           core::simd::prelude::SimdPartialEq
[INFO] [stdout]           std::simd::prelude::SimdPartialEq
[INFO] [stdout] 
[INFO] [stdout] 
[INFO] [stdout] error[E0432]: unresolved imports `std::simd::ToBitMask`, `std::simd::SimdPartialEq`
[INFO] [stdout]  --> src/algorithm.rs:2:23
[INFO] [stdout]   |
[INFO] [stdout] 2 | use std::simd::{u32x8,ToBitMask,SimdPartialEq};
[INFO] [stdout]   |                       ^^^^^^^^^ ^^^^^^^^^^^^^ no `SimdPartialEq` in `simd`
[INFO] [stdout]   |                       |
[INFO] [stdout]   |                       no `ToBitMask` in `simd`
[INFO] [stdout]   |
[INFO] [stdout]   = help: consider importing one of these items instead:
[INFO] [stdout]           core::simd::prelude::SimdPartialEq
[INFO] [stdout]           std::simd::prelude::SimdPartialEq
[INFO] [stdout] 
[INFO] [stdout] 
[INFO] [stdout] error[E0599]: no method named `simd_eq` found for struct `Simd` in the current scope
[INFO] [stdout]   --> src/algorithm.rs:58:19
[INFO] [stdout]    |
[INFO] [stdout] 58 |                 let mask = px.simd_eq(chunk);
[INFO] [stdout]    |                               ^^^^^^^ method not found in `Simd<u32, 8>`
[INFO] [stdout]   --> /rustc/268dbbbc4b3fd71c5f360a4d0728295252430b5b/library/core/src/../../portable-simd/crates/core_simd/src/simd/cmp/eq.rs:14:8
[INFO] [stdout]    |
[INFO] [stdout]    = note: the method is available for `Simd<u32, 8>` here
[INFO] [stdout]    |
[INFO] [stdout]    = help: items from traits can only be used if the trait is in scope
[INFO] [stdout] help: the following trait is implemented but not in scope; perhaps add a `use` for it:
[INFO] [stdout]    |
[INFO] [stdout] 1  + use std::simd::cmp::SimdPartialEq;
[INFO] [stdout]    |
[INFO] [stdout] 
[INFO] [stdout] 
[INFO] [stdout] error[E0599]: no method named `simd_eq` found for struct `Simd` in the current scope
[INFO] [stdout]   --> src/algorithm.rs:58:19
[INFO] [stdout]    |
[INFO] [stdout] 58 |                 let mask = px.simd_eq(chunk);
[INFO] [stdout]    |                               ^^^^^^^ method not found in `Simd<u32, 8>`
[INFO] [stdout]   --> /rustc/268dbbbc4b3fd71c5f360a4d0728295252430b5b/library/core/src/../../portable-simd/crates/core_simd/src/simd/cmp/eq.rs:14:8
[INFO] [stdout]    |
[INFO] [stdout]    = note: the method is available for `Simd<u32, 8>` here
[INFO] [stdout]    |
[INFO] [stdout]    = help: items from traits can only be used if the trait is in scope
[INFO] [stdout] help: the following trait is implemented but not in scope; perhaps add a `use` for it:
[INFO] [stdout]    |
[INFO] [stdout] 1  + use std::simd::cmp::SimdPartialEq;
[INFO] [stdout]    |
[INFO] [stdout] 
[INFO] [stdout] 
[INFO] [stdout] error[E0599]: no method named `lanes` found for struct `Simd` in the current scope
[INFO] [stdout]   --> src/algorithm.rs:64:50
[INFO] [stdout]    |
[INFO] [stdout] 64 |                 let start = self.offset + HISTORY_SIZE  / px.lanes() * px.lanes();
[INFO] [stdout]    |                                                              ^^^^^ method not found in `Simd<u32, 8>`
[INFO] [stdout] 
[INFO] [stdout] 
[INFO] [stdout] error[E0599]: no method named `lanes` found for struct `Simd` in the current scope
[INFO] [stdout]   --> src/algorithm.rs:64:50
[INFO] [stdout]    |
[INFO] [stdout] 64 |                 let start = self.offset + HISTORY_SIZE  / px.lanes() * px.lanes();
[INFO] [stdout]    |                                                              ^^^^^ method not found in `Simd<u32, 8>`
[INFO] [stdout] 
[INFO] [stdout] 
[INFO] [stdout] error[E0599]: no method named `lanes` found for struct `Simd` in the current scope
[INFO] [stdout]   --> src/algorithm.rs:64:63
[INFO] [stdout]    |
[INFO] [stdout] 64 |                 let start = self.offset + HISTORY_SIZE  / px.lanes() * px.lanes();
[INFO] [stdout]    |                                                                           ^^^^^ method not found in `Simd<u32, 8>`
[INFO] [stdout] 
[INFO] [stdout] 
[INFO] [stdout] error[E0599]: no method named `lanes` found for struct `Simd` in the current scope
[INFO] [stdout]   --> src/algorithm.rs:64:63
[INFO] [stdout]    |
[INFO] [stdout] 64 |                 let start = self.offset + HISTORY_SIZE  / px.lanes() * px.lanes();
[INFO] [stdout]    |                                                                           ^^^^^ method not found in `Simd<u32, 8>`
[INFO] [stdout] 
[INFO] [stdout] 
[INFO] [stdout] error: aborting due to 4 previous errors
[INFO] [stdout] 
[INFO] [stdout] 
[INFO] [stdout] Some errors have detailed explanations: E0432, E0599.
[INFO] [stdout] 
[INFO] [stdout] For more information about an error, try `rustc --explain E0432`.
[INFO] [stdout] 
[INFO] [stdout] error: aborting due to 4 previous errors
[INFO] [stdout] 
[INFO] [stdout] 
[INFO] [stdout] Some errors have detailed explanations: E0432, E0599.
[INFO] [stdout] 
[INFO] [stdout] For more information about an error, try `rustc --explain E0432`.
[INFO] [stdout] 
[INFO] [stderr] error: could not compile `moi` (lib test) due to 5 previous errors
[INFO] [stderr] warning: build failed, waiting for other jobs to finish...
[INFO] [stderr] error: could not compile `moi` (lib) due to 5 previous errors
[INFO] running `Command { std: "docker" "inspect" "ba9bcc48dcefd42ee1f3fde2bfc63690e043c859647fc6f93c043611641fa9e2", kill_on_drop: false }`
[INFO] running `Command { std: "docker" "rm" "-f" "ba9bcc48dcefd42ee1f3fde2bfc63690e043c859647fc6f93c043611641fa9e2", kill_on_drop: false }`
[INFO] [stdout] ba9bcc48dcefd42ee1f3fde2bfc63690e043c859647fc6f93c043611641fa9e2
