[INFO] fetching crate moe 0.1.1...
[INFO] checking moe-0.1.1 against nightly-2024-02-05 for check-cfg
[INFO] extracting crate moe 0.1.1 into /workspace/builds/worker-0-tc1/source
[INFO] validating manifest of crates.io crate moe 0.1.1 on toolchain nightly-2024-02-05
[INFO] running `Command { std: CARGO_HOME="/workspace/cargo-home" RUSTUP_HOME="/workspace/rustup-home" "/workspace/cargo-home/bin/cargo" "+nightly-2024-02-05" "metadata" "--manifest-path" "Cargo.toml" "--no-deps", kill_on_drop: false }`
[INFO] started tweaking crates.io crate moe 0.1.1
[INFO] finished tweaking crates.io crate moe 0.1.1
[INFO] tweaked toml for crates.io crate moe 0.1.1 written to /workspace/builds/worker-0-tc1/source/Cargo.toml
[INFO] running `Command { std: CARGO_HOME="/workspace/cargo-home" RUSTUP_HOME="/workspace/rustup-home" "/workspace/cargo-home/bin/cargo" "+nightly-2024-02-05" "generate-lockfile" "--manifest-path" "Cargo.toml", kill_on_drop: false }`
[INFO] [stderr]     Updating crates.io index
[INFO] running `Command { std: CARGO_HOME="/workspace/cargo-home" RUSTUP_HOME="/workspace/rustup-home" "/workspace/cargo-home/bin/cargo" "+nightly-2024-02-05" "fetch" "--manifest-path" "Cargo.toml", kill_on_drop: false }`
[INFO] [stderr]  Downloading crates ...
[INFO] [stderr]   Downloaded mockito v0.20.0
[INFO] running `Command { std: "docker" "create" "-v" "/var/lib/crater-agent-workspace/builds/worker-0-tc1/target:/opt/rustwide/target:rw,Z" "-v" "/var/lib/crater-agent-workspace/builds/worker-0-tc1/source:/opt/rustwide/workdir:ro,Z" "-v" "/var/lib/crater-agent-workspace/cargo-home:/opt/rustwide/cargo-home:ro,Z" "-v" "/var/lib/crater-agent-workspace/rustup-home:/opt/rustwide/rustup-home:ro,Z" "-e" "SOURCE_DIR=/opt/rustwide/workdir" "-e" "CARGO_TARGET_DIR=/opt/rustwide/target" "-e" "CARGO_HOME=/opt/rustwide/cargo-home" "-e" "RUSTUP_HOME=/opt/rustwide/rustup-home" "-w" "/opt/rustwide/workdir" "-m" "1610612736" "--user" "0:0" "--network" "none" "ghcr.io/rust-lang/crates-build-env/linux@sha256:2788e3201cd34a07e3172128adcd8b3090168a8e3bcc40d7c032b9dda1df7d1c" "/opt/rustwide/cargo-home/bin/cargo" "+nightly-2024-02-05" "metadata" "--no-deps" "--format-version=1", kill_on_drop: false }`
[INFO] [stdout] 0d07fa4c1c30c01a6b7858498ca24f2ce7cbcf00aaa477a96ffc6786d4a83d86
[INFO] running `Command { std: "docker" "start" "-a" "0d07fa4c1c30c01a6b7858498ca24f2ce7cbcf00aaa477a96ffc6786d4a83d86", kill_on_drop: false }`
[INFO] running `Command { std: "docker" "inspect" "0d07fa4c1c30c01a6b7858498ca24f2ce7cbcf00aaa477a96ffc6786d4a83d86", kill_on_drop: false }`
[INFO] running `Command { std: "docker" "rm" "-f" "0d07fa4c1c30c01a6b7858498ca24f2ce7cbcf00aaa477a96ffc6786d4a83d86", kill_on_drop: false }`
[INFO] [stdout] 0d07fa4c1c30c01a6b7858498ca24f2ce7cbcf00aaa477a96ffc6786d4a83d86
[INFO] running `Command { std: "docker" "create" "-v" "/var/lib/crater-agent-workspace/builds/worker-0-tc1/target:/opt/rustwide/target:rw,Z" "-v" "/var/lib/crater-agent-workspace/builds/worker-0-tc1/source:/opt/rustwide/workdir:ro,Z" "-v" "/var/lib/crater-agent-workspace/cargo-home:/opt/rustwide/cargo-home:ro,Z" "-v" "/var/lib/crater-agent-workspace/rustup-home:/opt/rustwide/rustup-home:ro,Z" "-e" "SOURCE_DIR=/opt/rustwide/workdir" "-e" "CARGO_TARGET_DIR=/opt/rustwide/target" "-e" "CARGO_INCREMENTAL=0" "-e" "RUST_BACKTRACE=full" "-e" "RUSTFLAGS=--cap-lints=forbid" "-e" "RUSTDOCFLAGS=--cap-lints=forbid" "-e" "CARGO_HOME=/opt/rustwide/cargo-home" "-e" "RUSTUP_HOME=/opt/rustwide/rustup-home" "-w" "/opt/rustwide/workdir" "-m" "1610612736" "--user" "0:0" "--network" "none" "ghcr.io/rust-lang/crates-build-env/linux@sha256:2788e3201cd34a07e3172128adcd8b3090168a8e3bcc40d7c032b9dda1df7d1c" "/opt/rustwide/cargo-home/bin/cargo" "+nightly-2024-02-05" "check" "--frozen" "--all" "--all-targets" "--message-format=json", kill_on_drop: false }`
[INFO] [stdout] 599bb98cf9d26f4f65ac5701af8992f6d05c4e5facaed77843c6cee79525a994
[INFO] running `Command { std: "docker" "start" "-a" "599bb98cf9d26f4f65ac5701af8992f6d05c4e5facaed77843c6cee79525a994", kill_on_drop: false }`
[INFO] [stderr]     Checking futures v0.1.31
[INFO] [stderr]     Checking either v1.9.0
[INFO] [stderr]    Compiling crossbeam-utils v0.7.2
[INFO] [stderr]     Checking iovec v0.1.4
[INFO] [stderr]    Compiling memoffset v0.5.6
[INFO] [stderr]    Compiling crossbeam-epoch v0.8.2
[INFO] [stderr]    Compiling parking_lot_core v0.6.3
[INFO] [stderr]    Compiling openssl-sys v0.9.99
[INFO] [stderr]     Checking smallvec v0.6.14
[INFO] [stderr]     Checking net2 v0.2.39
[INFO] [stderr]    Compiling syn v2.0.48
[INFO] [stderr]     Checking lock_api v0.3.4
[INFO] [stderr]    Compiling unicase v2.7.0
[INFO] [stderr]    Compiling backtrace v0.3.69
[INFO] [stderr]     Checking miniz_oxide v0.7.2
[INFO] [stderr]     Checking gimli v0.28.1
[INFO] [stderr]    Compiling proc-macro2 v0.4.30
[INFO] [stderr]     Checking bytes v0.4.12
[INFO] [stderr]     Checking object v0.32.2
[INFO] [stderr]     Checking time v0.1.45
[INFO] [stderr]     Checking mio v0.6.23
[INFO] [stderr]    Compiling proc-macro-error-attr v1.0.4
[INFO] [stderr]    Compiling failure_derive v0.1.8
[INFO] [stderr]    Compiling hyper v0.12.36
[INFO] [stderr]    Compiling proc-macro-error v1.0.4
[INFO] [stderr]     Checking parking_lot v0.9.0
[INFO] [stderr]    Compiling syn v0.15.44
[INFO] [stderr]     Checking http v0.1.21
[INFO] [stderr]     Checking string v0.2.1
[INFO] [stderr]    Compiling rustix v0.38.31
[INFO] [stderr]    Compiling mime_guess v2.0.4
[INFO] [stderr]     Checking getrandom v0.1.16
[INFO] [stderr]     Checking rand_os v0.1.3
[INFO] [stderr]    Compiling doc-comment v0.3.3
[INFO] [stderr]     Checking crossbeam-queue v0.2.3
[INFO] [stderr]    Compiling quote v0.6.13
[INFO] [stderr]     Checking rand v0.6.5
[INFO] [stderr]     Checking rand_core v0.5.1
[INFO] [stderr]     Checking tokio-executor v0.1.10
[INFO] [stderr]     Checking tokio-io v0.1.13
[INFO] [stderr]     Checking tokio-sync v0.1.8
[INFO] [stderr]     Checking crossbeam-deque v0.7.4
[INFO] [stderr]     Checking tokio-buf v0.1.1
[INFO] [stderr]     Checking futures-cpupool v0.1.8
[INFO] [stderr]     Checking tokio-current-thread v0.1.7
[INFO] [stderr]     Checking tokio-timer v0.2.13
[INFO] [stderr]     Checking tokio-threadpool v0.1.18
[INFO] [stderr]     Checking want v0.2.0
[INFO] [stderr]    Compiling openssl v0.10.63
[INFO] [stderr]    Compiling native-tls v0.2.11
[INFO] [stderr]     Checking cookie v0.12.0
[INFO] [stderr]     Checking try_from v0.3.2
[INFO] [stderr]     Checking dtoa v0.4.8
[INFO] [stderr]     Checking tokio-reactor v0.1.12
[INFO] [stderr]     Checking rand_chacha v0.2.2
[INFO] [stderr]     Checking flate2 v1.0.28
[INFO] [stderr]     Checking difference v2.0.0
[INFO] [stderr]     Checking rand v0.7.3
[INFO] [stderr]     Checking tokio-tcp v0.1.4
[INFO] [stderr]     Checking uuid v0.7.4
[INFO] [stderr]     Checking addr2line v0.21.0
[INFO] [stderr]    Compiling extend v0.1.2
[INFO] [stderr]     Checking tokio v0.1.22
[INFO] [stderr]     Checking h2 v0.1.26
[INFO] [stderr]     Checking http-body v0.1.0
[INFO] [stderr]    Compiling serde_derive v1.0.196
[INFO] [stderr]    Compiling openssl-macros v0.1.1
[INFO] [stderr]     Checking failure v0.1.8
[INFO] [stderr]     Checking is-terminal v0.4.10
[INFO] [stderr]     Checking colored v1.9.4
[INFO] [stderr]    Compiling snafu-derive v0.4.4
[INFO] [stderr]     Checking snafu v0.4.4
[INFO] [stderr]     Checking serde v1.0.196
[INFO] [stderr]     Checking hyper-tls v0.3.2
[INFO] [stderr]     Checking serde_json v1.0.113
[INFO] [stderr]     Checking serde_urlencoded v0.5.5
[INFO] [stderr]     Checking cookie_store v0.7.0
[INFO] [stderr]     Checking assert-json-diff v1.1.0
[INFO] [stderr]     Checking mockito v0.20.0
[INFO] [stdout] error[E0432]: unresolved imports `assert_json_diff::Comparison`, `assert_json_diff::Actual`, `assert_json_diff::Expected`
[INFO] [stdout]    --> /opt/rustwide/cargo-home/registry/src/index.crates.io-6f17d22bba15001f/mockito-0.20.0/src/lib.rs:524:24
[INFO] [stdout]     |
[INFO] [stdout] 524 | use assert_json_diff::{Comparison, assert_json_no_panic, Actual, Expected};
[INFO] [stdout]     |                        ^^^^^^^^^^                        ^^^^^^  ^^^^^^^^ no `Expected` in the root
[INFO] [stdout]     |                        |                                 |
[INFO] [stdout]     |                        |                                 no `Actual` in the root
[INFO] [stdout]     |                        no `Comparison` in the root
[INFO] [stdout] 
[INFO] [stdout] 
[INFO] [stdout] error[E0603]: function `assert_json_no_panic` is private
[INFO] [stdout]    --> /opt/rustwide/cargo-home/registry/src/index.crates.io-6f17d22bba15001f/mockito-0.20.0/src/lib.rs:524:36
[INFO] [stdout]     |
[INFO] [stdout] 524 | use assert_json_diff::{Comparison, assert_json_no_panic, Actual, Expected};
[INFO] [stdout]     |                                    ^^^^^^^^^^^^^^^^^^^^ private function
[INFO] [stdout]     |
[INFO] [stdout] note: the function `assert_json_no_panic` is defined here
[INFO] [stdout]    --> /opt/rustwide/cargo-home/registry/src/index.crates.io-6f17d22bba15001f/assert-json-diff-1.1.0/src/lib.rs:240:1
[INFO] [stdout]     |
[INFO] [stdout] 240 | / fn assert_json_no_panic<Lhs, Rhs>(lhs: &Lhs, rhs: &Rhs, mode: Mode) -> Result<(), String>
[INFO] [stdout] 241 | | where
[INFO] [stdout] 242 | |     Lhs: Serialize,
[INFO] [stdout] 243 | |     Rhs: Serialize,
[INFO] [stdout]     | |___________________^
[INFO] [stdout] 
[INFO] [stdout] 
[INFO] [stdout] error: aborting due to 2 previous errors
[INFO] [stdout] 
[INFO] [stdout] 
[INFO] [stdout] Some errors have detailed explanations: E0432, E0603.
[INFO] [stdout] 
[INFO] [stdout] For more information about an error, try `rustc --explain E0432`.
[INFO] [stdout] 
[INFO] [stderr] error: could not compile `mockito` (lib) due to 3 previous errors
[INFO] [stderr] warning: build failed, waiting for other jobs to finish...
[INFO] running `Command { std: "docker" "inspect" "599bb98cf9d26f4f65ac5701af8992f6d05c4e5facaed77843c6cee79525a994", kill_on_drop: false }`
[INFO] running `Command { std: "docker" "rm" "-f" "599bb98cf9d26f4f65ac5701af8992f6d05c4e5facaed77843c6cee79525a994", kill_on_drop: false }`
[INFO] [stdout] 599bb98cf9d26f4f65ac5701af8992f6d05c4e5facaed77843c6cee79525a994
[INFO] checking moe-0.1.1 against nightly-2024-02-05+rustflags=-Dunexpected_cfgs+cargoflags=-Zcheck-cfg for check-cfg
[INFO] extracting crate moe 0.1.1 into /workspace/builds/worker-0-tc2/source
[INFO] validating manifest of crates.io crate moe 0.1.1 on toolchain nightly-2024-02-05
[INFO] running `Command { std: CARGO_HOME="/workspace/cargo-home" RUSTUP_HOME="/workspace/rustup-home" "/workspace/cargo-home/bin/cargo" "+nightly-2024-02-05" "metadata" "--manifest-path" "Cargo.toml" "--no-deps", kill_on_drop: false }`
[INFO] started tweaking crates.io crate moe 0.1.1
[INFO] finished tweaking crates.io crate moe 0.1.1
[INFO] tweaked toml for crates.io crate moe 0.1.1 written to /workspace/builds/worker-0-tc2/source/Cargo.toml
[INFO] running `Command { std: CARGO_HOME="/workspace/cargo-home" RUSTUP_HOME="/workspace/rustup-home" "/workspace/cargo-home/bin/cargo" "+nightly-2024-02-05" "generate-lockfile" "--manifest-path" "Cargo.toml", kill_on_drop: false }`
[INFO] [stderr]     Updating crates.io index
[INFO] running `Command { std: CARGO_HOME="/workspace/cargo-home" RUSTUP_HOME="/workspace/rustup-home" "/workspace/cargo-home/bin/cargo" "+nightly-2024-02-05" "fetch" "--manifest-path" "Cargo.toml", kill_on_drop: false }`
[INFO] running `Command { std: "docker" "create" "-v" "/var/lib/crater-agent-workspace/builds/worker-0-tc2/target:/opt/rustwide/target:rw,Z" "-v" "/var/lib/crater-agent-workspace/builds/worker-0-tc2/source:/opt/rustwide/workdir:ro,Z" "-v" "/var/lib/crater-agent-workspace/cargo-home:/opt/rustwide/cargo-home:ro,Z" "-v" "/var/lib/crater-agent-workspace/rustup-home:/opt/rustwide/rustup-home:ro,Z" "-e" "SOURCE_DIR=/opt/rustwide/workdir" "-e" "CARGO_TARGET_DIR=/opt/rustwide/target" "-e" "CARGO_HOME=/opt/rustwide/cargo-home" "-e" "RUSTUP_HOME=/opt/rustwide/rustup-home" "-w" "/opt/rustwide/workdir" "-m" "1610612736" "--user" "0:0" "--network" "none" "ghcr.io/rust-lang/crates-build-env/linux@sha256:2788e3201cd34a07e3172128adcd8b3090168a8e3bcc40d7c032b9dda1df7d1c" "/opt/rustwide/cargo-home/bin/cargo" "+nightly-2024-02-05" "metadata" "--no-deps" "--format-version=1", kill_on_drop: false }`
[INFO] [stdout] e4c3a87e09eb7d1db72c37b9095ef7348424593bec130c607b4568e02806e879
[INFO] running `Command { std: "docker" "start" "-a" "e4c3a87e09eb7d1db72c37b9095ef7348424593bec130c607b4568e02806e879", kill_on_drop: false }`
[INFO] running `Command { std: "docker" "inspect" "e4c3a87e09eb7d1db72c37b9095ef7348424593bec130c607b4568e02806e879", kill_on_drop: false }`
[INFO] running `Command { std: "docker" "rm" "-f" "e4c3a87e09eb7d1db72c37b9095ef7348424593bec130c607b4568e02806e879", kill_on_drop: false }`
[INFO] [stdout] e4c3a87e09eb7d1db72c37b9095ef7348424593bec130c607b4568e02806e879
[INFO] running `Command { std: "docker" "create" "-v" "/var/lib/crater-agent-workspace/builds/worker-0-tc2/target:/opt/rustwide/target:rw,Z" "-v" "/var/lib/crater-agent-workspace/builds/worker-0-tc2/source:/opt/rustwide/workdir:ro,Z" "-v" "/var/lib/crater-agent-workspace/cargo-home:/opt/rustwide/cargo-home:ro,Z" "-v" "/var/lib/crater-agent-workspace/rustup-home:/opt/rustwide/rustup-home:ro,Z" "-e" "SOURCE_DIR=/opt/rustwide/workdir" "-e" "CARGO_TARGET_DIR=/opt/rustwide/target" "-e" "CARGO_INCREMENTAL=0" "-e" "RUST_BACKTRACE=full" "-e" "RUSTFLAGS=--cap-lints=forbid -Dunexpected_cfgs" "-e" "RUSTDOCFLAGS=--cap-lints=forbid" "-e" "CARGO_HOME=/opt/rustwide/cargo-home" "-e" "RUSTUP_HOME=/opt/rustwide/rustup-home" "-w" "/opt/rustwide/workdir" "-m" "1610612736" "--user" "0:0" "--network" "none" "ghcr.io/rust-lang/crates-build-env/linux@sha256:2788e3201cd34a07e3172128adcd8b3090168a8e3bcc40d7c032b9dda1df7d1c" "/opt/rustwide/cargo-home/bin/cargo" "+nightly-2024-02-05" "check" "--frozen" "--all" "--all-targets" "--message-format=json" "-Zcheck-cfg", kill_on_drop: false }`
[INFO] [stdout] 584015c8bf1867a680a4ff37efa1b567140d3c1aea48114ef9852931e0abee86
[INFO] running `Command { std: "docker" "start" "-a" "584015c8bf1867a680a4ff37efa1b567140d3c1aea48114ef9852931e0abee86", kill_on_drop: false }`
[INFO] [stderr]     Checking futures v0.1.31
[INFO] [stderr]     Checking either v1.9.0
[INFO] [stderr]     Checking scopeguard v1.2.0
[INFO] [stderr]    Compiling crossbeam-utils v0.7.2
[INFO] [stderr]     Checking iovec v0.1.4
[INFO] [stderr]    Compiling memoffset v0.5.6
[INFO] [stderr]    Compiling parking_lot_core v0.6.3
[INFO] [stderr]     Checking smallvec v0.6.14
[INFO] [stderr]    Compiling openssl-sys v0.9.99
[INFO] [stderr]    Compiling crossbeam-epoch v0.8.2
[INFO] [stderr]    Compiling syn v2.0.48
[INFO] [stderr]     Checking net2 v0.2.39
[INFO] [stderr]    Compiling unicase v2.7.0
[INFO] [stderr]     Checking miniz_oxide v0.7.2
[INFO] [stderr]    Compiling backtrace v0.3.69
[INFO] [stderr]     Checking lock_api v0.3.4
[INFO] [stderr]     Checking gimli v0.28.1
[INFO] [stderr]    Compiling proc-macro2 v0.4.30
[INFO] [stderr]     Checking bytes v0.4.12
[INFO] [stderr]     Checking object v0.32.2
[INFO] [stderr]     Checking time v0.1.45
[INFO] [stderr]     Checking mio v0.6.23
[INFO] [stderr]    Compiling proc-macro-error-attr v1.0.4
[INFO] [stderr]    Compiling unicode-xid v0.2.4
[INFO] [stderr]     Checking foreign-types-shared v0.1.1
[INFO] [stderr]    Compiling openssl v0.10.63
[INFO] [stderr]    Compiling failure_derive v0.1.8
[INFO] [stderr]     Checking foreign-types v0.3.2
[INFO] [stderr]     Checking http v0.1.21
[INFO] [stderr]     Checking string v0.2.1
[INFO] [stderr]     Checking parking_lot v0.9.0
[INFO] [stderr]    Compiling synstructure v0.12.6
[INFO] [stderr]    Compiling hyper v0.12.36
[INFO] [stderr]    Compiling proc-macro-error v1.0.4
[INFO] [stderr]    Compiling syn v0.15.44
[INFO] [stderr]    Compiling native-tls v0.2.11
[INFO] [stderr]    Compiling rustix v0.38.31
[INFO] [stderr]    Compiling mime_guess v2.0.4
[INFO] [stderr]     Checking crossbeam-queue v0.2.3
[INFO] [stderr]    Compiling quote v0.6.13
[INFO] [stderr]     Checking getrandom v0.1.16
[INFO] [stderr]     Checking rand_os v0.1.3
[INFO] [stderr]     Checking crossbeam-deque v0.7.4
[INFO] [stderr]    Compiling doc-comment v0.3.3
[INFO] [stderr]     Checking tokio-executor v0.1.10
[INFO] [stderr]     Checking tokio-io v0.1.13
[INFO] [stderr]     Checking tokio-sync v0.1.8
[INFO] [stderr]     Checking tokio-buf v0.1.1
[INFO] [stderr]     Checking futures-cpupool v0.1.8
[INFO] [stderr]     Checking tokio-current-thread v0.1.7
[INFO] [stderr]     Checking tokio-timer v0.2.13
[INFO] [stderr]     Checking tokio-threadpool v0.1.18
[INFO] [stderr]     Checking want v0.2.0
[INFO] [stderr]     Checking rand v0.6.5
[INFO] [stderr]     Checking rand_core v0.5.1
[INFO] [stderr]     Checking cookie v0.12.0
[INFO] [stderr]     Checking try_from v0.3.2
[INFO] [stderr]     Checking tokio-reactor v0.1.12
[INFO] [stderr]     Checking mime v0.3.17
[INFO] [stderr]     Checking dtoa v0.4.8
[INFO] [stderr]     Checking rand_chacha v0.2.2
[INFO] [stderr]     Checking flate2 v1.0.28
[INFO] [stderr]     Checking encoding_rs v0.8.33
[INFO] [stderr]    Compiling extend v0.1.2
[INFO] [stderr]     Checking tokio-tcp v0.1.4
[INFO] [stderr]     Checking difference v2.0.0
[INFO] [stderr]     Checking tokio v0.1.22
[INFO] [stderr]     Checking h2 v0.1.26
[INFO] [stderr]     Checking http-body v0.1.0
[INFO] [stderr]     Checking rand v0.7.3
[INFO] [stderr]     Checking addr2line v0.21.0
[INFO] [stderr]     Checking uuid v0.7.4
[INFO] [stderr]    Compiling serde_derive v1.0.196
[INFO] [stderr]    Compiling openssl-macros v0.1.1
[INFO] [stderr]     Checking is-terminal v0.4.10
[INFO] [stderr]     Checking colored v1.9.4
[INFO] [stderr]    Compiling snafu-derive v0.4.4
[INFO] [stderr]     Checking failure v0.1.8
[INFO] [stderr]     Checking snafu v0.4.4
[INFO] [stderr]     Checking serde v1.0.196
[INFO] [stderr]     Checking hyper-tls v0.3.2
[INFO] [stderr]     Checking serde_json v1.0.113
[INFO] [stderr]     Checking serde_urlencoded v0.5.5
[INFO] [stderr]     Checking cookie_store v0.7.0
[INFO] [stderr]     Checking assert-json-diff v1.1.0
[INFO] [stderr]     Checking mockito v0.20.0
[INFO] [stdout] error[E0432]: unresolved imports `assert_json_diff::Comparison`, `assert_json_diff::Actual`, `assert_json_diff::Expected`
[INFO] [stdout]    --> /opt/rustwide/cargo-home/registry/src/index.crates.io-6f17d22bba15001f/mockito-0.20.0/src/lib.rs:524:24
[INFO] [stdout]     |
[INFO] [stdout] 524 | use assert_json_diff::{Comparison, assert_json_no_panic, Actual, Expected};
[INFO] [stdout]     |                        ^^^^^^^^^^                        ^^^^^^  ^^^^^^^^ no `Expected` in the root
[INFO] [stdout]     |                        |                                 |
[INFO] [stdout]     |                        |                                 no `Actual` in the root
[INFO] [stdout]     |                        no `Comparison` in the root
[INFO] [stdout] 
[INFO] [stdout] 
[INFO] [stdout] error[E0603]: function `assert_json_no_panic` is private
[INFO] [stdout]    --> /opt/rustwide/cargo-home/registry/src/index.crates.io-6f17d22bba15001f/mockito-0.20.0/src/lib.rs:524:36
[INFO] [stdout]     |
[INFO] [stdout] 524 | use assert_json_diff::{Comparison, assert_json_no_panic, Actual, Expected};
[INFO] [stdout]     |                                    ^^^^^^^^^^^^^^^^^^^^ private function
[INFO] [stdout]     |
[INFO] [stdout] note: the function `assert_json_no_panic` is defined here
[INFO] [stdout]    --> /opt/rustwide/cargo-home/registry/src/index.crates.io-6f17d22bba15001f/assert-json-diff-1.1.0/src/lib.rs:240:1
[INFO] [stdout]     |
[INFO] [stdout] 240 | / fn assert_json_no_panic<Lhs, Rhs>(lhs: &Lhs, rhs: &Rhs, mode: Mode) -> Result<(), String>
[INFO] [stdout] 241 | | where
[INFO] [stdout] 242 | |     Lhs: Serialize,
[INFO] [stdout] 243 | |     Rhs: Serialize,
[INFO] [stdout]     | |___________________^
[INFO] [stdout] 
[INFO] [stdout] 
[INFO] [stdout] error: aborting due to 2 previous errors
[INFO] [stdout] 
[INFO] [stdout] 
[INFO] [stdout] Some errors have detailed explanations: E0432, E0603.
[INFO] [stdout] 
[INFO] [stdout] For more information about an error, try `rustc --explain E0432`.
[INFO] [stdout] 
[INFO] [stderr] error: could not compile `mockito` (lib) due to 3 previous errors
[INFO] [stderr] warning: build failed, waiting for other jobs to finish...
[INFO] running `Command { std: "docker" "inspect" "584015c8bf1867a680a4ff37efa1b567140d3c1aea48114ef9852931e0abee86", kill_on_drop: false }`
[INFO] running `Command { std: "docker" "rm" "-f" "584015c8bf1867a680a4ff37efa1b567140d3c1aea48114ef9852931e0abee86", kill_on_drop: false }`
[INFO] [stdout] 584015c8bf1867a680a4ff37efa1b567140d3c1aea48114ef9852931e0abee86
