[INFO] fetching crate mockers_derive 0.22.0...
[INFO] checking mockers_derive-0.22.0 against nightly-2024-02-05 for check-cfg
[INFO] extracting crate mockers_derive 0.22.0 into /workspace/builds/worker-0-tc1/source
[INFO] validating manifest of crates.io crate mockers_derive 0.22.0 on toolchain nightly-2024-02-05
[INFO] running `Command { std: CARGO_HOME="/workspace/cargo-home" RUSTUP_HOME="/workspace/rustup-home" "/workspace/cargo-home/bin/cargo" "+nightly-2024-02-05" "metadata" "--manifest-path" "Cargo.toml" "--no-deps", kill_on_drop: false }`
[INFO] started tweaking crates.io crate mockers_derive 0.22.0
[INFO] finished tweaking crates.io crate mockers_derive 0.22.0
[INFO] tweaked toml for crates.io crate mockers_derive 0.22.0 written to /workspace/builds/worker-0-tc1/source/Cargo.toml
[INFO] running `Command { std: CARGO_HOME="/workspace/cargo-home" RUSTUP_HOME="/workspace/rustup-home" "/workspace/cargo-home/bin/cargo" "+nightly-2024-02-05" "generate-lockfile" "--manifest-path" "Cargo.toml", kill_on_drop: false }`
[INFO] [stderr]     Updating crates.io index
[INFO] running `Command { std: CARGO_HOME="/workspace/cargo-home" RUSTUP_HOME="/workspace/rustup-home" "/workspace/cargo-home/bin/cargo" "+nightly-2024-02-05" "fetch" "--manifest-path" "Cargo.toml", kill_on_drop: false }`
[INFO] [stderr]     Blocking waiting for file lock on package cache
[INFO] [stderr]     Blocking waiting for file lock on package cache
[INFO] [stderr]  Downloading crates ...
[INFO] [stderr]   Downloaded rustc-ap-rustc_feature v677.0.0
[INFO] [stderr]   Downloaded rustc-ap-rustc_ast_passes v677.0.0
[INFO] [stderr]   Downloaded rustc-ap-rustc_fs_util v677.0.0
[INFO] [stderr]   Downloaded rustfmt-config_proc_macro v0.2.0
[INFO] [stderr]   Downloaded rustc-ap-rustc_arena v677.0.0
[INFO] [stderr]   Downloaded indoc-impl v0.3.6
[INFO] [stderr]   Downloaded rustc-ap-rustc_index v677.0.0
[INFO] [stderr]   Downloaded annotate-snippets v0.6.1
[INFO] [stderr]   Downloaded indoc v0.3.6
[INFO] [stderr]   Downloaded termize v0.1.1
[INFO] [stderr]   Downloaded rustc-ap-rustc_ast_pretty v677.0.0
[INFO] [stderr]   Downloaded rustc-ap-rustc_errors v677.0.0
[INFO] [stderr]   Downloaded rustc-ap-rustc_ast v677.0.0
[INFO] [stderr]   Downloaded rustc-ap-rustc_data_structures v677.0.0
[INFO] [stderr]   Downloaded rustfmt-nightly v1.4.21
[INFO] [stderr]   Downloaded rustc-ap-rustc_parse v677.0.0
[INFO] [stderr]   Downloaded rustc-ap-rustc_expand v677.0.0
[INFO] [stderr]   Downloaded rustc-rayon-core v0.3.2
[INFO] [stderr]   Downloaded rustc-ap-rustc_target v677.0.0
[INFO] [stderr]   Downloaded rustc-ap-rustc_session v677.0.0
[INFO] [stderr]   Downloaded rustc-rayon v0.3.2
[INFO] [stderr]   Downloaded rustc-ap-rustc_span v677.0.0
[INFO] [stderr]   Downloaded rustc-ap-rustc_serialize v677.0.0
[INFO] [stderr]   Downloaded annotate-snippets v0.8.0
[INFO] [stderr]   Downloaded cargo_metadata v0.8.2
[INFO] [stderr]   Downloaded rustc-ap-rustc_attr v677.0.0
[INFO] [stderr]   Downloaded rustc-ap-rustc_lexer v677.0.0
[INFO] [stderr]   Downloaded measureme v0.7.1
[INFO] [stderr]   Downloaded rustc-ap-rustc_macros v677.0.0
[INFO] [stderr]   Downloaded md-5 v0.8.0
[INFO] [stderr]   Downloaded rustc-ap-rustc_graphviz v677.0.0
[INFO] running `Command { std: "docker" "create" "-v" "/var/lib/crater-agent-workspace/builds/worker-0-tc1/target:/opt/rustwide/target:rw,Z" "-v" "/var/lib/crater-agent-workspace/builds/worker-0-tc1/source:/opt/rustwide/workdir:ro,Z" "-v" "/var/lib/crater-agent-workspace/cargo-home:/opt/rustwide/cargo-home:ro,Z" "-v" "/var/lib/crater-agent-workspace/rustup-home:/opt/rustwide/rustup-home:ro,Z" "-e" "SOURCE_DIR=/opt/rustwide/workdir" "-e" "CARGO_TARGET_DIR=/opt/rustwide/target" "-e" "CARGO_HOME=/opt/rustwide/cargo-home" "-e" "RUSTUP_HOME=/opt/rustwide/rustup-home" "-w" "/opt/rustwide/workdir" "-m" "1610612736" "--user" "0:0" "--network" "none" "ghcr.io/rust-lang/crates-build-env/linux@sha256:2788e3201cd34a07e3172128adcd8b3090168a8e3bcc40d7c032b9dda1df7d1c" "/opt/rustwide/cargo-home/bin/cargo" "+nightly-2024-02-05" "metadata" "--no-deps" "--format-version=1", kill_on_drop: false }`
[INFO] [stdout] 4cbfe52e4034153cf5176cd4a588807a3aaad20aa35f7430ef792bda3846a077
[INFO] running `Command { std: "docker" "start" "-a" "4cbfe52e4034153cf5176cd4a588807a3aaad20aa35f7430ef792bda3846a077", kill_on_drop: false }`
[INFO] running `Command { std: "docker" "inspect" "4cbfe52e4034153cf5176cd4a588807a3aaad20aa35f7430ef792bda3846a077", kill_on_drop: false }`
[INFO] running `Command { std: "docker" "rm" "-f" "4cbfe52e4034153cf5176cd4a588807a3aaad20aa35f7430ef792bda3846a077", kill_on_drop: false }`
[INFO] [stdout] 4cbfe52e4034153cf5176cd4a588807a3aaad20aa35f7430ef792bda3846a077
[INFO] running `Command { std: "docker" "create" "-v" "/var/lib/crater-agent-workspace/builds/worker-0-tc1/target:/opt/rustwide/target:rw,Z" "-v" "/var/lib/crater-agent-workspace/builds/worker-0-tc1/source:/opt/rustwide/workdir:ro,Z" "-v" "/var/lib/crater-agent-workspace/cargo-home:/opt/rustwide/cargo-home:ro,Z" "-v" "/var/lib/crater-agent-workspace/rustup-home:/opt/rustwide/rustup-home:ro,Z" "-e" "SOURCE_DIR=/opt/rustwide/workdir" "-e" "CARGO_TARGET_DIR=/opt/rustwide/target" "-e" "CARGO_INCREMENTAL=0" "-e" "RUST_BACKTRACE=full" "-e" "RUSTFLAGS=--cap-lints=forbid" "-e" "RUSTDOCFLAGS=--cap-lints=forbid" "-e" "CARGO_HOME=/opt/rustwide/cargo-home" "-e" "RUSTUP_HOME=/opt/rustwide/rustup-home" "-w" "/opt/rustwide/workdir" "-m" "1610612736" "--user" "0:0" "--network" "none" "ghcr.io/rust-lang/crates-build-env/linux@sha256:2788e3201cd34a07e3172128adcd8b3090168a8e3bcc40d7c032b9dda1df7d1c" "/opt/rustwide/cargo-home/bin/cargo" "+nightly-2024-02-05" "check" "--frozen" "--all" "--all-targets" "--message-format=json", kill_on_drop: false }`
[INFO] [stdout] e658526d5136b9fca484c962f403561497851d9ac1e99ba42f5a08a7d0893746
[INFO] running `Command { std: "docker" "start" "-a" "e658526d5136b9fca484c962f403561497851d9ac1e99ba42f5a08a7d0893746", kill_on_drop: false }`
[INFO] [stderr]    Compiling proc-macro2 v0.4.30
[INFO] [stderr]    Compiling proc-macro-hack v0.5.20+deprecated
[INFO] [stderr]    Compiling syn v0.15.44
[INFO] [stderr]    Compiling unindent v0.1.11
[INFO] [stderr]    Compiling trybuild v1.0.89
[INFO] [stderr]     Checking itertools v0.4.19
[INFO] [stderr]     Checking glob v0.3.1
[INFO] [stderr]     Checking termcolor v1.4.1
[INFO] [stderr]    Compiling syn v2.0.48
[INFO] [stderr]     Checking basic-toml v0.1.8
[INFO] [stderr]    Compiling quote v0.6.13
[INFO] [stderr]    Compiling proc-quote-impl v0.2.2
[INFO] [stderr]    Compiling indoc-impl v0.3.6
[INFO] [stderr]     Checking indoc v0.3.6
[INFO] [stderr]    Compiling serde_derive v1.0.196
[INFO] [stderr]     Checking proc-quote v0.2.2
[INFO] [stderr]     Checking mockers_derive v0.22.0 (/opt/rustwide/workdir)
[INFO] [stdout] error[E0432]: unresolved import `mockers`
[INFO] [stdout]  --> tests/mod.rs:1:5
[INFO] [stdout]   |
[INFO] [stdout] 1 | use mockers;
[INFO] [stdout]   |     ^^^^^^^ no external crate `mockers`
[INFO] [stdout] 
[INFO] [stdout] 
[INFO] [stdout] error[E0433]: failed to resolve: could not find `mockers` in the list of imported crates
[INFO] [stdout]  --> tests/mod.rs:4:1
[INFO] [stdout]   |
[INFO] [stdout] 4 | #[mocked]
[INFO] [stdout]   | ^^^^^^^^^ could not find `mockers` in the list of imported crates
[INFO] [stdout]   |
[INFO] [stdout]   = note: this error originates in the attribute macro `mocked` (in Nightly builds, run with -Z macro-backtrace for more info)
[INFO] [stdout] 
[INFO] [stdout] 
[INFO] [stdout] error[E0433]: failed to resolve: could not find `mockers` in the list of imported crates
[INFO] [stdout]   --> tests/mod.rs:13:1
[INFO] [stdout]    |
[INFO] [stdout] 13 | / mock! {
[INFO] [stdout] 14 | |   BMock,
[INFO] [stdout] 15 | |   self,
[INFO] [stdout] 16 | |   trait B {
[INFO] [stdout] 17 | |       fn bar(&self);
[INFO] [stdout] 18 | |   }
[INFO] [stdout] 19 | | }
[INFO] [stdout]    | |_^ could not find `mockers` in the list of imported crates
[INFO] [stdout]    |
[INFO] [stdout]    = note: this error originates in the macro `mock` (in Nightly builds, run with -Z macro-backtrace for more info)
[INFO] [stdout] 
[INFO] [stdout] 
[INFO] [stdout] error: aborting due to 3 previous errors
[INFO] [stdout] 
[INFO] [stdout] 
[INFO] [stdout] Some errors have detailed explanations: E0432, E0433.
[INFO] [stdout] 
[INFO] [stdout] For more information about an error, try `rustc --explain E0432`.
[INFO] [stdout] 
[INFO] [stderr] error: could not compile `mockers_derive` (test "mod") due to 4 previous errors
[INFO] [stderr] warning: build failed, waiting for other jobs to finish...
[INFO] running `Command { std: "docker" "inspect" "e658526d5136b9fca484c962f403561497851d9ac1e99ba42f5a08a7d0893746", kill_on_drop: false }`
[INFO] running `Command { std: "docker" "rm" "-f" "e658526d5136b9fca484c962f403561497851d9ac1e99ba42f5a08a7d0893746", kill_on_drop: false }`
[INFO] [stdout] e658526d5136b9fca484c962f403561497851d9ac1e99ba42f5a08a7d0893746
