[INFO] fetching crate mju-bits 0.3.0...
[INFO] checking mju-bits-0.3.0 against nightly-2024-02-05 for check-cfg
[INFO] extracting crate mju-bits 0.3.0 into /workspace/builds/worker-0-tc1/source
[INFO] validating manifest of crates.io crate mju-bits 0.3.0 on toolchain nightly-2024-02-05
[INFO] running `Command { std: CARGO_HOME="/workspace/cargo-home" RUSTUP_HOME="/workspace/rustup-home" "/workspace/cargo-home/bin/cargo" "+nightly-2024-02-05" "metadata" "--manifest-path" "Cargo.toml" "--no-deps", kill_on_drop: false }`
[INFO] started tweaking crates.io crate mju-bits 0.3.0
[INFO] finished tweaking crates.io crate mju-bits 0.3.0
[INFO] tweaked toml for crates.io crate mju-bits 0.3.0 written to /workspace/builds/worker-0-tc1/source/Cargo.toml
[INFO] running `Command { std: CARGO_HOME="/workspace/cargo-home" RUSTUP_HOME="/workspace/rustup-home" "/workspace/cargo-home/bin/cargo" "+nightly-2024-02-05" "generate-lockfile" "--manifest-path" "Cargo.toml", kill_on_drop: false }`
[INFO] [stderr]     Updating crates.io index
[INFO] running `Command { std: CARGO_HOME="/workspace/cargo-home" RUSTUP_HOME="/workspace/rustup-home" "/workspace/cargo-home/bin/cargo" "+nightly-2024-02-05" "fetch" "--manifest-path" "Cargo.toml", kill_on_drop: false }`
[INFO] [stderr]  Downloading crates ...
[INFO] [stderr]   Downloaded version-sync v0.8.1
[INFO] [stderr]   Downloaded semver-parser v0.9.0
[INFO] running `Command { std: "docker" "create" "-v" "/var/lib/crater-agent-workspace/builds/worker-0-tc1/target:/opt/rustwide/target:rw,Z" "-v" "/var/lib/crater-agent-workspace/builds/worker-0-tc1/source:/opt/rustwide/workdir:ro,Z" "-v" "/var/lib/crater-agent-workspace/cargo-home:/opt/rustwide/cargo-home:ro,Z" "-v" "/var/lib/crater-agent-workspace/rustup-home:/opt/rustwide/rustup-home:ro,Z" "-e" "SOURCE_DIR=/opt/rustwide/workdir" "-e" "CARGO_TARGET_DIR=/opt/rustwide/target" "-e" "CARGO_HOME=/opt/rustwide/cargo-home" "-e" "RUSTUP_HOME=/opt/rustwide/rustup-home" "-w" "/opt/rustwide/workdir" "-m" "1610612736" "--user" "0:0" "--network" "none" "ghcr.io/rust-lang/crates-build-env/linux@sha256:2788e3201cd34a07e3172128adcd8b3090168a8e3bcc40d7c032b9dda1df7d1c" "/opt/rustwide/cargo-home/bin/cargo" "+nightly-2024-02-05" "metadata" "--no-deps" "--format-version=1", kill_on_drop: false }`
[INFO] [stdout] 29257c5e878184261f7f954ed07f03efd4eb64e1b452db6ede7a3ebe9a2d068f
[INFO] running `Command { std: "docker" "start" "-a" "29257c5e878184261f7f954ed07f03efd4eb64e1b452db6ede7a3ebe9a2d068f", kill_on_drop: false }`
[INFO] running `Command { std: "docker" "inspect" "29257c5e878184261f7f954ed07f03efd4eb64e1b452db6ede7a3ebe9a2d068f", kill_on_drop: false }`
[INFO] running `Command { std: "docker" "rm" "-f" "29257c5e878184261f7f954ed07f03efd4eb64e1b452db6ede7a3ebe9a2d068f", kill_on_drop: false }`
[INFO] [stdout] 29257c5e878184261f7f954ed07f03efd4eb64e1b452db6ede7a3ebe9a2d068f
[INFO] running `Command { std: "docker" "create" "-v" "/var/lib/crater-agent-workspace/builds/worker-0-tc1/target:/opt/rustwide/target:rw,Z" "-v" "/var/lib/crater-agent-workspace/builds/worker-0-tc1/source:/opt/rustwide/workdir:ro,Z" "-v" "/var/lib/crater-agent-workspace/cargo-home:/opt/rustwide/cargo-home:ro,Z" "-v" "/var/lib/crater-agent-workspace/rustup-home:/opt/rustwide/rustup-home:ro,Z" "-e" "SOURCE_DIR=/opt/rustwide/workdir" "-e" "CARGO_TARGET_DIR=/opt/rustwide/target" "-e" "CARGO_INCREMENTAL=0" "-e" "RUST_BACKTRACE=full" "-e" "RUSTFLAGS=--cap-lints=forbid" "-e" "RUSTDOCFLAGS=--cap-lints=forbid" "-e" "CARGO_HOME=/opt/rustwide/cargo-home" "-e" "RUSTUP_HOME=/opt/rustwide/rustup-home" "-w" "/opt/rustwide/workdir" "-m" "1610612736" "--user" "0:0" "--network" "none" "ghcr.io/rust-lang/crates-build-env/linux@sha256:2788e3201cd34a07e3172128adcd8b3090168a8e3bcc40d7c032b9dda1df7d1c" "/opt/rustwide/cargo-home/bin/cargo" "+nightly-2024-02-05" "check" "--frozen" "--all" "--all-targets" "--message-format=json", kill_on_drop: false }`
[INFO] [stdout] f2581cdb54723a6a030a0b918a68cdc2625f2a2822ddf354d253bfa3dec6659a
[INFO] running `Command { std: "docker" "start" "-a" "f2581cdb54723a6a030a0b918a68cdc2625f2a2822ddf354d253bfa3dec6659a", kill_on_drop: false }`
[INFO] [stderr]    Compiling proc-macro2 v0.4.30
[INFO] [stderr]    Compiling serde v1.0.196
[INFO] [stderr]    Compiling syn v0.15.44
[INFO] [stderr]     Checking matches v0.1.10
[INFO] [stderr]     Checking unicode-bidi v0.3.15
[INFO] [stderr]    Compiling pulldown-cmark v0.4.1
[INFO] [stderr]    Compiling typenum v1.17.0
[INFO] [stderr]     Checking percent-encoding v1.0.1
[INFO] [stderr]     Checking semver-parser v0.9.0
[INFO] [stderr]    Compiling unicase v2.7.0
[INFO] [stderr]     Checking unicode-normalization v0.1.22
[INFO] [stderr]     Checking itertools v0.8.2
[INFO] [stderr]     Checking idna v0.1.5
[INFO] [stdout] error[E0422]: cannot find struct, variant or union type `LineColumn` in crate `proc_macro`
[INFO] [stdout]    --> /opt/rustwide/cargo-home/registry/src/index.crates.io-6f17d22bba15001f/proc-macro2-0.4.30/src/wrapper.rs:484:33
[INFO] [stdout]     |
[INFO] [stdout] 484 |                 let proc_macro::LineColumn { line, column } = s.start();
[INFO] [stdout]     |                                 ^^^^^^^^^^ not found in `proc_macro`
[INFO] [stdout]     |
[INFO] [stdout] help: consider importing one of these items
[INFO] [stdout]     |
[INFO] [stdout] 1   + use LineColumn;
[INFO] [stdout]     |
[INFO] [stdout] 1   + use fallback::LineColumn;
[INFO] [stdout]     |
[INFO] [stdout] help: if you import `LineColumn`, refer to it directly
[INFO] [stdout]     |
[INFO] [stdout] 484 -                 let proc_macro::LineColumn { line, column } = s.start();
[INFO] [stdout] 484 +                 let LineColumn { line, column } = s.start();
[INFO] [stdout]     |
[INFO] [stdout] 
[INFO] [stdout] 
[INFO] [stdout] error[E0422]: cannot find struct, variant or union type `LineColumn` in crate `proc_macro`
[INFO] [stdout]    --> /opt/rustwide/cargo-home/registry/src/index.crates.io-6f17d22bba15001f/proc-macro2-0.4.30/src/wrapper.rs:501:33
[INFO] [stdout]     |
[INFO] [stdout] 501 |                 let proc_macro::LineColumn { line, column } = s.end();
[INFO] [stdout]     |                                 ^^^^^^^^^^ not found in `proc_macro`
[INFO] [stdout]     |
[INFO] [stdout] help: consider importing one of these items
[INFO] [stdout]     |
[INFO] [stdout] 1   + use LineColumn;
[INFO] [stdout]     |
[INFO] [stdout] 1   + use fallback::LineColumn;
[INFO] [stdout]     |
[INFO] [stdout] help: if you import `LineColumn`, refer to it directly
[INFO] [stdout]     |
[INFO] [stdout] 501 -                 let proc_macro::LineColumn { line, column } = s.end();
[INFO] [stdout] 501 +                 let LineColumn { line, column } = s.end();
[INFO] [stdout]     |
[INFO] [stdout] 
[INFO] [stdout] 
[INFO] [stdout] error: aborting due to 2 previous errors
[INFO] [stdout] 
[INFO] [stdout] 
[INFO] [stdout] For more information about this error, try `rustc --explain E0422`.
[INFO] [stdout] 
[INFO] [stderr] error: could not compile `proc-macro2` (lib) due to 3 previous errors
[INFO] [stderr] warning: build failed, waiting for other jobs to finish...
[INFO] running `Command { std: "docker" "inspect" "f2581cdb54723a6a030a0b918a68cdc2625f2a2822ddf354d253bfa3dec6659a", kill_on_drop: false }`
[INFO] running `Command { std: "docker" "rm" "-f" "f2581cdb54723a6a030a0b918a68cdc2625f2a2822ddf354d253bfa3dec6659a", kill_on_drop: false }`
[INFO] [stdout] f2581cdb54723a6a030a0b918a68cdc2625f2a2822ddf354d253bfa3dec6659a
[INFO] checking mju-bits-0.3.0 against nightly-2024-02-05+rustflags=-Dunexpected_cfgs+cargoflags=-Zcheck-cfg for check-cfg
[INFO] extracting crate mju-bits 0.3.0 into /workspace/builds/worker-0-tc2/source
[INFO] validating manifest of crates.io crate mju-bits 0.3.0 on toolchain nightly-2024-02-05
[INFO] running `Command { std: CARGO_HOME="/workspace/cargo-home" RUSTUP_HOME="/workspace/rustup-home" "/workspace/cargo-home/bin/cargo" "+nightly-2024-02-05" "metadata" "--manifest-path" "Cargo.toml" "--no-deps", kill_on_drop: false }`
[INFO] started tweaking crates.io crate mju-bits 0.3.0
[INFO] finished tweaking crates.io crate mju-bits 0.3.0
[INFO] tweaked toml for crates.io crate mju-bits 0.3.0 written to /workspace/builds/worker-0-tc2/source/Cargo.toml
[INFO] running `Command { std: CARGO_HOME="/workspace/cargo-home" RUSTUP_HOME="/workspace/rustup-home" "/workspace/cargo-home/bin/cargo" "+nightly-2024-02-05" "generate-lockfile" "--manifest-path" "Cargo.toml", kill_on_drop: false }`
[INFO] [stderr]     Updating crates.io index
[INFO] running `Command { std: CARGO_HOME="/workspace/cargo-home" RUSTUP_HOME="/workspace/rustup-home" "/workspace/cargo-home/bin/cargo" "+nightly-2024-02-05" "fetch" "--manifest-path" "Cargo.toml", kill_on_drop: false }`
[INFO] running `Command { std: "docker" "create" "-v" "/var/lib/crater-agent-workspace/builds/worker-0-tc2/target:/opt/rustwide/target:rw,Z" "-v" "/var/lib/crater-agent-workspace/builds/worker-0-tc2/source:/opt/rustwide/workdir:ro,Z" "-v" "/var/lib/crater-agent-workspace/cargo-home:/opt/rustwide/cargo-home:ro,Z" "-v" "/var/lib/crater-agent-workspace/rustup-home:/opt/rustwide/rustup-home:ro,Z" "-e" "SOURCE_DIR=/opt/rustwide/workdir" "-e" "CARGO_TARGET_DIR=/opt/rustwide/target" "-e" "CARGO_HOME=/opt/rustwide/cargo-home" "-e" "RUSTUP_HOME=/opt/rustwide/rustup-home" "-w" "/opt/rustwide/workdir" "-m" "1610612736" "--user" "0:0" "--network" "none" "ghcr.io/rust-lang/crates-build-env/linux@sha256:2788e3201cd34a07e3172128adcd8b3090168a8e3bcc40d7c032b9dda1df7d1c" "/opt/rustwide/cargo-home/bin/cargo" "+nightly-2024-02-05" "metadata" "--no-deps" "--format-version=1", kill_on_drop: false }`
[INFO] [stdout] e16cb90009ca2d8b14dda1fa9d5e245c1a5a1ab2ed0f5bcb55771a460baf5ce1
[INFO] running `Command { std: "docker" "start" "-a" "e16cb90009ca2d8b14dda1fa9d5e245c1a5a1ab2ed0f5bcb55771a460baf5ce1", kill_on_drop: false }`
[INFO] running `Command { std: "docker" "inspect" "e16cb90009ca2d8b14dda1fa9d5e245c1a5a1ab2ed0f5bcb55771a460baf5ce1", kill_on_drop: false }`
[INFO] running `Command { std: "docker" "rm" "-f" "e16cb90009ca2d8b14dda1fa9d5e245c1a5a1ab2ed0f5bcb55771a460baf5ce1", kill_on_drop: false }`
[INFO] [stdout] e16cb90009ca2d8b14dda1fa9d5e245c1a5a1ab2ed0f5bcb55771a460baf5ce1
[INFO] running `Command { std: "docker" "create" "-v" "/var/lib/crater-agent-workspace/builds/worker-0-tc2/target:/opt/rustwide/target:rw,Z" "-v" "/var/lib/crater-agent-workspace/builds/worker-0-tc2/source:/opt/rustwide/workdir:ro,Z" "-v" "/var/lib/crater-agent-workspace/cargo-home:/opt/rustwide/cargo-home:ro,Z" "-v" "/var/lib/crater-agent-workspace/rustup-home:/opt/rustwide/rustup-home:ro,Z" "-e" "SOURCE_DIR=/opt/rustwide/workdir" "-e" "CARGO_TARGET_DIR=/opt/rustwide/target" "-e" "CARGO_INCREMENTAL=0" "-e" "RUST_BACKTRACE=full" "-e" "RUSTFLAGS=--cap-lints=forbid -Dunexpected_cfgs" "-e" "RUSTDOCFLAGS=--cap-lints=forbid" "-e" "CARGO_HOME=/opt/rustwide/cargo-home" "-e" "RUSTUP_HOME=/opt/rustwide/rustup-home" "-w" "/opt/rustwide/workdir" "-m" "1610612736" "--user" "0:0" "--network" "none" "ghcr.io/rust-lang/crates-build-env/linux@sha256:2788e3201cd34a07e3172128adcd8b3090168a8e3bcc40d7c032b9dda1df7d1c" "/opt/rustwide/cargo-home/bin/cargo" "+nightly-2024-02-05" "check" "--frozen" "--all" "--all-targets" "--message-format=json" "-Zcheck-cfg", kill_on_drop: false }`
[INFO] [stdout] 02009ab5c6d4ab8e6e7588e180e9404d7bc9b35609d51bbae779bce93e7c83a6
[INFO] running `Command { std: "docker" "start" "-a" "02009ab5c6d4ab8e6e7588e180e9404d7bc9b35609d51bbae779bce93e7c83a6", kill_on_drop: false }`
[INFO] [stderr]    Compiling proc-macro2 v0.4.30
[INFO] [stderr]    Compiling unicase v2.7.0
[INFO] [stderr]    Compiling serde v1.0.196
[INFO] [stderr]    Compiling pulldown-cmark v0.4.1
[INFO] [stderr]    Compiling syn v0.15.44
[INFO] [stderr]    Compiling typenum v1.17.0
[INFO] [stderr]     Checking matches v0.1.10
[INFO] [stderr]     Checking unicode-bidi v0.3.15
[INFO] [stderr]     Checking percent-encoding v1.0.1
[INFO] [stderr]     Checking semver-parser v0.9.0
[INFO] [stderr]     Checking unicode-normalization v0.1.22
[INFO] [stderr]     Checking itertools v0.8.2
[INFO] [stdout] error[E0422]: cannot find struct, variant or union type `LineColumn` in crate `proc_macro`
[INFO] [stdout]    --> /opt/rustwide/cargo-home/registry/src/index.crates.io-6f17d22bba15001f/proc-macro2-0.4.30/src/wrapper.rs:484:33
[INFO] [stdout]     |
[INFO] [stdout] 484 |                 let proc_macro::LineColumn { line, column } = s.start();
[INFO] [stdout]     |                                 ^^^^^^^^^^ not found in `proc_macro`
[INFO] [stdout]     |
[INFO] [stdout] help: consider importing one of these items
[INFO] [stdout]     |
[INFO] [stdout] 1   + use LineColumn;
[INFO] [stdout]     |
[INFO] [stdout] 1   + use fallback::LineColumn;
[INFO] [stdout]     |
[INFO] [stdout] help: if you import `LineColumn`, refer to it directly
[INFO] [stdout]     |
[INFO] [stdout] 484 -                 let proc_macro::LineColumn { line, column } = s.start();
[INFO] [stdout] 484 +                 let LineColumn { line, column } = s.start();
[INFO] [stdout]     |
[INFO] [stdout] 
[INFO] [stdout] 
[INFO] [stdout] error[E0422]: cannot find struct, variant or union type `LineColumn` in crate `proc_macro`
[INFO] [stdout]    --> /opt/rustwide/cargo-home/registry/src/index.crates.io-6f17d22bba15001f/proc-macro2-0.4.30/src/wrapper.rs:501:33
[INFO] [stdout]     |
[INFO] [stdout] 501 |                 let proc_macro::LineColumn { line, column } = s.end();
[INFO] [stdout]     |                                 ^^^^^^^^^^ not found in `proc_macro`
[INFO] [stdout]     |
[INFO] [stdout] help: consider importing one of these items
[INFO] [stdout]     |
[INFO] [stdout] 1   + use LineColumn;
[INFO] [stdout]     |
[INFO] [stdout] 1   + use fallback::LineColumn;
[INFO] [stdout]     |
[INFO] [stdout] help: if you import `LineColumn`, refer to it directly
[INFO] [stdout]     |
[INFO] [stdout] 501 -                 let proc_macro::LineColumn { line, column } = s.end();
[INFO] [stdout] 501 +                 let LineColumn { line, column } = s.end();
[INFO] [stdout]     |
[INFO] [stdout] 
[INFO] [stdout] 
[INFO] [stdout] error: aborting due to 2 previous errors
[INFO] [stdout] 
[INFO] [stdout] 
[INFO] [stdout] For more information about this error, try `rustc --explain E0422`.
[INFO] [stdout] 
[INFO] [stderr] error: could not compile `proc-macro2` (lib) due to 3 previous errors
[INFO] [stderr] warning: build failed, waiting for other jobs to finish...
[INFO] running `Command { std: "docker" "inspect" "02009ab5c6d4ab8e6e7588e180e9404d7bc9b35609d51bbae779bce93e7c83a6", kill_on_drop: false }`
[INFO] running `Command { std: "docker" "rm" "-f" "02009ab5c6d4ab8e6e7588e180e9404d7bc9b35609d51bbae779bce93e7c83a6", kill_on_drop: false }`
[INFO] [stdout] 02009ab5c6d4ab8e6e7588e180e9404d7bc9b35609d51bbae779bce93e7c83a6
