[INFO] fetching crate misskey-api 0.3.0-rc.1...
[INFO] checking misskey-api-0.3.0-rc.1 against nightly-2024-02-05 for check-cfg
[INFO] extracting crate misskey-api 0.3.0-rc.1 into /workspace/builds/worker-5-tc1/source
[INFO] validating manifest of crates.io crate misskey-api 0.3.0-rc.1 on toolchain nightly-2024-02-05
[INFO] running `Command { std: CARGO_HOME="/workspace/cargo-home" RUSTUP_HOME="/workspace/rustup-home" "/workspace/cargo-home/bin/cargo" "+nightly-2024-02-05" "metadata" "--manifest-path" "Cargo.toml" "--no-deps", kill_on_drop: false }`
[INFO] started tweaking crates.io crate misskey-api 0.3.0-rc.1
[INFO] finished tweaking crates.io crate misskey-api 0.3.0-rc.1
[INFO] tweaked toml for crates.io crate misskey-api 0.3.0-rc.1 written to /workspace/builds/worker-5-tc1/source/Cargo.toml
[INFO] running `Command { std: CARGO_HOME="/workspace/cargo-home" RUSTUP_HOME="/workspace/rustup-home" "/workspace/cargo-home/bin/cargo" "+nightly-2024-02-05" "generate-lockfile" "--manifest-path" "Cargo.toml", kill_on_drop: false }`
[INFO] [stderr]     Updating crates.io index
[INFO] running `Command { std: CARGO_HOME="/workspace/cargo-home" RUSTUP_HOME="/workspace/rustup-home" "/workspace/cargo-home/bin/cargo" "+nightly-2024-02-05" "fetch" "--manifest-path" "Cargo.toml", kill_on_drop: false }`
[INFO] [stderr]  Downloading crates ...
[INFO] [stderr]   Downloaded misskey-core v0.3.0-rc.1
[INFO] [stderr]   Downloaded castaway v0.1.2
[INFO] [stderr]   Downloaded ulid v0.5.0
[INFO] [stderr]   Downloaded typed-builder v0.6.0
[INFO] [stderr]   Downloaded isahc v1.7.2
[INFO] [stderr]   Downloaded libnghttp2-sys v0.1.9+1.58.0
[INFO] [stderr]   Downloaded strum_macros v0.12.0
[INFO] running `Command { std: "docker" "create" "-v" "/var/lib/crater-agent-workspace/builds/worker-5-tc1/target:/opt/rustwide/target:rw,Z" "-v" "/var/lib/crater-agent-workspace/builds/worker-5-tc1/source:/opt/rustwide/workdir:ro,Z" "-v" "/var/lib/crater-agent-workspace/cargo-home:/opt/rustwide/cargo-home:ro,Z" "-v" "/var/lib/crater-agent-workspace/rustup-home:/opt/rustwide/rustup-home:ro,Z" "-e" "SOURCE_DIR=/opt/rustwide/workdir" "-e" "CARGO_TARGET_DIR=/opt/rustwide/target" "-e" "CARGO_HOME=/opt/rustwide/cargo-home" "-e" "RUSTUP_HOME=/opt/rustwide/rustup-home" "-w" "/opt/rustwide/workdir" "-m" "1610612736" "--user" "0:0" "--network" "none" "ghcr.io/rust-lang/crates-build-env/linux@sha256:2788e3201cd34a07e3172128adcd8b3090168a8e3bcc40d7c032b9dda1df7d1c" "/opt/rustwide/cargo-home/bin/cargo" "+nightly-2024-02-05" "metadata" "--no-deps" "--format-version=1", kill_on_drop: false }`
[INFO] [stdout] 2b1567a76b88599a748fd99b52b05c624f5b14fdd64f3db3d5c4de162ec94d7c
[INFO] running `Command { std: "docker" "start" "-a" "2b1567a76b88599a748fd99b52b05c624f5b14fdd64f3db3d5c4de162ec94d7c", kill_on_drop: false }`
[INFO] running `Command { std: "docker" "inspect" "2b1567a76b88599a748fd99b52b05c624f5b14fdd64f3db3d5c4de162ec94d7c", kill_on_drop: false }`
[INFO] running `Command { std: "docker" "rm" "-f" "2b1567a76b88599a748fd99b52b05c624f5b14fdd64f3db3d5c4de162ec94d7c", kill_on_drop: false }`
[INFO] [stdout] 2b1567a76b88599a748fd99b52b05c624f5b14fdd64f3db3d5c4de162ec94d7c
[INFO] running `Command { std: "docker" "create" "-v" "/var/lib/crater-agent-workspace/builds/worker-5-tc1/target:/opt/rustwide/target:rw,Z" "-v" "/var/lib/crater-agent-workspace/builds/worker-5-tc1/source:/opt/rustwide/workdir:ro,Z" "-v" "/var/lib/crater-agent-workspace/cargo-home:/opt/rustwide/cargo-home:ro,Z" "-v" "/var/lib/crater-agent-workspace/rustup-home:/opt/rustwide/rustup-home:ro,Z" "-e" "SOURCE_DIR=/opt/rustwide/workdir" "-e" "CARGO_TARGET_DIR=/opt/rustwide/target" "-e" "CARGO_INCREMENTAL=0" "-e" "RUST_BACKTRACE=full" "-e" "RUSTFLAGS=--cap-lints=forbid" "-e" "RUSTDOCFLAGS=--cap-lints=forbid" "-e" "CARGO_HOME=/opt/rustwide/cargo-home" "-e" "RUSTUP_HOME=/opt/rustwide/rustup-home" "-w" "/opt/rustwide/workdir" "-m" "1610612736" "--user" "0:0" "--network" "none" "ghcr.io/rust-lang/crates-build-env/linux@sha256:2788e3201cd34a07e3172128adcd8b3090168a8e3bcc40d7c032b9dda1df7d1c" "/opt/rustwide/cargo-home/bin/cargo" "+nightly-2024-02-05" "check" "--frozen" "--all" "--all-targets" "--message-format=json", kill_on_drop: false }`
[INFO] [stdout] 96b213f982bbbdfb120389f5ff402608cc183186132398d7ca56accf4dd942a4
[INFO] running `Command { std: "docker" "start" "-a" "96b213f982bbbdfb120389f5ff402608cc183186132398d7ca56accf4dd942a4", kill_on_drop: false }`
[INFO] [stderr]    Compiling proc-macro2 v0.4.30
[INFO] [stderr]    Compiling unicode-xid v0.1.0
[INFO] [stderr]    Compiling syn v0.15.44
[INFO] [stderr]    Compiling polling v2.8.0
[INFO] [stderr]     Checking futures-channel v0.3.30
[INFO] [stderr]    Compiling libnghttp2-sys v0.1.9+1.58.0
[INFO] [stderr]    Compiling libz-sys v1.1.15
[INFO] [stderr]    Compiling curl-sys v0.4.71+curl-8.6.0
[INFO] [stderr]     Checking concurrent-queue v2.4.0
[INFO] [stderr]    Compiling openssl-sys v0.9.99
[INFO] [stderr]     Checking rand_core v0.4.2
[INFO] [stderr]    Compiling curl v0.4.44
[INFO] [stderr]    Compiling tracing-attributes v0.1.27
[INFO] [stderr]    Compiling pin-project-internal v1.1.4
[INFO] [stderr]     Checking serde v1.0.196
[INFO] [stderr]     Checking event-listener v2.5.3
[INFO] [stderr]    Compiling thiserror-impl v1.0.56
[INFO] [stderr]     Checking socket2 v0.4.10
[INFO] [stderr]     Checking async-channel v1.9.0
[INFO] [stderr]     Checking rand_core v0.3.1
[INFO] [stderr]     Checking futures-util v0.3.30
[INFO] [stderr]     Checking waker-fn v1.1.1
[INFO] [stderr]    Compiling isahc v1.7.2
[INFO] [stderr]     Checking parking v2.2.0
[INFO] [stderr]     Checking fastrand v1.9.0
[INFO] [stderr]     Checking sluice v0.5.5
[INFO] [stderr]     Checking rand_core v0.2.2
[INFO] [stderr]    Compiling typed-builder v0.6.0
[INFO] [stderr]     Checking castaway v0.1.2
[INFO] [stderr]     Checking tokio v1.36.0
[INFO] [stderr]     Checking futures-lite v1.13.0
[INFO] [stderr]    Compiling quote v0.6.13
[INFO] [stderr]     Checking tracing v0.1.40
[INFO] [stderr]     Checking pin-project v1.1.4
[INFO] [stderr]     Checking thiserror v1.0.56
[INFO] [stderr]     Checking tracing-futures v0.2.5
[INFO] [stderr]     Checking serde_json v1.0.113
[INFO] [stderr]     Checking url v2.5.0
[INFO] [stderr]     Checking chrono v0.4.33
[INFO] [stderr]     Checking futures-executor v0.3.30
[INFO] [stderr]     Checking misskey-core v0.3.0-rc.1
[INFO] [stderr]     Checking futures v0.3.30
[INFO] [stderr]    Compiling strum_macros v0.12.0
[INFO] [stderr]     Checking ulid v0.5.0
[INFO] [stderr]     Checking misskey-api v0.3.0-rc.1 (/opt/rustwide/workdir)
[INFO] [stdout] warning: use of deprecated method `chrono::TimeZone::timestamp_millis`: use `timestamp_millis_opt()` instead
[INFO] [stdout]   --> src/model/id/aid.rs:18:13
[INFO] [stdout]    |
[INFO] [stdout] 18 |         Utc.timestamp_millis(self.timestamp)
[INFO] [stdout]    |             ^^^^^^^^^^^^^^^^
[INFO] [stdout]    |
[INFO] [stdout]    = note: `#[warn(deprecated)]` on by default
[INFO] [stdout] 
[INFO] [stdout] 
[INFO] [stdout] warning: use of deprecated method `chrono::TimeZone::timestamp_millis`: use `timestamp_millis_opt()` instead
[INFO] [stdout]   --> src/model/id/meid.rs:17:13
[INFO] [stdout]    |
[INFO] [stdout] 17 |         Utc.timestamp_millis(self.timestamp)
[INFO] [stdout]    |             ^^^^^^^^^^^^^^^^
[INFO] [stdout] 
[INFO] [stdout] 
[INFO] [stdout] warning: use of deprecated method `chrono::TimeZone::timestamp_millis`: use `timestamp_millis_opt()` instead
[INFO] [stdout]   --> src/model/id/object_id.rs:16:13
[INFO] [stdout]    |
[INFO] [stdout] 16 |         Utc.timestamp_millis(self.timestamp as i64 * 1000)
[INFO] [stdout]    |             ^^^^^^^^^^^^^^^^
[INFO] [stdout] 
[INFO] [stdout] 
[INFO] [stdout] warning: 3 warnings emitted
[INFO] [stdout] 
[INFO] [stdout] 
[INFO] [stdout] error[E0432]: unresolved import `misskey_test`
[INFO] [stdout]  --> src/test/websocket.rs:1:5
[INFO] [stdout]   |
[INFO] [stdout] 1 | use misskey_test::env;
[INFO] [stdout]   |     ^^^^^^^^^^^^ use of undeclared crate or module `misskey_test`
[INFO] [stdout]   |
[INFO] [stdout] help: there is a crate or module with a similar name
[INFO] [stdout]   |
[INFO] [stdout] 1 | use misskey_core::env;
[INFO] [stdout]   |     ~~~~~~~~~~~~
[INFO] [stdout] 
[INFO] [stdout] 
[INFO] [stdout] error[E0432]: unresolved import `misskey_websocket`
[INFO] [stdout]  --> src/test/websocket.rs:2:5
[INFO] [stdout]   |
[INFO] [stdout] 2 | use misskey_websocket::{WebSocketClient, WebSocketClientBuilder};
[INFO] [stdout]   |     ^^^^^^^^^^^^^^^^^ use of undeclared crate or module `misskey_websocket`
[INFO] [stdout] 
[INFO] [stdout] 
[INFO] [stdout] error[E0432]: unresolved import `misskey_http`
[INFO] [stdout]  --> src/test.rs:4:5
[INFO] [stdout]   |
[INFO] [stdout] 4 | use misskey_http::HttpClient;
[INFO] [stdout]   |     ^^^^^^^^^^^^ use of undeclared crate or module `misskey_http`
[INFO] [stdout]   |
[INFO] [stdout] help: there is a crate or module with a similar name
[INFO] [stdout]   |
[INFO] [stdout] 4 | use misskey_core::HttpClient;
[INFO] [stdout]   |     ~~~~~~~~~~~~
[INFO] [stdout] 
[INFO] [stdout] 
[INFO] [stdout] error[E0432]: unresolved import `misskey_test`
[INFO] [stdout]  --> src/test.rs:5:5
[INFO] [stdout]   |
[INFO] [stdout] 5 | use misskey_test::env;
[INFO] [stdout]   |     ^^^^^^^^^^^^ use of undeclared crate or module `misskey_test`
[INFO] [stdout]   |
[INFO] [stdout] help: there is a crate or module with a similar name
[INFO] [stdout]   |
[INFO] [stdout] 5 | use misskey_core::env;
[INFO] [stdout]   |     ~~~~~~~~~~~~
[INFO] [stdout] 
[INFO] [stdout] 
[INFO] [stdout] error[E0432]: unresolved import `misskey_websocket`
[INFO] [stdout]  --> src/test.rs:6:5
[INFO] [stdout]   |
[INFO] [stdout] 6 | use misskey_websocket::WebSocketClient;
[INFO] [stdout]   |     ^^^^^^^^^^^^^^^^^ use of undeclared crate or module `misskey_websocket`
[INFO] [stdout] 
[INFO] [stdout] 
[INFO] [stdout] error[E0432]: unresolved import `misskey_http`
[INFO] [stdout]  --> src/test/http.rs:7:5
[INFO] [stdout]   |
[INFO] [stdout] 7 | use misskey_http::HttpClient;
[INFO] [stdout]   |     ^^^^^^^^^^^^ use of undeclared crate or module `misskey_http`
[INFO] [stdout]   |
[INFO] [stdout] help: there is a crate or module with a similar name
[INFO] [stdout]   |
[INFO] [stdout] 7 | use misskey_core::HttpClient;
[INFO] [stdout]   |     ~~~~~~~~~~~~
[INFO] [stdout] 
[INFO] [stdout] 
[INFO] [stdout] error[E0432]: unresolved import `misskey_test`
[INFO] [stdout]  --> src/test/http.rs:8:5
[INFO] [stdout]   |
[INFO] [stdout] 8 | use misskey_test::env;
[INFO] [stdout]   |     ^^^^^^^^^^^^ use of undeclared crate or module `misskey_test`
[INFO] [stdout]   |
[INFO] [stdout] help: there is a crate or module with a similar name
[INFO] [stdout]   |
[INFO] [stdout] 8 | use misskey_core::env;
[INFO] [stdout]   |     ~~~~~~~~~~~~
[INFO] [stdout] 
[INFO] [stdout] 
[INFO] [stdout] error[E0433]: failed to resolve: use of undeclared crate or module `misskey_test`
[INFO] [stdout]   --> src/test/http.rs:17:9
[INFO] [stdout]    |
[INFO] [stdout] 17 |         misskey_test::init_logger();
[INFO] [stdout]    |         ^^^^^^^^^^^^ use of undeclared crate or module `misskey_test`
[INFO] [stdout]    |
[INFO] [stdout] help: there is a crate or module with a similar name
[INFO] [stdout]    |
[INFO] [stdout] 17 |         misskey_core::init_logger();
[INFO] [stdout]    |         ~~~~~~~~~~~~
[INFO] [stdout] 
[INFO] [stdout] 
[INFO] [stdout] error[E0433]: failed to resolve: use of undeclared crate or module `misskey_test`
[INFO] [stdout]   --> src/test/websocket.rs:11:9
[INFO] [stdout]    |
[INFO] [stdout] 11 |         misskey_test::init_logger();
[INFO] [stdout]    |         ^^^^^^^^^^^^ use of undeclared crate or module `misskey_test`
[INFO] [stdout]    |
[INFO] [stdout] help: there is a crate or module with a similar name
[INFO] [stdout]    |
[INFO] [stdout] 11 |         misskey_core::init_logger();
[INFO] [stdout]    |         ~~~~~~~~~~~~
[INFO] [stdout] 
[INFO] [stdout] 
[INFO] [stdout] error: aborting due to 9 previous errors
[INFO] [stdout] 
[INFO] [stdout] 
[INFO] [stdout] Some errors have detailed explanations: E0432, E0433.
[INFO] [stdout] 
[INFO] [stdout] For more information about an error, try `rustc --explain E0432`.
[INFO] [stdout] 
[INFO] [stderr] error: could not compile `misskey-api` (lib test) due to 10 previous errors
[INFO] running `Command { std: "docker" "inspect" "96b213f982bbbdfb120389f5ff402608cc183186132398d7ca56accf4dd942a4", kill_on_drop: false }`
[INFO] running `Command { std: "docker" "rm" "-f" "96b213f982bbbdfb120389f5ff402608cc183186132398d7ca56accf4dd942a4", kill_on_drop: false }`
[INFO] [stdout] 96b213f982bbbdfb120389f5ff402608cc183186132398d7ca56accf4dd942a4
