[INFO] fetching crate miraplex-redrop 0.1.1...
[INFO] checking miraplex-redrop-0.1.1 against nightly-2024-02-05 for check-cfg
[INFO] extracting crate miraplex-redrop 0.1.1 into /workspace/builds/worker-7-tc1/source
[INFO] validating manifest of crates.io crate miraplex-redrop 0.1.1 on toolchain nightly-2024-02-05
[INFO] running `Command { std: CARGO_HOME="/workspace/cargo-home" RUSTUP_HOME="/workspace/rustup-home" "/workspace/cargo-home/bin/cargo" "+nightly-2024-02-05" "metadata" "--manifest-path" "Cargo.toml" "--no-deps", kill_on_drop: false }`
[INFO] started tweaking crates.io crate miraplex-redrop 0.1.1
[INFO] finished tweaking crates.io crate miraplex-redrop 0.1.1
[INFO] tweaked toml for crates.io crate miraplex-redrop 0.1.1 written to /workspace/builds/worker-7-tc1/source/Cargo.toml
[INFO] running `Command { std: CARGO_HOME="/workspace/cargo-home" RUSTUP_HOME="/workspace/rustup-home" "/workspace/cargo-home/bin/cargo" "+nightly-2024-02-05" "generate-lockfile" "--manifest-path" "Cargo.toml", kill_on_drop: false }`
[INFO] [stderr]     Blocking waiting for file lock on package cache
[INFO] [stderr]     Updating crates.io index
[INFO] running `Command { std: CARGO_HOME="/workspace/cargo-home" RUSTUP_HOME="/workspace/rustup-home" "/workspace/cargo-home/bin/cargo" "+nightly-2024-02-05" "fetch" "--manifest-path" "Cargo.toml", kill_on_drop: false }`
[INFO] [stderr]     Blocking waiting for file lock on package cache
[INFO] [stderr]  Downloading crates ...
[INFO] [stderr]   Downloaded anchor-derive-accounts v0.27.0
[INFO] [stderr]   Downloaded anchor-attribute-program v0.27.0
[INFO] [stderr]   Downloaded anchor-attribute-constant v0.27.0
[INFO] [stderr]   Downloaded shank_macro v0.0.11
[INFO] [stderr]   Downloaded anchor-attribute-event v0.27.0
[INFO] [stderr]   Downloaded anchor-derive-space v0.27.0
[INFO] [stderr]   Downloaded shank v0.0.11
[INFO] [stderr]   Downloaded anchor-attribute-access-control v0.27.0
[INFO] [stderr]   Downloaded shank_macro_impl v0.0.11
[INFO] [stderr]   Downloaded anchor-attribute-account v0.27.0
[INFO] [stderr]   Downloaded anchor-attribute-error v0.27.0
[INFO] [stderr]   Downloaded anchor-syn v0.27.0
[INFO] [stderr]   Downloaded solarti-memo v3.0.5
[INFO] [stderr]   Downloaded miraland-logger v1.14.17-rc5
[INFO] [stderr]   Downloaded miraland-frozen-abi v1.14.17-rc5
[INFO] [stderr]   Downloaded solarti-associated-token-account v1.1.6
[INFO] [stderr]   Downloaded miraland-sdk-macro v1.14.17-rc5
[INFO] [stderr]   Downloaded miraland-frozen-abi-macro v1.14.17-rc5
[INFO] [stderr]   Downloaded miraplex-token-metadata-context-derive v0.2.1
[INFO] [stderr]   Downloaded miraplex-utils v0.2.0
[INFO] [stderr]   Downloaded solarti-anchor-spl v0.27.0
[INFO] [stderr]   Downloaded solarti-token v3.5.4
[INFO] [stderr]   Downloaded solarti-anchor-lang v0.27.0
[INFO] [stderr]   Downloaded miraland-sdk v1.14.17-rc5
[INFO] [stderr]   Downloaded miraland-program v1.14.17-rc5
[INFO] [stderr]   Downloaded miraplex-token-auth-rules v1.3.5
[INFO] [stderr]   Downloaded solarti-token-2022 v0.6.5
[INFO] [stderr]   Downloaded miraplex-token-metadata v1.11.1
[INFO] [stderr]   Downloaded miraland-zk-token-sdk v1.14.17-rc5
[INFO] running `Command { std: "docker" "create" "-v" "/var/lib/crater-agent-workspace/builds/worker-7-tc1/target:/opt/rustwide/target:rw,Z" "-v" "/var/lib/crater-agent-workspace/builds/worker-7-tc1/source:/opt/rustwide/workdir:ro,Z" "-v" "/var/lib/crater-agent-workspace/cargo-home:/opt/rustwide/cargo-home:ro,Z" "-v" "/var/lib/crater-agent-workspace/rustup-home:/opt/rustwide/rustup-home:ro,Z" "-e" "SOURCE_DIR=/opt/rustwide/workdir" "-e" "CARGO_TARGET_DIR=/opt/rustwide/target" "-e" "CARGO_HOME=/opt/rustwide/cargo-home" "-e" "RUSTUP_HOME=/opt/rustwide/rustup-home" "-w" "/opt/rustwide/workdir" "-m" "1610612736" "--user" "0:0" "--network" "none" "ghcr.io/rust-lang/crates-build-env/linux@sha256:2788e3201cd34a07e3172128adcd8b3090168a8e3bcc40d7c032b9dda1df7d1c" "/opt/rustwide/cargo-home/bin/cargo" "+nightly-2024-02-05" "metadata" "--no-deps" "--format-version=1", kill_on_drop: false }`
[INFO] [stdout] 8f632502f6b09c539777848341d0ef5d30fccd1ce753b769d8b0aae9afc0ece8
[INFO] running `Command { std: "docker" "start" "-a" "8f632502f6b09c539777848341d0ef5d30fccd1ce753b769d8b0aae9afc0ece8", kill_on_drop: false }`
[INFO] running `Command { std: "docker" "inspect" "8f632502f6b09c539777848341d0ef5d30fccd1ce753b769d8b0aae9afc0ece8", kill_on_drop: false }`
[INFO] running `Command { std: "docker" "rm" "-f" "8f632502f6b09c539777848341d0ef5d30fccd1ce753b769d8b0aae9afc0ece8", kill_on_drop: false }`
[INFO] [stdout] 8f632502f6b09c539777848341d0ef5d30fccd1ce753b769d8b0aae9afc0ece8
[INFO] running `Command { std: "docker" "create" "-v" "/var/lib/crater-agent-workspace/builds/worker-7-tc1/target:/opt/rustwide/target:rw,Z" "-v" "/var/lib/crater-agent-workspace/builds/worker-7-tc1/source:/opt/rustwide/workdir:ro,Z" "-v" "/var/lib/crater-agent-workspace/cargo-home:/opt/rustwide/cargo-home:ro,Z" "-v" "/var/lib/crater-agent-workspace/rustup-home:/opt/rustwide/rustup-home:ro,Z" "-e" "SOURCE_DIR=/opt/rustwide/workdir" "-e" "CARGO_TARGET_DIR=/opt/rustwide/target" "-e" "CARGO_INCREMENTAL=0" "-e" "RUST_BACKTRACE=full" "-e" "RUSTFLAGS=--cap-lints=forbid" "-e" "RUSTDOCFLAGS=--cap-lints=forbid" "-e" "CARGO_HOME=/opt/rustwide/cargo-home" "-e" "RUSTUP_HOME=/opt/rustwide/rustup-home" "-w" "/opt/rustwide/workdir" "-m" "1610612736" "--user" "0:0" "--network" "none" "ghcr.io/rust-lang/crates-build-env/linux@sha256:2788e3201cd34a07e3172128adcd8b3090168a8e3bcc40d7c032b9dda1df7d1c" "/opt/rustwide/cargo-home/bin/cargo" "+nightly-2024-02-05" "check" "--frozen" "--all" "--all-targets" "--message-format=json", kill_on_drop: false }`
[INFO] [stdout] ee8384c3356825d0c699b16d7fe989457030310b4f200bd9e56f35f3267460a5
[INFO] running `Command { std: "docker" "start" "-a" "ee8384c3356825d0c699b16d7fe989457030310b4f200bd9e56f35f3267460a5", kill_on_drop: false }`
[INFO] [stderr]    Compiling libc v0.2.153
[INFO] [stderr]    Compiling syn v1.0.109
[INFO] [stderr]     Checking subtle v2.4.1
[INFO] [stderr]    Compiling anyhow v1.0.79
[INFO] [stderr]    Compiling semver v1.0.21
[INFO] [stderr]    Compiling thiserror v1.0.56
[INFO] [stderr]    Compiling getrandom v0.1.16
[INFO] [stderr]    Compiling generic-array v0.14.7
[INFO] [stderr]    Compiling typenum v1.17.0
[INFO] [stderr]     Checking block-padding v0.2.1
[INFO] [stderr]    Compiling syn v2.0.48
[INFO] [stderr]    Compiling crunchy v0.2.2
[INFO] [stderr]     Checking byteorder v1.5.0
[INFO] [stderr]    Compiling ahash v0.7.7
[INFO] [stderr]    Compiling feature-probe v0.1.1
[INFO] [stderr]     Checking either v1.9.0
[INFO] [stderr]    Compiling rustversion v1.0.14
[INFO] [stderr]     Checking bitmaps v2.1.0
[INFO] [stderr]    Compiling bv v0.11.1
[INFO] [stderr]    Compiling im v15.1.0
[INFO] [stderr]     Checking arrayref v0.3.7
[INFO] [stderr]     Checking keccak v0.1.5
[INFO] [stderr]     Checking rayon v1.8.1
[INFO] [stderr]     Checking arrayvec v0.7.4
[INFO] [stderr]    Compiling bs58 v0.4.0
[INFO] [stderr]     Checking constant_time_eq v0.3.0
[INFO] [stderr]     Checking base64 v0.12.3
[INFO] [stderr]     Checking itertools v0.10.5
[INFO] [stderr]    Compiling indexmap v1.9.3
[INFO] [stderr]     Checking memchr v2.7.1
[INFO] [stderr]     Checking base64 v0.13.1
[INFO] [stderr]    Compiling rustc_version v0.4.0
[INFO] [stderr]    Compiling jobserver v0.1.27
[INFO] [stderr]    Compiling ryu v1.0.16
[INFO] [stderr]    Compiling opaque-debug v0.3.0
[INFO] [stderr]    Compiling cpufeatures v0.2.12
[INFO] [stderr]    Compiling itoa v1.0.10
[INFO] [stderr]     Checking regex-syntax v0.8.2
[INFO] [stderr]    Compiling hashbrown v0.12.3
[INFO] [stderr]    Compiling bs58 v0.3.1
[INFO] [stderr]    Compiling cc v1.0.83
[INFO] [stderr]    Compiling toml_datetime v0.6.1
[INFO] [stderr]    Compiling miraland-frozen-abi-macro v1.14.17-rc5
[INFO] [stderr]     Checking sized-chunks v0.6.5
[INFO] [stderr]    Compiling miraland-frozen-abi v1.14.17-rc5
[INFO] [stderr]    Compiling winnow v0.4.1
[INFO] [stderr]     Checking signature v1.6.4
[INFO] [stderr]     Checking aho-corasick v1.1.2
[INFO] [stderr]    Compiling miraland-sdk v1.14.17-rc5
[INFO] [stderr]     Checking ed25519 v1.5.3
[INFO] [stderr]     Checking derivation-path v0.2.0
[INFO] [stderr]    Compiling digest v0.9.0
[INFO] [stderr]    Compiling block-buffer v0.9.0
[INFO] [stderr]     Checking qstring v0.7.2
[INFO] [stderr]    Compiling libsecp256k1-core v0.2.2
[INFO] [stderr]    Compiling sha2 v0.9.9
[INFO] [stderr]     Checking uriparse v0.6.4
[INFO] [stderr]     Checking chrono v0.4.33
[INFO] [stderr]     Checking assert_matches v1.5.0
[INFO] [stderr]    Compiling paste v1.0.14
[INFO] [stderr]     Checking getrandom v0.2.12
[INFO] [stderr]     Checking rand_core v0.5.1
[INFO] [stderr]     Checking rand_core v0.6.4
[INFO] [stderr]     Checking memmap2 v0.5.10
[INFO] [stderr]     Checking rand_chacha v0.2.2
[INFO] [stderr]    Compiling libsecp256k1-gen-genmult v0.2.1
[INFO] [stderr]    Compiling libsecp256k1-gen-ecmult v0.2.1
[INFO] [stderr]     Checking rand_xoshiro v0.6.0
[INFO] [stderr]     Checking hashbrown v0.11.2
[INFO] [stderr]     Checking regex-automata v0.4.5
[INFO] [stderr]     Checking rand v0.7.3
[INFO] [stderr]     Checking atty v0.2.14
[INFO] [stderr]    Compiling blake3 v1.5.0
[INFO] [stderr]    Compiling miraland-program v1.14.17-rc5
[INFO] [stderr]    Compiling libsecp256k1 v0.6.0
[INFO] [stderr]     Checking rmp v0.8.12
[INFO] [stderr]    Compiling toml_edit v0.19.8
[INFO] [stderr]    Compiling wasm-bindgen-backend v0.2.90
[INFO] [stderr]     Checking regex v1.10.3
[INFO] [stderr]    Compiling proc-macro-crate v1.3.1
[INFO] [stderr]    Compiling borsh-schema-derive-internal v0.9.3
[INFO] [stderr]    Compiling borsh-derive-internal v0.9.3
[INFO] [stderr]     Checking env_logger v0.9.3
[INFO] [stderr]    Compiling serde_derive v1.0.196
[INFO] [stderr]    Compiling thiserror-impl v1.0.56
[INFO] [stderr]    Compiling zeroize_derive v1.4.2
[INFO] [stderr]    Compiling bytemuck_derive v1.5.0
[INFO] [stderr]     Checking miraland-logger v1.14.17-rc5
[INFO] [stderr]    Compiling wasm-bindgen-macro-support v0.2.90
[INFO] [stderr]    Compiling wasm-bindgen-macro v0.2.90
[INFO] [stderr]     Checking zeroize v1.3.0
[INFO] [stderr]    Compiling miraland-sdk-macro v1.14.17-rc5
[INFO] [stderr]    Compiling num-derive v0.3.3
[INFO] [stderr]    Compiling num_enum_derive v0.5.11
[INFO] [stderr]    Compiling anchor-derive-space v0.27.0
[INFO] [stderr]    Compiling miraplex-token-metadata-context-derive v0.2.1
[INFO] [stderr]     Checking merlin v3.0.0
[INFO] [stderr]     Checking bytemuck v1.14.1
[INFO] [stderr]     Checking wasm-bindgen v0.2.90
[INFO] [stderr]     Checking num_enum v0.5.11
[INFO] [stderr]     Checking serde v1.0.196
[INFO] [stderr]     Checking serde_bytes v0.11.14
[INFO] [stderr]     Checking serde_json v1.0.113
[INFO] [stderr]     Checking bincode v1.3.3
[INFO] [stderr]     Checking rmp-serde v1.1.2
[INFO] [stderr]     Checking crypto-common v0.1.6
[INFO] [stderr]     Checking block-buffer v0.10.4
[INFO] [stderr]     Checking crypto-mac v0.8.0
[INFO] [stderr]     Checking cipher v0.3.0
[INFO] [stderr]     Checking universal-hash v0.4.1
[INFO] [stderr]     Checking aead v0.4.3
[INFO] [stderr]     Checking inout v0.1.3
[INFO] [stderr]    Compiling toml v0.5.11
[INFO] [stderr]    Compiling shank_macro_impl v0.0.11
[INFO] [stderr]     Checking curve25519-dalek v3.2.1
[INFO] [stderr]     Checking hmac v0.8.1
[INFO] [stderr]     Checking digest v0.10.7
[INFO] [stderr]     Checking pbkdf2 v0.4.0
[INFO] [stderr]     Checking polyval v0.5.3
[INFO] [stderr]     Checking cipher v0.4.4
[INFO] [stderr]     Checking sha3 v0.9.1
[INFO] [stderr]     Checking aes v0.7.5
[INFO] [stderr]     Checking ctr v0.8.0
[INFO] [stderr]     Checking hmac-drbg v0.3.0
[INFO] [stderr]     Checking sha2 v0.10.8
[INFO] [stderr]     Checking sha3 v0.10.8
[INFO] [stderr]     Checking hmac v0.12.1
[INFO] [stderr]     Checking pbkdf2 v0.11.0
[INFO] [stderr]     Checking tiny-bip39 v0.8.2
[INFO] [stderr]     Checking aes-gcm-siv v0.10.3
[INFO] [stderr]    Compiling shank_macro v0.0.11
[INFO] [stderr]     Checking ed25519-dalek v1.0.1
[INFO] [stderr]    Compiling anchor-syn v0.27.0
[INFO] [stderr]     Checking ed25519-dalek-bip32 v0.2.0
[INFO] [stderr]    Compiling proc-macro-crate v0.1.5
[INFO] [stderr]    Compiling borsh-derive v0.9.3
[INFO] [stderr]     Checking shank v0.0.11
[INFO] [stderr]     Checking borsh v0.9.3
[INFO] [stderr]    Compiling anchor-attribute-error v0.27.0
[INFO] [stderr]    Compiling anchor-attribute-account v0.27.0
[INFO] [stderr]    Compiling anchor-attribute-program v0.27.0
[INFO] [stderr]    Compiling anchor-attribute-event v0.27.0
[INFO] [stderr]    Compiling anchor-derive-accounts v0.27.0
[INFO] [stderr]    Compiling anchor-attribute-constant v0.27.0
[INFO] [stderr]    Compiling anchor-attribute-access-control v0.27.0
[INFO] [stderr]     Checking solarti-token v3.5.4
[INFO] [stderr]     Checking solarti-memo v3.0.5
[INFO] [stderr]     Checking solarti-anchor-lang v0.27.0
[INFO] [stderr]     Checking miraplex-utils v0.2.0
[INFO] [stderr]     Checking miraland-zk-token-sdk v1.14.17-rc5
[INFO] [stderr]     Checking solarti-token-2022 v0.6.5
[INFO] [stderr]     Checking miraplex-token-auth-rules v1.3.5
[INFO] [stderr]     Checking solarti-associated-token-account v1.1.6
[INFO] [stderr]     Checking miraplex-token-metadata v1.11.1
[INFO] [stderr]     Checking solarti-anchor-spl v0.27.0
[INFO] [stderr]     Checking miraplex-redrop v0.1.1 (/opt/rustwide/workdir)
[INFO] [stdout] error[E0425]: cannot find function `update_metadata_accounts` in module `mpl_token_metadata::instruction`
[INFO] [stdout]    --> src/lib.rs:690:47
[INFO] [stdout]     |
[INFO] [stdout] 690 |               &mpl_token_metadata::instruction::update_metadata_accounts(
[INFO] [stdout]     |                                                 ^^^^^^^^^^^^^^^^^^^^^^^^ help: a function with a similar name exists: `update_metadata_accounts_v2`
[INFO] [stdout]     |
[INFO] [stdout]    ::: /opt/rustwide/cargo-home/registry/src/index.crates.io-6f17d22bba15001f/miraplex-token-metadata-1.11.1/src/instruction/metadata.rs:571:1
[INFO] [stdout]     |
[INFO] [stdout] 571 | / pub fn update_metadata_accounts_v2(
[INFO] [stdout] 572 | |     program_id: Pubkey,
[INFO] [stdout] 573 | |     metadata_account: Pubkey,
[INFO] [stdout] 574 | |     update_authority: Pubkey,
[INFO] [stdout] ...   |
[INFO] [stdout] 578 | |     is_mutable: Option<bool>,
[INFO] [stdout] 579 | | ) -> Instruction {
[INFO] [stdout]     | |________________- similarly named function `update_metadata_accounts_v2` defined here
[INFO] [stdout] 
[INFO] [stdout] 
[INFO] [stdout] error[E0425]: cannot find function `update_metadata_accounts` in module `mpl_token_metadata::instruction`
[INFO] [stdout]    --> src/lib.rs:822:47
[INFO] [stdout]     |
[INFO] [stdout] 822 |               &mpl_token_metadata::instruction::update_metadata_accounts(
[INFO] [stdout]     |                                                 ^^^^^^^^^^^^^^^^^^^^^^^^ help: a function with a similar name exists: `update_metadata_accounts_v2`
[INFO] [stdout]     |
[INFO] [stdout]    ::: /opt/rustwide/cargo-home/registry/src/index.crates.io-6f17d22bba15001f/miraplex-token-metadata-1.11.1/src/instruction/metadata.rs:571:1
[INFO] [stdout]     |
[INFO] [stdout] 571 | / pub fn update_metadata_accounts_v2(
[INFO] [stdout] 572 | |     program_id: Pubkey,
[INFO] [stdout] 573 | |     metadata_account: Pubkey,
[INFO] [stdout] 574 | |     update_authority: Pubkey,
[INFO] [stdout] ...   |
[INFO] [stdout] 578 | |     is_mutable: Option<bool>,
[INFO] [stdout] 579 | | ) -> Instruction {
[INFO] [stdout]     | |________________- similarly named function `update_metadata_accounts_v2` defined here
[INFO] [stdout] 
[INFO] [stdout] 
[INFO] [stdout] error[E0425]: cannot find function `update_metadata_accounts` in module `mpl_token_metadata::instruction`
[INFO] [stdout]    --> src/lib.rs:690:47
[INFO] [stdout]     |
[INFO] [stdout] 690 |               &mpl_token_metadata::instruction::update_metadata_accounts(
[INFO] [stdout]     |                                                 ^^^^^^^^^^^^^^^^^^^^^^^^ help: a function with a similar name exists: `update_metadata_accounts_v2`
[INFO] [stdout]     |
[INFO] [stdout]    ::: /opt/rustwide/cargo-home/registry/src/index.crates.io-6f17d22bba15001f/miraplex-token-metadata-1.11.1/src/instruction/metadata.rs:571:1
[INFO] [stdout]     |
[INFO] [stdout] 571 | / pub fn update_metadata_accounts_v2(
[INFO] [stdout] 572 | |     program_id: Pubkey,
[INFO] [stdout] 573 | |     metadata_account: Pubkey,
[INFO] [stdout] 574 | |     update_authority: Pubkey,
[INFO] [stdout] ...   |
[INFO] [stdout] 578 | |     is_mutable: Option<bool>,
[INFO] [stdout] 579 | | ) -> Instruction {
[INFO] [stdout]     | |________________- similarly named function `update_metadata_accounts_v2` defined here
[INFO] [stdout] 
[INFO] [stdout] 
[INFO] [stdout] error[E0425]: cannot find function `update_metadata_accounts` in module `mpl_token_metadata::instruction`
[INFO] [stdout]    --> src/lib.rs:822:47
[INFO] [stdout]     |
[INFO] [stdout] 822 |               &mpl_token_metadata::instruction::update_metadata_accounts(
[INFO] [stdout]     |                                                 ^^^^^^^^^^^^^^^^^^^^^^^^ help: a function with a similar name exists: `update_metadata_accounts_v2`
[INFO] [stdout]     |
[INFO] [stdout]    ::: /opt/rustwide/cargo-home/registry/src/index.crates.io-6f17d22bba15001f/miraplex-token-metadata-1.11.1/src/instruction/metadata.rs:571:1
[INFO] [stdout]     |
[INFO] [stdout] 571 | / pub fn update_metadata_accounts_v2(
[INFO] [stdout] 572 | |     program_id: Pubkey,
[INFO] [stdout] 573 | |     metadata_account: Pubkey,
[INFO] [stdout] 574 | |     update_authority: Pubkey,
[INFO] [stdout] ...   |
[INFO] [stdout] 578 | |     is_mutable: Option<bool>,
[INFO] [stdout] 579 | | ) -> Instruction {
[INFO] [stdout]     | |________________- similarly named function `update_metadata_accounts_v2` defined here
[INFO] [stdout] 
[INFO] [stdout] 
[INFO] [stdout] error: aborting due to 2 previous errors
[INFO] [stdout] 
[INFO] [stdout] 
[INFO] [stdout] For more information about this error, try `rustc --explain E0425`.
[INFO] [stdout] 
[INFO] [stdout] error: aborting due to 2 previous errors
[INFO] [stdout] 
[INFO] [stdout] 
[INFO] [stdout] For more information about this error, try `rustc --explain E0425`.
[INFO] [stdout] 
[INFO] [stderr] error: could not compile `miraplex-redrop` (lib) due to 3 previous errors
[INFO] [stderr] warning: build failed, waiting for other jobs to finish...
[INFO] [stderr] error: could not compile `miraplex-redrop` (lib test) due to 3 previous errors
[INFO] running `Command { std: "docker" "inspect" "ee8384c3356825d0c699b16d7fe989457030310b4f200bd9e56f35f3267460a5", kill_on_drop: false }`
[INFO] running `Command { std: "docker" "rm" "-f" "ee8384c3356825d0c699b16d7fe989457030310b4f200bd9e56f35f3267460a5", kill_on_drop: false }`
[INFO] [stdout] ee8384c3356825d0c699b16d7fe989457030310b4f200bd9e56f35f3267460a5
