[INFO] fetching crate minimg 0.1.2...
[INFO] checking minimg-0.1.2 against nightly-2024-02-05 for check-cfg
[INFO] extracting crate minimg 0.1.2 into /workspace/builds/worker-1-tc1/source
[INFO] validating manifest of crates.io crate minimg 0.1.2 on toolchain nightly-2024-02-05
[INFO] running `Command { std: CARGO_HOME="/workspace/cargo-home" RUSTUP_HOME="/workspace/rustup-home" "/workspace/cargo-home/bin/cargo" "+nightly-2024-02-05" "metadata" "--manifest-path" "Cargo.toml" "--no-deps", kill_on_drop: false }`
[INFO] started tweaking crates.io crate minimg 0.1.2
[INFO] finished tweaking crates.io crate minimg 0.1.2
[INFO] tweaked toml for crates.io crate minimg 0.1.2 written to /workspace/builds/worker-1-tc1/source/Cargo.toml
[INFO] running `Command { std: CARGO_HOME="/workspace/cargo-home" RUSTUP_HOME="/workspace/rustup-home" "/workspace/cargo-home/bin/cargo" "+nightly-2024-02-05" "generate-lockfile" "--manifest-path" "Cargo.toml", kill_on_drop: false }`
[INFO] [stderr]     Updating crates.io index
[INFO] running `Command { std: CARGO_HOME="/workspace/cargo-home" RUSTUP_HOME="/workspace/rustup-home" "/workspace/cargo-home/bin/cargo" "+nightly-2024-02-05" "fetch" "--manifest-path" "Cargo.toml", kill_on_drop: false }`
[INFO] [stderr]  Downloading crates ...
[INFO] [stderr]   Downloaded minvect v0.1.6
[INFO] running `Command { std: "docker" "create" "-v" "/var/lib/crater-agent-workspace/builds/worker-1-tc1/target:/opt/rustwide/target:rw,Z" "-v" "/var/lib/crater-agent-workspace/builds/worker-1-tc1/source:/opt/rustwide/workdir:ro,Z" "-v" "/var/lib/crater-agent-workspace/cargo-home:/opt/rustwide/cargo-home:ro,Z" "-v" "/var/lib/crater-agent-workspace/rustup-home:/opt/rustwide/rustup-home:ro,Z" "-e" "SOURCE_DIR=/opt/rustwide/workdir" "-e" "CARGO_TARGET_DIR=/opt/rustwide/target" "-e" "CARGO_HOME=/opt/rustwide/cargo-home" "-e" "RUSTUP_HOME=/opt/rustwide/rustup-home" "-w" "/opt/rustwide/workdir" "-m" "1610612736" "--user" "0:0" "--network" "none" "ghcr.io/rust-lang/crates-build-env/linux@sha256:2788e3201cd34a07e3172128adcd8b3090168a8e3bcc40d7c032b9dda1df7d1c" "/opt/rustwide/cargo-home/bin/cargo" "+nightly-2024-02-05" "metadata" "--no-deps" "--format-version=1", kill_on_drop: false }`
[INFO] [stdout] c4f462637f5d81e7c5b2fecd80d711418d380fcb9cc140dac57185014cd025d8
[INFO] running `Command { std: "docker" "start" "-a" "c4f462637f5d81e7c5b2fecd80d711418d380fcb9cc140dac57185014cd025d8", kill_on_drop: false }`
[INFO] running `Command { std: "docker" "inspect" "c4f462637f5d81e7c5b2fecd80d711418d380fcb9cc140dac57185014cd025d8", kill_on_drop: false }`
[INFO] running `Command { std: "docker" "rm" "-f" "c4f462637f5d81e7c5b2fecd80d711418d380fcb9cc140dac57185014cd025d8", kill_on_drop: false }`
[INFO] [stdout] c4f462637f5d81e7c5b2fecd80d711418d380fcb9cc140dac57185014cd025d8
[INFO] running `Command { std: "docker" "create" "-v" "/var/lib/crater-agent-workspace/builds/worker-1-tc1/target:/opt/rustwide/target:rw,Z" "-v" "/var/lib/crater-agent-workspace/builds/worker-1-tc1/source:/opt/rustwide/workdir:ro,Z" "-v" "/var/lib/crater-agent-workspace/cargo-home:/opt/rustwide/cargo-home:ro,Z" "-v" "/var/lib/crater-agent-workspace/rustup-home:/opt/rustwide/rustup-home:ro,Z" "-e" "SOURCE_DIR=/opt/rustwide/workdir" "-e" "CARGO_TARGET_DIR=/opt/rustwide/target" "-e" "CARGO_INCREMENTAL=0" "-e" "RUST_BACKTRACE=full" "-e" "RUSTFLAGS=--cap-lints=forbid" "-e" "RUSTDOCFLAGS=--cap-lints=forbid" "-e" "CARGO_HOME=/opt/rustwide/cargo-home" "-e" "RUSTUP_HOME=/opt/rustwide/rustup-home" "-w" "/opt/rustwide/workdir" "-m" "1610612736" "--user" "0:0" "--network" "none" "ghcr.io/rust-lang/crates-build-env/linux@sha256:2788e3201cd34a07e3172128adcd8b3090168a8e3bcc40d7c032b9dda1df7d1c" "/opt/rustwide/cargo-home/bin/cargo" "+nightly-2024-02-05" "check" "--frozen" "--all" "--all-targets" "--message-format=json", kill_on_drop: false }`
[INFO] [stdout] 7843907baa66e79fe4dd278520937cafe58a6309da3e9a3151e26f1f421f0419
[INFO] running `Command { std: "docker" "start" "-a" "7843907baa66e79fe4dd278520937cafe58a6309da3e9a3151e26f1f421f0419", kill_on_drop: false }`
[INFO] [stderr]     Checking simd-adler32 v0.3.7
[INFO] [stderr]     Checking minvect v0.1.6
[INFO] [stderr]     Checking miniz_oxide v0.7.2
[INFO] [stderr]     Checking fdeflate v0.3.4
[INFO] [stderr]     Checking flate2 v1.0.28
[INFO] [stderr]     Checking png v0.17.11
[INFO] [stderr]     Checking minimg v0.1.2 (/opt/rustwide/workdir)
[INFO] [stdout] error[E0599]: no method named `normalize` found for struct `minvect::Vec2` in the current scope
[INFO] [stdout]   --> src/image.rs:79:21
[INFO] [stdout]    |
[INFO] [stdout] 79 |         let dir = u.normalize();
[INFO] [stdout]    |                     ^^^^^^^^^ method not found in `Vec2`
[INFO] [stdout] 
[INFO] [stdout] 
[INFO] [stdout] error[E0599]: no method named `normalize` found for struct `minvect::Vec2` in the current scope
[INFO] [stdout]   --> src/image.rs:79:21
[INFO] [stdout]    |
[INFO] [stdout] 79 |         let dir = u.normalize();
[INFO] [stdout]    |                     ^^^^^^^^^ method not found in `Vec2`
[INFO] [stdout] 
[INFO] [stdout] 
[INFO] [stdout] error: aborting due to 1 previous error
[INFO] [stdout] 
[INFO] [stdout] 
[INFO] [stdout] For more information about this error, try `rustc --explain E0599`.
[INFO] [stdout] 
[INFO] [stdout] error: aborting due to 1 previous error
[INFO] [stdout] 
[INFO] [stdout] 
[INFO] [stdout] For more information about this error, try `rustc --explain E0599`.
[INFO] [stdout] 
[INFO] [stderr] error: could not compile `minimg` (lib) due to 2 previous errors
[INFO] [stderr] warning: build failed, waiting for other jobs to finish...
[INFO] [stderr] error: could not compile `minimg` (lib test) due to 2 previous errors
[INFO] running `Command { std: "docker" "inspect" "7843907baa66e79fe4dd278520937cafe58a6309da3e9a3151e26f1f421f0419", kill_on_drop: false }`
[INFO] running `Command { std: "docker" "rm" "-f" "7843907baa66e79fe4dd278520937cafe58a6309da3e9a3151e26f1f421f0419", kill_on_drop: false }`
[INFO] [stdout] 7843907baa66e79fe4dd278520937cafe58a6309da3e9a3151e26f1f421f0419
[INFO] checking minimg-0.1.2 against nightly-2024-02-05+rustflags=-Dunexpected_cfgs+cargoflags=-Zcheck-cfg for check-cfg
[INFO] extracting crate minimg 0.1.2 into /workspace/builds/worker-1-tc2/source
[INFO] validating manifest of crates.io crate minimg 0.1.2 on toolchain nightly-2024-02-05
[INFO] running `Command { std: CARGO_HOME="/workspace/cargo-home" RUSTUP_HOME="/workspace/rustup-home" "/workspace/cargo-home/bin/cargo" "+nightly-2024-02-05" "metadata" "--manifest-path" "Cargo.toml" "--no-deps", kill_on_drop: false }`
[INFO] started tweaking crates.io crate minimg 0.1.2
[INFO] finished tweaking crates.io crate minimg 0.1.2
[INFO] tweaked toml for crates.io crate minimg 0.1.2 written to /workspace/builds/worker-1-tc2/source/Cargo.toml
[INFO] running `Command { std: CARGO_HOME="/workspace/cargo-home" RUSTUP_HOME="/workspace/rustup-home" "/workspace/cargo-home/bin/cargo" "+nightly-2024-02-05" "generate-lockfile" "--manifest-path" "Cargo.toml", kill_on_drop: false }`
[INFO] [stderr]     Updating crates.io index
[INFO] running `Command { std: CARGO_HOME="/workspace/cargo-home" RUSTUP_HOME="/workspace/rustup-home" "/workspace/cargo-home/bin/cargo" "+nightly-2024-02-05" "fetch" "--manifest-path" "Cargo.toml", kill_on_drop: false }`
[INFO] running `Command { std: "docker" "create" "-v" "/var/lib/crater-agent-workspace/builds/worker-1-tc2/target:/opt/rustwide/target:rw,Z" "-v" "/var/lib/crater-agent-workspace/builds/worker-1-tc2/source:/opt/rustwide/workdir:ro,Z" "-v" "/var/lib/crater-agent-workspace/cargo-home:/opt/rustwide/cargo-home:ro,Z" "-v" "/var/lib/crater-agent-workspace/rustup-home:/opt/rustwide/rustup-home:ro,Z" "-e" "SOURCE_DIR=/opt/rustwide/workdir" "-e" "CARGO_TARGET_DIR=/opt/rustwide/target" "-e" "CARGO_HOME=/opt/rustwide/cargo-home" "-e" "RUSTUP_HOME=/opt/rustwide/rustup-home" "-w" "/opt/rustwide/workdir" "-m" "1610612736" "--user" "0:0" "--network" "none" "ghcr.io/rust-lang/crates-build-env/linux@sha256:2788e3201cd34a07e3172128adcd8b3090168a8e3bcc40d7c032b9dda1df7d1c" "/opt/rustwide/cargo-home/bin/cargo" "+nightly-2024-02-05" "metadata" "--no-deps" "--format-version=1", kill_on_drop: false }`
[INFO] [stdout] f1af2979335103b84256ce42a486aeb8333c28e70f40385e2b4719ab82b51d50
[INFO] running `Command { std: "docker" "start" "-a" "f1af2979335103b84256ce42a486aeb8333c28e70f40385e2b4719ab82b51d50", kill_on_drop: false }`
[INFO] running `Command { std: "docker" "inspect" "f1af2979335103b84256ce42a486aeb8333c28e70f40385e2b4719ab82b51d50", kill_on_drop: false }`
[INFO] running `Command { std: "docker" "rm" "-f" "f1af2979335103b84256ce42a486aeb8333c28e70f40385e2b4719ab82b51d50", kill_on_drop: false }`
[INFO] [stdout] f1af2979335103b84256ce42a486aeb8333c28e70f40385e2b4719ab82b51d50
[INFO] running `Command { std: "docker" "create" "-v" "/var/lib/crater-agent-workspace/builds/worker-1-tc2/target:/opt/rustwide/target:rw,Z" "-v" "/var/lib/crater-agent-workspace/builds/worker-1-tc2/source:/opt/rustwide/workdir:ro,Z" "-v" "/var/lib/crater-agent-workspace/cargo-home:/opt/rustwide/cargo-home:ro,Z" "-v" "/var/lib/crater-agent-workspace/rustup-home:/opt/rustwide/rustup-home:ro,Z" "-e" "SOURCE_DIR=/opt/rustwide/workdir" "-e" "CARGO_TARGET_DIR=/opt/rustwide/target" "-e" "CARGO_INCREMENTAL=0" "-e" "RUST_BACKTRACE=full" "-e" "RUSTFLAGS=--cap-lints=forbid -Dunexpected_cfgs" "-e" "RUSTDOCFLAGS=--cap-lints=forbid" "-e" "CARGO_HOME=/opt/rustwide/cargo-home" "-e" "RUSTUP_HOME=/opt/rustwide/rustup-home" "-w" "/opt/rustwide/workdir" "-m" "1610612736" "--user" "0:0" "--network" "none" "ghcr.io/rust-lang/crates-build-env/linux@sha256:2788e3201cd34a07e3172128adcd8b3090168a8e3bcc40d7c032b9dda1df7d1c" "/opt/rustwide/cargo-home/bin/cargo" "+nightly-2024-02-05" "check" "--frozen" "--all" "--all-targets" "--message-format=json" "-Zcheck-cfg", kill_on_drop: false }`
[INFO] [stdout] 508a404da9f98af21767bd571550f5acf79153ed3aeaa19409d4994e0be64339
[INFO] running `Command { std: "docker" "start" "-a" "508a404da9f98af21767bd571550f5acf79153ed3aeaa19409d4994e0be64339", kill_on_drop: false }`
[INFO] [stderr]     Checking simd-adler32 v0.3.7
[INFO] [stderr]     Checking minvect v0.1.6
[INFO] [stderr]     Checking miniz_oxide v0.7.2
[INFO] [stderr]     Checking fdeflate v0.3.4
[INFO] [stderr]     Checking flate2 v1.0.28
[INFO] [stderr]     Checking png v0.17.11
[INFO] [stderr]     Checking minimg v0.1.2 (/opt/rustwide/workdir)
[INFO] [stdout] error[E0599]: no method named `normalize` found for struct `minvect::Vec2` in the current scope
[INFO] [stdout]   --> src/image.rs:79:21
[INFO] [stdout]    |
[INFO] [stdout] 79 |         let dir = u.normalize();
[INFO] [stdout]    |                     ^^^^^^^^^ method not found in `Vec2`
[INFO] [stdout] 
[INFO] [stdout] 
[INFO] [stdout] error[E0599]: no method named `normalize` found for struct `minvect::Vec2` in the current scope
[INFO] [stdout]   --> src/image.rs:79:21
[INFO] [stdout]    |
[INFO] [stdout] 79 |         let dir = u.normalize();
[INFO] [stdout]    |                     ^^^^^^^^^ method not found in `Vec2`
[INFO] [stdout] 
[INFO] [stdout] 
[INFO] [stdout] error: aborting due to 1 previous error
[INFO] [stdout] 
[INFO] [stdout] 
[INFO] [stdout] For more information about this error, try `rustc --explain E0599`.
[INFO] [stdout] 
[INFO] [stdout] error: aborting due to 1 previous error
[INFO] [stdout] 
[INFO] [stdout] 
[INFO] [stderr] error: could not compile `minimg` (lib) due to 2 previous errors
[INFO] [stdout] For more information about this error, try `rustc --explain E0599`.
[INFO] [stdout] 
[INFO] [stderr] warning: build failed, waiting for other jobs to finish...
[INFO] [stderr] error: could not compile `minimg` (lib test) due to 2 previous errors
[INFO] running `Command { std: "docker" "inspect" "508a404da9f98af21767bd571550f5acf79153ed3aeaa19409d4994e0be64339", kill_on_drop: false }`
[INFO] running `Command { std: "docker" "rm" "-f" "508a404da9f98af21767bd571550f5acf79153ed3aeaa19409d4994e0be64339", kill_on_drop: false }`
[INFO] [stdout] 508a404da9f98af21767bd571550f5acf79153ed3aeaa19409d4994e0be64339
