[INFO] fetching crate mime_4 0.4.0-a.0...
[INFO] checking mime_4-0.4.0-a.0 against nightly-2024-02-05 for check-cfg
[INFO] extracting crate mime_4 0.4.0-a.0 into /workspace/builds/worker-3-tc1/source
[INFO] validating manifest of crates.io crate mime_4 0.4.0-a.0 on toolchain nightly-2024-02-05
[INFO] running `Command { std: CARGO_HOME="/workspace/cargo-home" RUSTUP_HOME="/workspace/rustup-home" "/workspace/cargo-home/bin/cargo" "+nightly-2024-02-05" "metadata" "--manifest-path" "Cargo.toml" "--no-deps", kill_on_drop: false }`
[INFO] started tweaking crates.io crate mime_4 0.4.0-a.0
[INFO] finished tweaking crates.io crate mime_4 0.4.0-a.0
[INFO] tweaked toml for crates.io crate mime_4 0.4.0-a.0 written to /workspace/builds/worker-3-tc1/source/Cargo.toml
[INFO] running `Command { std: CARGO_HOME="/workspace/cargo-home" RUSTUP_HOME="/workspace/rustup-home" "/workspace/cargo-home/bin/cargo" "+nightly-2024-02-05" "generate-lockfile" "--manifest-path" "Cargo.toml", kill_on_drop: false }`
[INFO] [stderr]     Updating crates.io index
[INFO] running `Command { std: CARGO_HOME="/workspace/cargo-home" RUSTUP_HOME="/workspace/rustup-home" "/workspace/cargo-home/bin/cargo" "+nightly-2024-02-05" "fetch" "--manifest-path" "Cargo.toml", kill_on_drop: false }`
[INFO] [stderr]  Downloading crates ...
[INFO] [stderr]   Downloaded mime-macro-4 v0.0.0
[INFO] [stderr]   Downloaded mime-parse-4 v0.0.0
[INFO] [stderr]   Downloaded quoted-string v0.2.2
[INFO] running `Command { std: "docker" "create" "-v" "/var/lib/crater-agent-workspace/builds/worker-3-tc1/target:/opt/rustwide/target:rw,Z" "-v" "/var/lib/crater-agent-workspace/builds/worker-3-tc1/source:/opt/rustwide/workdir:ro,Z" "-v" "/var/lib/crater-agent-workspace/cargo-home:/opt/rustwide/cargo-home:ro,Z" "-v" "/var/lib/crater-agent-workspace/rustup-home:/opt/rustwide/rustup-home:ro,Z" "-e" "SOURCE_DIR=/opt/rustwide/workdir" "-e" "CARGO_TARGET_DIR=/opt/rustwide/target" "-e" "CARGO_HOME=/opt/rustwide/cargo-home" "-e" "RUSTUP_HOME=/opt/rustwide/rustup-home" "-w" "/opt/rustwide/workdir" "-m" "1610612736" "--user" "0:0" "--network" "none" "ghcr.io/rust-lang/crates-build-env/linux@sha256:2788e3201cd34a07e3172128adcd8b3090168a8e3bcc40d7c032b9dda1df7d1c" "/opt/rustwide/cargo-home/bin/cargo" "+nightly-2024-02-05" "metadata" "--no-deps" "--format-version=1", kill_on_drop: false }`
[INFO] [stdout] e6128d2cc3b9f8f7ad77c2f121a3daec96d82dbcf53fa9222e809dd3fbc563f3
[INFO] running `Command { std: "docker" "start" "-a" "e6128d2cc3b9f8f7ad77c2f121a3daec96d82dbcf53fa9222e809dd3fbc563f3", kill_on_drop: false }`
[INFO] running `Command { std: "docker" "inspect" "e6128d2cc3b9f8f7ad77c2f121a3daec96d82dbcf53fa9222e809dd3fbc563f3", kill_on_drop: false }`
[INFO] running `Command { std: "docker" "rm" "-f" "e6128d2cc3b9f8f7ad77c2f121a3daec96d82dbcf53fa9222e809dd3fbc563f3", kill_on_drop: false }`
[INFO] [stdout] e6128d2cc3b9f8f7ad77c2f121a3daec96d82dbcf53fa9222e809dd3fbc563f3
[INFO] running `Command { std: "docker" "create" "-v" "/var/lib/crater-agent-workspace/builds/worker-3-tc1/target:/opt/rustwide/target:rw,Z" "-v" "/var/lib/crater-agent-workspace/builds/worker-3-tc1/source:/opt/rustwide/workdir:ro,Z" "-v" "/var/lib/crater-agent-workspace/cargo-home:/opt/rustwide/cargo-home:ro,Z" "-v" "/var/lib/crater-agent-workspace/rustup-home:/opt/rustwide/rustup-home:ro,Z" "-e" "SOURCE_DIR=/opt/rustwide/workdir" "-e" "CARGO_TARGET_DIR=/opt/rustwide/target" "-e" "CARGO_INCREMENTAL=0" "-e" "RUST_BACKTRACE=full" "-e" "RUSTFLAGS=--cap-lints=forbid" "-e" "RUSTDOCFLAGS=--cap-lints=forbid" "-e" "CARGO_HOME=/opt/rustwide/cargo-home" "-e" "RUSTUP_HOME=/opt/rustwide/rustup-home" "-w" "/opt/rustwide/workdir" "-m" "1610612736" "--user" "0:0" "--network" "none" "ghcr.io/rust-lang/crates-build-env/linux@sha256:2788e3201cd34a07e3172128adcd8b3090168a8e3bcc40d7c032b9dda1df7d1c" "/opt/rustwide/cargo-home/bin/cargo" "+nightly-2024-02-05" "check" "--frozen" "--all" "--all-targets" "--message-format=json", kill_on_drop: false }`
[INFO] [stdout] 4f46ff4a540877ed77b38e2a7fc35cb4e3d7ab9657370671bfc68601b56ab2e9
[INFO] running `Command { std: "docker" "start" "-a" "4f46ff4a540877ed77b38e2a7fc35cb4e3d7ab9657370671bfc68601b56ab2e9", kill_on_drop: false }`
[INFO] [stderr]     Checking quoted-string v0.2.2
[INFO] [stderr]     Checking mime-parse-4 v0.0.0
[INFO] [stderr]     Checking mime_4 v0.4.0-a.0 (/opt/rustwide/workdir)
[INFO] [stdout] error[E0463]: can't find crate for `mime`
[INFO] [stdout]  --> benches/cmp.rs:3:1
[INFO] [stdout]   |
[INFO] [stdout] 3 | extern crate mime;
[INFO] [stdout]   | ^^^^^^^^^^^^^^^^^^ can't find crate
[INFO] [stdout] 
[INFO] [stdout] 
[INFO] [stdout] error[E0463]: can't find crate for `mime`
[INFO] [stdout]  --> benches/fmt.rs:3:1
[INFO] [stdout]   |
[INFO] [stdout] 3 | extern crate mime;
[INFO] [stdout]   | ^^^^^^^^^^^^^^^^^^ can't find crate
[INFO] [stdout] 
[INFO] [stdout] 
[INFO] [stdout] error[E0463]: can't find crate for `mime`
[INFO] [stdout]  --> benches/parse.rs:3:1
[INFO] [stdout]   |
[INFO] [stdout] 3 | extern crate mime;
[INFO] [stdout]   | ^^^^^^^^^^^^^^^^^^ can't find crate
[INFO] [stdout] 
[INFO] [stdout] 
[INFO] [stdout] error: aborting due to 1 previous error
[INFO] [stdout] 
[INFO] [stdout] 
[INFO] [stdout] error: aborting due to 1 previous error
[INFO] [stdout] 
[INFO] [stdout] 
[INFO] [stdout] For more information about this error, try `rustc --explain E0463`.
[INFO] [stdout] 
[INFO] [stdout] For more information about this error, try `rustc --explain E0463`.
[INFO] [stdout] 
[INFO] [stderr] error: could not compile `mime_4` (bench "parse") due to 2 previous errors
[INFO] [stderr] warning: build failed, waiting for other jobs to finish...
[INFO] [stderr] error: could not compile `mime_4` (bench "fmt") due to 2 previous errors
[INFO] [stdout] error[E0412]: cannot find type `MediaType` in this scope
[INFO] [stdout]   --> benches/cmp.rs:11:52
[INFO] [stdout]    |
[INFO] [stdout] 11 |     let mime = "text/plain; charset=utf-8".parse::<MediaType>().unwrap();
[INFO] [stdout]    |                                                    ^^^^^^^^^ not found in this scope
[INFO] [stdout]    |
[INFO] [stdout] help: consider importing this struct
[INFO] [stdout]    |
[INFO] [stdout] 6  + use mime_4::MediaType;
[INFO] [stdout]    |
[INFO] [stdout] 
[INFO] [stdout] 
[INFO] [stdout] error[E0425]: cannot find value `TEXT_PLAIN_UTF_8` in this scope
[INFO] [stdout]   --> benches/cmp.rs:14:26
[INFO] [stdout]    |
[INFO] [stdout] 14 |         assert_eq!(mime, TEXT_PLAIN_UTF_8);
[INFO] [stdout]    |                          ^^^^^^^^^^^^^^^^ not found in this scope
[INFO] [stdout]    |
[INFO] [stdout] help: consider importing one of these items
[INFO] [stdout]    |
[INFO] [stdout] 6  + use mime_4::TEXT_PLAIN_UTF_8;
[INFO] [stdout]    |
[INFO] [stdout] 6  + use mime_parse::constants::TEXT_PLAIN_UTF_8;
[INFO] [stdout]    |
[INFO] [stdout] 
[INFO] [stdout] 
[INFO] [stdout] error[E0412]: cannot find type `MediaType` in this scope
[INFO] [stdout]   --> benches/cmp.rs:20:51
[INFO] [stdout]    |
[INFO] [stdout] 20 |     let mime1 = "text/foo; charset=utf-8".parse::<MediaType>().unwrap();
[INFO] [stdout]    |                                                   ^^^^^^^^^ not found in this scope
[INFO] [stdout]    |
[INFO] [stdout] help: consider importing this struct
[INFO] [stdout]    |
[INFO] [stdout] 6  + use mime_4::MediaType;
[INFO] [stdout]    |
[INFO] [stdout] 
[INFO] [stdout] 
[INFO] [stdout] error[E0412]: cannot find type `MediaType` in this scope
[INFO] [stdout]   --> benches/cmp.rs:30:72
[INFO] [stdout]    |
[INFO] [stdout] 30 |     let mime1 = "text/foo; aaa=bbb; ccc=ddd; eee=fff; ggg=hhh".parse::<MediaType>().unwrap();
[INFO] [stdout]    |                                                                        ^^^^^^^^^ not found in this scope
[INFO] [stdout]    |
[INFO] [stdout] help: consider importing this struct
[INFO] [stdout]    |
[INFO] [stdout] 6  + use mime_4::MediaType;
[INFO] [stdout]    |
[INFO] [stdout] 
[INFO] [stdout] 
[INFO] [stdout] error[E0425]: cannot find value `TEXT_PLAIN_UTF_8` in this scope
[INFO] [stdout]   --> benches/cmp.rs:40:16
[INFO] [stdout]    |
[INFO] [stdout] 40 |     let mime = TEXT_PLAIN_UTF_8;
[INFO] [stdout]    |                ^^^^^^^^^^^^^^^^ not found in this scope
[INFO] [stdout]    |
[INFO] [stdout] help: consider importing one of these items
[INFO] [stdout]    |
[INFO] [stdout] 6  + use mime_4::TEXT_PLAIN_UTF_8;
[INFO] [stdout]    |
[INFO] [stdout] 6  + use mime_parse::constants::TEXT_PLAIN_UTF_8;
[INFO] [stdout]    |
[INFO] [stdout] 
[INFO] [stdout] 
[INFO] [stdout] error[E0425]: cannot find value `TEXT_PLAIN_UTF_8` in this scope
[INFO] [stdout]   --> benches/cmp.rs:43:26
[INFO] [stdout]    |
[INFO] [stdout] 43 |         assert_eq!(mime, TEXT_PLAIN_UTF_8);
[INFO] [stdout]    |                          ^^^^^^^^^^^^^^^^ not found in this scope
[INFO] [stdout]    |
[INFO] [stdout] help: consider importing one of these items
[INFO] [stdout]    |
[INFO] [stdout] 6  + use mime_4::TEXT_PLAIN_UTF_8;
[INFO] [stdout]    |
[INFO] [stdout] 6  + use mime_parse::constants::TEXT_PLAIN_UTF_8;
[INFO] [stdout]    |
[INFO] [stdout] 
[INFO] [stdout] 
[INFO] [stdout] error[E0425]: cannot find value `TEXT_XML` in this scope
[INFO] [stdout]   --> benches/cmp.rs:59:15
[INFO] [stdout]    |
[INFO] [stdout] 59 |     let one = TEXT_XML;
[INFO] [stdout]    |               ^^^^^^^^ not found in this scope
[INFO] [stdout]    |
[INFO] [stdout] help: consider importing one of these items
[INFO] [stdout]    |
[INFO] [stdout] 6  + use mime_4::TEXT_XML;
[INFO] [stdout]    |
[INFO] [stdout] 6  + use mime_parse::constants::TEXT_XML;
[INFO] [stdout]    |
[INFO] [stdout] 
[INFO] [stdout] 
[INFO] [stdout] error[E0425]: cannot find value `TEXT_CSS` in this scope
[INFO] [stdout]   --> benches/cmp.rs:60:15
[INFO] [stdout]    |
[INFO] [stdout] 60 |     let two = TEXT_CSS;
[INFO] [stdout]    |               ^^^^^^^^ not found in this scope
[INFO] [stdout]    |
[INFO] [stdout] help: consider importing one of these items
[INFO] [stdout]    |
[INFO] [stdout] 6  + use mime_4::TEXT_CSS;
[INFO] [stdout]    |
[INFO] [stdout] 6  + use mime_parse::constants::TEXT_CSS;
[INFO] [stdout]    |
[INFO] [stdout] 
[INFO] [stdout] 
[INFO] [stdout] error[E0425]: cannot find value `TEXT_PLAIN_UTF_8` in this scope
[INFO] [stdout]   --> benches/cmp.rs:69:16
[INFO] [stdout]    |
[INFO] [stdout] 69 |     let mime = TEXT_PLAIN_UTF_8;
[INFO] [stdout]    |                ^^^^^^^^^^^^^^^^ not found in this scope
[INFO] [stdout]    |
[INFO] [stdout] help: consider importing one of these items
[INFO] [stdout]    |
[INFO] [stdout] 6  + use mime_4::TEXT_PLAIN_UTF_8;
[INFO] [stdout]    |
[INFO] [stdout] 6  + use mime_parse::constants::TEXT_PLAIN_UTF_8;
[INFO] [stdout]    |
[INFO] [stdout] 
[INFO] [stdout] 
[INFO] [stdout] error[E0425]: cannot find value `TEXT` in this scope
[INFO] [stdout]   --> benches/cmp.rs:70:16
[INFO] [stdout]    |
[INFO] [stdout] 70 |     let name = TEXT;
[INFO] [stdout]    |                ^^^^ not found in this scope
[INFO] [stdout]    |
[INFO] [stdout] help: consider importing one of these items
[INFO] [stdout]    |
[INFO] [stdout] 6  + use mime_4::TEXT;
[INFO] [stdout]    |
[INFO] [stdout] 6  + use mime_parse::constants::names::TEXT;
[INFO] [stdout]    |
[INFO] [stdout] 
[INFO] [stdout] 
[INFO] [stdout] error: aborting due to 11 previous errors
[INFO] [stdout] 
[INFO] [stdout] 
[INFO] [stdout] Some errors have detailed explanations: E0412, E0425, E0463.
[INFO] [stdout] 
[INFO] [stdout] For more information about an error, try `rustc --explain E0412`.
[INFO] [stdout] 
[INFO] [stderr] error: could not compile `mime_4` (bench "cmp") due to 12 previous errors
[INFO] running `Command { std: "docker" "inspect" "4f46ff4a540877ed77b38e2a7fc35cb4e3d7ab9657370671bfc68601b56ab2e9", kill_on_drop: false }`
[INFO] running `Command { std: "docker" "rm" "-f" "4f46ff4a540877ed77b38e2a7fc35cb4e3d7ab9657370671bfc68601b56ab2e9", kill_on_drop: false }`
[INFO] [stdout] 4f46ff4a540877ed77b38e2a7fc35cb4e3d7ab9657370671bfc68601b56ab2e9
[INFO] checking mime_4-0.4.0-a.0 against nightly-2024-02-05+rustflags=-Dunexpected_cfgs+cargoflags=-Zcheck-cfg for check-cfg
[INFO] extracting crate mime_4 0.4.0-a.0 into /workspace/builds/worker-3-tc2/source
[INFO] validating manifest of crates.io crate mime_4 0.4.0-a.0 on toolchain nightly-2024-02-05
[INFO] running `Command { std: CARGO_HOME="/workspace/cargo-home" RUSTUP_HOME="/workspace/rustup-home" "/workspace/cargo-home/bin/cargo" "+nightly-2024-02-05" "metadata" "--manifest-path" "Cargo.toml" "--no-deps", kill_on_drop: false }`
[INFO] started tweaking crates.io crate mime_4 0.4.0-a.0
[INFO] finished tweaking crates.io crate mime_4 0.4.0-a.0
[INFO] tweaked toml for crates.io crate mime_4 0.4.0-a.0 written to /workspace/builds/worker-3-tc2/source/Cargo.toml
[INFO] running `Command { std: CARGO_HOME="/workspace/cargo-home" RUSTUP_HOME="/workspace/rustup-home" "/workspace/cargo-home/bin/cargo" "+nightly-2024-02-05" "generate-lockfile" "--manifest-path" "Cargo.toml", kill_on_drop: false }`
[INFO] [stderr]     Updating crates.io index
[INFO] running `Command { std: CARGO_HOME="/workspace/cargo-home" RUSTUP_HOME="/workspace/rustup-home" "/workspace/cargo-home/bin/cargo" "+nightly-2024-02-05" "fetch" "--manifest-path" "Cargo.toml", kill_on_drop: false }`
[INFO] running `Command { std: "docker" "create" "-v" "/var/lib/crater-agent-workspace/builds/worker-3-tc2/target:/opt/rustwide/target:rw,Z" "-v" "/var/lib/crater-agent-workspace/builds/worker-3-tc2/source:/opt/rustwide/workdir:ro,Z" "-v" "/var/lib/crater-agent-workspace/cargo-home:/opt/rustwide/cargo-home:ro,Z" "-v" "/var/lib/crater-agent-workspace/rustup-home:/opt/rustwide/rustup-home:ro,Z" "-e" "SOURCE_DIR=/opt/rustwide/workdir" "-e" "CARGO_TARGET_DIR=/opt/rustwide/target" "-e" "CARGO_HOME=/opt/rustwide/cargo-home" "-e" "RUSTUP_HOME=/opt/rustwide/rustup-home" "-w" "/opt/rustwide/workdir" "-m" "1610612736" "--user" "0:0" "--network" "none" "ghcr.io/rust-lang/crates-build-env/linux@sha256:2788e3201cd34a07e3172128adcd8b3090168a8e3bcc40d7c032b9dda1df7d1c" "/opt/rustwide/cargo-home/bin/cargo" "+nightly-2024-02-05" "metadata" "--no-deps" "--format-version=1", kill_on_drop: false }`
[INFO] [stdout] fd2f81c5d7f5baf308dc8ebb56855db7daaf4cc2953e9dc502d94cc0a1aa16e6
[INFO] running `Command { std: "docker" "start" "-a" "fd2f81c5d7f5baf308dc8ebb56855db7daaf4cc2953e9dc502d94cc0a1aa16e6", kill_on_drop: false }`
[INFO] running `Command { std: "docker" "inspect" "fd2f81c5d7f5baf308dc8ebb56855db7daaf4cc2953e9dc502d94cc0a1aa16e6", kill_on_drop: false }`
[INFO] running `Command { std: "docker" "rm" "-f" "fd2f81c5d7f5baf308dc8ebb56855db7daaf4cc2953e9dc502d94cc0a1aa16e6", kill_on_drop: false }`
[INFO] [stdout] fd2f81c5d7f5baf308dc8ebb56855db7daaf4cc2953e9dc502d94cc0a1aa16e6
[INFO] running `Command { std: "docker" "create" "-v" "/var/lib/crater-agent-workspace/builds/worker-3-tc2/target:/opt/rustwide/target:rw,Z" "-v" "/var/lib/crater-agent-workspace/builds/worker-3-tc2/source:/opt/rustwide/workdir:ro,Z" "-v" "/var/lib/crater-agent-workspace/cargo-home:/opt/rustwide/cargo-home:ro,Z" "-v" "/var/lib/crater-agent-workspace/rustup-home:/opt/rustwide/rustup-home:ro,Z" "-e" "SOURCE_DIR=/opt/rustwide/workdir" "-e" "CARGO_TARGET_DIR=/opt/rustwide/target" "-e" "CARGO_INCREMENTAL=0" "-e" "RUST_BACKTRACE=full" "-e" "RUSTFLAGS=--cap-lints=forbid -Dunexpected_cfgs" "-e" "RUSTDOCFLAGS=--cap-lints=forbid" "-e" "CARGO_HOME=/opt/rustwide/cargo-home" "-e" "RUSTUP_HOME=/opt/rustwide/rustup-home" "-w" "/opt/rustwide/workdir" "-m" "1610612736" "--user" "0:0" "--network" "none" "ghcr.io/rust-lang/crates-build-env/linux@sha256:2788e3201cd34a07e3172128adcd8b3090168a8e3bcc40d7c032b9dda1df7d1c" "/opt/rustwide/cargo-home/bin/cargo" "+nightly-2024-02-05" "check" "--frozen" "--all" "--all-targets" "--message-format=json" "-Zcheck-cfg", kill_on_drop: false }`
[INFO] [stdout] b2a792bf3986fe4cb96b6c1d400854e5b08a0c0830244a5f4ead8f41d7b2652d
[INFO] running `Command { std: "docker" "start" "-a" "b2a792bf3986fe4cb96b6c1d400854e5b08a0c0830244a5f4ead8f41d7b2652d", kill_on_drop: false }`
[INFO] [stderr]     Checking quoted-string v0.2.2
[INFO] [stderr]     Checking mime-parse-4 v0.0.0
[INFO] [stderr]     Checking mime_4 v0.4.0-a.0 (/opt/rustwide/workdir)
[INFO] [stdout] error[E0463]: can't find crate for `mime`
[INFO] [stdout]  --> benches/parse.rs:3:1
[INFO] [stdout]   |
[INFO] [stdout] 3 | extern crate mime;
[INFO] [stdout]   | ^^^^^^^^^^^^^^^^^^ can't find crate
[INFO] [stdout] 
[INFO] [stdout] 
[INFO] [stdout] error[E0463]: can't find crate for `mime`
[INFO] [stdout]  --> benches/fmt.rs:3:1
[INFO] [stdout]   |
[INFO] [stdout] 3 | extern crate mime;
[INFO] [stdout]   | ^^^^^^^^^^^^^^^^^^ can't find crate
[INFO] [stdout] 
[INFO] [stdout] 
[INFO] [stdout] error[E0463]: can't find crate for `mime`
[INFO] [stdout]  --> benches/cmp.rs:3:1
[INFO] [stdout]   |
[INFO] [stdout] 3 | extern crate mime;
[INFO] [stdout]   | ^^^^^^^^^^^^^^^^^^ can't find crate
[INFO] [stdout] 
[INFO] [stdout] 
[INFO] [stdout] error: aborting due to 1 previous error
[INFO] [stdout] 
[INFO] [stdout] 
[INFO] [stdout] For more information about this error, try `rustc --explain E0463`.
[INFO] [stdout] 
[INFO] [stdout] error: aborting due to 1 previous error
[INFO] [stdout] 
[INFO] [stdout] 
[INFO] [stdout] For more information about this error, try `rustc --explain E0463`.
[INFO] [stdout] 
[INFO] [stderr] error: could not compile `mime_4` (bench "fmt") due to 2 previous errors
[INFO] [stderr] warning: build failed, waiting for other jobs to finish...
[INFO] [stderr] error: could not compile `mime_4` (bench "parse") due to 2 previous errors
[INFO] [stdout] error[E0412]: cannot find type `MediaType` in this scope
[INFO] [stdout]   --> benches/cmp.rs:11:52
[INFO] [stdout]    |
[INFO] [stdout] 11 |     let mime = "text/plain; charset=utf-8".parse::<MediaType>().unwrap();
[INFO] [stdout]    |                                                    ^^^^^^^^^ not found in this scope
[INFO] [stdout]    |
[INFO] [stdout] help: consider importing this struct
[INFO] [stdout]    |
[INFO] [stdout] 6  + use mime_4::MediaType;
[INFO] [stdout]    |
[INFO] [stdout] 
[INFO] [stdout] 
[INFO] [stdout] error[E0425]: cannot find value `TEXT_PLAIN_UTF_8` in this scope
[INFO] [stdout]   --> benches/cmp.rs:14:26
[INFO] [stdout]    |
[INFO] [stdout] 14 |         assert_eq!(mime, TEXT_PLAIN_UTF_8);
[INFO] [stdout]    |                          ^^^^^^^^^^^^^^^^ not found in this scope
[INFO] [stdout]    |
[INFO] [stdout] help: consider importing one of these items
[INFO] [stdout]    |
[INFO] [stdout] 6  + use mime_4::TEXT_PLAIN_UTF_8;
[INFO] [stdout]    |
[INFO] [stdout] 6  + use mime_parse::constants::TEXT_PLAIN_UTF_8;
[INFO] [stdout]    |
[INFO] [stdout] 
[INFO] [stdout] 
[INFO] [stdout] error[E0412]: cannot find type `MediaType` in this scope
[INFO] [stdout]   --> benches/cmp.rs:20:51
[INFO] [stdout]    |
[INFO] [stdout] 20 |     let mime1 = "text/foo; charset=utf-8".parse::<MediaType>().unwrap();
[INFO] [stdout]    |                                                   ^^^^^^^^^ not found in this scope
[INFO] [stdout]    |
[INFO] [stdout] help: consider importing this struct
[INFO] [stdout]    |
[INFO] [stdout] 6  + use mime_4::MediaType;
[INFO] [stdout]    |
[INFO] [stdout] 
[INFO] [stdout] 
[INFO] [stdout] error[E0412]: cannot find type `MediaType` in this scope
[INFO] [stdout]   --> benches/cmp.rs:30:72
[INFO] [stdout]    |
[INFO] [stdout] 30 |     let mime1 = "text/foo; aaa=bbb; ccc=ddd; eee=fff; ggg=hhh".parse::<MediaType>().unwrap();
[INFO] [stdout]    |                                                                        ^^^^^^^^^ not found in this scope
[INFO] [stdout]    |
[INFO] [stdout] help: consider importing this struct
[INFO] [stdout]    |
[INFO] [stdout] 6  + use mime_4::MediaType;
[INFO] [stdout]    |
[INFO] [stdout] 
[INFO] [stdout] 
[INFO] [stdout] error[E0425]: cannot find value `TEXT_PLAIN_UTF_8` in this scope
[INFO] [stdout]   --> benches/cmp.rs:40:16
[INFO] [stdout]    |
[INFO] [stdout] 40 |     let mime = TEXT_PLAIN_UTF_8;
[INFO] [stdout]    |                ^^^^^^^^^^^^^^^^ not found in this scope
[INFO] [stdout]    |
[INFO] [stdout] help: consider importing one of these items
[INFO] [stdout]    |
[INFO] [stdout] 6  + use mime_4::TEXT_PLAIN_UTF_8;
[INFO] [stdout]    |
[INFO] [stdout] 6  + use mime_parse::constants::TEXT_PLAIN_UTF_8;
[INFO] [stdout]    |
[INFO] [stdout] 
[INFO] [stdout] 
[INFO] [stdout] error[E0425]: cannot find value `TEXT_PLAIN_UTF_8` in this scope
[INFO] [stdout]   --> benches/cmp.rs:43:26
[INFO] [stdout]    |
[INFO] [stdout] 43 |         assert_eq!(mime, TEXT_PLAIN_UTF_8);
[INFO] [stdout]    |                          ^^^^^^^^^^^^^^^^ not found in this scope
[INFO] [stdout]    |
[INFO] [stdout] help: consider importing one of these items
[INFO] [stdout]    |
[INFO] [stdout] 6  + use mime_4::TEXT_PLAIN_UTF_8;
[INFO] [stdout]    |
[INFO] [stdout] 6  + use mime_parse::constants::TEXT_PLAIN_UTF_8;
[INFO] [stdout]    |
[INFO] [stdout] 
[INFO] [stdout] 
[INFO] [stdout] error[E0425]: cannot find value `TEXT_XML` in this scope
[INFO] [stdout]   --> benches/cmp.rs:59:15
[INFO] [stdout]    |
[INFO] [stdout] 59 |     let one = TEXT_XML;
[INFO] [stdout]    |               ^^^^^^^^ not found in this scope
[INFO] [stdout]    |
[INFO] [stdout] help: consider importing one of these items
[INFO] [stdout]    |
[INFO] [stdout] 6  + use mime_4::TEXT_XML;
[INFO] [stdout]    |
[INFO] [stdout] 6  + use mime_parse::constants::TEXT_XML;
[INFO] [stdout]    |
[INFO] [stdout] 
[INFO] [stdout] 
[INFO] [stdout] error[E0425]: cannot find value `TEXT_CSS` in this scope
[INFO] [stdout]   --> benches/cmp.rs:60:15
[INFO] [stdout]    |
[INFO] [stdout] 60 |     let two = TEXT_CSS;
[INFO] [stdout]    |               ^^^^^^^^ not found in this scope
[INFO] [stdout]    |
[INFO] [stdout] help: consider importing one of these items
[INFO] [stdout]    |
[INFO] [stdout] 6  + use mime_4::TEXT_CSS;
[INFO] [stdout]    |
[INFO] [stdout] 6  + use mime_parse::constants::TEXT_CSS;
[INFO] [stdout]    |
[INFO] [stdout] 
[INFO] [stdout] 
[INFO] [stdout] error[E0425]: cannot find value `TEXT_PLAIN_UTF_8` in this scope
[INFO] [stdout]   --> benches/cmp.rs:69:16
[INFO] [stdout]    |
[INFO] [stdout] 69 |     let mime = TEXT_PLAIN_UTF_8;
[INFO] [stdout]    |                ^^^^^^^^^^^^^^^^ not found in this scope
[INFO] [stdout]    |
[INFO] [stdout] help: consider importing one of these items
[INFO] [stdout]    |
[INFO] [stdout] 6  + use mime_4::TEXT_PLAIN_UTF_8;
[INFO] [stdout]    |
[INFO] [stdout] 6  + use mime_parse::constants::TEXT_PLAIN_UTF_8;
[INFO] [stdout]    |
[INFO] [stdout] 
[INFO] [stdout] 
[INFO] [stdout] error[E0425]: cannot find value `TEXT` in this scope
[INFO] [stdout]   --> benches/cmp.rs:70:16
[INFO] [stdout]    |
[INFO] [stdout] 70 |     let name = TEXT;
[INFO] [stdout]    |                ^^^^ not found in this scope
[INFO] [stdout]    |
[INFO] [stdout] help: consider importing one of these items
[INFO] [stdout]    |
[INFO] [stdout] 6  + use mime_4::TEXT;
[INFO] [stdout]    |
[INFO] [stdout] 6  + use mime_parse::constants::names::TEXT;
[INFO] [stdout]    |
[INFO] [stdout] 
[INFO] [stdout] 
[INFO] [stdout] error: aborting due to 11 previous errors
[INFO] [stdout] 
[INFO] [stdout] 
[INFO] [stdout] Some errors have detailed explanations: E0412, E0425, E0463.
[INFO] [stdout] 
[INFO] [stdout] For more information about an error, try `rustc --explain E0412`.
[INFO] [stdout] 
[INFO] [stderr] error: could not compile `mime_4` (bench "cmp") due to 12 previous errors
[INFO] running `Command { std: "docker" "inspect" "b2a792bf3986fe4cb96b6c1d400854e5b08a0c0830244a5f4ead8f41d7b2652d", kill_on_drop: false }`
[INFO] running `Command { std: "docker" "rm" "-f" "b2a792bf3986fe4cb96b6c1d400854e5b08a0c0830244a5f4ead8f41d7b2652d", kill_on_drop: false }`
[INFO] [stdout] b2a792bf3986fe4cb96b6c1d400854e5b08a0c0830244a5f4ead8f41d7b2652d
