[INFO] fetching crate midwest_mainline 0.1.1-beta...
[INFO] checking midwest_mainline-0.1.1-beta against nightly-2024-02-05 for check-cfg
[INFO] extracting crate midwest_mainline 0.1.1-beta into /workspace/builds/worker-3-tc1/source
[INFO] validating manifest of crates.io crate midwest_mainline 0.1.1-beta on toolchain nightly-2024-02-05
[INFO] running `Command { std: CARGO_HOME="/workspace/cargo-home" RUSTUP_HOME="/workspace/rustup-home" "/workspace/cargo-home/bin/cargo" "+nightly-2024-02-05" "metadata" "--manifest-path" "Cargo.toml" "--no-deps", kill_on_drop: false }`
[INFO] removed /workspace/builds/worker-3-tc1/source/.cargo/config.toml
[INFO] started tweaking crates.io crate midwest_mainline 0.1.1-beta
[INFO] finished tweaking crates.io crate midwest_mainline 0.1.1-beta
[INFO] tweaked toml for crates.io crate midwest_mainline 0.1.1-beta written to /workspace/builds/worker-3-tc1/source/Cargo.toml
[INFO] running `Command { std: CARGO_HOME="/workspace/cargo-home" RUSTUP_HOME="/workspace/rustup-home" "/workspace/cargo-home/bin/cargo" "+nightly-2024-02-05" "generate-lockfile" "--manifest-path" "Cargo.toml", kill_on_drop: false }`
[INFO] [stderr]     Updating crates.io index
[INFO] running `Command { std: CARGO_HOME="/workspace/cargo-home" RUSTUP_HOME="/workspace/rustup-home" "/workspace/cargo-home/bin/cargo" "+nightly-2024-02-05" "fetch" "--manifest-path" "Cargo.toml", kill_on_drop: false }`
[INFO] [stderr]  Downloading crates ...
[INFO] [stderr]   Downloaded public-ip v0.2.2
[INFO] [stderr]   Downloaded dns-lookup v1.0.8
[INFO] [stderr]   Downloaded crc32c v0.6.4
[INFO] [stderr]   Downloaded hyper-system-resolver v0.5.0
[INFO] [stderr]   Downloaded opentelemetry-semantic-conventions v0.9.0
[INFO] [stderr]   Downloaded thrift v0.15.0
[INFO] [stderr]   Downloaded juicy_bencode v0.1.2
[INFO] [stderr]   Downloaded bendy v0.3.3
[INFO] [stderr]   Downloaded tracing-opentelemetry v0.17.4
[INFO] [stderr]   Downloaded opentelemetry v0.17.0
[INFO] [stderr]   Downloaded color-spantrace v0.2.1
[INFO] [stderr]   Downloaded opentelemetry-jaeger v0.16.0
[INFO] [stderr]   Downloaded igd v0.12.1
[INFO] [stderr]   Downloaded attohttpc v0.16.3
[INFO] [stderr]   Downloaded serde_unit_struct_derive v0.1.3
[INFO] [stderr]   Downloaded external-ip v4.2.0
[INFO] [stderr]   Downloaded serde_unit_struct v0.1.3
[INFO] running `Command { std: "docker" "create" "-v" "/var/lib/crater-agent-workspace/builds/worker-3-tc1/target:/opt/rustwide/target:rw,Z" "-v" "/var/lib/crater-agent-workspace/builds/worker-3-tc1/source:/opt/rustwide/workdir:ro,Z" "-v" "/var/lib/crater-agent-workspace/cargo-home:/opt/rustwide/cargo-home:ro,Z" "-v" "/var/lib/crater-agent-workspace/rustup-home:/opt/rustwide/rustup-home:ro,Z" "-e" "SOURCE_DIR=/opt/rustwide/workdir" "-e" "CARGO_TARGET_DIR=/opt/rustwide/target" "-e" "CARGO_HOME=/opt/rustwide/cargo-home" "-e" "RUSTUP_HOME=/opt/rustwide/rustup-home" "-w" "/opt/rustwide/workdir" "-m" "1610612736" "--user" "0:0" "--network" "none" "ghcr.io/rust-lang/crates-build-env/linux@sha256:2788e3201cd34a07e3172128adcd8b3090168a8e3bcc40d7c032b9dda1df7d1c" "/opt/rustwide/cargo-home/bin/cargo" "+nightly-2024-02-05" "metadata" "--no-deps" "--format-version=1", kill_on_drop: false }`
[INFO] [stdout] 6aff4652986d7746ac606ea1b55f95094b1aad51fb8dc167e956b7ea49449b0c
[INFO] running `Command { std: "docker" "start" "-a" "6aff4652986d7746ac606ea1b55f95094b1aad51fb8dc167e956b7ea49449b0c", kill_on_drop: false }`
[INFO] running `Command { std: "docker" "inspect" "6aff4652986d7746ac606ea1b55f95094b1aad51fb8dc167e956b7ea49449b0c", kill_on_drop: false }`
[INFO] running `Command { std: "docker" "rm" "-f" "6aff4652986d7746ac606ea1b55f95094b1aad51fb8dc167e956b7ea49449b0c", kill_on_drop: false }`
[INFO] [stdout] 6aff4652986d7746ac606ea1b55f95094b1aad51fb8dc167e956b7ea49449b0c
[INFO] running `Command { std: "docker" "create" "-v" "/var/lib/crater-agent-workspace/builds/worker-3-tc1/target:/opt/rustwide/target:rw,Z" "-v" "/var/lib/crater-agent-workspace/builds/worker-3-tc1/source:/opt/rustwide/workdir:ro,Z" "-v" "/var/lib/crater-agent-workspace/cargo-home:/opt/rustwide/cargo-home:ro,Z" "-v" "/var/lib/crater-agent-workspace/rustup-home:/opt/rustwide/rustup-home:ro,Z" "-e" "SOURCE_DIR=/opt/rustwide/workdir" "-e" "CARGO_TARGET_DIR=/opt/rustwide/target" "-e" "CARGO_INCREMENTAL=0" "-e" "RUST_BACKTRACE=full" "-e" "RUSTFLAGS=--cap-lints=forbid" "-e" "RUSTDOCFLAGS=--cap-lints=forbid" "-e" "CARGO_HOME=/opt/rustwide/cargo-home" "-e" "RUSTUP_HOME=/opt/rustwide/rustup-home" "-w" "/opt/rustwide/workdir" "-m" "1610612736" "--user" "0:0" "--network" "none" "ghcr.io/rust-lang/crates-build-env/linux@sha256:2788e3201cd34a07e3172128adcd8b3090168a8e3bcc40d7c032b9dda1df7d1c" "/opt/rustwide/cargo-home/bin/cargo" "+nightly-2024-02-05" "check" "--frozen" "--all" "--all-targets" "--message-format=json", kill_on_drop: false }`
[INFO] [stdout] aa24142d30d6a27f61d005525aeff085a2528b7a68efd990b15735a6ec69cbb0
[INFO] running `Command { std: "docker" "start" "-a" "aa24142d30d6a27f61d005525aeff085a2528b7a68efd990b15735a6ec69cbb0", kill_on_drop: false }`
[INFO] [stderr]    Compiling syn v1.0.109
[INFO] [stderr]     Checking smallvec v1.13.1
[INFO] [stderr]     Checking futures-task v0.3.30
[INFO] [stderr]     Checking futures-channel v0.3.30
[INFO] [stderr]     Checking tracing-core v0.1.32
[INFO] [stderr]    Compiling lock_api v0.4.11
[INFO] [stderr]    Compiling parking_lot_core v0.9.9
[INFO] [stderr]     Checking scopeguard v1.2.0
[INFO] [stderr]     Checking ppv-lite86 v0.2.17
[INFO] [stderr]    Compiling async-trait v0.1.77
[INFO] [stderr]    Compiling syn v2.0.48
[INFO] [stderr]     Checking signal-hook-registry v1.4.1
[INFO] [stderr]     Checking getrandom v0.2.12
[INFO] [stderr]    Compiling num-traits v0.2.17
[INFO] [stderr]    Compiling thiserror v1.0.56
[INFO] [stderr]     Checking unicode-normalization v0.1.22
[INFO] [stderr]     Checking unicode-bidi v0.3.15
[INFO] [stderr]     Checking regex-syntax v0.6.29
[INFO] [stderr]     Checking regex-syntax v0.8.2
[INFO] [stderr]     Checking rand_core v0.6.4
[INFO] [stderr]     Checking miniz_oxide v0.7.2
[INFO] [stderr]    Compiling typenum v1.17.0
[INFO] [stderr]     Checking overload v0.1.1
[INFO] [stderr]    Compiling anyhow v1.0.79
[INFO] [stderr]    Compiling crossbeam-utils v0.8.19
[INFO] [stderr]    Compiling generic-array v0.14.7
[INFO] [stderr]     Checking tracing-log v0.2.0
[INFO] [stderr]     Checking rand_chacha v0.3.1
[INFO] [stderr]     Checking nu-ansi-term v0.46.0
[INFO] [stderr]     Checking sharded-slab v0.1.7
[INFO] [stderr]    Compiling indexmap v1.9.3
[INFO] [stderr]     Checking parking_lot v0.12.1
[INFO] [stderr]     Checking idna v0.5.0
[INFO] [stderr]     Checking rand v0.8.5
[INFO] [stderr]     Checking thread_local v1.1.7
[INFO] [stderr]    Compiling strsim v0.9.3
[INFO] [stderr]     Checking matches v0.1.10
[INFO] [stderr]    Compiling semver v1.0.21
[INFO] [stderr]    Compiling either v1.9.0
[INFO] [stderr]     Checking idna v0.2.3
[INFO] [stderr]    Compiling itertools v0.10.5
[INFO] [stderr]    Compiling axum-core v0.3.4
[INFO] [stderr]    Compiling backtrace v0.3.69
[INFO] [stderr]     Checking tower-layer v0.3.2
[INFO] [stderr]     Checking url v2.5.0
[INFO] [stderr]     Checking gimli v0.28.1
[INFO] [stderr]     Checking hashbrown v0.12.3
[INFO] [stderr]     Checking data-encoding v2.5.0
[INFO] [stderr]     Checking crossbeam-channel v0.5.11
[INFO] [stderr]    Compiling axum v0.6.20
[INFO] [stderr]     Checking object v0.32.2
[INFO] [stderr]    Compiling num-bigint v0.4.4
[INFO] [stderr]     Checking minimal-lexical v0.2.1
[INFO] [stderr]    Compiling unicode-xid v0.2.4
[INFO] [stderr]     Checking num-integer v0.1.45
[INFO] [stderr]    Compiling failure_derive v0.1.8
[INFO] [stderr]     Checking rustc-demangle v0.1.23
[INFO] [stderr]    Compiling rustc_version v0.4.0
[INFO] [stderr]     Checking regex-automata v0.4.5
[INFO] [stderr]    Compiling num-rational v0.4.1
[INFO] [stderr]     Checking nom v7.1.3
[INFO] [stderr]    Compiling num-iter v0.1.43
[INFO] [stderr]     Checking powerfmt v0.2.0
[INFO] [stderr]     Checking match_cfg v0.1.0
[INFO] [stderr]     Checking matchit v0.7.3
[INFO] [stderr]    Compiling eyre v0.6.12
[INFO] [stderr]    Compiling derive_builder v0.9.0
[INFO] [stderr]     Checking byteorder v1.5.0
[INFO] [stderr]     Checking deranged v0.3.11
[INFO] [stderr]     Checking regex-automata v0.1.10
[INFO] [stderr]     Checking hostname v0.3.1
[INFO] [stderr]    Compiling crc32c v0.6.4
[INFO] [stderr]     Checking nibble_vec v0.1.0
[INFO] [stderr]     Checking socket2 v0.4.10
[INFO] [stderr]     Checking quick-error v1.2.3
[INFO] [stderr]     Checking wildmatch v1.1.0
[INFO] [stderr]     Checking owo-colors v3.5.0
[INFO] [stderr]     Checking indenter v0.3.3
[INFO] [stderr]     Checking linked-hash-map v0.5.6
[INFO] [stderr]     Checking endian-type v0.1.2
[INFO] [stderr]     Checking num-conv v0.1.0
[INFO] [stderr]     Checking xml-rs v0.8.19
[INFO] [stderr]     Checking block-buffer v0.10.4
[INFO] [stderr]     Checking crypto-common v0.1.6
[INFO] [stderr]     Checking radix_trie v0.2.1
[INFO] [stderr]     Checking dns-lookup v1.0.8
[INFO] [stderr]     Checking lru-cache v0.1.2
[INFO] [stderr]     Checking digest v0.10.7
[INFO] [stderr]     Checking attohttpc v0.16.3
[INFO] [stderr]     Checking resolv-conf v0.7.0
[INFO] [stderr]     Checking flate2 v1.0.28
[INFO] [stderr]     Checking num-complex v0.4.4
[INFO] [stderr]     Checking matchers v0.1.0
[INFO] [stderr]     Checking ordered-float v1.1.1
[INFO] [stderr]     Checking threadpool v1.8.1
[INFO] [stderr]     Checking keccak v0.1.5
[INFO] [stderr]     Checking integer-encoding v3.0.4
[INFO] [stderr]     Checking tracing-log v0.1.4
[INFO] [stderr]     Checking xmltree v0.10.3
[INFO] [stderr]     Checking sha3 v0.10.8
[INFO] [stderr]     Checking time v0.3.34
[INFO] [stderr]     Checking pretty-hex v0.3.0
[INFO] [stderr]     Checking humantime v2.1.0
[INFO] [stderr]     Checking thrift v0.15.0
[INFO] [stderr]     Checking hex v0.4.3
[INFO] [stderr]     Checking igd v0.12.1
[INFO] [stderr]     Checking regex v1.10.3
[INFO] [stderr]     Checking hdrhistogram v7.5.4
[INFO] [stderr]     Checking addr2line v0.21.0
[INFO] [stderr]     Checking num v0.4.1
[INFO] [stderr]    Compiling darling_core v0.10.2
[INFO] [stderr]    Compiling darling_core v0.13.4
[INFO] [stderr]    Compiling synstructure v0.12.6
[INFO] [stderr]    Compiling futures-macro v0.3.30
[INFO] [stderr]    Compiling tracing-attributes v0.1.27
[INFO] [stderr]    Compiling tokio-macros v2.2.0
[INFO] [stderr]    Compiling pin-project-internal v1.1.4
[INFO] [stderr]    Compiling thiserror-impl v1.0.56
[INFO] [stderr]    Compiling serde_derive v1.0.196
[INFO] [stderr]    Compiling openssl-macros v0.1.1
[INFO] [stderr]    Compiling serde_unit_struct_derive v0.1.3
[INFO] [stderr]    Compiling async-recursion v1.0.5
[INFO] [stderr]     Checking openssl v0.10.63
[INFO] [stderr]     Checking serde_unit_struct v0.1.3
[INFO] [stderr]    Compiling prost-derive v0.11.9
[INFO] [stderr]     Checking tokio v1.36.0
[INFO] [stderr]    Compiling enum-as-inner v0.3.4
[INFO] [stderr]    Compiling enum-as-inner v0.5.1
[INFO] [stderr]    Compiling derive_more v0.99.17
[INFO] [stderr]     Checking futures-util v0.3.30
[INFO] [stderr]    Compiling darling_macro v0.10.2
[INFO] [stderr]     Checking pin-project v1.1.4
[INFO] [stderr]     Checking tracing v0.1.40
[INFO] [stderr]     Checking tracing-subscriber v0.3.18
[INFO] [stderr]    Compiling darling_macro v0.13.4
[INFO] [stderr]     Checking failure v0.1.8
[INFO] [stderr]    Compiling darling v0.10.2
[INFO] [stderr]    Compiling derive_builder_core v0.9.0
[INFO] [stderr]     Checking prost v0.11.9
[INFO] [stderr]    Compiling darling v0.13.4
[INFO] [stderr]    Compiling serde_with_macros v1.5.2
[INFO] [stderr]     Checking tracing-error v0.2.0
[INFO] [stderr]     Checking color-spantrace v0.2.1
[INFO] [stderr]     Checking color-eyre v0.6.2
[INFO] [stderr]     Checking prost-types v0.11.9
[INFO] [stderr]     Checking serde v1.0.196
[INFO] [stderr]     Checking native-tls v0.2.11
[INFO] [stderr]     Checking juicy_bencode v0.1.2
[INFO] [stderr]     Checking futures-executor v0.3.30
[INFO] [stderr]     Checking futures v0.3.30
[INFO] [stderr]     Checking opentelemetry v0.17.0
[INFO] [stderr]     Checking tracing-futures v0.2.5
[INFO] [stderr]     Checking opentelemetry-semantic-conventions v0.9.0
[INFO] [stderr]     Checking tracing-opentelemetry v0.17.4
[INFO] [stderr]     Checking opentelemetry-jaeger v0.16.0
[INFO] [stderr]     Checking tokio-util v0.7.10
[INFO] [stderr]     Checking tokio-io-timeout v1.2.0
[INFO] [stderr]     Checking tokio-stream v0.1.14
[INFO] [stderr]     Checking trust-dns-proto v0.22.0
[INFO] [stderr]     Checking tokio-native-tls v0.3.1
[INFO] [stderr]     Checking trust-dns-proto v0.20.4
[INFO] [stderr]     Checking serde_bytes v0.11.14
[INFO] [stderr]     Checking serde_json v1.0.113
[INFO] [stderr]     Checking serde_with v1.14.0
[INFO] [stderr]     Checking h2 v0.3.24
[INFO] [stderr]     Checking tower v0.4.13
[INFO] [stderr]     Checking bendy v0.3.3
[INFO] [stderr]     Checking trust-dns-resolver v0.22.0
[INFO] [stderr]     Checking midwest_mainline v0.1.1-beta (/opt/rustwide/workdir)
[INFO] [stderr]     Checking trust-dns-client v0.20.4
[INFO] [stdout] error[E0432]: unresolved import `tokio::task::Builder`
[INFO] [stdout]    --> src/dht_service.rs:20:12
[INFO] [stdout]     |
[INFO] [stdout] 20  |     task::{Builder, JoinError, JoinSet},
[INFO] [stdout]     |            ^^^^^^^ no `Builder` in `task`
[INFO] [stdout]     |
[INFO] [stdout]     = help: consider importing one of these items instead:
[INFO] [stdout]             std::thread::Builder
[INFO] [stdout]             tokio::runtime::Builder
[INFO] [stdout] note: found an item that was configured out
[INFO] [stdout]    --> /opt/rustwide/cargo-home/registry/src/index.crates.io-6f17d22bba15001f/tokio-1.36.0/src/task/mod.rs:366:26
[INFO] [stdout]     |
[INFO] [stdout] 366 |         pub use builder::Builder;
[INFO] [stdout]     |                          ^^^^^^^
[INFO] [stdout] 
[INFO] [stdout] 
[INFO] [stdout] error[E0432]: unresolved import `tokio::task::Builder`
[INFO] [stdout]    --> src/dht_service/dht_server.rs:22:5
[INFO] [stdout]     |
[INFO] [stdout] 22  |     task::Builder,
[INFO] [stdout]     |     ^^^^^^^^^^^^^ no `Builder` in `task`
[INFO] [stdout]     |
[INFO] [stdout]     = help: consider importing one of these items instead:
[INFO] [stdout]             crate::dht_service::Builder
[INFO] [stdout]             std::thread::Builder
[INFO] [stdout]             tokio::runtime::Builder
[INFO] [stdout] note: found an item that was configured out
[INFO] [stdout]    --> /opt/rustwide/cargo-home/registry/src/index.crates.io-6f17d22bba15001f/tokio-1.36.0/src/task/mod.rs:366:26
[INFO] [stdout]     |
[INFO] [stdout] 366 |         pub use builder::Builder;
[INFO] [stdout]     |                          ^^^^^^^
[INFO] [stdout] 
[INFO] [stdout] 
[INFO] [stdout] error[E0599]: no method named `build_task` found for struct `JoinSet` in the current scope
[INFO] [stdout]    --> src/dht_service.rs:233:14
[INFO] [stdout]     |
[INFO] [stdout] 232 | /         join_set
[INFO] [stdout] 233 | |             .build_task()
[INFO] [stdout]     | |             -^^^^^^^^^^ method not found in `JoinSet<_>`
[INFO] [stdout]     | |_____________|
[INFO] [stdout]     | 
[INFO] [stdout] 
[INFO] [stdout] 
[INFO] [stdout] error[E0599]: no method named `build_task` found for struct `JoinSet` in the current scope
[INFO] [stdout]    --> src/dht_service.rs:242:14
[INFO] [stdout]     |
[INFO] [stdout] 241 | /         join_set
[INFO] [stdout] 242 | |             .build_task()
[INFO] [stdout]     | |             -^^^^^^^^^^ method not found in `JoinSet<_>`
[INFO] [stdout]     | |_____________|
[INFO] [stdout]     | 
[INFO] [stdout] 
[INFO] [stdout] 
[INFO] [stdout] error[E0599]: no method named `build_task` found for struct `JoinSet` in the current scope
[INFO] [stdout]    --> src/dht_service.rs:264:18
[INFO] [stdout]     |
[INFO] [stdout] 263 | /             bootstrap_join_set
[INFO] [stdout] 264 | |                 .build_task()
[INFO] [stdout]     | |                 -^^^^^^^^^^ method not found in `JoinSet<_>`
[INFO] [stdout]     | |_________________|
[INFO] [stdout]     | 
[INFO] [stdout] 
[INFO] [stdout] 
[INFO] [stdout] error[E0599]: no method named `build_task` found for struct `JoinSet` in the current scope
[INFO] [stdout]    --> src/dht_service.rs:282:14
[INFO] [stdout]     |
[INFO] [stdout] 281 | /         join_set
[INFO] [stdout] 282 | |             .build_task()
[INFO] [stdout]     | |             -^^^^^^^^^^ method not found in `JoinSet<_>`
[INFO] [stdout]     | |_____________|
[INFO] [stdout]     | 
[INFO] [stdout] 
[INFO] [stdout] 
[INFO] [stdout] error: aborting due to 6 previous errors
[INFO] [stdout] 
[INFO] [stdout] 
[INFO] [stdout] Some errors have detailed explanations: E0432, E0599.
[INFO] [stdout] 
[INFO] [stdout] For more information about an error, try `rustc --explain E0432`.
[INFO] [stdout] 
[INFO] [stderr]     Checking hyper v0.14.28
[INFO] [stderr] error: could not compile `midwest_mainline` (lib) due to 7 previous errors
[INFO] [stderr] warning: build failed, waiting for other jobs to finish...
[INFO] running `Command { std: "docker" "inspect" "aa24142d30d6a27f61d005525aeff085a2528b7a68efd990b15735a6ec69cbb0", kill_on_drop: false }`
[INFO] running `Command { std: "docker" "rm" "-f" "aa24142d30d6a27f61d005525aeff085a2528b7a68efd990b15735a6ec69cbb0", kill_on_drop: false }`
[INFO] [stdout] aa24142d30d6a27f61d005525aeff085a2528b7a68efd990b15735a6ec69cbb0
[INFO] checking midwest_mainline-0.1.1-beta against nightly-2024-02-05+rustflags=-Dunexpected_cfgs+cargoflags=-Zcheck-cfg for check-cfg
[INFO] extracting crate midwest_mainline 0.1.1-beta into /workspace/builds/worker-3-tc2/source
[INFO] validating manifest of crates.io crate midwest_mainline 0.1.1-beta on toolchain nightly-2024-02-05
[INFO] running `Command { std: CARGO_HOME="/workspace/cargo-home" RUSTUP_HOME="/workspace/rustup-home" "/workspace/cargo-home/bin/cargo" "+nightly-2024-02-05" "metadata" "--manifest-path" "Cargo.toml" "--no-deps", kill_on_drop: false }`
[INFO] removed /workspace/builds/worker-3-tc2/source/.cargo/config.toml
[INFO] started tweaking crates.io crate midwest_mainline 0.1.1-beta
[INFO] finished tweaking crates.io crate midwest_mainline 0.1.1-beta
[INFO] tweaked toml for crates.io crate midwest_mainline 0.1.1-beta written to /workspace/builds/worker-3-tc2/source/Cargo.toml
[INFO] running `Command { std: CARGO_HOME="/workspace/cargo-home" RUSTUP_HOME="/workspace/rustup-home" "/workspace/cargo-home/bin/cargo" "+nightly-2024-02-05" "generate-lockfile" "--manifest-path" "Cargo.toml", kill_on_drop: false }`
[INFO] [stderr]     Updating crates.io index
[INFO] running `Command { std: CARGO_HOME="/workspace/cargo-home" RUSTUP_HOME="/workspace/rustup-home" "/workspace/cargo-home/bin/cargo" "+nightly-2024-02-05" "fetch" "--manifest-path" "Cargo.toml", kill_on_drop: false }`
[INFO] running `Command { std: "docker" "create" "-v" "/var/lib/crater-agent-workspace/builds/worker-3-tc2/target:/opt/rustwide/target:rw,Z" "-v" "/var/lib/crater-agent-workspace/builds/worker-3-tc2/source:/opt/rustwide/workdir:ro,Z" "-v" "/var/lib/crater-agent-workspace/cargo-home:/opt/rustwide/cargo-home:ro,Z" "-v" "/var/lib/crater-agent-workspace/rustup-home:/opt/rustwide/rustup-home:ro,Z" "-e" "SOURCE_DIR=/opt/rustwide/workdir" "-e" "CARGO_TARGET_DIR=/opt/rustwide/target" "-e" "CARGO_HOME=/opt/rustwide/cargo-home" "-e" "RUSTUP_HOME=/opt/rustwide/rustup-home" "-w" "/opt/rustwide/workdir" "-m" "1610612736" "--user" "0:0" "--network" "none" "ghcr.io/rust-lang/crates-build-env/linux@sha256:2788e3201cd34a07e3172128adcd8b3090168a8e3bcc40d7c032b9dda1df7d1c" "/opt/rustwide/cargo-home/bin/cargo" "+nightly-2024-02-05" "metadata" "--no-deps" "--format-version=1", kill_on_drop: false }`
[INFO] [stdout] 508c665d2ebc026ca11d4888973b94080f589b702e6836230f91586701a30b45
[INFO] running `Command { std: "docker" "start" "-a" "508c665d2ebc026ca11d4888973b94080f589b702e6836230f91586701a30b45", kill_on_drop: false }`
[INFO] running `Command { std: "docker" "inspect" "508c665d2ebc026ca11d4888973b94080f589b702e6836230f91586701a30b45", kill_on_drop: false }`
[INFO] running `Command { std: "docker" "rm" "-f" "508c665d2ebc026ca11d4888973b94080f589b702e6836230f91586701a30b45", kill_on_drop: false }`
[INFO] [stdout] 508c665d2ebc026ca11d4888973b94080f589b702e6836230f91586701a30b45
[INFO] running `Command { std: "docker" "create" "-v" "/var/lib/crater-agent-workspace/builds/worker-3-tc2/target:/opt/rustwide/target:rw,Z" "-v" "/var/lib/crater-agent-workspace/builds/worker-3-tc2/source:/opt/rustwide/workdir:ro,Z" "-v" "/var/lib/crater-agent-workspace/cargo-home:/opt/rustwide/cargo-home:ro,Z" "-v" "/var/lib/crater-agent-workspace/rustup-home:/opt/rustwide/rustup-home:ro,Z" "-e" "SOURCE_DIR=/opt/rustwide/workdir" "-e" "CARGO_TARGET_DIR=/opt/rustwide/target" "-e" "CARGO_INCREMENTAL=0" "-e" "RUST_BACKTRACE=full" "-e" "RUSTFLAGS=--cap-lints=forbid -Dunexpected_cfgs" "-e" "RUSTDOCFLAGS=--cap-lints=forbid" "-e" "CARGO_HOME=/opt/rustwide/cargo-home" "-e" "RUSTUP_HOME=/opt/rustwide/rustup-home" "-w" "/opt/rustwide/workdir" "-m" "1610612736" "--user" "0:0" "--network" "none" "ghcr.io/rust-lang/crates-build-env/linux@sha256:2788e3201cd34a07e3172128adcd8b3090168a8e3bcc40d7c032b9dda1df7d1c" "/opt/rustwide/cargo-home/bin/cargo" "+nightly-2024-02-05" "check" "--frozen" "--all" "--all-targets" "--message-format=json" "-Zcheck-cfg", kill_on_drop: false }`
[INFO] [stdout] 8cd0686ec86e18e7dbd511be89b73e33a617fc527e7fa2302adcc0100a386843
[INFO] running `Command { std: "docker" "start" "-a" "8cd0686ec86e18e7dbd511be89b73e33a617fc527e7fa2302adcc0100a386843", kill_on_drop: false }`
[INFO] [stderr]    Compiling syn v1.0.109
[INFO] [stderr]     Checking smallvec v1.13.1
[INFO] [stderr]     Checking futures-task v0.3.30
[INFO] [stderr]     Checking futures-channel v0.3.30
[INFO] [stderr]    Compiling lock_api v0.4.11
[INFO] [stderr]     Checking tracing-core v0.1.32
[INFO] [stderr]    Compiling parking_lot_core v0.9.9
[INFO] [stderr]     Checking scopeguard v1.2.0
[INFO] [stderr]     Checking ppv-lite86 v0.2.17
[INFO] [stderr]    Compiling async-trait v0.1.77
[INFO] [stderr]    Compiling syn v2.0.48
[INFO] [stderr]     Checking signal-hook-registry v1.4.1
[INFO] [stderr]     Checking getrandom v0.2.12
[INFO] [stderr]    Compiling num-traits v0.2.17
[INFO] [stderr]    Compiling thiserror v1.0.56
[INFO] [stderr]     Checking unicode-normalization v0.1.22
[INFO] [stderr]     Checking unicode-bidi v0.3.15
[INFO] [stderr]     Checking regex-syntax v0.8.2
[INFO] [stderr]     Checking regex-syntax v0.6.29
[INFO] [stderr]     Checking miniz_oxide v0.7.2
[INFO] [stderr]     Checking rand_core v0.6.4
[INFO] [stderr]    Compiling crossbeam-utils v0.8.19
[INFO] [stderr]     Checking overload v0.1.1
[INFO] [stderr]    Compiling typenum v1.17.0
[INFO] [stderr]    Compiling anyhow v1.0.79
[INFO] [stderr]    Compiling generic-array v0.14.7
[INFO] [stderr]     Checking tracing-log v0.2.0
[INFO] [stderr]     Checking rand_chacha v0.3.1
[INFO] [stderr]     Checking nu-ansi-term v0.46.0
[INFO] [stderr]     Checking sharded-slab v0.1.7
[INFO] [stderr]    Compiling indexmap v1.9.3
[INFO] [stderr]     Checking parking_lot v0.12.1
[INFO] [stderr]     Checking thread_local v1.1.7
[INFO] [stderr]     Checking idna v0.5.0
[INFO] [stderr]    Compiling strsim v0.9.3
[INFO] [stderr]    Compiling semver v1.0.21
[INFO] [stderr]     Checking rand v0.8.5
[INFO] [stderr]     Checking matches v0.1.10
[INFO] [stderr]    Compiling either v1.9.0
[INFO] [stderr]     Checking idna v0.2.3
[INFO] [stderr]    Compiling itertools v0.10.5
[INFO] [stderr]    Compiling axum-core v0.3.4
[INFO] [stderr]    Compiling backtrace v0.3.69
[INFO] [stderr]     Checking data-encoding v2.5.0
[INFO] [stderr]     Checking url v2.5.0
[INFO] [stderr]     Checking hashbrown v0.12.3
[INFO] [stderr]     Checking tower-layer v0.3.2
[INFO] [stderr]     Checking gimli v0.28.1
[INFO] [stderr]     Checking crossbeam-channel v0.5.11
[INFO] [stderr]    Compiling axum v0.6.20
[INFO] [stderr]     Checking object v0.32.2
[INFO] [stderr]    Compiling num-bigint v0.4.4
[INFO] [stderr]    Compiling unicode-xid v0.2.4
[INFO] [stderr]     Checking rustc-demangle v0.1.23
[INFO] [stderr]     Checking minimal-lexical v0.2.1
[INFO] [stderr]     Checking regex-automata v0.4.5
[INFO] [stderr]    Compiling failure_derive v0.1.8
[INFO] [stderr]    Compiling rustc_version v0.4.0
[INFO] [stderr]    Compiling num-rational v0.4.1
[INFO] [stderr]     Checking num-integer v0.1.45
[INFO] [stderr]    Compiling num-iter v0.1.43
[INFO] [stderr]     Checking nom v7.1.3
[INFO] [stderr]     Checking powerfmt v0.2.0
[INFO] [stderr]    Compiling derive_builder v0.9.0
[INFO] [stderr]     Checking byteorder v1.5.0
[INFO] [stderr]     Checking match_cfg v0.1.0
[INFO] [stderr]     Checking matchit v0.7.3
[INFO] [stderr]    Compiling eyre v0.6.12
[INFO] [stderr]     Checking hostname v0.3.1
[INFO] [stderr]     Checking deranged v0.3.11
[INFO] [stderr]     Checking regex-automata v0.1.10
[INFO] [stderr]    Compiling crc32c v0.6.4
[INFO] [stderr]     Checking nibble_vec v0.1.0
[INFO] [stderr]     Checking socket2 v0.4.10
[INFO] [stderr]     Checking quick-error v1.2.3
[INFO] [stderr]     Checking endian-type v0.1.2
[INFO] [stderr]     Checking linked-hash-map v0.5.6
[INFO] [stderr]     Checking indenter v0.3.3
[INFO] [stderr]     Checking wildmatch v1.1.0
[INFO] [stderr]     Checking xml-rs v0.8.19
[INFO] [stderr]     Checking owo-colors v3.5.0
[INFO] [stderr]     Checking num-conv v0.1.0
[INFO] [stderr]     Checking attohttpc v0.16.3
[INFO] [stderr]     Checking lru-cache v0.1.2
[INFO] [stderr]     Checking block-buffer v0.10.4
[INFO] [stderr]     Checking crypto-common v0.1.6
[INFO] [stderr]     Checking dns-lookup v1.0.8
[INFO] [stderr]     Checking radix_trie v0.2.1
[INFO] [stderr]     Checking digest v0.10.7
[INFO] [stderr]     Checking resolv-conf v0.7.0
[INFO] [stderr]     Checking flate2 v1.0.28
[INFO] [stderr]     Checking ordered-float v1.1.1
[INFO] [stderr]     Checking matchers v0.1.0
[INFO] [stderr]     Checking num-complex v0.4.4
[INFO] [stderr]     Checking threadpool v1.8.1
[INFO] [stderr]     Checking integer-encoding v3.0.4
[INFO] [stderr]     Checking keccak v0.1.5
[INFO] [stderr]     Checking time v0.3.34
[INFO] [stderr]     Checking tracing-log v0.1.4
[INFO] [stderr]     Checking xmltree v0.10.3
[INFO] [stderr]     Checking thrift v0.15.0
[INFO] [stderr]     Checking pretty-hex v0.3.0
[INFO] [stderr]     Checking sha3 v0.10.8
[INFO] [stderr]     Checking hex v0.4.3
[INFO] [stderr]     Checking igd v0.12.1
[INFO] [stderr]     Checking humantime v2.1.0
[INFO] [stderr]     Checking regex v1.10.3
[INFO] [stderr]     Checking hdrhistogram v7.5.4
[INFO] [stderr]     Checking addr2line v0.21.0
[INFO] [stderr]     Checking num v0.4.1
[INFO] [stderr]    Compiling darling_core v0.10.2
[INFO] [stderr]    Compiling darling_core v0.13.4
[INFO] [stderr]    Compiling synstructure v0.12.6
[INFO] [stderr]    Compiling futures-macro v0.3.30
[INFO] [stderr]    Compiling tracing-attributes v0.1.27
[INFO] [stderr]    Compiling tokio-macros v2.2.0
[INFO] [stderr]    Compiling pin-project-internal v1.1.4
[INFO] [stderr]    Compiling thiserror-impl v1.0.56
[INFO] [stderr]    Compiling serde_derive v1.0.196
[INFO] [stderr]    Compiling openssl-macros v0.1.1
[INFO] [stderr]    Compiling serde_unit_struct_derive v0.1.3
[INFO] [stderr]    Compiling async-recursion v1.0.5
[INFO] [stderr]    Compiling prost-derive v0.11.9
[INFO] [stderr]    Compiling enum-as-inner v0.3.4
[INFO] [stderr]    Compiling enum-as-inner v0.5.1
[INFO] [stderr]    Compiling derive_more v0.99.17
[INFO] [stderr]     Checking openssl v0.10.63
[INFO] [stderr]     Checking serde_unit_struct v0.1.3
[INFO] [stderr]     Checking tokio v1.36.0
[INFO] [stderr]     Checking failure v0.1.8
[INFO] [stderr]     Checking futures-util v0.3.30
[INFO] [stderr]    Compiling darling_macro v0.10.2
[INFO] [stderr]    Compiling darling_macro v0.13.4
[INFO] [stderr]     Checking tracing v0.1.40
[INFO] [stderr]     Checking pin-project v1.1.4
[INFO] [stderr]     Checking tracing-subscriber v0.3.18
[INFO] [stderr]     Checking prost v0.11.9
[INFO] [stderr]    Compiling darling v0.10.2
[INFO] [stderr]    Compiling derive_builder_core v0.9.0
[INFO] [stderr]    Compiling darling v0.13.4
[INFO] [stderr]     Checking prost-types v0.11.9
[INFO] [stderr]    Compiling serde_with_macros v1.5.2
[INFO] [stderr]     Checking tracing-error v0.2.0
[INFO] [stderr]     Checking color-spantrace v0.2.1
[INFO] [stderr]     Checking color-eyre v0.6.2
[INFO] [stderr]     Checking serde v1.0.196
[INFO] [stderr]     Checking juicy_bencode v0.1.2
[INFO] [stderr]     Checking native-tls v0.2.11
[INFO] [stderr]     Checking futures-executor v0.3.30
[INFO] [stderr]     Checking futures v0.3.30
[INFO] [stderr]     Checking opentelemetry v0.17.0
[INFO] [stderr]     Checking tracing-futures v0.2.5
[INFO] [stderr]     Checking tokio-util v0.7.10
[INFO] [stderr]     Checking tokio-io-timeout v1.2.0
[INFO] [stderr]     Checking tokio-stream v0.1.14
[INFO] [stderr]     Checking trust-dns-proto v0.22.0
[INFO] [stderr]     Checking trust-dns-proto v0.20.4
[INFO] [stderr]     Checking tokio-native-tls v0.3.1
[INFO] [stderr]     Checking opentelemetry-semantic-conventions v0.9.0
[INFO] [stderr]     Checking tracing-opentelemetry v0.17.4
[INFO] [stderr]     Checking opentelemetry-jaeger v0.16.0
[INFO] [stderr]     Checking h2 v0.3.24
[INFO] [stderr]     Checking tower v0.4.13
[INFO] [stderr]     Checking serde_bytes v0.11.14
[INFO] [stderr]     Checking serde_with v1.14.0
[INFO] [stderr]     Checking serde_json v1.0.113
[INFO] [stderr]     Checking bendy v0.3.3
[INFO] [stderr]     Checking trust-dns-resolver v0.22.0
[INFO] [stderr]     Checking trust-dns-client v0.20.4
[INFO] [stderr]     Checking midwest_mainline v0.1.1-beta (/opt/rustwide/workdir)
[INFO] [stdout] error[E0432]: unresolved import `tokio::task::Builder`
[INFO] [stdout]    --> src/dht_service.rs:20:12
[INFO] [stdout]     |
[INFO] [stdout] 20  |     task::{Builder, JoinError, JoinSet},
[INFO] [stdout]     |            ^^^^^^^ no `Builder` in `task`
[INFO] [stdout]     |
[INFO] [stdout]     = help: consider importing one of these items instead:
[INFO] [stdout]             std::thread::Builder
[INFO] [stdout]             tokio::runtime::Builder
[INFO] [stdout] note: found an item that was configured out
[INFO] [stdout]    --> /opt/rustwide/cargo-home/registry/src/index.crates.io-6f17d22bba15001f/tokio-1.36.0/src/task/mod.rs:366:26
[INFO] [stdout]     |
[INFO] [stdout] 366 |         pub use builder::Builder;
[INFO] [stdout]     |                          ^^^^^^^
[INFO] [stdout] 
[INFO] [stdout] 
[INFO] [stdout] error[E0432]: unresolved import `tokio::task::Builder`
[INFO] [stdout]    --> src/dht_service/dht_server.rs:22:5
[INFO] [stdout]     |
[INFO] [stdout] 22  |     task::Builder,
[INFO] [stdout]     |     ^^^^^^^^^^^^^ no `Builder` in `task`
[INFO] [stdout]     |
[INFO] [stdout]     = help: consider importing one of these items instead:
[INFO] [stdout]             crate::dht_service::Builder
[INFO] [stdout]             std::thread::Builder
[INFO] [stdout]             tokio::runtime::Builder
[INFO] [stdout] note: found an item that was configured out
[INFO] [stdout]    --> /opt/rustwide/cargo-home/registry/src/index.crates.io-6f17d22bba15001f/tokio-1.36.0/src/task/mod.rs:366:26
[INFO] [stdout]     |
[INFO] [stdout] 366 |         pub use builder::Builder;
[INFO] [stdout]     |                          ^^^^^^^
[INFO] [stdout] 
[INFO] [stdout] 
[INFO] [stdout] error[E0599]: no method named `build_task` found for struct `JoinSet` in the current scope
[INFO] [stdout]    --> src/dht_service.rs:233:14
[INFO] [stdout]     |
[INFO] [stdout] 232 | /         join_set
[INFO] [stdout] 233 | |             .build_task()
[INFO] [stdout]     | |             -^^^^^^^^^^ method not found in `JoinSet<_>`
[INFO] [stdout]     | |_____________|
[INFO] [stdout]     | 
[INFO] [stdout] 
[INFO] [stdout] 
[INFO] [stdout] error[E0599]: no method named `build_task` found for struct `JoinSet` in the current scope
[INFO] [stdout]    --> src/dht_service.rs:242:14
[INFO] [stdout]     |
[INFO] [stdout] 241 | /         join_set
[INFO] [stdout] 242 | |             .build_task()
[INFO] [stdout]     | |             -^^^^^^^^^^ method not found in `JoinSet<_>`
[INFO] [stdout]     | |_____________|
[INFO] [stdout]     | 
[INFO] [stdout] 
[INFO] [stdout] 
[INFO] [stdout] error[E0599]: no method named `build_task` found for struct `JoinSet` in the current scope
[INFO] [stdout]    --> src/dht_service.rs:264:18
[INFO] [stdout]     |
[INFO] [stdout] 263 | /             bootstrap_join_set
[INFO] [stdout] 264 | |                 .build_task()
[INFO] [stdout]     | |                 -^^^^^^^^^^ method not found in `JoinSet<_>`
[INFO] [stdout]     | |_________________|
[INFO] [stdout]     | 
[INFO] [stdout] 
[INFO] [stdout] 
[INFO] [stdout] error[E0599]: no method named `build_task` found for struct `JoinSet` in the current scope
[INFO] [stdout]    --> src/dht_service.rs:282:14
[INFO] [stdout]     |
[INFO] [stdout] 281 | /         join_set
[INFO] [stdout] 282 | |             .build_task()
[INFO] [stdout]     | |             -^^^^^^^^^^ method not found in `JoinSet<_>`
[INFO] [stdout]     | |_____________|
[INFO] [stdout]     | 
[INFO] [stdout] 
[INFO] [stdout] 
[INFO] [stderr]     Checking hyper v0.14.28
[INFO] [stdout] error: aborting due to 6 previous errors
[INFO] [stdout] 
[INFO] [stdout] 
[INFO] [stdout] Some errors have detailed explanations: E0432, E0599.
[INFO] [stdout] 
[INFO] [stdout] For more information about an error, try `rustc --explain E0432`.
[INFO] [stdout] 
[INFO] [stderr] error: could not compile `midwest_mainline` (lib) due to 7 previous errors
[INFO] [stderr] warning: build failed, waiting for other jobs to finish...
[INFO] running `Command { std: "docker" "inspect" "8cd0686ec86e18e7dbd511be89b73e33a617fc527e7fa2302adcc0100a386843", kill_on_drop: false }`
[INFO] running `Command { std: "docker" "rm" "-f" "8cd0686ec86e18e7dbd511be89b73e33a617fc527e7fa2302adcc0100a386843", kill_on_drop: false }`
[INFO] [stdout] 8cd0686ec86e18e7dbd511be89b73e33a617fc527e7fa2302adcc0100a386843
