[INFO] fetching crate metriki-r2d2 0.1.0...
[INFO] checking metriki-r2d2-0.1.0 against nightly-2024-02-05 for check-cfg
[INFO] extracting crate metriki-r2d2 0.1.0 into /workspace/builds/worker-7-tc1/source
[INFO] validating manifest of crates.io crate metriki-r2d2 0.1.0 on toolchain nightly-2024-02-05
[INFO] running `Command { std: CARGO_HOME="/workspace/cargo-home" RUSTUP_HOME="/workspace/rustup-home" "/workspace/cargo-home/bin/cargo" "+nightly-2024-02-05" "metadata" "--manifest-path" "Cargo.toml" "--no-deps", kill_on_drop: false }`
[INFO] started tweaking crates.io crate metriki-r2d2 0.1.0
[INFO] finished tweaking crates.io crate metriki-r2d2 0.1.0
[INFO] tweaked toml for crates.io crate metriki-r2d2 0.1.0 written to /workspace/builds/worker-7-tc1/source/Cargo.toml
[INFO] running `Command { std: CARGO_HOME="/workspace/cargo-home" RUSTUP_HOME="/workspace/rustup-home" "/workspace/cargo-home/bin/cargo" "+nightly-2024-02-05" "generate-lockfile" "--manifest-path" "Cargo.toml", kill_on_drop: false }`
[INFO] [stderr]     Blocking waiting for file lock on package cache
[INFO] [stderr]     Updating crates.io index
[INFO] running `Command { std: CARGO_HOME="/workspace/cargo-home" RUSTUP_HOME="/workspace/rustup-home" "/workspace/cargo-home/bin/cargo" "+nightly-2024-02-05" "fetch" "--manifest-path" "Cargo.toml", kill_on_drop: false }`
[INFO] [stderr]  Downloading crates ...
[INFO] [stderr]   Downloaded hdrhistogram v7.5.4
[INFO] [stderr]   Downloaded metriki-core v1.8.0
[INFO] running `Command { std: "docker" "create" "-v" "/var/lib/crater-agent-workspace/builds/worker-7-tc1/target:/opt/rustwide/target:rw,Z" "-v" "/var/lib/crater-agent-workspace/builds/worker-7-tc1/source:/opt/rustwide/workdir:ro,Z" "-v" "/var/lib/crater-agent-workspace/cargo-home:/opt/rustwide/cargo-home:ro,Z" "-v" "/var/lib/crater-agent-workspace/rustup-home:/opt/rustwide/rustup-home:ro,Z" "-e" "SOURCE_DIR=/opt/rustwide/workdir" "-e" "CARGO_TARGET_DIR=/opt/rustwide/target" "-e" "CARGO_HOME=/opt/rustwide/cargo-home" "-e" "RUSTUP_HOME=/opt/rustwide/rustup-home" "-w" "/opt/rustwide/workdir" "-m" "1610612736" "--user" "0:0" "--network" "none" "ghcr.io/rust-lang/crates-build-env/linux@sha256:2788e3201cd34a07e3172128adcd8b3090168a8e3bcc40d7c032b9dda1df7d1c" "/opt/rustwide/cargo-home/bin/cargo" "+nightly-2024-02-05" "metadata" "--no-deps" "--format-version=1", kill_on_drop: false }`
[INFO] [stdout] eb7170f8ccf41c56415a782b3d92cbabf02474c0a486786c3282a116a5275da9
[INFO] running `Command { std: "docker" "start" "-a" "eb7170f8ccf41c56415a782b3d92cbabf02474c0a486786c3282a116a5275da9", kill_on_drop: false }`
[INFO] running `Command { std: "docker" "inspect" "eb7170f8ccf41c56415a782b3d92cbabf02474c0a486786c3282a116a5275da9", kill_on_drop: false }`
[INFO] running `Command { std: "docker" "rm" "-f" "eb7170f8ccf41c56415a782b3d92cbabf02474c0a486786c3282a116a5275da9", kill_on_drop: false }`
[INFO] [stdout] eb7170f8ccf41c56415a782b3d92cbabf02474c0a486786c3282a116a5275da9
[INFO] running `Command { std: "docker" "create" "-v" "/var/lib/crater-agent-workspace/builds/worker-7-tc1/target:/opt/rustwide/target:rw,Z" "-v" "/var/lib/crater-agent-workspace/builds/worker-7-tc1/source:/opt/rustwide/workdir:ro,Z" "-v" "/var/lib/crater-agent-workspace/cargo-home:/opt/rustwide/cargo-home:ro,Z" "-v" "/var/lib/crater-agent-workspace/rustup-home:/opt/rustwide/rustup-home:ro,Z" "-e" "SOURCE_DIR=/opt/rustwide/workdir" "-e" "CARGO_TARGET_DIR=/opt/rustwide/target" "-e" "CARGO_INCREMENTAL=0" "-e" "RUST_BACKTRACE=full" "-e" "RUSTFLAGS=--cap-lints=forbid" "-e" "RUSTDOCFLAGS=--cap-lints=forbid" "-e" "CARGO_HOME=/opt/rustwide/cargo-home" "-e" "RUSTUP_HOME=/opt/rustwide/rustup-home" "-w" "/opt/rustwide/workdir" "-m" "1610612736" "--user" "0:0" "--network" "none" "ghcr.io/rust-lang/crates-build-env/linux@sha256:2788e3201cd34a07e3172128adcd8b3090168a8e3bcc40d7c032b9dda1df7d1c" "/opt/rustwide/cargo-home/bin/cargo" "+nightly-2024-02-05" "check" "--frozen" "--all" "--all-targets" "--message-format=json", kill_on_drop: false }`
[INFO] [stdout] 2b68c7521615a83fe307114ad83fa024afdc2543179d9cdbb9c889cfe2fa8f1b
[INFO] running `Command { std: "docker" "start" "-a" "2b68c7521615a83fe307114ad83fa024afdc2543179d9cdbb9c889cfe2fa8f1b", kill_on_drop: false }`
[INFO] [stderr]    Compiling syn v1.0.109
[INFO] [stderr]    Compiling strsim v0.9.3
[INFO] [stderr]    Compiling crossbeam-utils v0.8.19
[INFO] [stderr]     Checking memchr v2.7.1
[INFO] [stderr]    Compiling num-traits v0.2.17
[INFO] [stderr]     Checking log v0.4.20
[INFO] [stderr]    Compiling derive_builder v0.9.0
[INFO] [stderr]     Checking regex-syntax v0.8.2
[INFO] [stderr]     Checking termcolor v1.4.1
[INFO] [stderr]     Checking atty v0.2.14
[INFO] [stderr]     Checking scheduled-thread-pool v0.2.7
[INFO] [stderr]     Checking r2d2 v0.8.10
[INFO] [stderr]     Checking aho-corasick v1.1.2
[INFO] [stderr]     Checking hdrhistogram v7.5.4
[INFO] [stderr]     Checking regex-automata v0.4.5
[INFO] [stderr]     Checking metriki-core v1.8.0
[INFO] [stderr]     Checking regex v1.10.3
[INFO] [stderr]    Compiling darling_core v0.12.4
[INFO] [stderr]    Compiling darling_core v0.10.2
[INFO] [stderr]     Checking env_logger v0.9.3
[INFO] [stderr]    Compiling darling_macro v0.10.2
[INFO] [stderr]    Compiling darling_macro v0.12.4
[INFO] [stderr]    Compiling darling v0.12.4
[INFO] [stderr]    Compiling darling v0.10.2
[INFO] [stderr]    Compiling derive_builder_core v0.10.2
[INFO] [stderr]    Compiling derive_builder_core v0.9.0
[INFO] [stderr]    Compiling derive_builder_macro v0.10.2
[INFO] [stderr]     Checking derive_builder v0.10.2
[INFO] [stderr]     Checking metriki-r2d2 v0.1.0 (/opt/rustwide/workdir)
[INFO] [stderr]     Checking metriki-log-reporter v0.1.4
[INFO] [stdout] error[E0308]: mismatched types
[INFO] [stdout]    --> /opt/rustwide/cargo-home/registry/src/index.crates.io-6f17d22bba15001f/metriki-log-reporter-0.1.4/src/lib.rs:27:63
[INFO] [stdout]     |
[INFO] [stdout] 27  |                     Metric::Counter(c) => self.report_counter(key, c.as_ref()),
[INFO] [stdout]     |                                                -------------- ^^^ expected `&str`, found `&Key`
[INFO] [stdout]     |                                                |
[INFO] [stdout]     |                                                arguments to this method are incorrect
[INFO] [stdout]     |
[INFO] [stdout]     = note: expected reference `&str`
[INFO] [stdout]                found reference `&metriki_core::key::Key`
[INFO] [stdout] note: method defined here
[INFO] [stdout]    --> /opt/rustwide/cargo-home/registry/src/index.crates.io-6f17d22bba15001f/metriki-log-reporter-0.1.4/src/lib.rs:112:8
[INFO] [stdout]     |
[INFO] [stdout] 112 |     fn report_counter(&self, name: &str, c: &Counter) {
[INFO] [stdout]     |        ^^^^^^^^^^^^^^        ----------
[INFO] [stdout] 
[INFO] [stdout] 
[INFO] [stdout] error[E0308]: mismatched types
[INFO] [stdout]   --> /opt/rustwide/cargo-home/registry/src/index.crates.io-6f17d22bba15001f/metriki-log-reporter-0.1.4/src/lib.rs:28:59
[INFO] [stdout]    |
[INFO] [stdout] 28 |                     Metric::Gauge(g) => self.report_gauge(key, g.as_ref()),
[INFO] [stdout]    |                                              ------------ ^^^ expected `&str`, found `&Key`
[INFO] [stdout]    |                                              |
[INFO] [stdout]    |                                              arguments to this method are incorrect
[INFO] [stdout]    |
[INFO] [stdout]    = note: expected reference `&str`
[INFO] [stdout]               found reference `&metriki_core::key::Key`
[INFO] [stdout] note: method defined here
[INFO] [stdout]   --> /opt/rustwide/cargo-home/registry/src/index.crates.io-6f17d22bba15001f/metriki-log-reporter-0.1.4/src/lib.rs:60:8
[INFO] [stdout]    |
[INFO] [stdout] 60 |     fn report_gauge(&self, name: &str, gauge: &Gauge) {
[INFO] [stdout]    |        ^^^^^^^^^^^^        ----------
[INFO] [stdout] 
[INFO] [stdout] 
[INFO] [stdout] error[E0308]: mismatched types
[INFO] [stdout]    --> /opt/rustwide/cargo-home/registry/src/index.crates.io-6f17d22bba15001f/metriki-log-reporter-0.1.4/src/lib.rs:29:59
[INFO] [stdout]     |
[INFO] [stdout] 29  |                     Metric::Timer(t) => self.report_timer(key, t.as_ref()),
[INFO] [stdout]     |                                              ------------ ^^^ expected `&str`, found `&Key`
[INFO] [stdout]     |                                              |
[INFO] [stdout]     |                                              arguments to this method are incorrect
[INFO] [stdout]     |
[INFO] [stdout]     = note: expected reference `&str`
[INFO] [stdout]                found reference `&metriki_core::key::Key`
[INFO] [stdout] note: method defined here
[INFO] [stdout]    --> /opt/rustwide/cargo-home/registry/src/index.crates.io-6f17d22bba15001f/metriki-log-reporter-0.1.4/src/lib.rs:116:8
[INFO] [stdout]     |
[INFO] [stdout] 116 |     fn report_timer(&self, name: &str, t: &Timer) {
[INFO] [stdout]     |        ^^^^^^^^^^^^        ----------
[INFO] [stdout] 
[INFO] [stdout] 
[INFO] [stdout] error[E0308]: mismatched types
[INFO] [stdout]   --> /opt/rustwide/cargo-home/registry/src/index.crates.io-6f17d22bba15001f/metriki-log-reporter-0.1.4/src/lib.rs:30:59
[INFO] [stdout]    |
[INFO] [stdout] 30 |                     Metric::Meter(m) => self.report_meter(key, m.as_ref()),
[INFO] [stdout]    |                                              ------------ ^^^ expected `&str`, found `&Key`
[INFO] [stdout]    |                                              |
[INFO] [stdout]    |                                              arguments to this method are incorrect
[INFO] [stdout]    |
[INFO] [stdout]    = note: expected reference `&str`
[INFO] [stdout]               found reference `&metriki_core::key::Key`
[INFO] [stdout] note: method defined here
[INFO] [stdout]   --> /opt/rustwide/cargo-home/registry/src/index.crates.io-6f17d22bba15001f/metriki-log-reporter-0.1.4/src/lib.rs:41:8
[INFO] [stdout]    |
[INFO] [stdout] 41 |     fn report_meter(&self, name: &str, meter: &Meter) {
[INFO] [stdout]    |        ^^^^^^^^^^^^        ----------
[INFO] [stdout] 
[INFO] [stdout] 
[INFO] [stdout] error[E0308]: mismatched types
[INFO] [stdout]   --> /opt/rustwide/cargo-home/registry/src/index.crates.io-6f17d22bba15001f/metriki-log-reporter-0.1.4/src/lib.rs:31:67
[INFO] [stdout]    |
[INFO] [stdout] 31 |                     Metric::Histogram(h) => self.report_histogram(key, &h.snapshot()),
[INFO] [stdout]    |                                                  ---------------- ^^^ expected `&str`, found `&Key`
[INFO] [stdout]    |                                                  |
[INFO] [stdout]    |                                                  arguments to this method are incorrect
[INFO] [stdout]    |
[INFO] [stdout]    = note: expected reference `&str`
[INFO] [stdout]               found reference `&metriki_core::key::Key`
[INFO] [stdout] note: method defined here
[INFO] [stdout]   --> /opt/rustwide/cargo-home/registry/src/index.crates.io-6f17d22bba15001f/metriki-log-reporter-0.1.4/src/lib.rs:65:8
[INFO] [stdout]    |
[INFO] [stdout] 65 |     fn report_histogram(&self, name: &str, snapshot: &HistogramSnapshot) {
[INFO] [stdout]    |        ^^^^^^^^^^^^^^^^        ----------
[INFO] [stdout] 
[INFO] [stdout] 
[INFO] [stdout] error: aborting due to 5 previous errors
[INFO] [stdout] 
[INFO] [stdout] 
[INFO] [stdout] For more information about this error, try `rustc --explain E0308`.
[INFO] [stdout] 
[INFO] [stderr] error: could not compile `metriki-log-reporter` (lib) due to 6 previous errors
[INFO] running `Command { std: "docker" "inspect" "2b68c7521615a83fe307114ad83fa024afdc2543179d9cdbb9c889cfe2fa8f1b", kill_on_drop: false }`
[INFO] running `Command { std: "docker" "rm" "-f" "2b68c7521615a83fe307114ad83fa024afdc2543179d9cdbb9c889cfe2fa8f1b", kill_on_drop: false }`
[INFO] [stdout] 2b68c7521615a83fe307114ad83fa024afdc2543179d9cdbb9c889cfe2fa8f1b
