[INFO] fetching crate metrics_cloudwatch 2.0.1...
[INFO] checking metrics_cloudwatch-2.0.1 against nightly-2024-02-05 for check-cfg
[INFO] extracting crate metrics_cloudwatch 2.0.1 into /workspace/builds/worker-0-tc1/source
[INFO] validating manifest of crates.io crate metrics_cloudwatch 2.0.1 on toolchain nightly-2024-02-05
[INFO] running `Command { std: CARGO_HOME="/workspace/cargo-home" RUSTUP_HOME="/workspace/rustup-home" "/workspace/cargo-home/bin/cargo" "+nightly-2024-02-05" "metadata" "--manifest-path" "Cargo.toml" "--no-deps", kill_on_drop: false }`
[INFO] started tweaking crates.io crate metrics_cloudwatch 2.0.1
[INFO] finished tweaking crates.io crate metrics_cloudwatch 2.0.1
[INFO] tweaked toml for crates.io crate metrics_cloudwatch 2.0.1 written to /workspace/builds/worker-0-tc1/source/Cargo.toml
[INFO] running `Command { std: CARGO_HOME="/workspace/cargo-home" RUSTUP_HOME="/workspace/rustup-home" "/workspace/cargo-home/bin/cargo" "+nightly-2024-02-05" "generate-lockfile" "--manifest-path" "Cargo.toml", kill_on_drop: false }`
[INFO] [stderr]     Updating crates.io index
[INFO] running `Command { std: CARGO_HOME="/workspace/cargo-home" RUSTUP_HOME="/workspace/rustup-home" "/workspace/cargo-home/bin/cargo" "+nightly-2024-02-05" "fetch" "--manifest-path" "Cargo.toml", kill_on_drop: false }`
[INFO] [stderr]  Downloading crates ...
[INFO] [stderr]   Downloaded aws-smithy-types-convert v0.56.1
[INFO] [stderr]   Downloaded aws-sdk-cloudwatch v0.30.0
[INFO] running `Command { std: "docker" "create" "-v" "/var/lib/crater-agent-workspace/builds/worker-0-tc1/target:/opt/rustwide/target:rw,Z" "-v" "/var/lib/crater-agent-workspace/builds/worker-0-tc1/source:/opt/rustwide/workdir:ro,Z" "-v" "/var/lib/crater-agent-workspace/cargo-home:/opt/rustwide/cargo-home:ro,Z" "-v" "/var/lib/crater-agent-workspace/rustup-home:/opt/rustwide/rustup-home:ro,Z" "-e" "SOURCE_DIR=/opt/rustwide/workdir" "-e" "CARGO_TARGET_DIR=/opt/rustwide/target" "-e" "CARGO_HOME=/opt/rustwide/cargo-home" "-e" "RUSTUP_HOME=/opt/rustwide/rustup-home" "-w" "/opt/rustwide/workdir" "-m" "1610612736" "--user" "0:0" "--network" "none" "ghcr.io/rust-lang/crates-build-env/linux@sha256:2788e3201cd34a07e3172128adcd8b3090168a8e3bcc40d7c032b9dda1df7d1c" "/opt/rustwide/cargo-home/bin/cargo" "+nightly-2024-02-05" "metadata" "--no-deps" "--format-version=1", kill_on_drop: false }`
[INFO] [stdout] cc9591fc26f53fc2f3b8152d564f6ff47ec946d55e92580772050369364b845e
[INFO] running `Command { std: "docker" "start" "-a" "cc9591fc26f53fc2f3b8152d564f6ff47ec946d55e92580772050369364b845e", kill_on_drop: false }`
[INFO] running `Command { std: "docker" "inspect" "cc9591fc26f53fc2f3b8152d564f6ff47ec946d55e92580772050369364b845e", kill_on_drop: false }`
[INFO] running `Command { std: "docker" "rm" "-f" "cc9591fc26f53fc2f3b8152d564f6ff47ec946d55e92580772050369364b845e", kill_on_drop: false }`
[INFO] [stdout] cc9591fc26f53fc2f3b8152d564f6ff47ec946d55e92580772050369364b845e
[INFO] running `Command { std: "docker" "create" "-v" "/var/lib/crater-agent-workspace/builds/worker-0-tc1/target:/opt/rustwide/target:rw,Z" "-v" "/var/lib/crater-agent-workspace/builds/worker-0-tc1/source:/opt/rustwide/workdir:ro,Z" "-v" "/var/lib/crater-agent-workspace/cargo-home:/opt/rustwide/cargo-home:ro,Z" "-v" "/var/lib/crater-agent-workspace/rustup-home:/opt/rustwide/rustup-home:ro,Z" "-e" "SOURCE_DIR=/opt/rustwide/workdir" "-e" "CARGO_TARGET_DIR=/opt/rustwide/target" "-e" "CARGO_INCREMENTAL=0" "-e" "RUST_BACKTRACE=full" "-e" "RUSTFLAGS=--cap-lints=forbid" "-e" "RUSTDOCFLAGS=--cap-lints=forbid" "-e" "CARGO_HOME=/opt/rustwide/cargo-home" "-e" "RUSTUP_HOME=/opt/rustwide/rustup-home" "-w" "/opt/rustwide/workdir" "-m" "1610612736" "--user" "0:0" "--network" "none" "ghcr.io/rust-lang/crates-build-env/linux@sha256:2788e3201cd34a07e3172128adcd8b3090168a8e3bcc40d7c032b9dda1df7d1c" "/opt/rustwide/cargo-home/bin/cargo" "+nightly-2024-02-05" "check" "--frozen" "--all" "--all-targets" "--message-format=json", kill_on_drop: false }`
[INFO] [stdout] 409b69c614738ebf932b7ab68e810af1d8881c77b64b216211b6514f83e2a961
[INFO] running `Command { std: "docker" "start" "-a" "409b69c614738ebf932b7ab68e810af1d8881c77b64b216211b6514f83e2a961", kill_on_drop: false }`
[INFO] [stderr]     Checking futures-task v0.3.30
[INFO] [stderr]    Compiling num-traits v0.2.17
[INFO] [stderr]    Compiling num-integer v0.1.45
[INFO] [stderr]     Checking vsimd v0.8.0
[INFO] [stderr]     Checking outref v0.5.1
[INFO] [stderr]    Compiling cc v1.0.83
[INFO] [stderr]     Checking futures-channel v0.3.30
[INFO] [stderr]     Checking time v0.3.34
[INFO] [stderr]     Checking bytes-utils v0.1.4
[INFO] [stderr]    Compiling rustls v0.21.10
[INFO] [stderr]     Checking tokio v1.36.0
[INFO] [stderr]     Checking tracing v0.1.40
[INFO] [stderr]     Checking fastrand v2.0.1
[INFO] [stderr]    Compiling pin-project-internal v1.1.4
[INFO] [stderr]     Checking memchr v2.7.1
[INFO] [stderr]    Compiling semver v1.0.21
[INFO] [stderr]     Checking tower-layer v0.3.2
[INFO] [stderr]     Checking futures-util v0.3.30
[INFO] [stderr]     Checking regex-syntax v0.8.2
[INFO] [stderr]     Checking subtle v2.5.0
[INFO] [stderr]     Checking zeroize v1.7.0
[INFO] [stderr]     Checking hex v0.4.3
[INFO] [stderr]     Checking uuid v1.7.0
[INFO] [stderr]     Checking digest v0.10.7
[INFO] [stderr]     Checking urlencoding v2.1.3
[INFO] [stderr]    Compiling rustix v0.38.31
[INFO] [stderr]    Compiling syn v1.0.109
[INFO] [stderr]     Checking base64-simd v0.8.0
[INFO] [stderr]     Checking xmlparser v0.13.6
[INFO] [stderr]     Checking sha2 v0.10.8
[INFO] [stderr]     Checking aho-corasick v1.1.2
[INFO] [stderr]    Compiling rustc_version v0.4.0
[INFO] [stderr]     Checking hmac v0.12.1
[INFO] [stderr]     Checking aws-smithy-xml v0.56.1
[INFO] [stderr]    Compiling t1ha v0.1.0
[INFO] [stderr]     Checking linux-raw-sys v0.4.13
[INFO] [stderr]    Compiling ahash v0.8.7
[INFO] [stderr]    Compiling aws-types v0.56.1
[INFO] [stderr]    Compiling metrics v0.16.0
[INFO] [stderr]     Checking iana-time-zone v0.1.60
[INFO] [stderr]     Checking plotters-backend v0.3.5
[INFO] [stderr]     Checking textwrap v0.11.0
[INFO] [stderr]     Checking rand v0.8.5
[INFO] [stderr]     Checking csv-core v0.1.11
[INFO] [stderr]     Checking wait-timeout v0.2.0
[INFO] [stderr]     Checking futures-io v0.3.30
[INFO] [stderr]     Checking bit-vec v0.6.3
[INFO] [stderr]     Checking chrono v0.4.33
[INFO] [stderr]     Checking plotters-svg v0.3.5
[INFO] [stderr]     Checking quick-error v1.2.3
[INFO] [stderr]    Compiling ring v0.17.7
[INFO] [stderr]    Compiling ring v0.16.20
[INFO] [stderr]     Checking criterion-plot v0.4.5
[INFO] [stderr]     Checking bit-set v0.5.3
[INFO] [stderr]     Checking plotters v0.3.5
[INFO] [stderr]     Checking aws-smithy-types v0.56.1
[INFO] [stderr]     Checking clap v2.34.0
[INFO] [stderr]     Checking regex-automata v0.4.5
[INFO] [stderr]     Checking csv v1.3.0
[INFO] [stderr]     Checking futures v0.3.30
[INFO] [stderr]     Checking pin-project v1.1.4
[INFO] [stderr]     Checking ordered-float v2.10.1
[INFO] [stderr]     Checking serde_cbor v0.11.2
[INFO] [stderr]     Checking aws-smithy-json v0.56.1
[INFO] [stderr]     Checking aws-smithy-query v0.56.1
[INFO] [stderr]     Checking walkdir v2.4.0
[INFO] [stderr]     Checking tinytemplate v1.2.1
[INFO] [stderr]     Checking rand_xorshift v0.3.0
[INFO] [stderr]     Checking atty v0.2.14
[INFO] [stderr]     Checking aws-smithy-types-convert v0.56.1
[INFO] [stderr]     Checking unarray v0.1.4
[INFO] [stderr]     Checking tempfile v3.10.0
[INFO] [stderr]     Checking rusty-fork v0.3.0
[INFO] [stderr]     Checking proptest v1.4.0
[INFO] [stderr]     Checking tokio-util v0.7.10
[INFO] [stderr]     Checking tokio-stream v0.1.14
[INFO] [stderr]     Checking tower v0.4.13
[INFO] [stderr]     Checking regex v1.10.3
[INFO] [stderr]     Checking aws-smithy-async v0.56.1
[INFO] [stderr]     Checking aws-credential-types v0.56.1
[INFO] [stderr]     Checking h2 v0.3.24
[INFO] [stderr]     Checking criterion v0.3.6
[INFO] [stderr]     Checking sct v0.7.1
[INFO] [stderr]     Checking rustls-webpki v0.101.7
[INFO] [stderr]    Compiling metrics-macros v0.4.1
[INFO] [stderr]     Checking tokio-rustls v0.24.1
[INFO] [stderr]     Checking hyper v0.14.28
[INFO] [stderr]     Checking aws-smithy-http v0.56.1
[INFO] [stderr]     Checking hyper-rustls v0.24.2
[INFO] [stderr]     Checking aws-smithy-http-tower v0.56.1
[INFO] [stderr]     Checking aws-smithy-runtime-api v0.56.1
[INFO] [stderr]     Checking aws-sigv4 v0.56.1
[INFO] [stderr]     Checking aws-smithy-client v0.56.1
[INFO] [stderr]     Checking aws-smithy-runtime v0.56.1
[INFO] [stderr]     Checking aws-http v0.56.1
[INFO] [stderr]     Checking aws-runtime v0.56.1
[INFO] [stderr]     Checking aws-sdk-sts v0.30.0
[INFO] [stderr]     Checking aws-sdk-sso v0.30.0
[INFO] [stderr]     Checking aws-sdk-cloudwatch v0.30.0
[INFO] [stderr]     Checking aws-config v0.56.1
[INFO] [stderr]     Checking metrics_cloudwatch v2.0.1 (/opt/rustwide/workdir)
[INFO] [stdout] error[E0433]: failed to resolve: could not find `join` in `futures_util`
[INFO] [stdout]    --> src/collector.rs:242:27
[INFO] [stdout]     |
[INFO] [stdout] 242 |             futures_util::join!(collection_fut, emitter);
[INFO] [stdout]     |                           ^^^^ could not find `join` in `futures_util`
[INFO] [stdout] 
[INFO] [stdout] 
[INFO] [stdout] error[E0433]: failed to resolve: could not find `join` in `futures_util`
[INFO] [stdout]    --> src/collector.rs:242:27
[INFO] [stdout]     |
[INFO] [stdout] 242 |             futures_util::join!(collection_fut, emitter);
[INFO] [stdout]     |                           ^^^^ could not find `join` in `futures_util`
[INFO] [stdout] 
[INFO] [stdout] 
[INFO] [stdout] error[E0412]: cannot find type `Shared` in module `future`
[INFO] [stdout]   --> src/collector.rs:74:34
[INFO] [stdout]    |
[INFO] [stdout] 74 |     pub shutdown_signal: future::Shared<BoxFuture<'static, ()>>,
[INFO] [stdout]    |                                  ^^^^^^ not found in `future`
[INFO] [stdout]    |
[INFO] [stdout] note: found an item that was configured out
[INFO] [stdout]   --> /opt/rustwide/cargo-home/registry/src/index.crates.io-6f17d22bba15001f/futures-util-0.3.30/src/future/mod.rs:39:24
[INFO] [stdout]    |
[INFO] [stdout] 39 | pub use self::future::{Shared, WeakShared};
[INFO] [stdout]    |                        ^^^^^^
[INFO] [stdout]    = note: the item is gated behind the `std` feature
[INFO] [stdout] 
[INFO] [stdout] 
[INFO] [stdout] warning: unused import: `FutureExt`
[INFO] [stdout]  --> src/builder.rs:4:28
[INFO] [stdout]   |
[INFO] [stdout] 4 | use futures_util::{future, FutureExt, Stream};
[INFO] [stdout]   |                            ^^^^^^^^^
[INFO] [stdout]   |
[INFO] [stdout]   = note: `#[warn(unused_imports)]` on by default
[INFO] [stdout] 
[INFO] [stdout] 
[INFO] [stdout] error[E0412]: cannot find type `Shared` in module `future`
[INFO] [stdout]   --> src/collector.rs:74:34
[INFO] [stdout]    |
[INFO] [stdout] 74 |     pub shutdown_signal: future::Shared<BoxFuture<'static, ()>>,
[INFO] [stdout]    |                                  ^^^^^^ not found in `future`
[INFO] [stdout]    |
[INFO] [stdout] note: found an item that was configured out
[INFO] [stdout]   --> /opt/rustwide/cargo-home/registry/src/index.crates.io-6f17d22bba15001f/futures-util-0.3.30/src/future/mod.rs:39:24
[INFO] [stdout]    |
[INFO] [stdout] 39 | pub use self::future::{Shared, WeakShared};
[INFO] [stdout]    |                        ^^^^^^
[INFO] [stdout]    = note: the item is gated behind the `std` feature
[INFO] [stdout] 
[INFO] [stdout] 
[INFO] [stdout] warning: unused import: `FutureExt`
[INFO] [stdout]  --> src/builder.rs:4:28
[INFO] [stdout]   |
[INFO] [stdout] 4 | use futures_util::{future, FutureExt, Stream};
[INFO] [stdout]   |                            ^^^^^^^^^
[INFO] [stdout]   |
[INFO] [stdout]   = note: `#[warn(unused_imports)]` on by default
[INFO] [stdout] 
[INFO] [stdout] 
[INFO] [stdout] error[E0599]: no method named `shared` found for struct `Pin<Box<dyn futures_util::Future<Output = ()> + std::marker::Send>>` in the current scope
[INFO] [stdout]    --> src/builder.rs:161:18
[INFO] [stdout]     |
[INFO] [stdout] 158 |               shutdown_signal: self
[INFO] [stdout]     |  ______________________________-
[INFO] [stdout] 159 | |                 .shutdown_signal
[INFO] [stdout] 160 | |                 .unwrap_or_else(|| Box::pin(future::pending()))
[INFO] [stdout] 161 | |                 .shared(),
[INFO] [stdout]     | |                 -^^^^^^ method not found in `Pin<Box<dyn Future<Output = ()> + Send>>`
[INFO] [stdout]     | |_________________|
[INFO] [stdout]     | 
[INFO] [stdout] 
[INFO] [stdout] 
[INFO] [stdout] error: aborting due to 3 previous errors; 1 warning emitted
[INFO] [stdout] 
[INFO] [stdout] 
[INFO] [stdout] Some errors have detailed explanations: E0412, E0433, E0599.
[INFO] [stdout] 
[INFO] [stdout] For more information about an error, try `rustc --explain E0412`.
[INFO] [stdout] 
[INFO] [stdout] error[E0599]: no method named `shared` found for struct `Pin<Box<dyn futures_util::Future<Output = ()> + std::marker::Send>>` in the current scope
[INFO] [stdout]    --> src/builder.rs:161:18
[INFO] [stdout]     |
[INFO] [stdout] 158 |               shutdown_signal: self
[INFO] [stdout]     |  ______________________________-
[INFO] [stdout] 159 | |                 .shutdown_signal
[INFO] [stdout] 160 | |                 .unwrap_or_else(|| Box::pin(future::pending()))
[INFO] [stdout] 161 | |                 .shared(),
[INFO] [stdout]     | |                 -^^^^^^ method not found in `Pin<Box<dyn Future<Output = ()> + Send>>`
[INFO] [stdout]     | |_________________|
[INFO] [stdout]     | 
[INFO] [stdout] 
[INFO] [stdout] 
[INFO] [stderr] error: could not compile `metrics_cloudwatch` (lib) due to 4 previous errors; 1 warning emitted
[INFO] [stderr] warning: build failed, waiting for other jobs to finish...
[INFO] [stdout] error: aborting due to 3 previous errors; 1 warning emitted
[INFO] [stdout] 
[INFO] [stdout] 
[INFO] [stdout] Some errors have detailed explanations: E0412, E0433, E0599.
[INFO] [stdout] 
[INFO] [stdout] For more information about an error, try `rustc --explain E0412`.
[INFO] [stdout] 
[INFO] [stderr] error: could not compile `metrics_cloudwatch` (lib test) due to 4 previous errors; 1 warning emitted
[INFO] running `Command { std: "docker" "inspect" "409b69c614738ebf932b7ab68e810af1d8881c77b64b216211b6514f83e2a961", kill_on_drop: false }`
[INFO] running `Command { std: "docker" "rm" "-f" "409b69c614738ebf932b7ab68e810af1d8881c77b64b216211b6514f83e2a961", kill_on_drop: false }`
[INFO] [stdout] 409b69c614738ebf932b7ab68e810af1d8881c77b64b216211b6514f83e2a961
[INFO] checking metrics_cloudwatch-2.0.1 against nightly-2024-02-05+rustflags=-Dunexpected_cfgs+cargoflags=-Zcheck-cfg for check-cfg
[INFO] extracting crate metrics_cloudwatch 2.0.1 into /workspace/builds/worker-0-tc2/source
[INFO] validating manifest of crates.io crate metrics_cloudwatch 2.0.1 on toolchain nightly-2024-02-05
[INFO] running `Command { std: CARGO_HOME="/workspace/cargo-home" RUSTUP_HOME="/workspace/rustup-home" "/workspace/cargo-home/bin/cargo" "+nightly-2024-02-05" "metadata" "--manifest-path" "Cargo.toml" "--no-deps", kill_on_drop: false }`
[INFO] started tweaking crates.io crate metrics_cloudwatch 2.0.1
[INFO] finished tweaking crates.io crate metrics_cloudwatch 2.0.1
[INFO] tweaked toml for crates.io crate metrics_cloudwatch 2.0.1 written to /workspace/builds/worker-0-tc2/source/Cargo.toml
[INFO] running `Command { std: CARGO_HOME="/workspace/cargo-home" RUSTUP_HOME="/workspace/rustup-home" "/workspace/cargo-home/bin/cargo" "+nightly-2024-02-05" "generate-lockfile" "--manifest-path" "Cargo.toml", kill_on_drop: false }`
[INFO] [stderr]     Updating crates.io index
[INFO] running `Command { std: CARGO_HOME="/workspace/cargo-home" RUSTUP_HOME="/workspace/rustup-home" "/workspace/cargo-home/bin/cargo" "+nightly-2024-02-05" "fetch" "--manifest-path" "Cargo.toml", kill_on_drop: false }`
[INFO] [stderr]     Blocking waiting for file lock on package cache
[INFO] running `Command { std: "docker" "create" "-v" "/var/lib/crater-agent-workspace/builds/worker-0-tc2/target:/opt/rustwide/target:rw,Z" "-v" "/var/lib/crater-agent-workspace/builds/worker-0-tc2/source:/opt/rustwide/workdir:ro,Z" "-v" "/var/lib/crater-agent-workspace/cargo-home:/opt/rustwide/cargo-home:ro,Z" "-v" "/var/lib/crater-agent-workspace/rustup-home:/opt/rustwide/rustup-home:ro,Z" "-e" "SOURCE_DIR=/opt/rustwide/workdir" "-e" "CARGO_TARGET_DIR=/opt/rustwide/target" "-e" "CARGO_HOME=/opt/rustwide/cargo-home" "-e" "RUSTUP_HOME=/opt/rustwide/rustup-home" "-w" "/opt/rustwide/workdir" "-m" "1610612736" "--user" "0:0" "--network" "none" "ghcr.io/rust-lang/crates-build-env/linux@sha256:2788e3201cd34a07e3172128adcd8b3090168a8e3bcc40d7c032b9dda1df7d1c" "/opt/rustwide/cargo-home/bin/cargo" "+nightly-2024-02-05" "metadata" "--no-deps" "--format-version=1", kill_on_drop: false }`
[INFO] [stdout] e27a8019d83a1d22dc9c71fca22edfda483ef54829347e67442776b5a9ecd7e0
[INFO] running `Command { std: "docker" "start" "-a" "e27a8019d83a1d22dc9c71fca22edfda483ef54829347e67442776b5a9ecd7e0", kill_on_drop: false }`
[INFO] running `Command { std: "docker" "inspect" "e27a8019d83a1d22dc9c71fca22edfda483ef54829347e67442776b5a9ecd7e0", kill_on_drop: false }`
[INFO] running `Command { std: "docker" "rm" "-f" "e27a8019d83a1d22dc9c71fca22edfda483ef54829347e67442776b5a9ecd7e0", kill_on_drop: false }`
[INFO] [stdout] e27a8019d83a1d22dc9c71fca22edfda483ef54829347e67442776b5a9ecd7e0
[INFO] running `Command { std: "docker" "create" "-v" "/var/lib/crater-agent-workspace/builds/worker-0-tc2/target:/opt/rustwide/target:rw,Z" "-v" "/var/lib/crater-agent-workspace/builds/worker-0-tc2/source:/opt/rustwide/workdir:ro,Z" "-v" "/var/lib/crater-agent-workspace/cargo-home:/opt/rustwide/cargo-home:ro,Z" "-v" "/var/lib/crater-agent-workspace/rustup-home:/opt/rustwide/rustup-home:ro,Z" "-e" "SOURCE_DIR=/opt/rustwide/workdir" "-e" "CARGO_TARGET_DIR=/opt/rustwide/target" "-e" "CARGO_INCREMENTAL=0" "-e" "RUST_BACKTRACE=full" "-e" "RUSTFLAGS=--cap-lints=forbid -Dunexpected_cfgs" "-e" "RUSTDOCFLAGS=--cap-lints=forbid" "-e" "CARGO_HOME=/opt/rustwide/cargo-home" "-e" "RUSTUP_HOME=/opt/rustwide/rustup-home" "-w" "/opt/rustwide/workdir" "-m" "1610612736" "--user" "0:0" "--network" "none" "ghcr.io/rust-lang/crates-build-env/linux@sha256:2788e3201cd34a07e3172128adcd8b3090168a8e3bcc40d7c032b9dda1df7d1c" "/opt/rustwide/cargo-home/bin/cargo" "+nightly-2024-02-05" "check" "--frozen" "--all" "--all-targets" "--message-format=json" "-Zcheck-cfg", kill_on_drop: false }`
[INFO] [stdout] c72495b8088bcecee9b4d6cfe8cd47f6dddfa0be7b82efd0933da16e90f18886
[INFO] running `Command { std: "docker" "start" "-a" "c72495b8088bcecee9b4d6cfe8cd47f6dddfa0be7b82efd0933da16e90f18886", kill_on_drop: false }`
[INFO] [stderr]     Checking futures-core v0.3.30
[INFO] [stderr]     Checking futures-sink v0.3.30
[INFO] [stderr]     Checking pin-utils v0.1.0
[INFO] [stderr]     Checking futures-task v0.3.30
[INFO] [stderr]    Compiling num-traits v0.2.17
[INFO] [stderr]    Compiling num-integer v0.1.45
[INFO] [stderr]     Checking fnv v1.0.7
[INFO] [stderr]     Checking vsimd v0.8.0
[INFO] [stderr]     Checking outref v0.5.1
[INFO] [stderr]    Compiling cc v1.0.83
[INFO] [stderr]    Compiling slab v0.4.9
[INFO] [stderr]     Checking equivalent v1.0.1
[INFO] [stderr]     Checking hashbrown v0.14.3
[INFO] [stderr]    Compiling syn v2.0.48
[INFO] [stderr]     Checking time v0.3.34
[INFO] [stderr]     Checking try-lock v0.2.5
[INFO] [stderr]     Checking tower-service v0.3.2
[INFO] [stderr]     Checking http v0.2.11
[INFO] [stderr]     Checking httpdate v1.0.3
[INFO] [stderr]     Checking bytes-utils v0.1.4
[INFO] [stderr]     Checking fastrand v2.0.1
[INFO] [stderr]     Checking futures-channel v0.3.30
[INFO] [stderr]    Compiling rustls v0.21.10
[INFO] [stderr]     Checking futures-util v0.3.30
[INFO] [stderr]     Checking want v0.3.1
[INFO] [stderr]     Checking memchr v2.7.1
[INFO] [stderr]    Compiling semver v1.0.21
[INFO] [stderr]     Checking rustls-pemfile v1.0.4
[INFO] [stderr]     Checking tower-layer v0.3.2
[INFO] [stderr]     Checking regex-syntax v0.8.2
[INFO] [stderr]     Checking subtle v2.5.0
[INFO] [stderr]     Checking zeroize v1.7.0
[INFO] [stderr]     Checking rustls-native-certs v0.6.3
[INFO] [stderr]     Checking hex v0.4.3
[INFO] [stderr]     Checking uuid v1.7.0
[INFO] [stderr]     Checking digest v0.10.7
[INFO] [stderr]    Compiling rustix v0.38.31
[INFO] [stderr]     Checking base64-simd v0.8.0
[INFO] [stderr]     Checking sha2 v0.10.8
[INFO] [stderr]     Checking hmac v0.12.1
[INFO] [stderr]     Checking indexmap v2.2.2
[INFO] [stderr]     Checking urlencoding v2.1.3
[INFO] [stderr]     Checking aho-corasick v1.1.2
[INFO] [stderr]    Compiling rustc_version v0.4.0
[INFO] [stderr]     Checking xmlparser v0.13.6
[INFO] [stderr]     Checking http-body v0.4.6
[INFO] [stderr]    Compiling syn v1.0.109
[INFO] [stderr]     Checking aws-smithy-xml v0.56.1
[INFO] [stderr]    Compiling t1ha v0.1.0
[INFO] [stderr]     Checking linux-raw-sys v0.4.13
[INFO] [stderr]    Compiling ahash v0.8.7
[INFO] [stderr]    Compiling aws-types v0.56.1
[INFO] [stderr]     Checking iana-time-zone v0.1.60
[INFO] [stderr]     Checking plotters-backend v0.3.5
[INFO] [stderr]    Compiling metrics v0.16.0
[INFO] [stderr]     Checking textwrap v0.11.0
[INFO] [stderr]     Checking rand v0.8.5
[INFO] [stderr]     Checking csv-core v0.1.11
[INFO] [stderr]    Compiling ring v0.17.7
[INFO] [stderr]    Compiling ring v0.16.20
[INFO] [stderr]     Checking plotters-svg v0.3.5
[INFO] [stderr]     Checking wait-timeout v0.2.0
[INFO] [stderr]     Checking chrono v0.4.33
[INFO] [stderr]     Checking bit-vec v0.6.3
[INFO] [stderr]     Checking quick-error v1.2.3
[INFO] [stderr]     Checking futures-io v0.3.30
[INFO] [stderr]     Checking clap v2.34.0
[INFO] [stderr]     Checking walkdir v2.4.0
[INFO] [stderr]     Checking bit-set v0.5.3
[INFO] [stderr]     Checking aws-smithy-types v0.56.1
[INFO] [stderr]     Checking criterion-plot v0.4.5
[INFO] [stderr]     Checking plotters v0.3.5
[INFO] [stderr]     Checking ordered-float v2.10.1
[INFO] [stderr]     Checking rand_xorshift v0.3.0
[INFO] [stderr]     Checking regex-automata v0.4.5
[INFO] [stderr]     Checking atty v0.2.14
[INFO] [stderr]     Checking unarray v0.1.4
[INFO] [stderr]     Checking aws-smithy-json v0.56.1
[INFO] [stderr]     Checking aws-smithy-query v0.56.1
[INFO] [stderr]     Checking aws-smithy-types-convert v0.56.1
[INFO] [stderr]     Checking futures v0.3.30
[INFO] [stderr]     Checking tempfile v3.10.0
[INFO] [stderr]     Checking rusty-fork v0.3.0
[INFO] [stderr]     Checking proptest v1.4.0
[INFO] [stderr]     Checking regex v1.10.3
[INFO] [stderr]    Compiling tokio-macros v2.2.0
[INFO] [stderr]    Compiling tracing-attributes v0.1.27
[INFO] [stderr]    Compiling pin-project-internal v1.1.4
[INFO] [stderr]    Compiling serde_derive v1.0.196
[INFO] [stderr]    Compiling async-trait v0.1.77
[INFO] [stderr]     Checking rustls-webpki v0.101.7
[INFO] [stderr]     Checking sct v0.7.1
[INFO] [stderr]     Checking tokio v1.36.0
[INFO] [stderr]     Checking pin-project v1.1.4
[INFO] [stderr]     Checking tracing v0.1.40
[INFO] [stderr]    Compiling metrics-macros v0.4.1
[INFO] [stderr]     Checking serde v1.0.196
[INFO] [stderr]     Checking tokio-util v0.7.10
[INFO] [stderr]     Checking tokio-stream v0.1.14
[INFO] [stderr]     Checking tokio-rustls v0.24.1
[INFO] [stderr]     Checking tower v0.4.13
[INFO] [stderr]     Checking aws-smithy-async v0.56.1
[INFO] [stderr]     Checking h2 v0.3.24
[INFO] [stderr]     Checking aws-credential-types v0.56.1
[INFO] [stderr]     Checking serde_json v1.0.113
[INFO] [stderr]     Checking csv v1.3.0
[INFO] [stderr]     Checking serde_cbor v0.11.2
[INFO] [stderr]     Checking tinytemplate v1.2.1
[INFO] [stderr]     Checking criterion v0.3.6
[INFO] [stderr]     Checking hyper v0.14.28
[INFO] [stderr]     Checking aws-smithy-http v0.56.1
[INFO] [stderr]     Checking hyper-rustls v0.24.2
[INFO] [stderr]     Checking aws-smithy-http-tower v0.56.1
[INFO] [stderr]     Checking aws-smithy-runtime-api v0.56.1
[INFO] [stderr]     Checking aws-sigv4 v0.56.1
[INFO] [stderr]     Checking aws-smithy-client v0.56.1
[INFO] [stderr]     Checking aws-smithy-runtime v0.56.1
[INFO] [stderr]     Checking aws-http v0.56.1
[INFO] [stderr]     Checking aws-runtime v0.56.1
[INFO] [stderr]     Checking aws-sdk-sso v0.30.0
[INFO] [stderr]     Checking aws-sdk-sts v0.30.0
[INFO] [stderr]     Checking aws-sdk-cloudwatch v0.30.0
[INFO] [stderr]     Checking aws-config v0.56.1
[INFO] [stderr]     Checking metrics_cloudwatch v2.0.1 (/opt/rustwide/workdir)
[INFO] [stdout] error[E0433]: failed to resolve: could not find `join` in `futures_util`
[INFO] [stdout]    --> src/collector.rs:242:27
[INFO] [stdout]     |
[INFO] [stdout] 242 |             futures_util::join!(collection_fut, emitter);
[INFO] [stdout]     |                           ^^^^ could not find `join` in `futures_util`
[INFO] [stdout] 
[INFO] [stdout] 
[INFO] [stdout] error[E0433]: failed to resolve: could not find `join` in `futures_util`
[INFO] [stdout]    --> src/collector.rs:242:27
[INFO] [stdout]     |
[INFO] [stdout] 242 |             futures_util::join!(collection_fut, emitter);
[INFO] [stdout]     |                           ^^^^ could not find `join` in `futures_util`
[INFO] [stdout] 
[INFO] [stdout] 
[INFO] [stdout] error[E0412]: cannot find type `Shared` in module `future`
[INFO] [stdout]   --> src/collector.rs:74:34
[INFO] [stdout]    |
[INFO] [stdout] 74 |     pub shutdown_signal: future::Shared<BoxFuture<'static, ()>>,
[INFO] [stdout]    |                                  ^^^^^^ not found in `future`
[INFO] [stdout]    |
[INFO] [stdout] note: found an item that was configured out
[INFO] [stdout]   --> /opt/rustwide/cargo-home/registry/src/index.crates.io-6f17d22bba15001f/futures-util-0.3.30/src/future/mod.rs:39:24
[INFO] [stdout]    |
[INFO] [stdout] 39 | pub use self::future::{Shared, WeakShared};
[INFO] [stdout]    |                        ^^^^^^
[INFO] [stdout]    = note: the item is gated behind the `std` feature
[INFO] [stdout] 
[INFO] [stdout] 
[INFO] [stdout] warning: unused import: `FutureExt`
[INFO] [stdout]  --> src/builder.rs:4:28
[INFO] [stdout]   |
[INFO] [stdout] 4 | use futures_util::{future, FutureExt, Stream};
[INFO] [stdout]   |                            ^^^^^^^^^
[INFO] [stdout]   |
[INFO] [stdout]   = note: `#[warn(unused_imports)]` on by default
[INFO] [stdout] 
[INFO] [stdout] 
[INFO] [stdout] error[E0412]: cannot find type `Shared` in module `future`
[INFO] [stdout]   --> src/collector.rs:74:34
[INFO] [stdout]    |
[INFO] [stdout] 74 |     pub shutdown_signal: future::Shared<BoxFuture<'static, ()>>,
[INFO] [stdout]    |                                  ^^^^^^ not found in `future`
[INFO] [stdout]    |
[INFO] [stdout] note: found an item that was configured out
[INFO] [stdout]   --> /opt/rustwide/cargo-home/registry/src/index.crates.io-6f17d22bba15001f/futures-util-0.3.30/src/future/mod.rs:39:24
[INFO] [stdout]    |
[INFO] [stdout] 39 | pub use self::future::{Shared, WeakShared};
[INFO] [stdout]    |                        ^^^^^^
[INFO] [stdout]    = note: the item is gated behind the `std` feature
[INFO] [stdout] 
[INFO] [stdout] 
[INFO] [stdout] warning: unused import: `FutureExt`
[INFO] [stdout]  --> src/builder.rs:4:28
[INFO] [stdout]   |
[INFO] [stdout] 4 | use futures_util::{future, FutureExt, Stream};
[INFO] [stdout]   |                            ^^^^^^^^^
[INFO] [stdout]   |
[INFO] [stdout]   = note: `#[warn(unused_imports)]` on by default
[INFO] [stdout] 
[INFO] [stdout] 
[INFO] [stdout] error[E0599]: no method named `shared` found for struct `Pin<Box<dyn futures_util::Future<Output = ()> + std::marker::Send>>` in the current scope
[INFO] [stdout]    --> src/builder.rs:161:18
[INFO] [stdout]     |
[INFO] [stdout] 158 |               shutdown_signal: self
[INFO] [stdout]     |  ______________________________-
[INFO] [stdout] 159 | |                 .shutdown_signal
[INFO] [stdout] 160 | |                 .unwrap_or_else(|| Box::pin(future::pending()))
[INFO] [stdout] 161 | |                 .shared(),
[INFO] [stdout]     | |                 -^^^^^^ method not found in `Pin<Box<dyn Future<Output = ()> + Send>>`
[INFO] [stdout]     | |_________________|
[INFO] [stdout]     | 
[INFO] [stdout] 
[INFO] [stdout] 
[INFO] [stdout] error[E0599]: no method named `shared` found for struct `Pin<Box<dyn futures_util::Future<Output = ()> + std::marker::Send>>` in the current scope
[INFO] [stdout]    --> src/builder.rs:161:18
[INFO] [stdout]     |
[INFO] [stdout] 158 |               shutdown_signal: self
[INFO] [stdout]     |  ______________________________-
[INFO] [stdout] 159 | |                 .shutdown_signal
[INFO] [stdout] 160 | |                 .unwrap_or_else(|| Box::pin(future::pending()))
[INFO] [stdout] 161 | |                 .shared(),
[INFO] [stdout]     | |                 -^^^^^^ method not found in `Pin<Box<dyn Future<Output = ()> + Send>>`
[INFO] [stdout]     | |_________________|
[INFO] [stdout]     | 
[INFO] [stdout] 
[INFO] [stdout] 
[INFO] [stdout] error: aborting due to 3 previous errors; 1 warning emitted
[INFO] [stdout] 
[INFO] [stdout] 
[INFO] [stdout] Some errors have detailed explanations: E0412, E0433, E0599.
[INFO] [stdout] 
[INFO] [stdout] For more information about an error, try `rustc --explain E0412`.
[INFO] [stdout] 
[INFO] [stderr] error: could not compile `metrics_cloudwatch` (lib) due to 4 previous errors; 1 warning emitted
[INFO] [stderr] warning: build failed, waiting for other jobs to finish...
[INFO] [stdout] error: aborting due to 3 previous errors; 1 warning emitted
[INFO] [stdout] 
[INFO] [stdout] 
[INFO] [stdout] Some errors have detailed explanations: E0412, E0433, E0599.
[INFO] [stdout] 
[INFO] [stdout] For more information about an error, try `rustc --explain E0412`.
[INFO] [stdout] 
[INFO] [stderr] error: could not compile `metrics_cloudwatch` (lib test) due to 4 previous errors; 1 warning emitted
[INFO] running `Command { std: "docker" "inspect" "c72495b8088bcecee9b4d6cfe8cd47f6dddfa0be7b82efd0933da16e90f18886", kill_on_drop: false }`
[INFO] running `Command { std: "docker" "rm" "-f" "c72495b8088bcecee9b4d6cfe8cd47f6dddfa0be7b82efd0933da16e90f18886", kill_on_drop: false }`
[INFO] [stdout] c72495b8088bcecee9b4d6cfe8cd47f6dddfa0be7b82efd0933da16e90f18886
