[INFO] fetching crate metaemu 0.3.0...
[INFO] checking metaemu-0.3.0 against nightly-2024-02-05 for check-cfg
[INFO] extracting crate metaemu 0.3.0 into /workspace/builds/worker-5-tc1/source
[INFO] validating manifest of crates.io crate metaemu 0.3.0 on toolchain nightly-2024-02-05
[INFO] running `Command { std: CARGO_HOME="/workspace/cargo-home" RUSTUP_HOME="/workspace/rustup-home" "/workspace/cargo-home/bin/cargo" "+nightly-2024-02-05" "metadata" "--manifest-path" "Cargo.toml" "--no-deps", kill_on_drop: false }`
[INFO] started tweaking crates.io crate metaemu 0.3.0
[INFO] finished tweaking crates.io crate metaemu 0.3.0
[INFO] tweaked toml for crates.io crate metaemu 0.3.0 written to /workspace/builds/worker-5-tc1/source/Cargo.toml
[INFO] running `Command { std: CARGO_HOME="/workspace/cargo-home" RUSTUP_HOME="/workspace/rustup-home" "/workspace/cargo-home/bin/cargo" "+nightly-2024-02-05" "generate-lockfile" "--manifest-path" "Cargo.toml", kill_on_drop: false }`
[INFO] [stderr]     Updating crates.io index
[INFO] running `Command { std: CARGO_HOME="/workspace/cargo-home" RUSTUP_HOME="/workspace/rustup-home" "/workspace/cargo-home/bin/cargo" "+nightly-2024-02-05" "fetch" "--manifest-path" "Cargo.toml", kill_on_drop: false }`
[INFO] [stderr]     Blocking waiting for file lock on package cache
[INFO] [stderr]     Blocking waiting for file lock on package cache
[INFO] [stderr]  Downloading crates ...
[INFO] [stderr]   Downloaded fugue-ir v0.2.91
[INFO] [stderr]   Downloaded metaemu-state v0.3.1
[INFO] [stderr]   Downloaded fugue-arch v0.2.4
[INFO] [stderr]   Downloaded iset v0.2.2
[INFO] [stderr]   Downloaded unsafe_unwrap v0.1.0
[INFO] [stderr]   Downloaded metaemu-intrinsics v0.3.0
[INFO] [stderr]   Downloaded metaemu-hooks v0.3.0
[INFO] [stderr]   Downloaded metaemu-machine v0.3.0
[INFO] [stderr]   Downloaded metaemu-loader v0.3.0
[INFO] [stderr]   Downloaded metaemu-state-derive v0.3.0
[INFO] [stderr]   Downloaded fugue-bytes v0.2.2
[INFO] [stderr]   Downloaded static_init_macro v1.0.2
[INFO] [stderr]   Downloaded az v1.2.1
[INFO] [stderr]   Downloaded fugue-fp v0.2.2
[INFO] [stderr]   Downloaded ux v0.1.5
[INFO] [stderr]   Downloaded serde_any v0.5.0
[INFO] [stderr]   Downloaded fugue-bv v0.2.35
[INFO] [stderr]   Downloaded serde_urlencoded v0.5.5
[INFO] [stderr]   Downloaded serde_yaml v0.7.5
[INFO] [stderr]   Downloaded fugue-ghidra v0.2.0
[INFO] [stderr]   Downloaded ustr v0.9.0
[INFO] [stderr]   Downloaded rustix v0.36.17
[INFO] [stderr]   Downloaded flatcc v23.1.21
[INFO] [stderr]   Downloaded fugue-idapro v0.2.1
[INFO] [stderr]   Downloaded gmp-mpfr-sys v1.6.2
[INFO] [stderr]   Downloaded rug v1.24.0
[INFO] [stderr]   Downloaded ustr v0.8.1
[INFO] [stderr]   Downloaded educe v0.4.23
[INFO] [stderr]   Downloaded roxmltree v0.18.1
[INFO] [stderr]   Downloaded static_init v1.0.3
[INFO] [stderr]   Downloaded ron v0.3.0
[INFO] [stderr]   Downloaded xml-rs v0.6.1
[INFO] [stderr]   Downloaded xmlparser v0.13.6
[INFO] [stderr]   Downloaded serde-xml-any v0.0.3
[INFO] [stderr]   Downloaded metaemu-concrete v0.3.0
[INFO] [stderr]   Downloaded fugue-db v0.2.15
[INFO] [stderr]   Downloaded flatc-rust v0.2.0
[INFO] [stderr]   Downloaded enum-ordinalize v3.1.15
[INFO] [stderr]   Downloaded ouroboros_macro v0.9.5
[INFO] [stderr]   Downloaded ouroboros v0.9.5
[INFO] [stderr]   Downloaded fugue v0.2.8
[INFO] [stderr]   Downloaded metaemu-microx v0.3.0
[INFO] running `Command { std: "docker" "create" "-v" "/var/lib/crater-agent-workspace/builds/worker-5-tc1/target:/opt/rustwide/target:rw,Z" "-v" "/var/lib/crater-agent-workspace/builds/worker-5-tc1/source:/opt/rustwide/workdir:ro,Z" "-v" "/var/lib/crater-agent-workspace/cargo-home:/opt/rustwide/cargo-home:ro,Z" "-v" "/var/lib/crater-agent-workspace/rustup-home:/opt/rustwide/rustup-home:ro,Z" "-e" "SOURCE_DIR=/opt/rustwide/workdir" "-e" "CARGO_TARGET_DIR=/opt/rustwide/target" "-e" "CARGO_HOME=/opt/rustwide/cargo-home" "-e" "RUSTUP_HOME=/opt/rustwide/rustup-home" "-w" "/opt/rustwide/workdir" "-m" "1610612736" "--user" "0:0" "--network" "none" "ghcr.io/rust-lang/crates-build-env/linux@sha256:2788e3201cd34a07e3172128adcd8b3090168a8e3bcc40d7c032b9dda1df7d1c" "/opt/rustwide/cargo-home/bin/cargo" "+nightly-2024-02-05" "metadata" "--no-deps" "--format-version=1", kill_on_drop: false }`
[INFO] [stdout] 047f8863c6e10f9123299683643eb8a7358e90dda9bb7b329640c7a1d5d8ace2
[INFO] running `Command { std: "docker" "start" "-a" "047f8863c6e10f9123299683643eb8a7358e90dda9bb7b329640c7a1d5d8ace2", kill_on_drop: false }`
[INFO] running `Command { std: "docker" "inspect" "047f8863c6e10f9123299683643eb8a7358e90dda9bb7b329640c7a1d5d8ace2", kill_on_drop: false }`
[INFO] running `Command { std: "docker" "rm" "-f" "047f8863c6e10f9123299683643eb8a7358e90dda9bb7b329640c7a1d5d8ace2", kill_on_drop: false }`
[INFO] [stdout] 047f8863c6e10f9123299683643eb8a7358e90dda9bb7b329640c7a1d5d8ace2
[INFO] running `Command { std: "docker" "create" "-v" "/var/lib/crater-agent-workspace/builds/worker-5-tc1/target:/opt/rustwide/target:rw,Z" "-v" "/var/lib/crater-agent-workspace/builds/worker-5-tc1/source:/opt/rustwide/workdir:ro,Z" "-v" "/var/lib/crater-agent-workspace/cargo-home:/opt/rustwide/cargo-home:ro,Z" "-v" "/var/lib/crater-agent-workspace/rustup-home:/opt/rustwide/rustup-home:ro,Z" "-e" "SOURCE_DIR=/opt/rustwide/workdir" "-e" "CARGO_TARGET_DIR=/opt/rustwide/target" "-e" "CARGO_INCREMENTAL=0" "-e" "RUST_BACKTRACE=full" "-e" "RUSTFLAGS=--cap-lints=forbid" "-e" "RUSTDOCFLAGS=--cap-lints=forbid" "-e" "CARGO_HOME=/opt/rustwide/cargo-home" "-e" "RUSTUP_HOME=/opt/rustwide/rustup-home" "-w" "/opt/rustwide/workdir" "-m" "1610612736" "--user" "0:0" "--network" "none" "ghcr.io/rust-lang/crates-build-env/linux@sha256:2788e3201cd34a07e3172128adcd8b3090168a8e3bcc40d7c032b9dda1df7d1c" "/opt/rustwide/cargo-home/bin/cargo" "+nightly-2024-02-05" "check" "--frozen" "--all" "--all-targets" "--message-format=json", kill_on_drop: false }`
[INFO] [stdout] f1b890b2e1415fc0836e94153030493fe00cdd9f743c7bc7968b9b1f1a7b5a80
[INFO] running `Command { std: "docker" "start" "-a" "f1b890b2e1415fc0836e94153030493fe00cdd9f743c7bc7968b9b1f1a7b5a80", kill_on_drop: false }`
[INFO] [stderr]    Compiling serde v1.0.196
[INFO] [stderr]    Compiling cfg_aliases v0.1.1
[INFO] [stderr]    Compiling parking_lot_core v0.8.6
[INFO] [stderr]    Compiling gmp-mpfr-sys v1.6.2
[INFO] [stderr]    Compiling num-traits v0.2.17
[INFO] [stderr]    Compiling num-integer v0.1.45
[INFO] [stderr]     Checking instant v0.1.12
[INFO] [stderr]    Compiling ahash v0.7.7
[INFO] [stderr]    Compiling az v1.2.1
[INFO] [stderr]    Compiling unicase v2.7.0
[INFO] [stderr]    Compiling syn v2.0.48
[INFO] [stderr]     Checking getrandom v0.2.12
[INFO] [stderr]    Compiling rug v1.24.0
[INFO] [stderr]     Checking ux v0.1.5
[INFO] [stderr]    Compiling ahash v0.8.7
[INFO] [stderr]     Checking either v1.9.0
[INFO] [stderr]    Compiling static_init_macro v1.0.2
[INFO] [stderr]    Compiling static_init v1.0.3
[INFO] [stderr]     Checking xmlparser v0.13.6
[INFO] [stderr]     Checking itertools v0.10.5
[INFO] [stderr]     Checking log v0.4.20
[INFO] [stderr]     Checking unsafe_unwrap v0.1.0
[INFO] [stderr]     Checking bumpalo v3.14.0
[INFO] [stderr]    Compiling cc v1.0.83
[INFO] [stderr]    Compiling proc-macro-error-attr v1.0.4
[INFO] [stderr]    Compiling metaemu-state-derive v0.3.0
[INFO] [stderr]    Compiling proc-macro-error v1.0.4
[INFO] [stderr]     Checking roxmltree v0.18.1
[INFO] [stderr]    Compiling num-bigint v0.4.4
[INFO] [stderr]    Compiling io-lifetimes v1.0.11
[INFO] [stderr]    Compiling flatc-rust v0.2.0
[INFO] [stderr]    Compiling rustix v0.36.17
[INFO] [stderr]    Compiling anyhow v1.0.79
[INFO] [stderr]    Compiling rustix v0.38.31
[INFO] [stderr]    Compiling flatbuffers v23.5.26
[INFO] [stderr]     Checking unicode-normalization v0.1.22
[INFO] [stderr]     Checking linux-raw-sys v0.1.4
[INFO] [stderr]     Checking unicode-bidi v0.3.15
[INFO] [stderr]    Compiling Inflector v0.11.4
[INFO] [stderr]    Compiling cmake v0.1.50
[INFO] [stderr]     Checking home v0.5.9
[INFO] [stderr]     Checking idna v0.5.0
[INFO] [stderr]     Checking stable_deref_trait v1.2.0
[INFO] [stderr]     Checking fastrand v1.9.0
[INFO] [stderr]     Checking fs_extra v1.3.0
[INFO] [stderr]    Compiling ouroboros_macro v0.9.5
[INFO] [stderr]     Checking dyn-clone v1.0.16
[INFO] [stderr]     Checking url v2.5.0
[INFO] [stderr]    Compiling flatcc v23.1.21
[INFO] [stderr]    Compiling serde_derive v1.0.196
[INFO] [stderr]    Compiling thiserror-impl v1.0.56
[INFO] [stderr]     Checking which v4.4.2
[INFO] [stderr]     Checking ouroboros v0.9.5
[INFO] [stderr]     Checking tempfile v3.4.0
[INFO] [stderr]    Compiling enum-ordinalize v3.1.15
[INFO] [stderr]     Checking thiserror v1.0.56
[INFO] [stderr]    Compiling educe v0.4.23
[INFO] [stderr] error: could not compile `ux` (lib)
[INFO] [stderr] 
[INFO] [stderr] Caused by:
[INFO] [stderr]   process didn't exit successfully: `/opt/rustwide/rustup-home/toolchains/nightly-2024-02-05-x86_64-unknown-linux-gnu/bin/rustc --crate-name ux --edition=2021 /opt/rustwide/cargo-home/registry/src/index.crates.io-6f17d22bba15001f/ux-0.1.5/src/lib.rs --error-format=json --json=diagnostic-rendered-ansi,artifacts,future-incompat --crate-type lib --emit=dep-info,metadata -C embed-bitcode=no -C debuginfo=2 --cfg 'feature="default"' --cfg 'feature="std"' -C metadata=595ea0de82f32b4e -C extra-filename=-595ea0de82f32b4e --out-dir /opt/rustwide/target/debug/deps -L dependency=/opt/rustwide/target/debug/deps --cap-lints allow --cap-lints=forbid` (signal: 9, SIGKILL: kill)
[INFO] [stderr] warning: build failed, waiting for other jobs to finish...
[INFO] [stderr] error: could not compile `serde_derive` (lib)
[INFO] [stderr] 
[INFO] [stderr] Caused by:
[INFO] [stderr]   process didn't exit successfully: `/opt/rustwide/rustup-home/toolchains/nightly-2024-02-05-x86_64-unknown-linux-gnu/bin/rustc --crate-name serde_derive /opt/rustwide/cargo-home/registry/src/index.crates.io-6f17d22bba15001f/serde_derive-1.0.196/src/lib.rs --error-format=json --json=diagnostic-rendered-ansi,artifacts,future-incompat --crate-type proc-macro --emit=dep-info,link -C prefer-dynamic -C embed-bitcode=no --cfg 'feature="default"' -C metadata=7e7d597c67187b41 -C extra-filename=-7e7d597c67187b41 --out-dir /opt/rustwide/target/debug/deps -L dependency=/opt/rustwide/target/debug/deps --extern proc_macro2=/opt/rustwide/target/debug/deps/libproc_macro2-9675dab333a2ba88.rlib --extern quote=/opt/rustwide/target/debug/deps/libquote-9a3c6f2abd5cb631.rlib --extern syn=/opt/rustwide/target/debug/deps/libsyn-2b70910876f71a7b.rlib --extern proc_macro --cap-lints allow --cap-lints=forbid` (signal: 9, SIGKILL: kill)
[INFO] [stderr] error: failed to run custom build command for `flatcc v23.1.21`
[INFO] [stderr] note: To improve backtraces for build dependencies, set the CARGO_PROFILE_DEV_BUILD_OVERRIDE_DEBUG=true environment variable to enable debug information generation.
[INFO] [stderr] 
[INFO] [stderr] Caused by:
[INFO] [stderr]   process didn't exit successfully: `/opt/rustwide/target/debug/build/flatcc-9315de5205ab9841/build-script-build` (exit status: 101)
[INFO] [stderr]   --- stdout
[INFO] [stderr]   CMAKE_TOOLCHAIN_FILE_x86_64-unknown-linux-gnu = None
[INFO] [stderr]   CMAKE_TOOLCHAIN_FILE_x86_64_unknown_linux_gnu = None
[INFO] [stderr]   HOST_CMAKE_TOOLCHAIN_FILE = None
[INFO] [stderr]   CMAKE_TOOLCHAIN_FILE = None
[INFO] [stderr]   CMAKE_GENERATOR_x86_64-unknown-linux-gnu = None
[INFO] [stderr]   CMAKE_GENERATOR_x86_64_unknown_linux_gnu = None
[INFO] [stderr]   HOST_CMAKE_GENERATOR = None
[INFO] [stderr]   CMAKE_GENERATOR = None
[INFO] [stderr]   CMAKE_PREFIX_PATH_x86_64-unknown-linux-gnu = None
[INFO] [stderr]   CMAKE_PREFIX_PATH_x86_64_unknown_linux_gnu = None
[INFO] [stderr]   HOST_CMAKE_PREFIX_PATH = None
[INFO] [stderr]   CMAKE_PREFIX_PATH = None
[INFO] [stderr]   CMAKE_x86_64-unknown-linux-gnu = None
[INFO] [stderr]   CMAKE_x86_64_unknown_linux_gnu = None
[INFO] [stderr]   HOST_CMAKE = None
[INFO] [stderr]   CMAKE = None
[INFO] [stderr]   running: cd "/opt/rustwide/target/debug/build/flatcc-25e896d63f5f1e47/out/build" && CMAKE_PREFIX_PATH="" "cmake" "/opt/rustwide/cargo-home/registry/src/index.crates.io-6f17d22bba15001f/flatcc-23.1.21/flatbuffers" "-DCMAKE_INSTALL_PREFIX=/opt/rustwide/target/debug/build/flatcc-25e896d63f5f1e47/out" "-DCMAKE_C_FLAGS= -ffunction-sections -fdata-sections -fPIC -m64" "-DCMAKE_C_COMPILER=/usr/bin/cc" "-DCMAKE_CXX_FLAGS= -ffunction-sections -fdata-sections -fPIC -m64" "-DCMAKE_CXX_COMPILER=/usr/bin/c++" "-DCMAKE_ASM_FLAGS= -ffunction-sections -fdata-sections -fPIC -m64" "-DCMAKE_ASM_COMPILER=/usr/bin/cc" "-DCMAKE_BUILD_TYPE=Debug"
[INFO] [stderr]   -- Proceeding with version: 23.1.21.0
[INFO] [stderr]   -- The CXX compiler identification is GNU 11.4.0
[INFO] [stderr]   -- Detecting CXX compiler ABI info
[INFO] [stderr]   -- Detecting CXX compiler ABI info - done
[INFO] [stderr]   -- Check for working CXX compiler: /usr/bin/c++ - skipped
[INFO] [stderr]   -- Detecting CXX compile features
[INFO] [stderr]   -- Detecting CXX compile features - done
[INFO] [stderr]   -- Looking for strtof_l
[INFO] [stderr]   -- Looking for strtof_l - found
[INFO] [stderr]   -- Looking for strtoull_l
[INFO] [stderr]   -- Looking for strtoull_l - found
[INFO] [stderr]   -- Looking for realpath
[INFO] [stderr]   -- Looking for realpath - found
[INFO] [stderr]   -- CMAKE_CXX_FLAGS:  -ffunction-sections -fdata-sections -fPIC -m64
[INFO] [stderr]   -- `tests/monster_test.fbs`: add generation of C++ code with '--no-includes;--gen-compare'
[INFO] [stderr]   -- `tests/monster_test.fbs`: add generation of binary (.bfbs) schema
[INFO] [stderr]   -- `tests/namespace_test/namespace_test1.fbs`: add generation of C++ code with '--no-includes;--gen-compare;--gen-name-strings'
[INFO] [stderr]   -- `tests/namespace_test/namespace_test2.fbs`: add generation of C++ code with '--no-includes;--gen-compare;--gen-name-strings'
[INFO] [stderr]   -- `tests/union_vector/union_vector.fbs`: add generation of C++ code with '--no-includes;--gen-compare;'
[INFO] [stderr]   -- `tests/optional_scalars.fbs`: add generation of C++ code with '--no-includes;--gen-compare'
[INFO] [stderr]   -- `tests/native_type_test.fbs`: add generation of C++ code with ''
[INFO] [stderr]   -- `tests/arrays_test.fbs`: add generation of C++ code with '--scoped-enums;--gen-compare'
[INFO] [stderr]   -- `tests/arrays_test.fbs`: add generation of binary (.bfbs) schema
[INFO] [stderr]   -- `tests/monster_test.fbs`: add generation of C++ embedded binary schema code with '--no-includes;--gen-compare'
[INFO] [stderr]   -- `tests/native_inline_table_test.fbs`: add generation of C++ code with '--no-includes;--gen-compare'
[INFO] [stderr]   -- `tests/alignment_test.fbs`: add generation of C++ code with '--no-includes;--gen-compare'
[INFO] [stderr]   -- `tests/key_field/key_field_sample.fbs`: add generation of C++ code with '--no-includes;--gen-compare'
[INFO] [stderr]   -- `tests/monster_extra.fbs`: add generation of C++ code with '--no-includes;--gen-compare'
[INFO] [stderr]   -- `samples/monster.fbs`: add generation of C++ code with '--no-includes;--gen-compare'
[INFO] [stderr]   -- `samples/monster.fbs`: add generation of binary (.bfbs) schema
[INFO] [stderr]   -- Configuring done
[INFO] [stderr]   -- Generating done
[INFO] [stderr]   -- Build files have been written to: /opt/rustwide/target/debug/build/flatcc-25e896d63f5f1e47/out/build
[INFO] [stderr]   running: cd "/opt/rustwide/target/debug/build/flatcc-25e896d63f5f1e47/out/build" && MAKEFLAGS="-j --jobserver-fds=7,8 --jobserver-auth=7,8" "cmake" "--build" "." "--target" "install" "--config" "Debug"
[INFO] [stderr]   [  1%] Building CXX object CMakeFiles/flathash.dir/src/flathash.cpp.o
[INFO] [stderr]   [  2%] Building CXX object CMakeFiles/flatbuffers.dir/src/reflection.cpp.o
[INFO] [stderr]   [  3%] Building CXX object CMakeFiles/flatc.dir/src/util.cpp.o
[INFO] [stderr]   [  4%] Building CXX object CMakeFiles/flatc.dir/src/reflection.cpp.o
[INFO] [stderr]   [  5%] Building CXX object CMakeFiles/flatbuffers.dir/src/idl_gen_text.cpp.o
[INFO] [stderr]   [  6%] Building CXX object CMakeFiles/flatbuffers.dir/src/util.cpp.o
[INFO] [stderr]   [  7%] Building CXX object CMakeFiles/flatc.dir/src/idl_parser.cpp.o
[INFO] [stderr]   [  8%] Building CXX object CMakeFiles/flatc.dir/src/idl_gen_text.cpp.o
[INFO] [stderr]   [  9%] Building CXX object CMakeFiles/flatc.dir/src/idl_gen_cpp.cpp.o
[INFO] [stderr]   [ 10%] Building CXX object CMakeFiles/flatc.dir/src/idl_gen_csharp.cpp.o
[INFO] [stderr]   [ 11%] Building CXX object CMakeFiles/flatbuffers.dir/src/idl_parser.cpp.o
[INFO] [stderr]   [ 12%] Building CXX object CMakeFiles/flatc.dir/src/idl_gen_dart.cpp.o
[INFO] [stderr]   [ 13%] Linking CXX executable flathash
[INFO] [stderr]   [ 13%] Built target flathash
[INFO] [stderr]   [ 14%] Building CXX object CMakeFiles/flatc.dir/src/idl_gen_kotlin.cpp.o
[INFO] [stderr]   [ 15%] Building CXX object CMakeFiles/flatc.dir/src/idl_gen_go.cpp.o
[INFO] [stderr] 
[INFO] [stderr]   --- stderr
[INFO] [stderr]   CMake Warning:
[INFO] [stderr]     Manually-specified variables were not used by the project:
[INFO] [stderr] 
[INFO] [stderr]       CMAKE_ASM_COMPILER
[INFO] [stderr]       CMAKE_ASM_FLAGS
[INFO] [stderr]       CMAKE_C_COMPILER
[INFO] [stderr]       CMAKE_C_FLAGS
[INFO] [stderr] 
[INFO] [stderr] 
[INFO] [stderr]   c++: fatal error: Killed signal terminated program cc1plus
[INFO] [stderr]   compilation terminated.
[INFO] [stderr]   gmake[2]: *** [CMakeFiles/flatc.dir/build.make:76: CMakeFiles/flatc.dir/src/idl_parser.cpp.o] Error 1
[INFO] [stderr]   gmake[2]: *** Waiting for unfinished jobs....
[INFO] [stderr]   c++: fatal error: Killed signal terminated program cc1plus
[INFO] [stderr]   compilation terminated.
[INFO] [stderr]   gmake[2]: *** [CMakeFiles/flatbuffers.dir/build.make:90: CMakeFiles/flatbuffers.dir/src/idl_gen_text.cpp.o] Error 1
[INFO] [stderr]   gmake[2]: *** Waiting for unfinished jobs....
[INFO] [stderr]   c++: fatal error: Killed signal terminated program cc1plus
[INFO] [stderr]   compilation terminated.
[INFO] [stderr]   gmake[2]: *** [CMakeFiles/flatc.dir/build.make:132: CMakeFiles/flatc.dir/src/idl_gen_cpp.cpp.o] Error 1
[INFO] [stderr]   gmake[1]: *** [CMakeFiles/Makefile2:122: CMakeFiles/flatc.dir/all] Error 2
[INFO] [stderr]   gmake[1]: *** Waiting for unfinished jobs....
[INFO] [stderr]   gmake[1]: *** [CMakeFiles/Makefile2:96: CMakeFiles/flatbuffers.dir/all] Error 2
[INFO] [stderr]   gmake: *** [Makefile:146: all] Error 2
[INFO] [stderr]   thread 'main' panicked at /opt/rustwide/cargo-home/registry/src/index.crates.io-6f17d22bba15001f/cmake-0.1.50/src/lib.rs:1098:5:
[INFO] [stderr] 
[INFO] [stderr]   command did not execute successfully, got: exit status: 2
[INFO] [stderr] 
[INFO] [stderr]   build script failed, must exit now
[INFO] [stderr]   stack backtrace:
[INFO] [stderr]      0:     0x5600229816d6 - std::backtrace_rs::backtrace::libunwind::trace::heebc7766b165eb2a
[INFO] [stderr]                                  at /rustc/268dbbbc4b3fd71c5f360a4d0728295252430b5b/library/std/src/../../backtrace/src/backtrace/libunwind.rs:104:5
[INFO] [stderr]      1:     0x5600229816d6 - std::backtrace_rs::backtrace::trace_unsynchronized::ha677020d8fc0296d
[INFO] [stderr]                                  at /rustc/268dbbbc4b3fd71c5f360a4d0728295252430b5b/library/std/src/../../backtrace/src/backtrace/mod.rs:66:5
[INFO] [stderr]      2:     0x5600229816d6 - std::sys_common::backtrace::_print_fmt::hcaff2fd86a1aeaa3
[INFO] [stderr]                                  at /rustc/268dbbbc4b3fd71c5f360a4d0728295252430b5b/library/std/src/sys_common/backtrace.rs:68:5
[INFO] [stderr]      3:     0x5600229816d6 - <std::sys_common::backtrace::_print::DisplayBacktrace as core::fmt::Display>::fmt::hc2446d8aa0059188
[INFO] [stderr]                                  at /rustc/268dbbbc4b3fd71c5f360a4d0728295252430b5b/library/std/src/sys_common/backtrace.rs:44:22
[INFO] [stderr]      4:     0x5600229a6d20 - core::fmt::rt::Argument::fmt::h2fbb6454da37999b
[INFO] [stderr]                                  at /rustc/268dbbbc4b3fd71c5f360a4d0728295252430b5b/library/core/src/fmt/rt.rs:142:9
[INFO] [stderr]      5:     0x5600229a6d20 - core::fmt::write::had96bdeda7d49d3a
[INFO] [stderr]                                  at /rustc/268dbbbc4b3fd71c5f360a4d0728295252430b5b/library/core/src/fmt/mod.rs:1120:17
[INFO] [stderr]      6:     0x56002297ebaf - std::io::Write::write_fmt::h30b1f36eea05b391
[INFO] [stderr]                                  at /rustc/268dbbbc4b3fd71c5f360a4d0728295252430b5b/library/std/src/io/mod.rs:1849:15
[INFO] [stderr]      7:     0x5600229814b4 - std::sys_common::backtrace::_print::hc333bb91ae972137
[INFO] [stderr]                                  at /rustc/268dbbbc4b3fd71c5f360a4d0728295252430b5b/library/std/src/sys_common/backtrace.rs:47:5
[INFO] [stderr]      8:     0x5600229814b4 - std::sys_common::backtrace::print::h18fd3c71a95a3169
[INFO] [stderr]                                  at /rustc/268dbbbc4b3fd71c5f360a4d0728295252430b5b/library/std/src/sys_common/backtrace.rs:34:9
[INFO] [stderr]      9:     0x560022982d97 - std::panicking::default_hook::{{closure}}::ha3473f9bcb4e9a37
[INFO] [stderr]     10:     0x560022982af9 - std::panicking::default_hook::h23d9d43185db6584
[INFO] [stderr]                                  at /rustc/268dbbbc4b3fd71c5f360a4d0728295252430b5b/library/std/src/panicking.rs:292:9
[INFO] [stderr]     11:     0x560022983228 - std::panicking::rust_panic_with_hook::h94aceaa7df3a6edd
[INFO] [stderr]                                  at /rustc/268dbbbc4b3fd71c5f360a4d0728295252430b5b/library/std/src/panicking.rs:781:13
[INFO] [stderr]     12:     0x560022983102 - std::panicking::begin_panic_handler::{{closure}}::h9905d45d1d82fc42
[INFO] [stderr]                                  at /rustc/268dbbbc4b3fd71c5f360a4d0728295252430b5b/library/std/src/panicking.rs:659:13
[INFO] [stderr]     13:     0x560022981bd6 - std::sys_common::backtrace::__rust_end_short_backtrace::hb02085545dc143b9
[INFO] [stderr]                                  at /rustc/268dbbbc4b3fd71c5f360a4d0728295252430b5b/library/std/src/sys_common/backtrace.rs:171:18
[INFO] [stderr]     14:     0x560022982e54 - rust_begin_unwind
[INFO] [stderr]                                  at /rustc/268dbbbc4b3fd71c5f360a4d0728295252430b5b/library/std/src/panicking.rs:647:5
[INFO] [stderr]     15:     0x560022902635 - core::panicking::panic_fmt::h6dca3983f8a9f4d0
[INFO] [stderr]                                  at /rustc/268dbbbc4b3fd71c5f360a4d0728295252430b5b/library/core/src/panicking.rs:72:14
[INFO] [stderr]     16:     0x560022911c31 - cmake::fail::h164229b47837fdbc
[INFO] [stderr]     17:     0x5600229113c7 - cmake::run::h28bf17e1f55c9a88
[INFO] [stderr]     18:     0x56002290dc35 - cmake::Config::build::hed404dfe3a2d2310
[INFO] [stderr]     19:     0x56002290365f - cmake::build::h164de3f9f82b7993
[INFO] [stderr]     20:     0x560022904478 - build_script_build::main::hf7e080959ffb3323
[INFO] [stderr]     21:     0x560022903023 - core::ops::function::FnOnce::call_once::h25b2961aec3f4f07
[INFO] [stderr]     22:     0x560022902e36 - std::sys_common::backtrace::__rust_begin_short_backtrace::h90d74480866e22ee
[INFO] [stderr]     23:     0x560022902f49 - std::rt::lang_start::{{closure}}::h3b2fcb8791e97e85
[INFO] [stderr]     24:     0x56002297a761 - core::ops::function::impls::<impl core::ops::function::FnOnce<A> for &F>::call_once::h298d8ff12ebcec8c
[INFO] [stderr]                                  at /rustc/268dbbbc4b3fd71c5f360a4d0728295252430b5b/library/core/src/ops/function.rs:284:13
[INFO] [stderr]     25:     0x56002297a761 - std::panicking::try::do_call::hbd0ffb05da5bd343
[INFO] [stderr]                                  at /rustc/268dbbbc4b3fd71c5f360a4d0728295252430b5b/library/std/src/panicking.rs:554:40
[INFO] [stderr]     26:     0x56002297a761 - std::panicking::try::h11c9a152defd5d2a
[INFO] [stderr]                                  at /rustc/268dbbbc4b3fd71c5f360a4d0728295252430b5b/library/std/src/panicking.rs:518:19
[INFO] [stderr]     27:     0x56002297a761 - std::panic::catch_unwind::h0d6db2fa902b4d64
[INFO] [stderr]                                  at /rustc/268dbbbc4b3fd71c5f360a4d0728295252430b5b/library/std/src/panic.rs:142:14
[INFO] [stderr]     28:     0x56002297a761 - std::rt::lang_start_internal::{{closure}}::hdcc09b4aad7ef821
[INFO] [stderr]                                  at /rustc/268dbbbc4b3fd71c5f360a4d0728295252430b5b/library/std/src/rt.rs:148:48
[INFO] [stderr]     29:     0x56002297a761 - std::panicking::try::do_call::h3ffd2f162d60900f
[INFO] [stderr]                                  at /rustc/268dbbbc4b3fd71c5f360a4d0728295252430b5b/library/std/src/panicking.rs:554:40
[INFO] [stderr]     30:     0x56002297a761 - std::panicking::try::heeba82b9c3e190fb
[INFO] [stderr]                                  at /rustc/268dbbbc4b3fd71c5f360a4d0728295252430b5b/library/std/src/panicking.rs:518:19
[INFO] [stderr]     31:     0x56002297a761 - std::panic::catch_unwind::hdaab8f1c188f387f
[INFO] [stderr]                                  at /rustc/268dbbbc4b3fd71c5f360a4d0728295252430b5b/library/std/src/panic.rs:142:14
[INFO] [stderr]     32:     0x56002297a761 - std::rt::lang_start_internal::h9989e088c48b7903
[INFO] [stderr]                                  at /rustc/268dbbbc4b3fd71c5f360a4d0728295252430b5b/library/std/src/rt.rs:148:20
[INFO] [stderr]     33:     0x560022902f27 - std::rt::lang_start::hb46482df12a92740
[INFO] [stderr]     34:     0x5600229044a5 - main
[INFO] [stderr]     35:     0x7fb07fac2d90 - <unknown>
[INFO] [stderr]     36:     0x7fb07fac2e40 - __libc_start_main
[INFO] [stderr]     37:     0x560022902d65 - _start
[INFO] [stderr]     38:                0x0 - <unknown>
[INFO] running `Command { std: "docker" "inspect" "f1b890b2e1415fc0836e94153030493fe00cdd9f743c7bc7968b9b1f1a7b5a80", kill_on_drop: false }`
[INFO] running `Command { std: "docker" "rm" "-f" "f1b890b2e1415fc0836e94153030493fe00cdd9f743c7bc7968b9b1f1a7b5a80", kill_on_drop: false }`
[INFO] [stdout] f1b890b2e1415fc0836e94153030493fe00cdd9f743c7bc7968b9b1f1a7b5a80
