[INFO] fetching crate metaemu-arch-additional 0.1.0...
[INFO] checking metaemu-arch-additional-0.1.0 against nightly-2024-02-05 for check-cfg
[INFO] extracting crate metaemu-arch-additional 0.1.0 into /workspace/builds/worker-3-tc1/source
[INFO] validating manifest of crates.io crate metaemu-arch-additional 0.1.0 on toolchain nightly-2024-02-05
[INFO] running `Command { std: CARGO_HOME="/workspace/cargo-home" RUSTUP_HOME="/workspace/rustup-home" "/workspace/cargo-home/bin/cargo" "+nightly-2024-02-05" "metadata" "--manifest-path" "Cargo.toml" "--no-deps", kill_on_drop: false }`
[INFO] started tweaking crates.io crate metaemu-arch-additional 0.1.0
[INFO] finished tweaking crates.io crate metaemu-arch-additional 0.1.0
[INFO] tweaked toml for crates.io crate metaemu-arch-additional 0.1.0 written to /workspace/builds/worker-3-tc1/source/Cargo.toml
[INFO] running `Command { std: CARGO_HOME="/workspace/cargo-home" RUSTUP_HOME="/workspace/rustup-home" "/workspace/cargo-home/bin/cargo" "+nightly-2024-02-05" "generate-lockfile" "--manifest-path" "Cargo.toml", kill_on_drop: false }`
[INFO] [stderr]     Updating crates.io index
[INFO] running `Command { std: CARGO_HOME="/workspace/cargo-home" RUSTUP_HOME="/workspace/rustup-home" "/workspace/cargo-home/bin/cargo" "+nightly-2024-02-05" "fetch" "--manifest-path" "Cargo.toml", kill_on_drop: false }`
[INFO] [stderr]  Downloading crates ...
[INFO] [stderr]   Downloaded metaemu-intrinsics v0.3.0
[INFO] [stderr]   Downloaded metaemu-hooks v0.3.0
[INFO] [stderr]   Downloaded metaemu-machine v0.3.0
[INFO] [stderr]   Downloaded iset v0.2.2
[INFO] [stderr]   Downloaded metaemu-concrete v0.3.0
[INFO] [stderr]   Downloaded fugue-bv v0.2.35
[INFO] [stderr]   Downloaded metaemu v0.3.0
[INFO] [stderr]   Downloaded fugue-bytes v0.2.2
[INFO] [stderr]   Downloaded ouroboros v0.9.5
[INFO] [stderr]   Downloaded ux v0.1.5
[INFO] [stderr]   Downloaded fugue-fp v0.2.2
[INFO] [stderr]   Downloaded enum-ordinalize v3.1.15
[INFO] [stderr]   Downloaded fugue-db v0.2.15
[INFO] [stderr]   Downloaded educe v0.4.23
[INFO] [stderr]   Downloaded metaemu-microx v0.3.0
[INFO] [stderr]   Downloaded ustr v0.9.0
[INFO] [stderr]   Downloaded ouroboros_macro v0.9.5
[INFO] [stderr]   Downloaded ron v0.3.0
[INFO] [stderr]   Downloaded serde_any v0.5.0
[INFO] [stderr]   Downloaded flatc-rust v0.2.0
[INFO] [stderr]   Downloaded fugue-arch v0.2.4
[INFO] [stderr]   Downloaded fugue v0.2.8
[INFO] [stderr]   Downloaded metaemu-state-derive v0.3.0
[INFO] [stderr]   Downloaded serde-xml-any v0.0.3
[INFO] [stderr]   Downloaded metaemu-state v0.3.1
[INFO] [stderr]   Downloaded unsafe_unwrap v0.1.0
[INFO] [stderr]   Downloaded metaemu-loader v0.3.0
[INFO] [stderr]   Downloaded fugue-ir v0.2.91
[INFO] [stderr]   Downloaded ustr v0.8.1
[INFO] [stderr]   Downloaded flatcc v23.1.21
[INFO] running `Command { std: "docker" "create" "-v" "/var/lib/crater-agent-workspace/builds/worker-3-tc1/target:/opt/rustwide/target:rw,Z" "-v" "/var/lib/crater-agent-workspace/builds/worker-3-tc1/source:/opt/rustwide/workdir:ro,Z" "-v" "/var/lib/crater-agent-workspace/cargo-home:/opt/rustwide/cargo-home:ro,Z" "-v" "/var/lib/crater-agent-workspace/rustup-home:/opt/rustwide/rustup-home:ro,Z" "-e" "SOURCE_DIR=/opt/rustwide/workdir" "-e" "CARGO_TARGET_DIR=/opt/rustwide/target" "-e" "CARGO_HOME=/opt/rustwide/cargo-home" "-e" "RUSTUP_HOME=/opt/rustwide/rustup-home" "-w" "/opt/rustwide/workdir" "-m" "1610612736" "--user" "0:0" "--network" "none" "ghcr.io/rust-lang/crates-build-env/linux@sha256:2788e3201cd34a07e3172128adcd8b3090168a8e3bcc40d7c032b9dda1df7d1c" "/opt/rustwide/cargo-home/bin/cargo" "+nightly-2024-02-05" "metadata" "--no-deps" "--format-version=1", kill_on_drop: false }`
[INFO] [stdout] f58c330254840aba079e7c7b80fba76f0305efa9913dd6c96c5582a5dc630628
[INFO] running `Command { std: "docker" "start" "-a" "f58c330254840aba079e7c7b80fba76f0305efa9913dd6c96c5582a5dc630628", kill_on_drop: false }`
[INFO] running `Command { std: "docker" "inspect" "f58c330254840aba079e7c7b80fba76f0305efa9913dd6c96c5582a5dc630628", kill_on_drop: false }`
[INFO] running `Command { std: "docker" "rm" "-f" "f58c330254840aba079e7c7b80fba76f0305efa9913dd6c96c5582a5dc630628", kill_on_drop: false }`
[INFO] [stdout] f58c330254840aba079e7c7b80fba76f0305efa9913dd6c96c5582a5dc630628
[INFO] running `Command { std: "docker" "create" "-v" "/var/lib/crater-agent-workspace/builds/worker-3-tc1/target:/opt/rustwide/target:rw,Z" "-v" "/var/lib/crater-agent-workspace/builds/worker-3-tc1/source:/opt/rustwide/workdir:ro,Z" "-v" "/var/lib/crater-agent-workspace/cargo-home:/opt/rustwide/cargo-home:ro,Z" "-v" "/var/lib/crater-agent-workspace/rustup-home:/opt/rustwide/rustup-home:ro,Z" "-e" "SOURCE_DIR=/opt/rustwide/workdir" "-e" "CARGO_TARGET_DIR=/opt/rustwide/target" "-e" "CARGO_INCREMENTAL=0" "-e" "RUST_BACKTRACE=full" "-e" "RUSTFLAGS=--cap-lints=forbid" "-e" "RUSTDOCFLAGS=--cap-lints=forbid" "-e" "CARGO_HOME=/opt/rustwide/cargo-home" "-e" "RUSTUP_HOME=/opt/rustwide/rustup-home" "-w" "/opt/rustwide/workdir" "-m" "1610612736" "--user" "0:0" "--network" "none" "ghcr.io/rust-lang/crates-build-env/linux@sha256:2788e3201cd34a07e3172128adcd8b3090168a8e3bcc40d7c032b9dda1df7d1c" "/opt/rustwide/cargo-home/bin/cargo" "+nightly-2024-02-05" "check" "--frozen" "--all" "--all-targets" "--message-format=json", kill_on_drop: false }`
[INFO] [stdout] 5b573ea1027df5c9d274d186f75a37b349aa29be0d194449c41421b608fb3181
[INFO] running `Command { std: "docker" "start" "-a" "5b573ea1027df5c9d274d186f75a37b349aa29be0d194449c41421b608fb3181", kill_on_drop: false }`
[INFO] [stderr]    Compiling serde v1.0.196
[INFO] [stderr]    Compiling syn v1.0.109
[INFO] [stderr]    Compiling cfg_aliases v0.1.1
[INFO] [stderr]    Compiling lock_api v0.4.11
[INFO] [stderr]    Compiling libc v0.2.153
[INFO] [stderr]    Compiling syn v2.0.48
[INFO] [stderr]     Checking getrandom v0.2.12
[INFO] [stderr]    Compiling parking_lot_core v0.8.6
[INFO] [stderr]    Compiling paste v1.0.14
[INFO] [stderr]    Compiling gmp-mpfr-sys v1.6.2
[INFO] [stderr]    Compiling static_init_macro v1.0.2
[INFO] [stderr]    Compiling ahash v0.7.7
[INFO] [stderr]    Compiling num-traits v0.2.17
[INFO] [stderr]     Checking instant v0.1.12
[INFO] [stderr]    Compiling libm v0.2.8
[INFO] [stderr]    Compiling az v1.2.1
[INFO] [stderr]     Checking scopeguard v1.2.0
[INFO] [stderr]    Compiling thiserror v1.0.56
[INFO] [stderr]    Compiling cc v1.0.83
[INFO] [stderr]     Checking once_cell v1.19.0
[INFO] [stderr]    Compiling static_init v1.0.3
[INFO] [stderr]    Compiling unicase v2.7.0
[INFO] [stderr]    Compiling num-integer v0.1.45
[INFO] [stderr]     Checking ux v0.1.5
[INFO] [stderr]    Compiling rug v1.24.0
[INFO] [stderr]    Compiling memchr v2.7.1
[INFO] [stderr]    Compiling ahash v0.8.7
[INFO] [stderr]     Checking either v1.9.0
[INFO] [stderr]     Checking same-file v1.0.6
[INFO] [stderr]     Checking xmlparser v0.13.6
[INFO] [stderr]     Checking zerocopy v0.7.32
[INFO] [stderr]     Checking walkdir v2.4.0
[INFO] [stderr]     Checking itertools v0.10.5
[INFO] [stderr]     Checking bumpalo v3.14.0
[INFO] [stderr]     Checking roxmltree v0.18.1
[INFO] [stderr]     Checking unsafe_unwrap v0.1.0
[INFO] [stderr]    Compiling serde_derive v1.0.196
[INFO] [stderr]    Compiling thiserror-impl v1.0.56
[INFO] [stderr]    Compiling cmake v0.1.50
[INFO] [stderr]    Compiling flatcc v23.1.21
[INFO] [stderr]    Compiling backtrace v0.3.69
[INFO] [stderr]    Compiling num-bigint v0.4.4
[INFO] [stderr]    Compiling rustix v0.38.31
[INFO] [stderr]    Compiling log v0.4.20
[INFO] [stderr]    Compiling flatc-rust v0.2.0
[INFO] [stderr]    Compiling proc-macro-error-attr v1.0.4
[INFO] [stderr]     Checking bitflags v2.4.2
[INFO] [stderr]     Checking linux-raw-sys v0.4.13
[INFO] [stderr]    Compiling anyhow v1.0.79
[INFO] [stderr]    Compiling proc-macro-error v1.0.4
[INFO] [stderr]    Compiling flatbuffers v23.5.26
[INFO] [stderr]    Compiling Inflector v0.11.4
[INFO] [stderr]    Compiling metaemu-state-derive v0.3.0
[INFO] [stderr]     Checking percent-encoding v2.3.1
[INFO] [stderr]    Compiling synstructure v0.12.6
[INFO] [stderr]     Checking form_urlencoded v1.2.1
[INFO] [stderr]    Compiling ouroboros_macro v0.9.5
[INFO] [stderr]    Compiling enum-ordinalize v3.1.15
[INFO] [stderr]     Checking idna v0.5.0
[INFO] [stderr]     Checking linked-hash-map v0.5.6
[INFO] [stderr]     Checking stable_deref_trait v1.2.0
[INFO] [stderr]     Checking home v0.5.9
[INFO] [stderr]     Checking safemem v0.3.3
[INFO] [stderr]     Checking dtoa v0.4.8
[INFO] [stderr]     Checking bitflags v0.9.1
[INFO] [stderr]     Checking fastrand v2.0.1
[INFO] [stderr]     Checking xml-rs v0.6.1
[INFO] [stderr]     Checking tempfile v3.10.0
[INFO] [stderr]     Checking url v2.5.0
[INFO] [stderr]     Checking url v1.7.2
[INFO] [stderr]     Checking base64 v0.9.3
[INFO] [stderr]     Checking which v4.4.2
[INFO] [stderr]     Checking yaml-rust v0.4.5
[INFO] [stderr]     Checking ouroboros v0.9.5
[INFO] [stderr]    Compiling educe v0.4.23
[INFO] [stderr]    Compiling failure_derive v0.1.8
[INFO] [stderr]     Checking error-chain v0.10.0
[INFO] [stderr]     Checking rand_core v0.6.4
[INFO] [stderr]     Checking itoa v0.4.8
[INFO] [stderr]     Checking fs_extra v1.3.0
[INFO] [stderr]     Checking rand_chacha v0.3.1
[INFO] [stderr]     Checking dyn-clone v1.0.16
[INFO] [stderr]     Checking fnv v1.0.7
[INFO] [stderr]     Checking rand v0.8.5
[INFO] [stderr]     Checking downcast-rs v1.2.0
[INFO] [stderr]     Checking failure v0.1.8
[INFO] [stderr]     Checking smallvec v1.13.1
[INFO] [stderr]     Checking parking_lot v0.11.2
[INFO] [stderr]     Checking iset v0.2.2
[INFO] [stderr]     Checking ustr v0.9.0
[INFO] [stderr]     Checking ustr v0.8.1
[INFO] [stderr]     Checking serde_yaml v0.7.5
[INFO] [stderr]     Checking ron v0.3.0
[INFO] [stderr]     Checking fugue-bytes v0.2.2
[INFO] [stderr]     Checking fugue-arch v0.2.4
[INFO] [stderr]     Checking serde_json v1.0.113
[INFO] [stderr]     Checking serde_urlencoded v0.5.5
[INFO] [stderr]     Checking serde-xml-any v0.0.3
[INFO] [stderr]     Checking toml v0.4.10
[INFO] [stderr]     Checking serde_any v0.5.0
[INFO] [stderr] error: failed to run custom build command for `flatcc v23.1.21`
[INFO] [stderr] note: To improve backtraces for build dependencies, set the CARGO_PROFILE_DEV_BUILD_OVERRIDE_DEBUG=true environment variable to enable debug information generation.
[INFO] [stderr] 
[INFO] [stderr] Caused by:
[INFO] [stderr]   process didn't exit successfully: `/opt/rustwide/target/debug/build/flatcc-63962bc8c87c701f/build-script-build` (exit status: 101)
[INFO] [stderr]   --- stdout
[INFO] [stderr]   CMAKE_TOOLCHAIN_FILE_x86_64-unknown-linux-gnu = None
[INFO] [stderr]   CMAKE_TOOLCHAIN_FILE_x86_64_unknown_linux_gnu = None
[INFO] [stderr]   HOST_CMAKE_TOOLCHAIN_FILE = None
[INFO] [stderr]   CMAKE_TOOLCHAIN_FILE = None
[INFO] [stderr]   CMAKE_GENERATOR_x86_64-unknown-linux-gnu = None
[INFO] [stderr]   CMAKE_GENERATOR_x86_64_unknown_linux_gnu = None
[INFO] [stderr]   HOST_CMAKE_GENERATOR = None
[INFO] [stderr]   CMAKE_GENERATOR = None
[INFO] [stderr]   CMAKE_PREFIX_PATH_x86_64-unknown-linux-gnu = None
[INFO] [stderr]   CMAKE_PREFIX_PATH_x86_64_unknown_linux_gnu = None
[INFO] [stderr]   HOST_CMAKE_PREFIX_PATH = None
[INFO] [stderr]   CMAKE_PREFIX_PATH = None
[INFO] [stderr]   CMAKE_x86_64-unknown-linux-gnu = None
[INFO] [stderr]   CMAKE_x86_64_unknown_linux_gnu = None
[INFO] [stderr]   HOST_CMAKE = None
[INFO] [stderr]   CMAKE = None
[INFO] [stderr]   running: cd "/opt/rustwide/target/debug/build/flatcc-a5399813a9941ebb/out/build" && CMAKE_PREFIX_PATH="" "cmake" "/opt/rustwide/cargo-home/registry/src/index.crates.io-6f17d22bba15001f/flatcc-23.1.21/flatbuffers" "-DCMAKE_INSTALL_PREFIX=/opt/rustwide/target/debug/build/flatcc-a5399813a9941ebb/out" "-DCMAKE_C_FLAGS= -ffunction-sections -fdata-sections -fPIC -m64" "-DCMAKE_C_COMPILER=/usr/bin/cc" "-DCMAKE_CXX_FLAGS= -ffunction-sections -fdata-sections -fPIC -m64" "-DCMAKE_CXX_COMPILER=/usr/bin/c++" "-DCMAKE_ASM_FLAGS= -ffunction-sections -fdata-sections -fPIC -m64" "-DCMAKE_ASM_COMPILER=/usr/bin/cc" "-DCMAKE_BUILD_TYPE=Debug"
[INFO] [stderr]   -- Proceeding with version: 23.1.21.0
[INFO] [stderr]   -- The CXX compiler identification is GNU 11.4.0
[INFO] [stderr]   -- Detecting CXX compiler ABI info
[INFO] [stderr]   -- Detecting CXX compiler ABI info - done
[INFO] [stderr]   -- Check for working CXX compiler: /usr/bin/c++ - skipped
[INFO] [stderr]   -- Detecting CXX compile features
[INFO] [stderr]   -- Detecting CXX compile features - done
[INFO] [stderr]   -- Looking for strtof_l
[INFO] [stderr]   -- Looking for strtof_l - found
[INFO] [stderr]   -- Looking for strtoull_l
[INFO] [stderr]   -- Looking for strtoull_l - found
[INFO] [stderr]   -- Looking for realpath
[INFO] [stderr]   -- Looking for realpath - found
[INFO] [stderr]   -- CMAKE_CXX_FLAGS:  -ffunction-sections -fdata-sections -fPIC -m64
[INFO] [stderr]   -- `tests/monster_test.fbs`: add generation of C++ code with '--no-includes;--gen-compare'
[INFO] [stderr]   -- `tests/monster_test.fbs`: add generation of binary (.bfbs) schema
[INFO] [stderr]   -- `tests/namespace_test/namespace_test1.fbs`: add generation of C++ code with '--no-includes;--gen-compare;--gen-name-strings'
[INFO] [stderr]   -- `tests/namespace_test/namespace_test2.fbs`: add generation of C++ code with '--no-includes;--gen-compare;--gen-name-strings'
[INFO] [stderr]   -- `tests/union_vector/union_vector.fbs`: add generation of C++ code with '--no-includes;--gen-compare;'
[INFO] [stderr]   -- `tests/optional_scalars.fbs`: add generation of C++ code with '--no-includes;--gen-compare'
[INFO] [stderr]   -- `tests/native_type_test.fbs`: add generation of C++ code with ''
[INFO] [stderr]   -- `tests/arrays_test.fbs`: add generation of C++ code with '--scoped-enums;--gen-compare'
[INFO] [stderr]   -- `tests/arrays_test.fbs`: add generation of binary (.bfbs) schema
[INFO] [stderr]   -- `tests/monster_test.fbs`: add generation of C++ embedded binary schema code with '--no-includes;--gen-compare'
[INFO] [stderr]   -- `tests/native_inline_table_test.fbs`: add generation of C++ code with '--no-includes;--gen-compare'
[INFO] [stderr]   -- `tests/alignment_test.fbs`: add generation of C++ code with '--no-includes;--gen-compare'
[INFO] [stderr]   -- `tests/key_field/key_field_sample.fbs`: add generation of C++ code with '--no-includes;--gen-compare'
[INFO] [stderr]   -- `tests/monster_extra.fbs`: add generation of C++ code with '--no-includes;--gen-compare'
[INFO] [stderr]   -- `samples/monster.fbs`: add generation of C++ code with '--no-includes;--gen-compare'
[INFO] [stderr]   -- `samples/monster.fbs`: add generation of binary (.bfbs) schema
[INFO] [stderr]   -- Configuring done
[INFO] [stderr]   -- Generating done
[INFO] [stderr]   -- Build files have been written to: /opt/rustwide/target/debug/build/flatcc-a5399813a9941ebb/out/build
[INFO] [stderr]   running: cd "/opt/rustwide/target/debug/build/flatcc-a5399813a9941ebb/out/build" && MAKEFLAGS="-j --jobserver-fds=7,8 --jobserver-auth=7,8" "cmake" "--build" "." "--target" "install" "--config" "Debug"
[INFO] [stderr]   [  1%] Building CXX object CMakeFiles/flatbuffers.dir/src/idl_parser.cpp.o
[INFO] [stderr]   [  2%] Building CXX object CMakeFiles/flatc.dir/src/idl_parser.cpp.o
[INFO] [stderr]   [  3%] Building CXX object CMakeFiles/flatc.dir/src/idl_gen_text.cpp.o
[INFO] [stderr]   [  4%] Building CXX object CMakeFiles/flatc.dir/src/reflection.cpp.o
[INFO] [stderr]   [  5%] Building CXX object CMakeFiles/flatc.dir/src/util.cpp.o
[INFO] [stderr]   [  6%] Building CXX object CMakeFiles/flatc.dir/src/idl_gen_cpp.cpp.o
[INFO] [stderr]   [  7%] Building CXX object CMakeFiles/flatc.dir/src/idl_gen_csharp.cpp.o
[INFO] [stderr]   [  8%] Building CXX object CMakeFiles/flatc.dir/src/idl_gen_dart.cpp.o
[INFO] [stderr]   [  9%] Building CXX object CMakeFiles/flathash.dir/src/flathash.cpp.o
[INFO] [stderr]   [ 10%] Building CXX object CMakeFiles/flatc.dir/src/idl_gen_kotlin.cpp.o
[INFO] [stderr]   [ 11%] Linking CXX executable flathash
[INFO] [stderr]   [ 11%] Built target flathash
[INFO] [stderr]   [ 12%] Building CXX object CMakeFiles/flatc.dir/src/idl_gen_go.cpp.o
[INFO] [stderr]   [ 13%] Building CXX object CMakeFiles/flatbuffers.dir/src/reflection.cpp.o
[INFO] [stderr]   [ 14%] Building CXX object CMakeFiles/flatbuffers.dir/src/idl_gen_text.cpp.o
[INFO] [stderr]   [ 15%] Building CXX object CMakeFiles/flatbuffers.dir/src/util.cpp.o
[INFO] [stderr]   [ 16%] Linking CXX static library libflatbuffers.a
[INFO] [stderr]   [ 16%] Built target flatbuffers
[INFO] [stderr] 
[INFO] [stderr]   --- stderr
[INFO] [stderr]   CMake Warning:
[INFO] [stderr]     Manually-specified variables were not used by the project:
[INFO] [stderr] 
[INFO] [stderr]       CMAKE_ASM_COMPILER
[INFO] [stderr]       CMAKE_ASM_FLAGS
[INFO] [stderr]       CMAKE_C_COMPILER
[INFO] [stderr]       CMAKE_C_FLAGS
[INFO] [stderr] 
[INFO] [stderr] 
[INFO] [stderr]   c++: fatal error: Killed signal terminated program cc1plus
[INFO] [stderr]   compilation terminated.
[INFO] [stderr]   gmake[2]: *** [CMakeFiles/flatc.dir/build.make:76: CMakeFiles/flatc.dir/src/idl_parser.cpp.o] Error 1
[INFO] [stderr]   gmake[2]: *** Waiting for unfinished jobs....
[INFO] [stderr]   gmake[1]: *** [CMakeFiles/Makefile2:122: CMakeFiles/flatc.dir/all] Error 2
[INFO] [stderr]   gmake[1]: *** Waiting for unfinished jobs....
[INFO] [stderr]   gmake: *** [Makefile:146: all] Error 2
[INFO] [stderr]   thread 'main' panicked at /opt/rustwide/cargo-home/registry/src/index.crates.io-6f17d22bba15001f/cmake-0.1.50/src/lib.rs:1098:5:
[INFO] [stderr] 
[INFO] [stderr]   command did not execute successfully, got: exit status: 2
[INFO] [stderr] 
[INFO] [stderr]   build script failed, must exit now
[INFO] [stderr]   stack backtrace:
[INFO] [stderr]      0:     0x56549be365e6 - std::backtrace_rs::backtrace::libunwind::trace::heebc7766b165eb2a
[INFO] [stderr]                                  at /rustc/268dbbbc4b3fd71c5f360a4d0728295252430b5b/library/std/src/../../backtrace/src/backtrace/libunwind.rs:104:5
[INFO] [stderr]      1:     0x56549be365e6 - std::backtrace_rs::backtrace::trace_unsynchronized::ha677020d8fc0296d
[INFO] [stderr]                                  at /rustc/268dbbbc4b3fd71c5f360a4d0728295252430b5b/library/std/src/../../backtrace/src/backtrace/mod.rs:66:5
[INFO] [stderr]      2:     0x56549be365e6 - std::sys_common::backtrace::_print_fmt::hcaff2fd86a1aeaa3
[INFO] [stderr]                                  at /rustc/268dbbbc4b3fd71c5f360a4d0728295252430b5b/library/std/src/sys_common/backtrace.rs:68:5
[INFO] [stderr]      3:     0x56549be365e6 - <std::sys_common::backtrace::_print::DisplayBacktrace as core::fmt::Display>::fmt::hc2446d8aa0059188
[INFO] [stderr]                                  at /rustc/268dbbbc4b3fd71c5f360a4d0728295252430b5b/library/std/src/sys_common/backtrace.rs:44:22
[INFO] [stderr]      4:     0x56549be5bc30 - core::fmt::rt::Argument::fmt::h2fbb6454da37999b
[INFO] [stderr]                                  at /rustc/268dbbbc4b3fd71c5f360a4d0728295252430b5b/library/core/src/fmt/rt.rs:142:9
[INFO] [stderr]      5:     0x56549be5bc30 - core::fmt::write::had96bdeda7d49d3a
[INFO] [stderr]                                  at /rustc/268dbbbc4b3fd71c5f360a4d0728295252430b5b/library/core/src/fmt/mod.rs:1120:17
[INFO] [stderr]      6:     0x56549be33abf - std::io::Write::write_fmt::h30b1f36eea05b391
[INFO] [stderr]                                  at /rustc/268dbbbc4b3fd71c5f360a4d0728295252430b5b/library/std/src/io/mod.rs:1849:15
[INFO] [stderr]      7:     0x56549be363c4 - std::sys_common::backtrace::_print::hc333bb91ae972137
[INFO] [stderr]                                  at /rustc/268dbbbc4b3fd71c5f360a4d0728295252430b5b/library/std/src/sys_common/backtrace.rs:47:5
[INFO] [stderr]      8:     0x56549be363c4 - std::sys_common::backtrace::print::h18fd3c71a95a3169
[INFO] [stderr]                                  at /rustc/268dbbbc4b3fd71c5f360a4d0728295252430b5b/library/std/src/sys_common/backtrace.rs:34:9
[INFO] [stderr]      9:     0x56549be37ca7 - std::panicking::default_hook::{{closure}}::ha3473f9bcb4e9a37
[INFO] [stderr]     10:     0x56549be37a09 - std::panicking::default_hook::h23d9d43185db6584
[INFO] [stderr]                                  at /rustc/268dbbbc4b3fd71c5f360a4d0728295252430b5b/library/std/src/panicking.rs:292:9
[INFO] [stderr]     11:     0x56549be38138 - std::panicking::rust_panic_with_hook::h94aceaa7df3a6edd
[INFO] [stderr]                                  at /rustc/268dbbbc4b3fd71c5f360a4d0728295252430b5b/library/std/src/panicking.rs:781:13
[INFO] [stderr]     12:     0x56549be38012 - std::panicking::begin_panic_handler::{{closure}}::h9905d45d1d82fc42
[INFO] [stderr]                                  at /rustc/268dbbbc4b3fd71c5f360a4d0728295252430b5b/library/std/src/panicking.rs:659:13
[INFO] [stderr]     13:     0x56549be36ae6 - std::sys_common::backtrace::__rust_end_short_backtrace::hb02085545dc143b9
[INFO] [stderr]                                  at /rustc/268dbbbc4b3fd71c5f360a4d0728295252430b5b/library/std/src/sys_common/backtrace.rs:171:18
[INFO] [stderr]     14:     0x56549be37d64 - rust_begin_unwind
[INFO] [stderr]                                  at /rustc/268dbbbc4b3fd71c5f360a4d0728295252430b5b/library/std/src/panicking.rs:647:5
[INFO] [stderr]     15:     0x56549bdb7635 - core::panicking::panic_fmt::h6dca3983f8a9f4d0
[INFO] [stderr]                                  at /rustc/268dbbbc4b3fd71c5f360a4d0728295252430b5b/library/core/src/panicking.rs:72:14
[INFO] [stderr]     16:     0x56549bdc6c31 - cmake::fail::h94303d574a0251f6
[INFO] [stderr]     17:     0x56549bdc63c7 - cmake::run::h5dfb4e15088e029e
[INFO] [stderr]     18:     0x56549bdc2c35 - cmake::Config::build::h47501cf3832afd84
[INFO] [stderr]     19:     0x56549bdb865f - cmake::build::h08a528652242a485
[INFO] [stderr]     20:     0x56549bdb9478 - build_script_build::main::hbb4e4458c03d5ea2
[INFO] [stderr]     21:     0x56549bdb8023 - core::ops::function::FnOnce::call_once::h64eba29f841e0a80
[INFO] [stderr]     22:     0x56549bdb7e36 - std::sys_common::backtrace::__rust_begin_short_backtrace::h2ae359926c5dbce2
[INFO] [stderr]     23:     0x56549bdb7f49 - std::rt::lang_start::{{closure}}::h0c0486c95548208e
[INFO] [stderr]     24:     0x56549be2f671 - core::ops::function::impls::<impl core::ops::function::FnOnce<A> for &F>::call_once::h298d8ff12ebcec8c
[INFO] [stderr]                                  at /rustc/268dbbbc4b3fd71c5f360a4d0728295252430b5b/library/core/src/ops/function.rs:284:13
[INFO] [stderr]     25:     0x56549be2f671 - std::panicking::try::do_call::hbd0ffb05da5bd343
[INFO] [stderr]                                  at /rustc/268dbbbc4b3fd71c5f360a4d0728295252430b5b/library/std/src/panicking.rs:554:40
[INFO] [stderr]     26:     0x56549be2f671 - std::panicking::try::h11c9a152defd5d2a
[INFO] [stderr]                                  at /rustc/268dbbbc4b3fd71c5f360a4d0728295252430b5b/library/std/src/panicking.rs:518:19
[INFO] [stderr]     27:     0x56549be2f671 - std::panic::catch_unwind::h0d6db2fa902b4d64
[INFO] [stderr]                                  at /rustc/268dbbbc4b3fd71c5f360a4d0728295252430b5b/library/std/src/panic.rs:142:14
[INFO] [stderr]     28:     0x56549be2f671 - std::rt::lang_start_internal::{{closure}}::hdcc09b4aad7ef821
[INFO] [stderr]                                  at /rustc/268dbbbc4b3fd71c5f360a4d0728295252430b5b/library/std/src/rt.rs:148:48
[INFO] [stderr]     29:     0x56549be2f671 - std::panicking::try::do_call::h3ffd2f162d60900f
[INFO] [stderr]                                  at /rustc/268dbbbc4b3fd71c5f360a4d0728295252430b5b/library/std/src/panicking.rs:554:40
[INFO] [stderr]     30:     0x56549be2f671 - std::panicking::try::heeba82b9c3e190fb
[INFO] [stderr]                                  at /rustc/268dbbbc4b3fd71c5f360a4d0728295252430b5b/library/std/src/panicking.rs:518:19
[INFO] [stderr]     31:     0x56549be2f671 - std::panic::catch_unwind::hdaab8f1c188f387f
[INFO] [stderr]                                  at /rustc/268dbbbc4b3fd71c5f360a4d0728295252430b5b/library/std/src/panic.rs:142:14
[INFO] [stderr]     32:     0x56549be2f671 - std::rt::lang_start_internal::h9989e088c48b7903
[INFO] [stderr]                                  at /rustc/268dbbbc4b3fd71c5f360a4d0728295252430b5b/library/std/src/rt.rs:148:20
[INFO] [stderr]     33:     0x56549bdb7f27 - std::rt::lang_start::h7afcf8ae05ea4ea8
[INFO] [stderr]     34:     0x56549bdb94a5 - main
[INFO] [stderr]     35:     0x7f30cdbccd90 - <unknown>
[INFO] [stderr]     36:     0x7f30cdbcce40 - __libc_start_main
[INFO] [stderr]     37:     0x56549bdb7d65 - _start
[INFO] [stderr]     38:                0x0 - <unknown>
[INFO] [stderr] warning: build failed, waiting for other jobs to finish...
[INFO] running `Command { std: "docker" "inspect" "5b573ea1027df5c9d274d186f75a37b349aa29be0d194449c41421b608fb3181", kill_on_drop: false }`
[INFO] running `Command { std: "docker" "rm" "-f" "5b573ea1027df5c9d274d186f75a37b349aa29be0d194449c41421b608fb3181", kill_on_drop: false }`
[INFO] [stdout] 5b573ea1027df5c9d274d186f75a37b349aa29be0d194449c41421b608fb3181
