[INFO] fetching crate mequeue 0.0.1...
[INFO] checking mequeue-0.0.1 against nightly-2024-02-05 for check-cfg
[INFO] extracting crate mequeue 0.0.1 into /workspace/builds/worker-2-tc1/source
[INFO] validating manifest of crates.io crate mequeue 0.0.1 on toolchain nightly-2024-02-05
[INFO] running `Command { std: CARGO_HOME="/workspace/cargo-home" RUSTUP_HOME="/workspace/rustup-home" "/workspace/cargo-home/bin/cargo" "+nightly-2024-02-05" "metadata" "--manifest-path" "Cargo.toml" "--no-deps", kill_on_drop: false }`
[INFO] started tweaking crates.io crate mequeue 0.0.1
[INFO] finished tweaking crates.io crate mequeue 0.0.1
[INFO] tweaked toml for crates.io crate mequeue 0.0.1 written to /workspace/builds/worker-2-tc1/source/Cargo.toml
[INFO] running `Command { std: CARGO_HOME="/workspace/cargo-home" RUSTUP_HOME="/workspace/rustup-home" "/workspace/cargo-home/bin/cargo" "+nightly-2024-02-05" "generate-lockfile" "--manifest-path" "Cargo.toml", kill_on_drop: false }`
[INFO] [stderr]     Updating crates.io index
[INFO] running `Command { std: CARGO_HOME="/workspace/cargo-home" RUSTUP_HOME="/workspace/rustup-home" "/workspace/cargo-home/bin/cargo" "+nightly-2024-02-05" "fetch" "--manifest-path" "Cargo.toml", kill_on_drop: false }`
[INFO] running `Command { std: "docker" "create" "-v" "/var/lib/crater-agent-workspace/builds/worker-2-tc1/target:/opt/rustwide/target:rw,Z" "-v" "/var/lib/crater-agent-workspace/builds/worker-2-tc1/source:/opt/rustwide/workdir:ro,Z" "-v" "/var/lib/crater-agent-workspace/cargo-home:/opt/rustwide/cargo-home:ro,Z" "-v" "/var/lib/crater-agent-workspace/rustup-home:/opt/rustwide/rustup-home:ro,Z" "-e" "SOURCE_DIR=/opt/rustwide/workdir" "-e" "CARGO_TARGET_DIR=/opt/rustwide/target" "-e" "CARGO_HOME=/opt/rustwide/cargo-home" "-e" "RUSTUP_HOME=/opt/rustwide/rustup-home" "-w" "/opt/rustwide/workdir" "-m" "1610612736" "--user" "0:0" "--network" "none" "ghcr.io/rust-lang/crates-build-env/linux@sha256:2788e3201cd34a07e3172128adcd8b3090168a8e3bcc40d7c032b9dda1df7d1c" "/opt/rustwide/cargo-home/bin/cargo" "+nightly-2024-02-05" "metadata" "--no-deps" "--format-version=1", kill_on_drop: false }`
[INFO] [stdout] 9a6c2e7d7cf387d1a241dbe077575bdd4dd0bb27d2ad7eae3f5a53c18ec75f1d
[INFO] running `Command { std: "docker" "start" "-a" "9a6c2e7d7cf387d1a241dbe077575bdd4dd0bb27d2ad7eae3f5a53c18ec75f1d", kill_on_drop: false }`
[INFO] running `Command { std: "docker" "inspect" "9a6c2e7d7cf387d1a241dbe077575bdd4dd0bb27d2ad7eae3f5a53c18ec75f1d", kill_on_drop: false }`
[INFO] running `Command { std: "docker" "rm" "-f" "9a6c2e7d7cf387d1a241dbe077575bdd4dd0bb27d2ad7eae3f5a53c18ec75f1d", kill_on_drop: false }`
[INFO] [stdout] 9a6c2e7d7cf387d1a241dbe077575bdd4dd0bb27d2ad7eae3f5a53c18ec75f1d
[INFO] running `Command { std: "docker" "create" "-v" "/var/lib/crater-agent-workspace/builds/worker-2-tc1/target:/opt/rustwide/target:rw,Z" "-v" "/var/lib/crater-agent-workspace/builds/worker-2-tc1/source:/opt/rustwide/workdir:ro,Z" "-v" "/var/lib/crater-agent-workspace/cargo-home:/opt/rustwide/cargo-home:ro,Z" "-v" "/var/lib/crater-agent-workspace/rustup-home:/opt/rustwide/rustup-home:ro,Z" "-e" "SOURCE_DIR=/opt/rustwide/workdir" "-e" "CARGO_TARGET_DIR=/opt/rustwide/target" "-e" "CARGO_INCREMENTAL=0" "-e" "RUST_BACKTRACE=full" "-e" "RUSTFLAGS=--cap-lints=forbid" "-e" "RUSTDOCFLAGS=--cap-lints=forbid" "-e" "CARGO_HOME=/opt/rustwide/cargo-home" "-e" "RUSTUP_HOME=/opt/rustwide/rustup-home" "-w" "/opt/rustwide/workdir" "-m" "1610612736" "--user" "0:0" "--network" "none" "ghcr.io/rust-lang/crates-build-env/linux@sha256:2788e3201cd34a07e3172128adcd8b3090168a8e3bcc40d7c032b9dda1df7d1c" "/opt/rustwide/cargo-home/bin/cargo" "+nightly-2024-02-05" "check" "--frozen" "--all" "--all-targets" "--message-format=json", kill_on_drop: false }`
[INFO] [stdout] c30379199034f637caf4f675cf306ced7375b1f13691b9d1f1ff88523091f4be
[INFO] running `Command { std: "docker" "start" "-a" "c30379199034f637caf4f675cf306ced7375b1f13691b9d1f1ff88523091f4be", kill_on_drop: false }`
[INFO] [stderr]    Compiling libc v0.2.153
[INFO] [stderr]    Compiling crossbeam-utils v0.8.19
[INFO] [stderr]     Checking event-listener v2.5.3
[INFO] [stderr]    Compiling syn v2.0.48
[INFO] [stderr]     Checking tokio v1.36.0
[INFO] [stderr]     Checking concurrent-queue v2.4.0
[INFO] [stderr]     Checking async-channel v1.9.0
[INFO] [stderr]     Checking parking_lot_core v0.9.9
[INFO] [stderr]     Checking parking_lot v0.12.1
[INFO] [stderr]    Compiling async-trait v0.1.77
[INFO] [stderr]     Checking mequeue v0.0.1 (/opt/rustwide/workdir)
[INFO] [stdout] error[E0432]: unresolved import `tokio::time`
[INFO] [stdout]  --> check.rs:5:12
[INFO] [stdout]   |
[INFO] [stdout] 5 | use tokio::time::sleep;
[INFO] [stdout]   |            ^^^^ could not find `time` in `tokio`
[INFO] [stdout] 
[INFO] [stdout] 
[INFO] [stdout] error[E0433]: failed to resolve: could not find `test` in `tokio`
[INFO] [stdout]   --> check.rs:39:10
[INFO] [stdout]    |
[INFO] [stdout] 39 | #[tokio::test]
[INFO] [stdout]    |          ^^^^ could not find `test` in `tokio`
[INFO] [stdout] 
[INFO] [stdout] 
[INFO] [stdout] error: aborting due to 2 previous errors
[INFO] [stdout] 
[INFO] [stdout] 
[INFO] [stdout] Some errors have detailed explanations: E0432, E0433.
[INFO] [stdout] 
[INFO] [stdout] For more information about an error, try `rustc --explain E0432`.
[INFO] [stdout] 
[INFO] [stderr] error: could not compile `mequeue` (lib test) due to 3 previous errors
[INFO] [stderr] warning: build failed, waiting for other jobs to finish...
[INFO] running `Command { std: "docker" "inspect" "c30379199034f637caf4f675cf306ced7375b1f13691b9d1f1ff88523091f4be", kill_on_drop: false }`
[INFO] running `Command { std: "docker" "rm" "-f" "c30379199034f637caf4f675cf306ced7375b1f13691b9d1f1ff88523091f4be", kill_on_drop: false }`
[INFO] [stdout] c30379199034f637caf4f675cf306ced7375b1f13691b9d1f1ff88523091f4be
[INFO] checking mequeue-0.0.1 against nightly-2024-02-05+rustflags=-Dunexpected_cfgs+cargoflags=-Zcheck-cfg for check-cfg
[INFO] extracting crate mequeue 0.0.1 into /workspace/builds/worker-2-tc2/source
[INFO] validating manifest of crates.io crate mequeue 0.0.1 on toolchain nightly-2024-02-05
[INFO] running `Command { std: CARGO_HOME="/workspace/cargo-home" RUSTUP_HOME="/workspace/rustup-home" "/workspace/cargo-home/bin/cargo" "+nightly-2024-02-05" "metadata" "--manifest-path" "Cargo.toml" "--no-deps", kill_on_drop: false }`
[INFO] started tweaking crates.io crate mequeue 0.0.1
[INFO] finished tweaking crates.io crate mequeue 0.0.1
[INFO] tweaked toml for crates.io crate mequeue 0.0.1 written to /workspace/builds/worker-2-tc2/source/Cargo.toml
[INFO] running `Command { std: CARGO_HOME="/workspace/cargo-home" RUSTUP_HOME="/workspace/rustup-home" "/workspace/cargo-home/bin/cargo" "+nightly-2024-02-05" "generate-lockfile" "--manifest-path" "Cargo.toml", kill_on_drop: false }`
[INFO] [stderr]     Updating crates.io index
[INFO] running `Command { std: CARGO_HOME="/workspace/cargo-home" RUSTUP_HOME="/workspace/rustup-home" "/workspace/cargo-home/bin/cargo" "+nightly-2024-02-05" "fetch" "--manifest-path" "Cargo.toml", kill_on_drop: false }`
[INFO] running `Command { std: "docker" "create" "-v" "/var/lib/crater-agent-workspace/builds/worker-2-tc2/target:/opt/rustwide/target:rw,Z" "-v" "/var/lib/crater-agent-workspace/builds/worker-2-tc2/source:/opt/rustwide/workdir:ro,Z" "-v" "/var/lib/crater-agent-workspace/cargo-home:/opt/rustwide/cargo-home:ro,Z" "-v" "/var/lib/crater-agent-workspace/rustup-home:/opt/rustwide/rustup-home:ro,Z" "-e" "SOURCE_DIR=/opt/rustwide/workdir" "-e" "CARGO_TARGET_DIR=/opt/rustwide/target" "-e" "CARGO_HOME=/opt/rustwide/cargo-home" "-e" "RUSTUP_HOME=/opt/rustwide/rustup-home" "-w" "/opt/rustwide/workdir" "-m" "1610612736" "--user" "0:0" "--network" "none" "ghcr.io/rust-lang/crates-build-env/linux@sha256:2788e3201cd34a07e3172128adcd8b3090168a8e3bcc40d7c032b9dda1df7d1c" "/opt/rustwide/cargo-home/bin/cargo" "+nightly-2024-02-05" "metadata" "--no-deps" "--format-version=1", kill_on_drop: false }`
[INFO] [stdout] d8701a9ae53dfdcda36e49e6397785132306b3a466632633cb0a056fe9ca1c51
[INFO] running `Command { std: "docker" "start" "-a" "d8701a9ae53dfdcda36e49e6397785132306b3a466632633cb0a056fe9ca1c51", kill_on_drop: false }`
[INFO] running `Command { std: "docker" "inspect" "d8701a9ae53dfdcda36e49e6397785132306b3a466632633cb0a056fe9ca1c51", kill_on_drop: false }`
[INFO] running `Command { std: "docker" "rm" "-f" "d8701a9ae53dfdcda36e49e6397785132306b3a466632633cb0a056fe9ca1c51", kill_on_drop: false }`
[INFO] [stdout] d8701a9ae53dfdcda36e49e6397785132306b3a466632633cb0a056fe9ca1c51
[INFO] running `Command { std: "docker" "create" "-v" "/var/lib/crater-agent-workspace/builds/worker-2-tc2/target:/opt/rustwide/target:rw,Z" "-v" "/var/lib/crater-agent-workspace/builds/worker-2-tc2/source:/opt/rustwide/workdir:ro,Z" "-v" "/var/lib/crater-agent-workspace/cargo-home:/opt/rustwide/cargo-home:ro,Z" "-v" "/var/lib/crater-agent-workspace/rustup-home:/opt/rustwide/rustup-home:ro,Z" "-e" "SOURCE_DIR=/opt/rustwide/workdir" "-e" "CARGO_TARGET_DIR=/opt/rustwide/target" "-e" "CARGO_INCREMENTAL=0" "-e" "RUST_BACKTRACE=full" "-e" "RUSTFLAGS=--cap-lints=forbid -Dunexpected_cfgs" "-e" "RUSTDOCFLAGS=--cap-lints=forbid" "-e" "CARGO_HOME=/opt/rustwide/cargo-home" "-e" "RUSTUP_HOME=/opt/rustwide/rustup-home" "-w" "/opt/rustwide/workdir" "-m" "1610612736" "--user" "0:0" "--network" "none" "ghcr.io/rust-lang/crates-build-env/linux@sha256:2788e3201cd34a07e3172128adcd8b3090168a8e3bcc40d7c032b9dda1df7d1c" "/opt/rustwide/cargo-home/bin/cargo" "+nightly-2024-02-05" "check" "--frozen" "--all" "--all-targets" "--message-format=json" "-Zcheck-cfg", kill_on_drop: false }`
[INFO] [stdout] 6027a9119785372e155018842b4967f904d8e12f5b145a80831583b47759a71f
[INFO] running `Command { std: "docker" "start" "-a" "6027a9119785372e155018842b4967f904d8e12f5b145a80831583b47759a71f", kill_on_drop: false }`
[INFO] [stderr]    Compiling libc v0.2.153
[INFO] [stderr]    Compiling crossbeam-utils v0.8.19
[INFO] [stderr]     Checking event-listener v2.5.3
[INFO] [stderr]    Compiling syn v2.0.48
[INFO] [stderr]     Checking tokio v1.36.0
[INFO] [stderr]     Checking concurrent-queue v2.4.0
[INFO] [stderr]     Checking async-channel v1.9.0
[INFO] [stderr]     Checking parking_lot_core v0.9.9
[INFO] [stderr]     Checking parking_lot v0.12.1
[INFO] [stderr]    Compiling async-trait v0.1.77
[INFO] [stderr]     Checking mequeue v0.0.1 (/opt/rustwide/workdir)
[INFO] [stdout] error[E0432]: unresolved import `tokio::time`
[INFO] [stdout]  --> check.rs:5:12
[INFO] [stdout]   |
[INFO] [stdout] 5 | use tokio::time::sleep;
[INFO] [stdout]   |            ^^^^ could not find `time` in `tokio`
[INFO] [stdout] 
[INFO] [stdout] 
[INFO] [stdout] error[E0433]: failed to resolve: could not find `test` in `tokio`
[INFO] [stdout]   --> check.rs:39:10
[INFO] [stdout]    |
[INFO] [stdout] 39 | #[tokio::test]
[INFO] [stdout]    |          ^^^^ could not find `test` in `tokio`
[INFO] [stdout] 
[INFO] [stdout] 
[INFO] [stdout] error: aborting due to 2 previous errors
[INFO] [stdout] 
[INFO] [stdout] 
[INFO] [stdout] Some errors have detailed explanations: E0432, E0433.
[INFO] [stdout] 
[INFO] [stdout] For more information about an error, try `rustc --explain E0432`.
[INFO] [stdout] 
[INFO] [stderr] error: could not compile `mequeue` (lib test) due to 3 previous errors
[INFO] [stderr] warning: build failed, waiting for other jobs to finish...
[INFO] running `Command { std: "docker" "inspect" "6027a9119785372e155018842b4967f904d8e12f5b145a80831583b47759a71f", kill_on_drop: false }`
[INFO] running `Command { std: "docker" "rm" "-f" "6027a9119785372e155018842b4967f904d8e12f5b145a80831583b47759a71f", kill_on_drop: false }`
[INFO] [stdout] 6027a9119785372e155018842b4967f904d8e12f5b145a80831583b47759a71f
