[INFO] fetching crate mech-system 0.1.0...
[INFO] checking mech-system-0.1.0 against nightly-2024-02-05 for check-cfg
[INFO] extracting crate mech-system 0.1.0 into /workspace/builds/worker-0-tc1/source
[INFO] validating manifest of crates.io crate mech-system 0.1.0 on toolchain nightly-2024-02-05
[INFO] running `Command { std: CARGO_HOME="/workspace/cargo-home" RUSTUP_HOME="/workspace/rustup-home" "/workspace/cargo-home/bin/cargo" "+nightly-2024-02-05" "metadata" "--manifest-path" "Cargo.toml" "--no-deps", kill_on_drop: false }`
[INFO] started tweaking crates.io crate mech-system 0.1.0
[INFO] finished tweaking crates.io crate mech-system 0.1.0
[INFO] tweaked toml for crates.io crate mech-system 0.1.0 written to /workspace/builds/worker-0-tc1/source/Cargo.toml
[INFO] running `Command { std: CARGO_HOME="/workspace/cargo-home" RUSTUP_HOME="/workspace/rustup-home" "/workspace/cargo-home/bin/cargo" "+nightly-2024-02-05" "generate-lockfile" "--manifest-path" "Cargo.toml", kill_on_drop: false }`
[INFO] [stderr]     Updating crates.io index
[INFO] running `Command { std: CARGO_HOME="/workspace/cargo-home" RUSTUP_HOME="/workspace/rustup-home" "/workspace/cargo-home/bin/cargo" "+nightly-2024-02-05" "fetch" "--manifest-path" "Cargo.toml", kill_on_drop: false }`
[INFO] [stderr]  Downloading crates ...
[INFO] [stderr]   Downloaded mech-core v0.1.0
[INFO] [stderr]   Downloaded mech-utilities v0.1.0
[INFO] [stderr]   Downloaded websocket-base v0.26.5
[INFO] [stderr]   Downloaded websocket v0.26.5
[INFO] running `Command { std: "docker" "create" "-v" "/var/lib/crater-agent-workspace/builds/worker-0-tc1/target:/opt/rustwide/target:rw,Z" "-v" "/var/lib/crater-agent-workspace/builds/worker-0-tc1/source:/opt/rustwide/workdir:ro,Z" "-v" "/var/lib/crater-agent-workspace/cargo-home:/opt/rustwide/cargo-home:ro,Z" "-v" "/var/lib/crater-agent-workspace/rustup-home:/opt/rustwide/rustup-home:ro,Z" "-e" "SOURCE_DIR=/opt/rustwide/workdir" "-e" "CARGO_TARGET_DIR=/opt/rustwide/target" "-e" "CARGO_HOME=/opt/rustwide/cargo-home" "-e" "RUSTUP_HOME=/opt/rustwide/rustup-home" "-w" "/opt/rustwide/workdir" "-m" "1610612736" "--user" "0:0" "--network" "none" "ghcr.io/rust-lang/crates-build-env/linux@sha256:2788e3201cd34a07e3172128adcd8b3090168a8e3bcc40d7c032b9dda1df7d1c" "/opt/rustwide/cargo-home/bin/cargo" "+nightly-2024-02-05" "metadata" "--no-deps" "--format-version=1", kill_on_drop: false }`
[INFO] [stdout] d97130048e5a5bf414b0547479719f8bc8cc432f37b524145f611fc539dffd86
[INFO] running `Command { std: "docker" "start" "-a" "d97130048e5a5bf414b0547479719f8bc8cc432f37b524145f611fc539dffd86", kill_on_drop: false }`
[INFO] running `Command { std: "docker" "inspect" "d97130048e5a5bf414b0547479719f8bc8cc432f37b524145f611fc539dffd86", kill_on_drop: false }`
[INFO] running `Command { std: "docker" "rm" "-f" "d97130048e5a5bf414b0547479719f8bc8cc432f37b524145f611fc539dffd86", kill_on_drop: false }`
[INFO] [stdout] d97130048e5a5bf414b0547479719f8bc8cc432f37b524145f611fc539dffd86
[INFO] running `Command { std: "docker" "create" "-v" "/var/lib/crater-agent-workspace/builds/worker-0-tc1/target:/opt/rustwide/target:rw,Z" "-v" "/var/lib/crater-agent-workspace/builds/worker-0-tc1/source:/opt/rustwide/workdir:ro,Z" "-v" "/var/lib/crater-agent-workspace/cargo-home:/opt/rustwide/cargo-home:ro,Z" "-v" "/var/lib/crater-agent-workspace/rustup-home:/opt/rustwide/rustup-home:ro,Z" "-e" "SOURCE_DIR=/opt/rustwide/workdir" "-e" "CARGO_TARGET_DIR=/opt/rustwide/target" "-e" "CARGO_INCREMENTAL=0" "-e" "RUST_BACKTRACE=full" "-e" "RUSTFLAGS=--cap-lints=forbid" "-e" "RUSTDOCFLAGS=--cap-lints=forbid" "-e" "CARGO_HOME=/opt/rustwide/cargo-home" "-e" "RUSTUP_HOME=/opt/rustwide/rustup-home" "-w" "/opt/rustwide/workdir" "-m" "1610612736" "--user" "0:0" "--network" "none" "ghcr.io/rust-lang/crates-build-env/linux@sha256:2788e3201cd34a07e3172128adcd8b3090168a8e3bcc40d7c032b9dda1df7d1c" "/opt/rustwide/cargo-home/bin/cargo" "+nightly-2024-02-05" "check" "--frozen" "--all" "--all-targets" "--message-format=json", kill_on_drop: false }`
[INFO] [stdout] dae347fc2e3713fbd217976e5c527a35b2350becbcef5b56e9aa46d1a6318f5c
[INFO] running `Command { std: "docker" "start" "-a" "dae347fc2e3713fbd217976e5c527a35b2350becbcef5b56e9aa46d1a6318f5c", kill_on_drop: false }`
[INFO] [stderr]     Checking rand_core v0.4.2
[INFO] [stderr]     Checking byte-tools v0.3.1
[INFO] [stderr]    Compiling version_check v0.1.5
[INFO] [stderr]    Compiling libm v0.2.8
[INFO] [stderr]     Checking log v0.3.9
[INFO] [stderr]    Compiling indexmap v1.9.3
[INFO] [stderr]    Compiling num-traits v0.2.17
[INFO] [stderr]    Compiling rand_pcg v0.1.2
[INFO] [stderr]    Compiling rand_chacha v0.1.1
[INFO] [stderr]    Compiling rand v0.6.5
[INFO] [stderr]     Checking fake-simd v0.1.2
[INFO] [stderr]     Checking generic-array v0.12.4
[INFO] [stderr]     Checking idna v0.1.5
[INFO] [stderr]     Checking opaque-debug v0.2.3
[INFO] [stderr]    Compiling serde v1.0.196
[INFO] [stderr]     Checking safemem v0.3.3
[INFO] [stderr]     Checking block-padding v0.1.5
[INFO] [stderr]     Checking once_cell v1.19.0
[INFO] [stderr]     Checking percent-encoding v1.0.1
[INFO] [stderr]     Checking num_cpus v1.16.0
[INFO] [stderr]     Checking time v0.1.45
[INFO] [stderr]     Checking base64 v0.10.1
[INFO] [stderr]     Checking base64 v0.9.3
[INFO] [stderr]     Checking language-tags v0.2.2
[INFO] [stderr]     Checking mime v0.2.6
[INFO] [stderr]     Checking rand_core v0.3.1
[INFO] [stderr]     Checking rand_os v0.1.3
[INFO] [stderr]     Checking rand_hc v0.1.0
[INFO] [stderr]     Checking rand_xorshift v0.1.1
[INFO] [stderr]     Checking rand_isaac v0.1.1
[INFO] [stderr]     Checking block-buffer v0.7.3
[INFO] [stderr]     Checking digest v0.8.1
[INFO] [stderr]     Checking rand_jitter v0.1.4
[INFO] [stderr]    Compiling unicase v1.4.2
[INFO] [stderr]     Checking ahash v0.8.7
[INFO] [stderr]     Checking traitobject v0.1.0
[INFO] [stderr]     Checking typeable v0.1.2
[INFO] [stderr]     Checking seahash v4.1.0
[INFO] [stderr]     Checking sha-1 v0.8.2
[INFO] [stderr]     Checking url v1.7.2
[INFO] [stderr]     Checking hashbrown v0.13.2
[INFO] [stderr]     Checking hyper v0.10.16
[INFO] [stderr]     Checking websocket-base v0.26.5
[INFO] [stderr]     Checking websocket v0.26.5
[INFO] [stderr]     Checking mech-core v0.1.0
[INFO] [stdout] error[E0635]: unknown feature `drain_filter`
[INFO] [stdout]  --> /opt/rustwide/cargo-home/registry/src/index.crates.io-6f17d22bba15001f/mech-core-0.1.0/src/lib.rs:5:12
[INFO] [stdout]   |
[INFO] [stdout] 5 | #![feature(drain_filter)]
[INFO] [stdout]   |            ^^^^^^^^^^^^
[INFO] [stdout] 
[INFO] [stdout] 
[INFO] [stdout] error[E0599]: no method named `drain_filter` found for struct `Vec<std::rc::Rc<std::cell::RefCell<block::Block>>>` in the current scope
[INFO] [stdout]   --> /opt/rustwide/cargo-home/registry/src/index.crates.io-6f17d22bba15001f/mech-core-0.1.0/src/schedule.rs:41:63
[INFO] [stdout]    |
[INFO] [stdout] 41 |     let ready_blocks: Vec<BlockRef> = self.unscheduled_blocks.drain_filter(|b| b.borrow().state == BlockState::Ready).collect();
[INFO] [stdout]    |                                                               ^^^^^^^^^^^^ method not found in `Vec<Rc<RefCell<Block>>>`
[INFO] [stdout] 
[INFO] [stdout] 
[INFO] [stdout] error: aborting due to 2 previous errors
[INFO] [stdout] 
[INFO] [stdout] 
[INFO] [stdout] Some errors have detailed explanations: E0599, E0635.
[INFO] [stdout] 
[INFO] [stdout] For more information about an error, try `rustc --explain E0599`.
[INFO] [stdout] 
[INFO] [stderr] error: could not compile `mech-core` (lib) due to 3 previous errors
[INFO] running `Command { std: "docker" "inspect" "dae347fc2e3713fbd217976e5c527a35b2350becbcef5b56e9aa46d1a6318f5c", kill_on_drop: false }`
[INFO] running `Command { std: "docker" "rm" "-f" "dae347fc2e3713fbd217976e5c527a35b2350becbcef5b56e9aa46d1a6318f5c", kill_on_drop: false }`
[INFO] [stdout] dae347fc2e3713fbd217976e5c527a35b2350becbcef5b56e9aa46d1a6318f5c
[INFO] checking mech-system-0.1.0 against nightly-2024-02-05+rustflags=-Dunexpected_cfgs+cargoflags=-Zcheck-cfg for check-cfg
[INFO] extracting crate mech-system 0.1.0 into /workspace/builds/worker-0-tc2/source
[INFO] validating manifest of crates.io crate mech-system 0.1.0 on toolchain nightly-2024-02-05
[INFO] running `Command { std: CARGO_HOME="/workspace/cargo-home" RUSTUP_HOME="/workspace/rustup-home" "/workspace/cargo-home/bin/cargo" "+nightly-2024-02-05" "metadata" "--manifest-path" "Cargo.toml" "--no-deps", kill_on_drop: false }`
[INFO] started tweaking crates.io crate mech-system 0.1.0
[INFO] finished tweaking crates.io crate mech-system 0.1.0
[INFO] tweaked toml for crates.io crate mech-system 0.1.0 written to /workspace/builds/worker-0-tc2/source/Cargo.toml
[INFO] running `Command { std: CARGO_HOME="/workspace/cargo-home" RUSTUP_HOME="/workspace/rustup-home" "/workspace/cargo-home/bin/cargo" "+nightly-2024-02-05" "generate-lockfile" "--manifest-path" "Cargo.toml", kill_on_drop: false }`
[INFO] [stderr]     Blocking waiting for file lock on package cache
[INFO] [stderr]     Updating crates.io index
[INFO] running `Command { std: CARGO_HOME="/workspace/cargo-home" RUSTUP_HOME="/workspace/rustup-home" "/workspace/cargo-home/bin/cargo" "+nightly-2024-02-05" "fetch" "--manifest-path" "Cargo.toml", kill_on_drop: false }`
[INFO] running `Command { std: "docker" "create" "-v" "/var/lib/crater-agent-workspace/builds/worker-0-tc2/target:/opt/rustwide/target:rw,Z" "-v" "/var/lib/crater-agent-workspace/builds/worker-0-tc2/source:/opt/rustwide/workdir:ro,Z" "-v" "/var/lib/crater-agent-workspace/cargo-home:/opt/rustwide/cargo-home:ro,Z" "-v" "/var/lib/crater-agent-workspace/rustup-home:/opt/rustwide/rustup-home:ro,Z" "-e" "SOURCE_DIR=/opt/rustwide/workdir" "-e" "CARGO_TARGET_DIR=/opt/rustwide/target" "-e" "CARGO_HOME=/opt/rustwide/cargo-home" "-e" "RUSTUP_HOME=/opt/rustwide/rustup-home" "-w" "/opt/rustwide/workdir" "-m" "1610612736" "--user" "0:0" "--network" "none" "ghcr.io/rust-lang/crates-build-env/linux@sha256:2788e3201cd34a07e3172128adcd8b3090168a8e3bcc40d7c032b9dda1df7d1c" "/opt/rustwide/cargo-home/bin/cargo" "+nightly-2024-02-05" "metadata" "--no-deps" "--format-version=1", kill_on_drop: false }`
[INFO] [stdout] 07f017fccda1c0ef0464b9fc97d218a6150c5b850f60dbfce8b96d4c955ec48e
[INFO] running `Command { std: "docker" "start" "-a" "07f017fccda1c0ef0464b9fc97d218a6150c5b850f60dbfce8b96d4c955ec48e", kill_on_drop: false }`
[INFO] running `Command { std: "docker" "inspect" "07f017fccda1c0ef0464b9fc97d218a6150c5b850f60dbfce8b96d4c955ec48e", kill_on_drop: false }`
[INFO] running `Command { std: "docker" "rm" "-f" "07f017fccda1c0ef0464b9fc97d218a6150c5b850f60dbfce8b96d4c955ec48e", kill_on_drop: false }`
[INFO] [stdout] 07f017fccda1c0ef0464b9fc97d218a6150c5b850f60dbfce8b96d4c955ec48e
[INFO] running `Command { std: "docker" "create" "-v" "/var/lib/crater-agent-workspace/builds/worker-0-tc2/target:/opt/rustwide/target:rw,Z" "-v" "/var/lib/crater-agent-workspace/builds/worker-0-tc2/source:/opt/rustwide/workdir:ro,Z" "-v" "/var/lib/crater-agent-workspace/cargo-home:/opt/rustwide/cargo-home:ro,Z" "-v" "/var/lib/crater-agent-workspace/rustup-home:/opt/rustwide/rustup-home:ro,Z" "-e" "SOURCE_DIR=/opt/rustwide/workdir" "-e" "CARGO_TARGET_DIR=/opt/rustwide/target" "-e" "CARGO_INCREMENTAL=0" "-e" "RUST_BACKTRACE=full" "-e" "RUSTFLAGS=--cap-lints=forbid -Dunexpected_cfgs" "-e" "RUSTDOCFLAGS=--cap-lints=forbid" "-e" "CARGO_HOME=/opt/rustwide/cargo-home" "-e" "RUSTUP_HOME=/opt/rustwide/rustup-home" "-w" "/opt/rustwide/workdir" "-m" "1610612736" "--user" "0:0" "--network" "none" "ghcr.io/rust-lang/crates-build-env/linux@sha256:2788e3201cd34a07e3172128adcd8b3090168a8e3bcc40d7c032b9dda1df7d1c" "/opt/rustwide/cargo-home/bin/cargo" "+nightly-2024-02-05" "check" "--frozen" "--all" "--all-targets" "--message-format=json" "-Zcheck-cfg", kill_on_drop: false }`
[INFO] [stdout] 69d55c8c7c8e133edb18db8890315b018cf69bf4cd447fab3ca891c529972c62
[INFO] running `Command { std: "docker" "start" "-a" "69d55c8c7c8e133edb18db8890315b018cf69bf4cd447fab3ca891c529972c62", kill_on_drop: false }`
[INFO] [stderr]     Checking rand_core v0.4.2
[INFO] [stderr]     Checking byte-tools v0.3.1
[INFO] [stderr]    Compiling version_check v0.1.5
[INFO] [stderr]    Compiling httparse v1.8.0
[INFO] [stderr]    Compiling rand_pcg v0.1.2
[INFO] [stderr]    Compiling rand_chacha v0.1.1
[INFO] [stderr]    Compiling libm v0.2.8
[INFO] [stderr]     Checking log v0.3.9
[INFO] [stderr]    Compiling rand v0.6.5
[INFO] [stderr]    Compiling num-traits v0.2.17
[INFO] [stderr]    Compiling indexmap v1.9.3
[INFO] [stderr]     Checking generic-array v0.12.4
[INFO] [stderr]     Checking idna v0.1.5
[INFO] [stderr]     Checking once_cell v1.19.0
[INFO] [stderr]     Checking fake-simd v0.1.2
[INFO] [stderr]    Compiling serde v1.0.196
[INFO] [stderr]     Checking percent-encoding v1.0.1
[INFO] [stderr]     Checking safemem v0.3.3
[INFO] [stderr]     Checking block-padding v0.1.5
[INFO] [stderr]     Checking opaque-debug v0.2.3
[INFO] [stderr]     Checking num_cpus v1.16.0
[INFO] [stderr]     Checking mime v0.2.6
[INFO] [stderr]     Checking rand_core v0.3.1
[INFO] [stderr]     Checking rand_jitter v0.1.4
[INFO] [stderr]     Checking rand_os v0.1.3
[INFO] [stderr]     Checking base64 v0.9.3
[INFO] [stderr]     Checking ahash v0.8.7
[INFO] [stderr]     Checking rand_xorshift v0.1.1
[INFO] [stderr]     Checking rand_hc v0.1.0
[INFO] [stderr]     Checking digest v0.8.1
[INFO] [stderr]     Checking block-buffer v0.7.3
[INFO] [stderr]     Checking rand_isaac v0.1.1
[INFO] [stderr]     Checking time v0.1.45
[INFO] [stderr]     Checking base64 v0.10.1
[INFO] [stderr]    Compiling unicase v1.4.2
[INFO] [stderr]     Checking sha-1 v0.8.2
[INFO] [stderr]     Checking typeable v0.1.2
[INFO] [stderr]     Checking language-tags v0.2.2
[INFO] [stderr]     Checking traitobject v0.1.0
[INFO] [stderr]     Checking seahash v4.1.0
[INFO] [stderr]     Checking hashbrown v0.13.2
[INFO] [stderr]     Checking url v1.7.2
[INFO] [stderr]     Checking hyper v0.10.16
[INFO] [stderr]     Checking websocket-base v0.26.5
[INFO] [stderr]     Checking websocket v0.26.5
[INFO] [stderr]     Checking mech-core v0.1.0
[INFO] [stdout] error[E0635]: unknown feature `drain_filter`
[INFO] [stdout]  --> /opt/rustwide/cargo-home/registry/src/index.crates.io-6f17d22bba15001f/mech-core-0.1.0/src/lib.rs:5:12
[INFO] [stdout]   |
[INFO] [stdout] 5 | #![feature(drain_filter)]
[INFO] [stdout]   |            ^^^^^^^^^^^^
[INFO] [stdout] 
[INFO] [stdout] 
[INFO] [stdout] error[E0599]: no method named `drain_filter` found for struct `Vec<std::rc::Rc<std::cell::RefCell<block::Block>>>` in the current scope
[INFO] [stdout]   --> /opt/rustwide/cargo-home/registry/src/index.crates.io-6f17d22bba15001f/mech-core-0.1.0/src/schedule.rs:41:63
[INFO] [stdout]    |
[INFO] [stdout] 41 |     let ready_blocks: Vec<BlockRef> = self.unscheduled_blocks.drain_filter(|b| b.borrow().state == BlockState::Ready).collect();
[INFO] [stdout]    |                                                               ^^^^^^^^^^^^ method not found in `Vec<Rc<RefCell<Block>>>`
[INFO] [stdout] 
[INFO] [stdout] 
[INFO] [stdout] error: aborting due to 2 previous errors
[INFO] [stdout] 
[INFO] [stdout] 
[INFO] [stdout] Some errors have detailed explanations: E0599, E0635.
[INFO] [stdout] 
[INFO] [stdout] For more information about an error, try `rustc --explain E0599`.
[INFO] [stdout] 
[INFO] [stderr] error: could not compile `mech-core` (lib) due to 3 previous errors
[INFO] running `Command { std: "docker" "inspect" "69d55c8c7c8e133edb18db8890315b018cf69bf4cd447fab3ca891c529972c62", kill_on_drop: false }`
[INFO] running `Command { std: "docker" "rm" "-f" "69d55c8c7c8e133edb18db8890315b018cf69bf4cd447fab3ca891c529972c62", kill_on_drop: false }`
[INFO] [stdout] 69d55c8c7c8e133edb18db8890315b018cf69bf4cd447fab3ca891c529972c62
