[INFO] fetching crate mdbook-theme 0.1.4...
[INFO] checking mdbook-theme-0.1.4 against nightly-2024-02-05 for check-cfg
[INFO] extracting crate mdbook-theme 0.1.4 into /workspace/builds/worker-6-tc1/source
[INFO] validating manifest of crates.io crate mdbook-theme 0.1.4 on toolchain nightly-2024-02-05
[INFO] running `Command { std: CARGO_HOME="/workspace/cargo-home" RUSTUP_HOME="/workspace/rustup-home" "/workspace/cargo-home/bin/cargo" "+nightly-2024-02-05" "metadata" "--manifest-path" "Cargo.toml" "--no-deps", kill_on_drop: false }`
[INFO] started tweaking crates.io crate mdbook-theme 0.1.4
[INFO] finished tweaking crates.io crate mdbook-theme 0.1.4
[INFO] tweaked toml for crates.io crate mdbook-theme 0.1.4 written to /workspace/builds/worker-6-tc1/source/Cargo.toml
[INFO] crate crates.io crate mdbook-theme 0.1.4 already has a lockfile, it will not be regenerated
[INFO] running `Command { std: CARGO_HOME="/workspace/cargo-home" RUSTUP_HOME="/workspace/rustup-home" "/workspace/cargo-home/bin/cargo" "+nightly-2024-02-05" "fetch" "--manifest-path" "Cargo.toml", kill_on_drop: false }`
[INFO] [stderr]  Downloading crates ...
[INFO] [stderr]   Downloaded gitignore v1.0.7
[INFO] [stderr]   Downloaded cxxbridge-macro v1.0.93
[INFO] [stderr]   Downloaded cxxbridge-flags v1.0.93
[INFO] [stderr]   Downloaded clap_complete v4.1.5
[INFO] [stderr]   Downloaded io-lifetimes v1.0.7
[INFO] [stderr]   Downloaded notify-debouncer-mini v0.2.1
[INFO] [stderr]   Downloaded cxx-build v1.0.93
[INFO] [stderr]   Downloaded cxx v1.0.93
[INFO] [stderr]   Downloaded syn v2.0.0
[INFO] [stderr]   Downloaded clap v4.1.10
[INFO] [stderr]   Downloaded hyper v0.14.25
[INFO] running `Command { std: "docker" "create" "-v" "/var/lib/crater-agent-workspace/builds/worker-6-tc1/target:/opt/rustwide/target:rw,Z" "-v" "/var/lib/crater-agent-workspace/builds/worker-6-tc1/source:/opt/rustwide/workdir:ro,Z" "-v" "/var/lib/crater-agent-workspace/cargo-home:/opt/rustwide/cargo-home:ro,Z" "-v" "/var/lib/crater-agent-workspace/rustup-home:/opt/rustwide/rustup-home:ro,Z" "-e" "SOURCE_DIR=/opt/rustwide/workdir" "-e" "CARGO_TARGET_DIR=/opt/rustwide/target" "-e" "CARGO_HOME=/opt/rustwide/cargo-home" "-e" "RUSTUP_HOME=/opt/rustwide/rustup-home" "-w" "/opt/rustwide/workdir" "-m" "1610612736" "--user" "0:0" "--network" "none" "ghcr.io/rust-lang/crates-build-env/linux@sha256:2788e3201cd34a07e3172128adcd8b3090168a8e3bcc40d7c032b9dda1df7d1c" "/opt/rustwide/cargo-home/bin/cargo" "+nightly-2024-02-05" "metadata" "--no-deps" "--format-version=1", kill_on_drop: false }`
[INFO] [stdout] ce77de3237e16aefa1fab796426e36c68cb6fe970e0b97fb8c87be7301b0d965
[INFO] running `Command { std: "docker" "start" "-a" "ce77de3237e16aefa1fab796426e36c68cb6fe970e0b97fb8c87be7301b0d965", kill_on_drop: false }`
[INFO] running `Command { std: "docker" "inspect" "ce77de3237e16aefa1fab796426e36c68cb6fe970e0b97fb8c87be7301b0d965", kill_on_drop: false }`
[INFO] running `Command { std: "docker" "rm" "-f" "ce77de3237e16aefa1fab796426e36c68cb6fe970e0b97fb8c87be7301b0d965", kill_on_drop: false }`
[INFO] [stdout] ce77de3237e16aefa1fab796426e36c68cb6fe970e0b97fb8c87be7301b0d965
[INFO] running `Command { std: "docker" "create" "-v" "/var/lib/crater-agent-workspace/builds/worker-6-tc1/target:/opt/rustwide/target:rw,Z" "-v" "/var/lib/crater-agent-workspace/builds/worker-6-tc1/source:/opt/rustwide/workdir:ro,Z" "-v" "/var/lib/crater-agent-workspace/cargo-home:/opt/rustwide/cargo-home:ro,Z" "-v" "/var/lib/crater-agent-workspace/rustup-home:/opt/rustwide/rustup-home:ro,Z" "-e" "SOURCE_DIR=/opt/rustwide/workdir" "-e" "CARGO_TARGET_DIR=/opt/rustwide/target" "-e" "CARGO_INCREMENTAL=0" "-e" "RUST_BACKTRACE=full" "-e" "RUSTFLAGS=--cap-lints=forbid" "-e" "RUSTDOCFLAGS=--cap-lints=forbid" "-e" "CARGO_HOME=/opt/rustwide/cargo-home" "-e" "RUSTUP_HOME=/opt/rustwide/rustup-home" "-w" "/opt/rustwide/workdir" "-m" "1610612736" "--user" "0:0" "--network" "none" "ghcr.io/rust-lang/crates-build-env/linux@sha256:2788e3201cd34a07e3172128adcd8b3090168a8e3bcc40d7c032b9dda1df7d1c" "/opt/rustwide/cargo-home/bin/cargo" "+nightly-2024-02-05" "check" "--frozen" "--all" "--all-targets" "--message-format=json", kill_on_drop: false }`
[INFO] [stdout] 512cdf32d3b1b81d112c1c36f8331474e17f42dbfba7f9b33e06d99cb336e735
[INFO] running `Command { std: "docker" "start" "-a" "512cdf32d3b1b81d112c1c36f8331474e17f42dbfba7f9b33e06d99cb336e735", kill_on_drop: false }`
[INFO] [stderr]    Compiling libc v0.2.140
[INFO] [stderr]    Compiling proc-macro2 v1.0.52
[INFO] [stderr]    Compiling syn v1.0.109
[INFO] [stderr]    Compiling serde_derive v1.0.157
[INFO] [stderr]    Compiling serde v1.0.157
[INFO] [stderr]    Compiling ppv-lite86 v0.2.17
[INFO] [stderr]    Compiling io-lifetimes v1.0.7
[INFO] [stderr]    Compiling siphasher v0.3.10
[INFO] [stderr]    Compiling tokio v1.26.0
[INFO] [stderr]     Checking typenum v1.16.0
[INFO] [stderr]    Compiling rustix v0.36.9
[INFO] [stderr]     Checking linux-raw-sys v0.1.4
[INFO] [stderr]    Compiling futures-util v0.3.27
[INFO] [stderr]     Checking unicode-bidi v0.3.12
[INFO] [stderr]     Checking new_debug_unreachable v1.0.4
[INFO] [stderr]    Compiling indexmap v1.9.2
[INFO] [stderr]    Compiling phf_shared v0.10.0
[INFO] [stderr]     Checking tracing-core v0.1.30
[INFO] [stderr]    Compiling crossbeam-utils v0.8.15
[INFO] [stderr]    Compiling serde_json v1.0.94
[INFO] [stderr]     Checking ryu v1.0.13
[INFO] [stderr]    Compiling ucd-trie v0.1.5
[INFO] [stderr]     Checking idna v0.3.0
[INFO] [stderr]     Checking mac v0.1.1
[INFO] [stderr]    Compiling num-traits v0.2.15
[INFO] [stderr]    Compiling once_cell v1.17.1
[INFO] [stderr]     Checking futf v0.1.5
[INFO] [stderr]    Compiling futures-channel v0.3.27
[INFO] [stderr]     Checking precomputed-hash v0.1.1
[INFO] [stdout] error[E0422]: cannot find struct, variant or union type `LineColumn` in crate `proc_macro`
[INFO] [stdout]    --> /opt/rustwide/cargo-home/registry/src/index.crates.io-6f17d22bba15001f/proc-macro2-1.0.52/src/wrapper.rs:475:33
[INFO] [stdout]     |
[INFO] [stdout] 475 |                 let proc_macro::LineColumn { line, column } = s.start();
[INFO] [stdout]     |                                 ^^^^^^^^^^ not found in `proc_macro`
[INFO] [stdout]     |
[INFO] [stdout] help: consider importing this struct through its public re-export
[INFO] [stdout]     |
[INFO] [stdout] 1   + use crate::LineColumn;
[INFO] [stdout]     |
[INFO] [stdout] help: if you import `LineColumn`, refer to it directly
[INFO] [stdout]     |
[INFO] [stdout] 475 -                 let proc_macro::LineColumn { line, column } = s.start();
[INFO] [stdout] 475 +                 let LineColumn { line, column } = s.start();
[INFO] [stdout]     |
[INFO] [stdout] 
[INFO] [stdout] 
[INFO] [stdout] error[E0422]: cannot find struct, variant or union type `LineColumn` in crate `proc_macro`
[INFO] [stdout]    --> /opt/rustwide/cargo-home/registry/src/index.crates.io-6f17d22bba15001f/proc-macro2-1.0.52/src/wrapper.rs:489:33
[INFO] [stdout]     |
[INFO] [stdout] 489 |                 let proc_macro::LineColumn { line, column } = s.end();
[INFO] [stdout]     |                                 ^^^^^^^^^^ not found in `proc_macro`
[INFO] [stdout]     |
[INFO] [stdout] help: consider importing this struct through its public re-export
[INFO] [stdout]     |
[INFO] [stdout] 1   + use crate::LineColumn;
[INFO] [stdout]     |
[INFO] [stdout] help: if you import `LineColumn`, refer to it directly
[INFO] [stdout]     |
[INFO] [stdout] 489 -                 let proc_macro::LineColumn { line, column } = s.end();
[INFO] [stdout] 489 +                 let LineColumn { line, column } = s.end();
[INFO] [stdout]     |
[INFO] [stdout] 
[INFO] [stdout] 
[INFO] [stderr]     Checking tendril v0.4.3
[INFO] [stdout] error[E0635]: unknown feature `proc_macro_span_shrink`
[INFO] [stdout]   --> /opt/rustwide/cargo-home/registry/src/index.crates.io-6f17d22bba15001f/proc-macro2-1.0.52/src/lib.rs:92:30
[INFO] [stdout]    |
[INFO] [stdout] 92 |     feature(proc_macro_span, proc_macro_span_shrink)
[INFO] [stdout]    |                              ^^^^^^^^^^^^^^^^^^^^^^
[INFO] [stdout] 
[INFO] [stdout] 
[INFO] [stderr]     Checking phf v0.10.1
[INFO] [stderr]     Checking aho-corasick v0.7.20
[INFO] [stderr]    Compiling num-integer v0.1.45
[INFO] [stderr]     Checking termcolor v1.2.0
[INFO] [stderr]     Checking os_str_bytes v6.4.1
[INFO] [stderr]     Checking generic-array v0.14.6
[INFO] [stderr]     Checking try-lock v0.2.4
[INFO] [stderr]     Checking regex-syntax v0.6.28
[INFO] [stdout] error: aborting due to 3 previous errors
[INFO] [stdout] 
[INFO] [stdout] 
[INFO] [stdout] Some errors have detailed explanations: E0422, E0635.
[INFO] [stdout] 
[INFO] [stdout] For more information about an error, try `rustc --explain E0422`.
[INFO] [stdout] 
[INFO] [stderr]     Checking want v0.3.0
[INFO] [stderr] error: could not compile `proc-macro2` (lib) due to 4 previous errors
[INFO] [stderr] warning: build failed, waiting for other jobs to finish...
[INFO] running `Command { std: "docker" "inspect" "512cdf32d3b1b81d112c1c36f8331474e17f42dbfba7f9b33e06d99cb336e735", kill_on_drop: false }`
[INFO] running `Command { std: "docker" "rm" "-f" "512cdf32d3b1b81d112c1c36f8331474e17f42dbfba7f9b33e06d99cb336e735", kill_on_drop: false }`
[INFO] [stdout] 512cdf32d3b1b81d112c1c36f8331474e17f42dbfba7f9b33e06d99cb336e735
