[INFO] fetching crate mayda 0.2.5...
[INFO] checking mayda-0.2.5 against nightly-2024-02-05 for check-cfg
[INFO] extracting crate mayda 0.2.5 into /workspace/builds/worker-6-tc1/source
[INFO] validating manifest of crates.io crate mayda 0.2.5 on toolchain nightly-2024-02-05
[INFO] running `Command { std: CARGO_HOME="/workspace/cargo-home" RUSTUP_HOME="/workspace/rustup-home" "/workspace/cargo-home/bin/cargo" "+nightly-2024-02-05" "metadata" "--manifest-path" "Cargo.toml" "--no-deps", kill_on_drop: false }`
[INFO] removed /workspace/builds/worker-6-tc1/source/rust-toolchain
[INFO] started tweaking crates.io crate mayda 0.2.5
[INFO] finished tweaking crates.io crate mayda 0.2.5
[INFO] tweaked toml for crates.io crate mayda 0.2.5 written to /workspace/builds/worker-6-tc1/source/Cargo.toml
[INFO] running `Command { std: CARGO_HOME="/workspace/cargo-home" RUSTUP_HOME="/workspace/rustup-home" "/workspace/cargo-home/bin/cargo" "+nightly-2024-02-05" "generate-lockfile" "--manifest-path" "Cargo.toml", kill_on_drop: false }`
[INFO] [stderr]     Updating crates.io index
[INFO] running `Command { std: CARGO_HOME="/workspace/cargo-home" RUSTUP_HOME="/workspace/rustup-home" "/workspace/cargo-home/bin/cargo" "+nightly-2024-02-05" "fetch" "--manifest-path" "Cargo.toml", kill_on_drop: false }`
[INFO] [stderr]  Downloading crates ...
[INFO] [stderr]   Downloaded simd v0.2.4
[INFO] [stderr]   Downloaded mayda_codec v0.1.4
[INFO] [stderr]   Downloaded quickcheck v0.6.2
[INFO] [stderr]   Downloaded mayda_macros v0.1.4
[INFO] [stderr]   Downloaded quickcheck_macros v0.6.2
[INFO] running `Command { std: "docker" "create" "-v" "/var/lib/crater-agent-workspace/builds/worker-6-tc1/target:/opt/rustwide/target:rw,Z" "-v" "/var/lib/crater-agent-workspace/builds/worker-6-tc1/source:/opt/rustwide/workdir:ro,Z" "-v" "/var/lib/crater-agent-workspace/cargo-home:/opt/rustwide/cargo-home:ro,Z" "-v" "/var/lib/crater-agent-workspace/rustup-home:/opt/rustwide/rustup-home:ro,Z" "-e" "SOURCE_DIR=/opt/rustwide/workdir" "-e" "CARGO_TARGET_DIR=/opt/rustwide/target" "-e" "CARGO_HOME=/opt/rustwide/cargo-home" "-e" "RUSTUP_HOME=/opt/rustwide/rustup-home" "-w" "/opt/rustwide/workdir" "-m" "1610612736" "--user" "0:0" "--network" "none" "ghcr.io/rust-lang/crates-build-env/linux@sha256:2788e3201cd34a07e3172128adcd8b3090168a8e3bcc40d7c032b9dda1df7d1c" "/opt/rustwide/cargo-home/bin/cargo" "+nightly-2024-02-05" "metadata" "--no-deps" "--format-version=1", kill_on_drop: false }`
[INFO] [stdout] 5965ccd921d70e78de3b0c470d800f17d89fd1929f9e30bd5e5fdd01e7442c9b
[INFO] running `Command { std: "docker" "start" "-a" "5965ccd921d70e78de3b0c470d800f17d89fd1929f9e30bd5e5fdd01e7442c9b", kill_on_drop: false }`
[INFO] running `Command { std: "docker" "inspect" "5965ccd921d70e78de3b0c470d800f17d89fd1929f9e30bd5e5fdd01e7442c9b", kill_on_drop: false }`
[INFO] running `Command { std: "docker" "rm" "-f" "5965ccd921d70e78de3b0c470d800f17d89fd1929f9e30bd5e5fdd01e7442c9b", kill_on_drop: false }`
[INFO] [stdout] 5965ccd921d70e78de3b0c470d800f17d89fd1929f9e30bd5e5fdd01e7442c9b
[INFO] running `Command { std: "docker" "create" "-v" "/var/lib/crater-agent-workspace/builds/worker-6-tc1/target:/opt/rustwide/target:rw,Z" "-v" "/var/lib/crater-agent-workspace/builds/worker-6-tc1/source:/opt/rustwide/workdir:ro,Z" "-v" "/var/lib/crater-agent-workspace/cargo-home:/opt/rustwide/cargo-home:ro,Z" "-v" "/var/lib/crater-agent-workspace/rustup-home:/opt/rustwide/rustup-home:ro,Z" "-e" "SOURCE_DIR=/opt/rustwide/workdir" "-e" "CARGO_TARGET_DIR=/opt/rustwide/target" "-e" "CARGO_INCREMENTAL=0" "-e" "RUST_BACKTRACE=full" "-e" "RUSTFLAGS=--cap-lints=forbid" "-e" "RUSTDOCFLAGS=--cap-lints=forbid" "-e" "CARGO_HOME=/opt/rustwide/cargo-home" "-e" "RUSTUP_HOME=/opt/rustwide/rustup-home" "-w" "/opt/rustwide/workdir" "-m" "1610612736" "--user" "0:0" "--network" "none" "ghcr.io/rust-lang/crates-build-env/linux@sha256:2788e3201cd34a07e3172128adcd8b3090168a8e3bcc40d7c032b9dda1df7d1c" "/opt/rustwide/cargo-home/bin/cargo" "+nightly-2024-02-05" "check" "--frozen" "--all" "--all-targets" "--message-format=json", kill_on_drop: false }`
[INFO] [stdout] a4b6aa75e7f34f7c9e3d72a221042771fb2257aa1f8e9970c1684ee5c3b80275
[INFO] running `Command { std: "docker" "start" "-a" "a4b6aa75e7f34f7c9e3d72a221042771fb2257aa1f8e9970c1684ee5c3b80275", kill_on_drop: false }`
[INFO] [stderr]    Compiling memchr v2.7.1
[INFO] [stderr]    Compiling regex-syntax v0.8.2
[INFO] [stderr]    Compiling quick-error v1.2.3
[INFO] [stderr]    Compiling num-integer v0.1.45
[INFO] [stderr]     Checking rand v0.4.6
[INFO] [stderr]    Compiling simd v0.2.4
[INFO] [stderr]    Compiling humantime v1.3.0
[INFO] [stderr]    Compiling atty v0.2.14
[INFO] [stderr]    Compiling num-iter v0.1.43
[INFO] [stderr]    Compiling log v0.4.20
[INFO] [stderr]     Checking aho-corasick v1.1.2
[INFO] [stderr]    Compiling termcolor v1.4.1
[INFO] [stderr]     Checking num-bigint v0.1.44
[INFO] [stdout] error[E0557]: feature has been removed
[INFO] [stdout]  --> /opt/rustwide/cargo-home/registry/src/index.crates.io-6f17d22bba15001f/simd-0.2.4/src/lib.rs:4:64
[INFO] [stdout]   |
[INFO] [stdout] 4 | #![feature(cfg_target_feature, repr_simd, platform_intrinsics, const_fn)]
[INFO] [stdout]   |                                                                ^^^^^^^^ feature has been removed
[INFO] [stdout]   |
[INFO] [stdout]   = note: split into finer-grained feature gates
[INFO] [stdout] 
[INFO] [stdout] 
[INFO] [stdout] error: unrecognized platform-specific intrinsic function: `simd_shuffle2`
[INFO] [stdout]    --> /opt/rustwide/cargo-home/registry/src/index.crates.io-6f17d22bba15001f/simd-0.2.4/src/lib.rs:192:5
[INFO] [stdout]     |
[INFO] [stdout] 192 |     fn simd_shuffle2<T: Simd, U: Simd<Elem = T::Elem>>(x: T, y: T, idx: [u32; 2]) -> U;
[INFO] [stdout]     |     ^^^^^^^^^^^^^^^^^^^^^^^^^^^^^^^^^^^^^^^^^^^^^^^^^^^^^^^^^^^^^^^^^^^^^^^^^^^^^^^^^^^
[INFO] [stdout] 
[INFO] [stdout] 
[INFO] [stdout] error: unrecognized platform-specific intrinsic function: `simd_shuffle4`
[INFO] [stdout]    --> /opt/rustwide/cargo-home/registry/src/index.crates.io-6f17d22bba15001f/simd-0.2.4/src/lib.rs:193:5
[INFO] [stdout]     |
[INFO] [stdout] 193 |     fn simd_shuffle4<T: Simd, U: Simd<Elem = T::Elem>>(x: T, y: T, idx: [u32; 4]) -> U;
[INFO] [stdout]     |     ^^^^^^^^^^^^^^^^^^^^^^^^^^^^^^^^^^^^^^^^^^^^^^^^^^^^^^^^^^^^^^^^^^^^^^^^^^^^^^^^^^^
[INFO] [stdout] 
[INFO] [stdout] 
[INFO] [stdout] error: unrecognized platform-specific intrinsic function: `simd_shuffle8`
[INFO] [stdout]    --> /opt/rustwide/cargo-home/registry/src/index.crates.io-6f17d22bba15001f/simd-0.2.4/src/lib.rs:194:5
[INFO] [stdout]     |
[INFO] [stdout] 194 |     fn simd_shuffle8<T: Simd, U: Simd<Elem = T::Elem>>(x: T, y: T, idx: [u32; 8]) -> U;
[INFO] [stdout]     |     ^^^^^^^^^^^^^^^^^^^^^^^^^^^^^^^^^^^^^^^^^^^^^^^^^^^^^^^^^^^^^^^^^^^^^^^^^^^^^^^^^^^
[INFO] [stdout] 
[INFO] [stdout] 
[INFO] [stdout] error: unrecognized platform-specific intrinsic function: `simd_shuffle16`
[INFO] [stdout]    --> /opt/rustwide/cargo-home/registry/src/index.crates.io-6f17d22bba15001f/simd-0.2.4/src/lib.rs:195:5
[INFO] [stdout]     |
[INFO] [stdout] 195 |     fn simd_shuffle16<T: Simd, U: Simd<Elem = T::Elem>>(x: T, y: T, idx: [u32; 16]) -> U;
[INFO] [stdout]     |     ^^^^^^^^^^^^^^^^^^^^^^^^^^^^^^^^^^^^^^^^^^^^^^^^^^^^^^^^^^^^^^^^^^^^^^^^^^^^^^^^^^^^^
[INFO] [stdout] 
[INFO] [stdout] 
[INFO] [stdout] error: unrecognized platform-specific intrinsic function: `x86_mm_movemask_ps`
[INFO] [stdout]   --> /opt/rustwide/cargo-home/registry/src/index.crates.io-6f17d22bba15001f/simd-0.2.4/src/x86/sse2.rs:10:5
[INFO] [stdout]    |
[INFO] [stdout] 10 |     fn x86_mm_movemask_ps(x: f32x4) -> i32;
[INFO] [stdout]    |     ^^^^^^^^^^^^^^^^^^^^^^^^^^^^^^^^^^^^^^^
[INFO] [stdout] 
[INFO] [stdout] 
[INFO] [stdout] error: unrecognized platform-specific intrinsic function: `x86_mm_max_ps`
[INFO] [stdout]   --> /opt/rustwide/cargo-home/registry/src/index.crates.io-6f17d22bba15001f/simd-0.2.4/src/x86/sse2.rs:11:5
[INFO] [stdout]    |
[INFO] [stdout] 11 |     fn x86_mm_max_ps(x: f32x4, y: f32x4) -> f32x4;
[INFO] [stdout]    |     ^^^^^^^^^^^^^^^^^^^^^^^^^^^^^^^^^^^^^^^^^^^^^^
[INFO] [stdout] 
[INFO] [stdout] 
[INFO] [stdout] error: unrecognized platform-specific intrinsic function: `x86_mm_min_ps`
[INFO] [stdout]   --> /opt/rustwide/cargo-home/registry/src/index.crates.io-6f17d22bba15001f/simd-0.2.4/src/x86/sse2.rs:12:5
[INFO] [stdout]    |
[INFO] [stdout] 12 |     fn x86_mm_min_ps(x: f32x4, y: f32x4) -> f32x4;
[INFO] [stdout]    |     ^^^^^^^^^^^^^^^^^^^^^^^^^^^^^^^^^^^^^^^^^^^^^^
[INFO] [stdout] 
[INFO] [stdout] 
[INFO] [stdout] error: unrecognized platform-specific intrinsic function: `x86_mm_rsqrt_ps`
[INFO] [stdout]   --> /opt/rustwide/cargo-home/registry/src/index.crates.io-6f17d22bba15001f/simd-0.2.4/src/x86/sse2.rs:13:5
[INFO] [stdout]    |
[INFO] [stdout] 13 |     fn x86_mm_rsqrt_ps(x: f32x4) -> f32x4;
[INFO] [stdout]    |     ^^^^^^^^^^^^^^^^^^^^^^^^^^^^^^^^^^^^^^
[INFO] [stdout] 
[INFO] [stdout] 
[INFO] [stdout] error: unrecognized platform-specific intrinsic function: `x86_mm_rcp_ps`
[INFO] [stdout]   --> /opt/rustwide/cargo-home/registry/src/index.crates.io-6f17d22bba15001f/simd-0.2.4/src/x86/sse2.rs:14:5
[INFO] [stdout]    |
[INFO] [stdout] 14 |     fn x86_mm_rcp_ps(x: f32x4) -> f32x4;
[INFO] [stdout]    |     ^^^^^^^^^^^^^^^^^^^^^^^^^^^^^^^^^^^^
[INFO] [stdout] 
[INFO] [stdout] 
[INFO] [stdout] error: unrecognized platform-specific intrinsic function: `x86_mm_sqrt_ps`
[INFO] [stdout]   --> /opt/rustwide/cargo-home/registry/src/index.crates.io-6f17d22bba15001f/simd-0.2.4/src/x86/sse2.rs:15:5
[INFO] [stdout]    |
[INFO] [stdout] 15 |     fn x86_mm_sqrt_ps(x: f32x4) -> f32x4;
[INFO] [stdout]    |     ^^^^^^^^^^^^^^^^^^^^^^^^^^^^^^^^^^^^^
[INFO] [stdout] 
[INFO] [stdout] 
[INFO] [stdout] error: unrecognized platform-specific intrinsic function: `x86_mm_adds_epi8`
[INFO] [stdout]   --> /opt/rustwide/cargo-home/registry/src/index.crates.io-6f17d22bba15001f/simd-0.2.4/src/x86/sse2.rs:19:5
[INFO] [stdout]    |
[INFO] [stdout] 19 |     fn x86_mm_adds_epi8(x: i8x16, y: i8x16) -> i8x16;
[INFO] [stdout]    |     ^^^^^^^^^^^^^^^^^^^^^^^^^^^^^^^^^^^^^^^^^^^^^^^^^
[INFO] [stdout] 
[INFO] [stdout] 
[INFO] [stdout] error: unrecognized platform-specific intrinsic function: `x86_mm_adds_epu8`
[INFO] [stdout]   --> /opt/rustwide/cargo-home/registry/src/index.crates.io-6f17d22bba15001f/simd-0.2.4/src/x86/sse2.rs:20:5
[INFO] [stdout]    |
[INFO] [stdout] 20 |     fn x86_mm_adds_epu8(x: u8x16, y: u8x16) -> u8x16;
[INFO] [stdout]    |     ^^^^^^^^^^^^^^^^^^^^^^^^^^^^^^^^^^^^^^^^^^^^^^^^^
[INFO] [stdout] 
[INFO] [stdout] 
[INFO] [stdout] error: unrecognized platform-specific intrinsic function: `x86_mm_adds_epi16`
[INFO] [stdout]   --> /opt/rustwide/cargo-home/registry/src/index.crates.io-6f17d22bba15001f/simd-0.2.4/src/x86/sse2.rs:21:5
[INFO] [stdout]    |
[INFO] [stdout] 21 |     fn x86_mm_adds_epi16(x: i16x8, y: i16x8) -> i16x8;
[INFO] [stdout]    |     ^^^^^^^^^^^^^^^^^^^^^^^^^^^^^^^^^^^^^^^^^^^^^^^^^^
[INFO] [stdout] 
[INFO] [stdout] 
[INFO] [stdout] error: unrecognized platform-specific intrinsic function: `x86_mm_adds_epu16`
[INFO] [stdout]   --> /opt/rustwide/cargo-home/registry/src/index.crates.io-6f17d22bba15001f/simd-0.2.4/src/x86/sse2.rs:22:5
[INFO] [stdout]    |
[INFO] [stdout] 22 |     fn x86_mm_adds_epu16(x: u16x8, y: u16x8) -> u16x8;
[INFO] [stdout]    |     ^^^^^^^^^^^^^^^^^^^^^^^^^^^^^^^^^^^^^^^^^^^^^^^^^^
[INFO] [stdout] 
[INFO] [stdout] 
[INFO] [stdout] error: unrecognized platform-specific intrinsic function: `x86_mm_avg_epu8`
[INFO] [stdout]   --> /opt/rustwide/cargo-home/registry/src/index.crates.io-6f17d22bba15001f/simd-0.2.4/src/x86/sse2.rs:23:5
[INFO] [stdout]    |
[INFO] [stdout] 23 |     fn x86_mm_avg_epu8(x: u8x16, y: u8x16) -> u8x16;
[INFO] [stdout]    |     ^^^^^^^^^^^^^^^^^^^^^^^^^^^^^^^^^^^^^^^^^^^^^^^^
[INFO] [stdout] 
[INFO] [stdout] 
[INFO] [stdout] error: unrecognized platform-specific intrinsic function: `x86_mm_avg_epu16`
[INFO] [stdout]   --> /opt/rustwide/cargo-home/registry/src/index.crates.io-6f17d22bba15001f/simd-0.2.4/src/x86/sse2.rs:24:5
[INFO] [stdout]    |
[INFO] [stdout] 24 |     fn x86_mm_avg_epu16(x: u16x8, y: u16x8) -> u16x8;
[INFO] [stdout]    |     ^^^^^^^^^^^^^^^^^^^^^^^^^^^^^^^^^^^^^^^^^^^^^^^^^
[INFO] [stdout] 
[INFO] [stdout] 
[INFO] [stdout] error: unrecognized platform-specific intrinsic function: `x86_mm_madd_epi16`
[INFO] [stdout]   --> /opt/rustwide/cargo-home/registry/src/index.crates.io-6f17d22bba15001f/simd-0.2.4/src/x86/sse2.rs:25:5
[INFO] [stdout]    |
[INFO] [stdout] 25 |     fn x86_mm_madd_epi16(x: i16x8, y: i16x8) -> i32x4;
[INFO] [stdout]    |     ^^^^^^^^^^^^^^^^^^^^^^^^^^^^^^^^^^^^^^^^^^^^^^^^^^
[INFO] [stdout] 
[INFO] [stdout] 
[INFO] [stdout] error: unrecognized platform-specific intrinsic function: `x86_mm_max_epi16`
[INFO] [stdout]   --> /opt/rustwide/cargo-home/registry/src/index.crates.io-6f17d22bba15001f/simd-0.2.4/src/x86/sse2.rs:26:5
[INFO] [stdout]    |
[INFO] [stdout] 26 |     fn x86_mm_max_epi16(x: i16x8, y: i16x8) -> i16x8;
[INFO] [stdout]    |     ^^^^^^^^^^^^^^^^^^^^^^^^^^^^^^^^^^^^^^^^^^^^^^^^^
[INFO] [stdout] 
[INFO] [stdout] 
[INFO] [stdout] error: unrecognized platform-specific intrinsic function: `x86_mm_max_epu8`
[INFO] [stdout]   --> /opt/rustwide/cargo-home/registry/src/index.crates.io-6f17d22bba15001f/simd-0.2.4/src/x86/sse2.rs:27:5
[INFO] [stdout]    |
[INFO] [stdout] 27 |     fn x86_mm_max_epu8(x: u8x16, y: u8x16) -> u8x16;
[INFO] [stdout]    |     ^^^^^^^^^^^^^^^^^^^^^^^^^^^^^^^^^^^^^^^^^^^^^^^^
[INFO] [stdout] 
[INFO] [stdout] 
[INFO] [stdout] error: unrecognized platform-specific intrinsic function: `x86_mm_max_pd`
[INFO] [stdout]   --> /opt/rustwide/cargo-home/registry/src/index.crates.io-6f17d22bba15001f/simd-0.2.4/src/x86/sse2.rs:28:5
[INFO] [stdout]    |
[INFO] [stdout] 28 |     fn x86_mm_max_pd(x: f64x2, y: f64x2) -> f64x2;
[INFO] [stdout]    |     ^^^^^^^^^^^^^^^^^^^^^^^^^^^^^^^^^^^^^^^^^^^^^^
[INFO] [stdout] 
[INFO] [stdout] 
[INFO] [stdout] error: unrecognized platform-specific intrinsic function: `x86_mm_min_epi16`
[INFO] [stdout]   --> /opt/rustwide/cargo-home/registry/src/index.crates.io-6f17d22bba15001f/simd-0.2.4/src/x86/sse2.rs:29:5
[INFO] [stdout]    |
[INFO] [stdout] 29 |     fn x86_mm_min_epi16(x: i16x8, y: i16x8) -> i16x8;
[INFO] [stdout]    |     ^^^^^^^^^^^^^^^^^^^^^^^^^^^^^^^^^^^^^^^^^^^^^^^^^
[INFO] [stdout] 
[INFO] [stdout] 
[INFO] [stdout] error: unrecognized platform-specific intrinsic function: `x86_mm_min_epu8`
[INFO] [stdout]   --> /opt/rustwide/cargo-home/registry/src/index.crates.io-6f17d22bba15001f/simd-0.2.4/src/x86/sse2.rs:30:5
[INFO] [stdout]    |
[INFO] [stdout] 30 |     fn x86_mm_min_epu8(x: u8x16, y: u8x16) -> u8x16;
[INFO] [stdout]    |     ^^^^^^^^^^^^^^^^^^^^^^^^^^^^^^^^^^^^^^^^^^^^^^^^
[INFO] [stdout] 
[INFO] [stdout] 
[INFO] [stdout] error: unrecognized platform-specific intrinsic function: `x86_mm_min_pd`
[INFO] [stdout]   --> /opt/rustwide/cargo-home/registry/src/index.crates.io-6f17d22bba15001f/simd-0.2.4/src/x86/sse2.rs:31:5
[INFO] [stdout]    |
[INFO] [stdout] 31 |     fn x86_mm_min_pd(x: f64x2, y: f64x2) -> f64x2;
[INFO] [stdout]    |     ^^^^^^^^^^^^^^^^^^^^^^^^^^^^^^^^^^^^^^^^^^^^^^
[INFO] [stdout] 
[INFO] [stdout] 
[INFO] [stdout] error: unrecognized platform-specific intrinsic function: `x86_mm_movemask_pd`
[INFO] [stdout]   --> /opt/rustwide/cargo-home/registry/src/index.crates.io-6f17d22bba15001f/simd-0.2.4/src/x86/sse2.rs:32:5
[INFO] [stdout]    |
[INFO] [stdout] 32 |     fn x86_mm_movemask_pd(x: f64x2) -> i32;
[INFO] [stdout]    |     ^^^^^^^^^^^^^^^^^^^^^^^^^^^^^^^^^^^^^^^
[INFO] [stdout] 
[INFO] [stdout] 
[INFO] [stdout] error: unrecognized platform-specific intrinsic function: `x86_mm_movemask_epi8`
[INFO] [stdout]   --> /opt/rustwide/cargo-home/registry/src/index.crates.io-6f17d22bba15001f/simd-0.2.4/src/x86/sse2.rs:33:5
[INFO] [stdout]    |
[INFO] [stdout] 33 |     fn x86_mm_movemask_epi8(x: i8x16) -> i32;
[INFO] [stdout]    |     ^^^^^^^^^^^^^^^^^^^^^^^^^^^^^^^^^^^^^^^^^
[INFO] [stdout] 
[INFO] [stdout] 
[INFO] [stdout] error: unrecognized platform-specific intrinsic function: `x86_mm_mul_epu32`
[INFO] [stdout]   --> /opt/rustwide/cargo-home/registry/src/index.crates.io-6f17d22bba15001f/simd-0.2.4/src/x86/sse2.rs:34:5
[INFO] [stdout]    |
[INFO] [stdout] 34 |     fn x86_mm_mul_epu32(x: u32x4, y: u32x4) -> u64x2;
[INFO] [stdout]    |     ^^^^^^^^^^^^^^^^^^^^^^^^^^^^^^^^^^^^^^^^^^^^^^^^^
[INFO] [stdout] 
[INFO] [stdout] 
[INFO] [stdout] error: unrecognized platform-specific intrinsic function: `x86_mm_mulhi_epi16`
[INFO] [stdout]   --> /opt/rustwide/cargo-home/registry/src/index.crates.io-6f17d22bba15001f/simd-0.2.4/src/x86/sse2.rs:35:5
[INFO] [stdout]    |
[INFO] [stdout] 35 |     fn x86_mm_mulhi_epi16(x: i16x8, y: i16x8) -> i16x8;
[INFO] [stdout]    |     ^^^^^^^^^^^^^^^^^^^^^^^^^^^^^^^^^^^^^^^^^^^^^^^^^^^
[INFO] [stdout] 
[INFO] [stdout] 
[INFO] [stdout] error: unrecognized platform-specific intrinsic function: `x86_mm_mulhi_epu16`
[INFO] [stdout]   --> /opt/rustwide/cargo-home/registry/src/index.crates.io-6f17d22bba15001f/simd-0.2.4/src/x86/sse2.rs:36:5
[INFO] [stdout]    |
[INFO] [stdout] 36 |     fn x86_mm_mulhi_epu16(x: u16x8, y: u16x8) -> u16x8;
[INFO] [stdout]    |     ^^^^^^^^^^^^^^^^^^^^^^^^^^^^^^^^^^^^^^^^^^^^^^^^^^^
[INFO] [stdout] 
[INFO] [stdout] 
[INFO] [stdout] error: unrecognized platform-specific intrinsic function: `x86_mm_packs_epi16`
[INFO] [stdout]   --> /opt/rustwide/cargo-home/registry/src/index.crates.io-6f17d22bba15001f/simd-0.2.4/src/x86/sse2.rs:37:5
[INFO] [stdout]    |
[INFO] [stdout] 37 |     fn x86_mm_packs_epi16(x: i16x8, y: i16x8) -> i8x16;
[INFO] [stdout]    |     ^^^^^^^^^^^^^^^^^^^^^^^^^^^^^^^^^^^^^^^^^^^^^^^^^^^
[INFO] [stdout] 
[INFO] [stdout] 
[INFO] [stdout] error: unrecognized platform-specific intrinsic function: `x86_mm_packs_epi32`
[INFO] [stdout]   --> /opt/rustwide/cargo-home/registry/src/index.crates.io-6f17d22bba15001f/simd-0.2.4/src/x86/sse2.rs:38:5
[INFO] [stdout]    |
[INFO] [stdout] 38 |     fn x86_mm_packs_epi32(x: i32x4, y: i32x4) -> i16x8;
[INFO] [stdout]    |     ^^^^^^^^^^^^^^^^^^^^^^^^^^^^^^^^^^^^^^^^^^^^^^^^^^^
[INFO] [stdout] 
[INFO] [stdout] 
[INFO] [stdout] error: unrecognized platform-specific intrinsic function: `x86_mm_packus_epi16`
[INFO] [stdout]   --> /opt/rustwide/cargo-home/registry/src/index.crates.io-6f17d22bba15001f/simd-0.2.4/src/x86/sse2.rs:39:5
[INFO] [stdout]    |
[INFO] [stdout] 39 |     fn x86_mm_packus_epi16(x: i16x8, y: i16x8) -> u8x16;
[INFO] [stdout]    |     ^^^^^^^^^^^^^^^^^^^^^^^^^^^^^^^^^^^^^^^^^^^^^^^^^^^^
[INFO] [stdout] 
[INFO] [stdout] 
[INFO] [stdout] error: unrecognized platform-specific intrinsic function: `x86_mm_sad_epu8`
[INFO] [stdout]   --> /opt/rustwide/cargo-home/registry/src/index.crates.io-6f17d22bba15001f/simd-0.2.4/src/x86/sse2.rs:40:5
[INFO] [stdout]    |
[INFO] [stdout] 40 |     fn x86_mm_sad_epu8(x: u8x16, y: u8x16) -> u64x2;
[INFO] [stdout]    |     ^^^^^^^^^^^^^^^^^^^^^^^^^^^^^^^^^^^^^^^^^^^^^^^^
[INFO] [stdout] 
[INFO] [stdout] 
[INFO] [stdout] error: unrecognized platform-specific intrinsic function: `x86_mm_sqrt_pd`
[INFO] [stdout]   --> /opt/rustwide/cargo-home/registry/src/index.crates.io-6f17d22bba15001f/simd-0.2.4/src/x86/sse2.rs:41:5
[INFO] [stdout]    |
[INFO] [stdout] 41 |     fn x86_mm_sqrt_pd(x: f64x2) -> f64x2;
[INFO] [stdout]    |     ^^^^^^^^^^^^^^^^^^^^^^^^^^^^^^^^^^^^^
[INFO] [stdout] 
[INFO] [stdout] 
[INFO] [stdout] error: unrecognized platform-specific intrinsic function: `x86_mm_subs_epi8`
[INFO] [stdout]   --> /opt/rustwide/cargo-home/registry/src/index.crates.io-6f17d22bba15001f/simd-0.2.4/src/x86/sse2.rs:42:5
[INFO] [stdout]    |
[INFO] [stdout] 42 |     fn x86_mm_subs_epi8(x: i8x16, y: i8x16) -> i8x16;
[INFO] [stdout]    |     ^^^^^^^^^^^^^^^^^^^^^^^^^^^^^^^^^^^^^^^^^^^^^^^^^
[INFO] [stdout] 
[INFO] [stdout] 
[INFO] [stdout] error: unrecognized platform-specific intrinsic function: `x86_mm_subs_epu8`
[INFO] [stdout]   --> /opt/rustwide/cargo-home/registry/src/index.crates.io-6f17d22bba15001f/simd-0.2.4/src/x86/sse2.rs:43:5
[INFO] [stdout]    |
[INFO] [stdout] 43 |     fn x86_mm_subs_epu8(x: u8x16, y: u8x16) -> u8x16;
[INFO] [stdout]    |     ^^^^^^^^^^^^^^^^^^^^^^^^^^^^^^^^^^^^^^^^^^^^^^^^^
[INFO] [stdout] 
[INFO] [stdout] 
[INFO] [stdout] error: unrecognized platform-specific intrinsic function: `x86_mm_subs_epi16`
[INFO] [stdout]   --> /opt/rustwide/cargo-home/registry/src/index.crates.io-6f17d22bba15001f/simd-0.2.4/src/x86/sse2.rs:44:5
[INFO] [stdout]    |
[INFO] [stdout] 44 |     fn x86_mm_subs_epi16(x: i16x8, y: i16x8) -> i16x8;
[INFO] [stdout]    |     ^^^^^^^^^^^^^^^^^^^^^^^^^^^^^^^^^^^^^^^^^^^^^^^^^^
[INFO] [stdout] 
[INFO] [stdout] 
[INFO] [stdout] error: unrecognized platform-specific intrinsic function: `x86_mm_subs_epu16`
[INFO] [stdout]   --> /opt/rustwide/cargo-home/registry/src/index.crates.io-6f17d22bba15001f/simd-0.2.4/src/x86/sse2.rs:45:5
[INFO] [stdout]    |
[INFO] [stdout] 45 |     fn x86_mm_subs_epu16(x: u16x8, y: u16x8) -> u16x8;
[INFO] [stdout]    |     ^^^^^^^^^^^^^^^^^^^^^^^^^^^^^^^^^^^^^^^^^^^^^^^^^^
[INFO] [stdout] 
[INFO] [stdout] 
[INFO] [stdout] error: aborting due to 38 previous errors
[INFO] [stdout] 
[INFO] [stdout] 
[INFO] [stdout] For more information about this error, try `rustc --explain E0557`.
[INFO] [stdout] 
[INFO] [stderr] The following warnings were emitted during compilation:
[INFO] [stderr] 
[INFO] [stderr] warning: simd@0.2.4: Cannot set `RUSTC_BOOTSTRAP=1` from build script of `simd v0.2.4`.
[INFO] [stderr] note: Crates cannot set `RUSTC_BOOTSTRAP` themselves, as doing so would subvert the stability guarantees of Rust for your project.
[INFO] [stderr] 
[INFO] [stderr] error: could not compile `simd` (lib) due to 39 previous errors
[INFO] [stderr] warning: build failed, waiting for other jobs to finish...
[INFO] running `Command { std: "docker" "inspect" "a4b6aa75e7f34f7c9e3d72a221042771fb2257aa1f8e9970c1684ee5c3b80275", kill_on_drop: false }`
[INFO] running `Command { std: "docker" "rm" "-f" "a4b6aa75e7f34f7c9e3d72a221042771fb2257aa1f8e9970c1684ee5c3b80275", kill_on_drop: false }`
[INFO] [stdout] a4b6aa75e7f34f7c9e3d72a221042771fb2257aa1f8e9970c1684ee5c3b80275
[INFO] checking mayda-0.2.5 against nightly-2024-02-05+rustflags=-Dunexpected_cfgs+cargoflags=-Zcheck-cfg for check-cfg
[INFO] extracting crate mayda 0.2.5 into /workspace/builds/worker-6-tc2/source
[INFO] validating manifest of crates.io crate mayda 0.2.5 on toolchain nightly-2024-02-05
[INFO] running `Command { std: CARGO_HOME="/workspace/cargo-home" RUSTUP_HOME="/workspace/rustup-home" "/workspace/cargo-home/bin/cargo" "+nightly-2024-02-05" "metadata" "--manifest-path" "Cargo.toml" "--no-deps", kill_on_drop: false }`
[INFO] removed /workspace/builds/worker-6-tc2/source/rust-toolchain
[INFO] started tweaking crates.io crate mayda 0.2.5
[INFO] finished tweaking crates.io crate mayda 0.2.5
[INFO] tweaked toml for crates.io crate mayda 0.2.5 written to /workspace/builds/worker-6-tc2/source/Cargo.toml
[INFO] running `Command { std: CARGO_HOME="/workspace/cargo-home" RUSTUP_HOME="/workspace/rustup-home" "/workspace/cargo-home/bin/cargo" "+nightly-2024-02-05" "generate-lockfile" "--manifest-path" "Cargo.toml", kill_on_drop: false }`
[INFO] [stderr]     Updating crates.io index
[INFO] running `Command { std: CARGO_HOME="/workspace/cargo-home" RUSTUP_HOME="/workspace/rustup-home" "/workspace/cargo-home/bin/cargo" "+nightly-2024-02-05" "fetch" "--manifest-path" "Cargo.toml", kill_on_drop: false }`
[INFO] running `Command { std: "docker" "create" "-v" "/var/lib/crater-agent-workspace/builds/worker-6-tc2/target:/opt/rustwide/target:rw,Z" "-v" "/var/lib/crater-agent-workspace/builds/worker-6-tc2/source:/opt/rustwide/workdir:ro,Z" "-v" "/var/lib/crater-agent-workspace/cargo-home:/opt/rustwide/cargo-home:ro,Z" "-v" "/var/lib/crater-agent-workspace/rustup-home:/opt/rustwide/rustup-home:ro,Z" "-e" "SOURCE_DIR=/opt/rustwide/workdir" "-e" "CARGO_TARGET_DIR=/opt/rustwide/target" "-e" "CARGO_HOME=/opt/rustwide/cargo-home" "-e" "RUSTUP_HOME=/opt/rustwide/rustup-home" "-w" "/opt/rustwide/workdir" "-m" "1610612736" "--user" "0:0" "--network" "none" "ghcr.io/rust-lang/crates-build-env/linux@sha256:2788e3201cd34a07e3172128adcd8b3090168a8e3bcc40d7c032b9dda1df7d1c" "/opt/rustwide/cargo-home/bin/cargo" "+nightly-2024-02-05" "metadata" "--no-deps" "--format-version=1", kill_on_drop: false }`
[INFO] [stdout] 53572915536cca6fdc1e64d215d4f0a09f9e831fe8e44474f587100444d1bbe3
[INFO] running `Command { std: "docker" "start" "-a" "53572915536cca6fdc1e64d215d4f0a09f9e831fe8e44474f587100444d1bbe3", kill_on_drop: false }`
[INFO] running `Command { std: "docker" "inspect" "53572915536cca6fdc1e64d215d4f0a09f9e831fe8e44474f587100444d1bbe3", kill_on_drop: false }`
[INFO] running `Command { std: "docker" "rm" "-f" "53572915536cca6fdc1e64d215d4f0a09f9e831fe8e44474f587100444d1bbe3", kill_on_drop: false }`
[INFO] [stdout] 53572915536cca6fdc1e64d215d4f0a09f9e831fe8e44474f587100444d1bbe3
[INFO] running `Command { std: "docker" "create" "-v" "/var/lib/crater-agent-workspace/builds/worker-6-tc2/target:/opt/rustwide/target:rw,Z" "-v" "/var/lib/crater-agent-workspace/builds/worker-6-tc2/source:/opt/rustwide/workdir:ro,Z" "-v" "/var/lib/crater-agent-workspace/cargo-home:/opt/rustwide/cargo-home:ro,Z" "-v" "/var/lib/crater-agent-workspace/rustup-home:/opt/rustwide/rustup-home:ro,Z" "-e" "SOURCE_DIR=/opt/rustwide/workdir" "-e" "CARGO_TARGET_DIR=/opt/rustwide/target" "-e" "CARGO_INCREMENTAL=0" "-e" "RUST_BACKTRACE=full" "-e" "RUSTFLAGS=--cap-lints=forbid -Dunexpected_cfgs" "-e" "RUSTDOCFLAGS=--cap-lints=forbid" "-e" "CARGO_HOME=/opt/rustwide/cargo-home" "-e" "RUSTUP_HOME=/opt/rustwide/rustup-home" "-w" "/opt/rustwide/workdir" "-m" "1610612736" "--user" "0:0" "--network" "none" "ghcr.io/rust-lang/crates-build-env/linux@sha256:2788e3201cd34a07e3172128adcd8b3090168a8e3bcc40d7c032b9dda1df7d1c" "/opt/rustwide/cargo-home/bin/cargo" "+nightly-2024-02-05" "check" "--frozen" "--all" "--all-targets" "--message-format=json" "-Zcheck-cfg", kill_on_drop: false }`
[INFO] [stdout] 8b613fad7ac35f70e38561d1256931fa441c934fc8a4d6b2940370607ca3f1ba
[INFO] running `Command { std: "docker" "start" "-a" "8b613fad7ac35f70e38561d1256931fa441c934fc8a4d6b2940370607ca3f1ba", kill_on_drop: false }`
[INFO] [stderr]    Compiling memchr v2.7.1
[INFO] [stderr]    Compiling regex-syntax v0.8.2
[INFO] [stderr]    Compiling simd v0.2.4
[INFO] [stderr]    Compiling num-integer v0.1.45
[INFO] [stderr]     Checking rand v0.4.6
[INFO] [stderr]    Compiling quick-error v1.2.3
[INFO] [stderr]    Compiling humantime v1.3.0
[INFO] [stderr]    Compiling atty v0.2.14
[INFO] [stderr]    Compiling num-iter v0.1.43
[INFO] [stderr]    Compiling termcolor v1.4.1
[INFO] [stderr]    Compiling log v0.4.20
[INFO] [stderr]     Checking aho-corasick v1.1.2
[INFO] [stderr]     Checking num-bigint v0.1.44
[INFO] [stdout] error[E0557]: feature has been removed
[INFO] [stdout]  --> /opt/rustwide/cargo-home/registry/src/index.crates.io-6f17d22bba15001f/simd-0.2.4/src/lib.rs:4:64
[INFO] [stdout]   |
[INFO] [stdout] 4 | #![feature(cfg_target_feature, repr_simd, platform_intrinsics, const_fn)]
[INFO] [stdout]   |                                                                ^^^^^^^^ feature has been removed
[INFO] [stdout]   |
[INFO] [stdout]   = note: split into finer-grained feature gates
[INFO] [stdout] 
[INFO] [stdout] 
[INFO] [stdout] error: unrecognized platform-specific intrinsic function: `simd_shuffle2`
[INFO] [stdout]    --> /opt/rustwide/cargo-home/registry/src/index.crates.io-6f17d22bba15001f/simd-0.2.4/src/lib.rs:192:5
[INFO] [stdout]     |
[INFO] [stdout] 192 |     fn simd_shuffle2<T: Simd, U: Simd<Elem = T::Elem>>(x: T, y: T, idx: [u32; 2]) -> U;
[INFO] [stdout]     |     ^^^^^^^^^^^^^^^^^^^^^^^^^^^^^^^^^^^^^^^^^^^^^^^^^^^^^^^^^^^^^^^^^^^^^^^^^^^^^^^^^^^
[INFO] [stdout] 
[INFO] [stdout] 
[INFO] [stdout] error: unrecognized platform-specific intrinsic function: `simd_shuffle4`
[INFO] [stdout]    --> /opt/rustwide/cargo-home/registry/src/index.crates.io-6f17d22bba15001f/simd-0.2.4/src/lib.rs:193:5
[INFO] [stdout]     |
[INFO] [stdout] 193 |     fn simd_shuffle4<T: Simd, U: Simd<Elem = T::Elem>>(x: T, y: T, idx: [u32; 4]) -> U;
[INFO] [stdout]     |     ^^^^^^^^^^^^^^^^^^^^^^^^^^^^^^^^^^^^^^^^^^^^^^^^^^^^^^^^^^^^^^^^^^^^^^^^^^^^^^^^^^^
[INFO] [stdout] 
[INFO] [stdout] 
[INFO] [stdout] error: unrecognized platform-specific intrinsic function: `simd_shuffle8`
[INFO] [stdout]    --> /opt/rustwide/cargo-home/registry/src/index.crates.io-6f17d22bba15001f/simd-0.2.4/src/lib.rs:194:5
[INFO] [stdout]     |
[INFO] [stdout] 194 |     fn simd_shuffle8<T: Simd, U: Simd<Elem = T::Elem>>(x: T, y: T, idx: [u32; 8]) -> U;
[INFO] [stdout]     |     ^^^^^^^^^^^^^^^^^^^^^^^^^^^^^^^^^^^^^^^^^^^^^^^^^^^^^^^^^^^^^^^^^^^^^^^^^^^^^^^^^^^
[INFO] [stdout] 
[INFO] [stdout] 
[INFO] [stdout] error: unrecognized platform-specific intrinsic function: `simd_shuffle16`
[INFO] [stdout]    --> /opt/rustwide/cargo-home/registry/src/index.crates.io-6f17d22bba15001f/simd-0.2.4/src/lib.rs:195:5
[INFO] [stdout]     |
[INFO] [stdout] 195 |     fn simd_shuffle16<T: Simd, U: Simd<Elem = T::Elem>>(x: T, y: T, idx: [u32; 16]) -> U;
[INFO] [stdout]     |     ^^^^^^^^^^^^^^^^^^^^^^^^^^^^^^^^^^^^^^^^^^^^^^^^^^^^^^^^^^^^^^^^^^^^^^^^^^^^^^^^^^^^^
[INFO] [stdout] 
[INFO] [stdout] 
[INFO] [stdout] error: unrecognized platform-specific intrinsic function: `x86_mm_movemask_ps`
[INFO] [stdout]   --> /opt/rustwide/cargo-home/registry/src/index.crates.io-6f17d22bba15001f/simd-0.2.4/src/x86/sse2.rs:10:5
[INFO] [stdout]    |
[INFO] [stdout] 10 |     fn x86_mm_movemask_ps(x: f32x4) -> i32;
[INFO] [stdout]    |     ^^^^^^^^^^^^^^^^^^^^^^^^^^^^^^^^^^^^^^^
[INFO] [stdout] 
[INFO] [stdout] 
[INFO] [stdout] error: unrecognized platform-specific intrinsic function: `x86_mm_max_ps`
[INFO] [stdout]   --> /opt/rustwide/cargo-home/registry/src/index.crates.io-6f17d22bba15001f/simd-0.2.4/src/x86/sse2.rs:11:5
[INFO] [stdout]    |
[INFO] [stdout] 11 |     fn x86_mm_max_ps(x: f32x4, y: f32x4) -> f32x4;
[INFO] [stdout]    |     ^^^^^^^^^^^^^^^^^^^^^^^^^^^^^^^^^^^^^^^^^^^^^^
[INFO] [stdout] 
[INFO] [stdout] 
[INFO] [stdout] error: unrecognized platform-specific intrinsic function: `x86_mm_min_ps`
[INFO] [stdout]   --> /opt/rustwide/cargo-home/registry/src/index.crates.io-6f17d22bba15001f/simd-0.2.4/src/x86/sse2.rs:12:5
[INFO] [stdout]    |
[INFO] [stdout] 12 |     fn x86_mm_min_ps(x: f32x4, y: f32x4) -> f32x4;
[INFO] [stdout]    |     ^^^^^^^^^^^^^^^^^^^^^^^^^^^^^^^^^^^^^^^^^^^^^^
[INFO] [stdout] 
[INFO] [stdout] 
[INFO] [stdout] error: unrecognized platform-specific intrinsic function: `x86_mm_rsqrt_ps`
[INFO] [stdout]   --> /opt/rustwide/cargo-home/registry/src/index.crates.io-6f17d22bba15001f/simd-0.2.4/src/x86/sse2.rs:13:5
[INFO] [stdout]    |
[INFO] [stdout] 13 |     fn x86_mm_rsqrt_ps(x: f32x4) -> f32x4;
[INFO] [stdout]    |     ^^^^^^^^^^^^^^^^^^^^^^^^^^^^^^^^^^^^^^
[INFO] [stdout] 
[INFO] [stdout] 
[INFO] [stdout] error: unrecognized platform-specific intrinsic function: `x86_mm_rcp_ps`
[INFO] [stdout]   --> /opt/rustwide/cargo-home/registry/src/index.crates.io-6f17d22bba15001f/simd-0.2.4/src/x86/sse2.rs:14:5
[INFO] [stdout]    |
[INFO] [stdout] 14 |     fn x86_mm_rcp_ps(x: f32x4) -> f32x4;
[INFO] [stdout]    |     ^^^^^^^^^^^^^^^^^^^^^^^^^^^^^^^^^^^^
[INFO] [stdout] 
[INFO] [stdout] 
[INFO] [stdout] error: unrecognized platform-specific intrinsic function: `x86_mm_sqrt_ps`
[INFO] [stdout]   --> /opt/rustwide/cargo-home/registry/src/index.crates.io-6f17d22bba15001f/simd-0.2.4/src/x86/sse2.rs:15:5
[INFO] [stdout]    |
[INFO] [stdout] 15 |     fn x86_mm_sqrt_ps(x: f32x4) -> f32x4;
[INFO] [stdout]    |     ^^^^^^^^^^^^^^^^^^^^^^^^^^^^^^^^^^^^^
[INFO] [stdout] 
[INFO] [stdout] 
[INFO] [stdout] error: unrecognized platform-specific intrinsic function: `x86_mm_adds_epi8`
[INFO] [stdout]   --> /opt/rustwide/cargo-home/registry/src/index.crates.io-6f17d22bba15001f/simd-0.2.4/src/x86/sse2.rs:19:5
[INFO] [stdout]    |
[INFO] [stdout] 19 |     fn x86_mm_adds_epi8(x: i8x16, y: i8x16) -> i8x16;
[INFO] [stdout]    |     ^^^^^^^^^^^^^^^^^^^^^^^^^^^^^^^^^^^^^^^^^^^^^^^^^
[INFO] [stdout] 
[INFO] [stdout] 
[INFO] [stdout] error: unrecognized platform-specific intrinsic function: `x86_mm_adds_epu8`
[INFO] [stdout]   --> /opt/rustwide/cargo-home/registry/src/index.crates.io-6f17d22bba15001f/simd-0.2.4/src/x86/sse2.rs:20:5
[INFO] [stdout]    |
[INFO] [stdout] 20 |     fn x86_mm_adds_epu8(x: u8x16, y: u8x16) -> u8x16;
[INFO] [stdout]    |     ^^^^^^^^^^^^^^^^^^^^^^^^^^^^^^^^^^^^^^^^^^^^^^^^^
[INFO] [stdout] 
[INFO] [stdout] 
[INFO] [stdout] error: unrecognized platform-specific intrinsic function: `x86_mm_adds_epi16`
[INFO] [stdout]   --> /opt/rustwide/cargo-home/registry/src/index.crates.io-6f17d22bba15001f/simd-0.2.4/src/x86/sse2.rs:21:5
[INFO] [stdout]    |
[INFO] [stdout] 21 |     fn x86_mm_adds_epi16(x: i16x8, y: i16x8) -> i16x8;
[INFO] [stdout]    |     ^^^^^^^^^^^^^^^^^^^^^^^^^^^^^^^^^^^^^^^^^^^^^^^^^^
[INFO] [stdout] 
[INFO] [stdout] 
[INFO] [stdout] error: unrecognized platform-specific intrinsic function: `x86_mm_adds_epu16`
[INFO] [stdout]   --> /opt/rustwide/cargo-home/registry/src/index.crates.io-6f17d22bba15001f/simd-0.2.4/src/x86/sse2.rs:22:5
[INFO] [stdout]    |
[INFO] [stdout] 22 |     fn x86_mm_adds_epu16(x: u16x8, y: u16x8) -> u16x8;
[INFO] [stdout]    |     ^^^^^^^^^^^^^^^^^^^^^^^^^^^^^^^^^^^^^^^^^^^^^^^^^^
[INFO] [stdout] 
[INFO] [stdout] 
[INFO] [stdout] error: unrecognized platform-specific intrinsic function: `x86_mm_avg_epu8`
[INFO] [stdout]   --> /opt/rustwide/cargo-home/registry/src/index.crates.io-6f17d22bba15001f/simd-0.2.4/src/x86/sse2.rs:23:5
[INFO] [stdout]    |
[INFO] [stdout] 23 |     fn x86_mm_avg_epu8(x: u8x16, y: u8x16) -> u8x16;
[INFO] [stdout]    |     ^^^^^^^^^^^^^^^^^^^^^^^^^^^^^^^^^^^^^^^^^^^^^^^^
[INFO] [stdout] 
[INFO] [stdout] 
[INFO] [stdout] error: unrecognized platform-specific intrinsic function: `x86_mm_avg_epu16`
[INFO] [stdout]   --> /opt/rustwide/cargo-home/registry/src/index.crates.io-6f17d22bba15001f/simd-0.2.4/src/x86/sse2.rs:24:5
[INFO] [stdout]    |
[INFO] [stdout] 24 |     fn x86_mm_avg_epu16(x: u16x8, y: u16x8) -> u16x8;
[INFO] [stdout]    |     ^^^^^^^^^^^^^^^^^^^^^^^^^^^^^^^^^^^^^^^^^^^^^^^^^
[INFO] [stdout] 
[INFO] [stdout] 
[INFO] [stdout] error: unrecognized platform-specific intrinsic function: `x86_mm_madd_epi16`
[INFO] [stdout]   --> /opt/rustwide/cargo-home/registry/src/index.crates.io-6f17d22bba15001f/simd-0.2.4/src/x86/sse2.rs:25:5
[INFO] [stdout]    |
[INFO] [stdout] 25 |     fn x86_mm_madd_epi16(x: i16x8, y: i16x8) -> i32x4;
[INFO] [stdout]    |     ^^^^^^^^^^^^^^^^^^^^^^^^^^^^^^^^^^^^^^^^^^^^^^^^^^
[INFO] [stdout] 
[INFO] [stdout] 
[INFO] [stdout] error: unrecognized platform-specific intrinsic function: `x86_mm_max_epi16`
[INFO] [stdout]   --> /opt/rustwide/cargo-home/registry/src/index.crates.io-6f17d22bba15001f/simd-0.2.4/src/x86/sse2.rs:26:5
[INFO] [stdout]    |
[INFO] [stdout] 26 |     fn x86_mm_max_epi16(x: i16x8, y: i16x8) -> i16x8;
[INFO] [stdout]    |     ^^^^^^^^^^^^^^^^^^^^^^^^^^^^^^^^^^^^^^^^^^^^^^^^^
[INFO] [stdout] 
[INFO] [stdout] 
[INFO] [stdout] error: unrecognized platform-specific intrinsic function: `x86_mm_max_epu8`
[INFO] [stdout]   --> /opt/rustwide/cargo-home/registry/src/index.crates.io-6f17d22bba15001f/simd-0.2.4/src/x86/sse2.rs:27:5
[INFO] [stdout]    |
[INFO] [stdout] 27 |     fn x86_mm_max_epu8(x: u8x16, y: u8x16) -> u8x16;
[INFO] [stdout]    |     ^^^^^^^^^^^^^^^^^^^^^^^^^^^^^^^^^^^^^^^^^^^^^^^^
[INFO] [stdout] 
[INFO] [stdout] 
[INFO] [stdout] error: unrecognized platform-specific intrinsic function: `x86_mm_max_pd`
[INFO] [stdout]   --> /opt/rustwide/cargo-home/registry/src/index.crates.io-6f17d22bba15001f/simd-0.2.4/src/x86/sse2.rs:28:5
[INFO] [stdout]    |
[INFO] [stdout] 28 |     fn x86_mm_max_pd(x: f64x2, y: f64x2) -> f64x2;
[INFO] [stdout]    |     ^^^^^^^^^^^^^^^^^^^^^^^^^^^^^^^^^^^^^^^^^^^^^^
[INFO] [stdout] 
[INFO] [stdout] 
[INFO] [stdout] error: unrecognized platform-specific intrinsic function: `x86_mm_min_epi16`
[INFO] [stdout]   --> /opt/rustwide/cargo-home/registry/src/index.crates.io-6f17d22bba15001f/simd-0.2.4/src/x86/sse2.rs:29:5
[INFO] [stdout]    |
[INFO] [stdout] 29 |     fn x86_mm_min_epi16(x: i16x8, y: i16x8) -> i16x8;
[INFO] [stdout]    |     ^^^^^^^^^^^^^^^^^^^^^^^^^^^^^^^^^^^^^^^^^^^^^^^^^
[INFO] [stdout] 
[INFO] [stdout] 
[INFO] [stdout] error: unrecognized platform-specific intrinsic function: `x86_mm_min_epu8`
[INFO] [stdout]   --> /opt/rustwide/cargo-home/registry/src/index.crates.io-6f17d22bba15001f/simd-0.2.4/src/x86/sse2.rs:30:5
[INFO] [stdout]    |
[INFO] [stdout] 30 |     fn x86_mm_min_epu8(x: u8x16, y: u8x16) -> u8x16;
[INFO] [stdout]    |     ^^^^^^^^^^^^^^^^^^^^^^^^^^^^^^^^^^^^^^^^^^^^^^^^
[INFO] [stdout] 
[INFO] [stdout] 
[INFO] [stdout] error: unrecognized platform-specific intrinsic function: `x86_mm_min_pd`
[INFO] [stdout]   --> /opt/rustwide/cargo-home/registry/src/index.crates.io-6f17d22bba15001f/simd-0.2.4/src/x86/sse2.rs:31:5
[INFO] [stdout]    |
[INFO] [stdout] 31 |     fn x86_mm_min_pd(x: f64x2, y: f64x2) -> f64x2;
[INFO] [stdout]    |     ^^^^^^^^^^^^^^^^^^^^^^^^^^^^^^^^^^^^^^^^^^^^^^
[INFO] [stdout] 
[INFO] [stdout] 
[INFO] [stdout] error: unrecognized platform-specific intrinsic function: `x86_mm_movemask_pd`
[INFO] [stdout]   --> /opt/rustwide/cargo-home/registry/src/index.crates.io-6f17d22bba15001f/simd-0.2.4/src/x86/sse2.rs:32:5
[INFO] [stdout]    |
[INFO] [stdout] 32 |     fn x86_mm_movemask_pd(x: f64x2) -> i32;
[INFO] [stdout]    |     ^^^^^^^^^^^^^^^^^^^^^^^^^^^^^^^^^^^^^^^
[INFO] [stdout] 
[INFO] [stdout] 
[INFO] [stdout] error: unrecognized platform-specific intrinsic function: `x86_mm_movemask_epi8`
[INFO] [stdout]   --> /opt/rustwide/cargo-home/registry/src/index.crates.io-6f17d22bba15001f/simd-0.2.4/src/x86/sse2.rs:33:5
[INFO] [stdout]    |
[INFO] [stdout] 33 |     fn x86_mm_movemask_epi8(x: i8x16) -> i32;
[INFO] [stdout]    |     ^^^^^^^^^^^^^^^^^^^^^^^^^^^^^^^^^^^^^^^^^
[INFO] [stdout] 
[INFO] [stdout] 
[INFO] [stdout] error: unrecognized platform-specific intrinsic function: `x86_mm_mul_epu32`
[INFO] [stdout]   --> /opt/rustwide/cargo-home/registry/src/index.crates.io-6f17d22bba15001f/simd-0.2.4/src/x86/sse2.rs:34:5
[INFO] [stdout]    |
[INFO] [stdout] 34 |     fn x86_mm_mul_epu32(x: u32x4, y: u32x4) -> u64x2;
[INFO] [stdout]    |     ^^^^^^^^^^^^^^^^^^^^^^^^^^^^^^^^^^^^^^^^^^^^^^^^^
[INFO] [stdout] 
[INFO] [stdout] 
[INFO] [stdout] error: unrecognized platform-specific intrinsic function: `x86_mm_mulhi_epi16`
[INFO] [stdout]   --> /opt/rustwide/cargo-home/registry/src/index.crates.io-6f17d22bba15001f/simd-0.2.4/src/x86/sse2.rs:35:5
[INFO] [stdout]    |
[INFO] [stdout] 35 |     fn x86_mm_mulhi_epi16(x: i16x8, y: i16x8) -> i16x8;
[INFO] [stdout]    |     ^^^^^^^^^^^^^^^^^^^^^^^^^^^^^^^^^^^^^^^^^^^^^^^^^^^
[INFO] [stdout] 
[INFO] [stdout] 
[INFO] [stdout] error: unrecognized platform-specific intrinsic function: `x86_mm_mulhi_epu16`
[INFO] [stdout]   --> /opt/rustwide/cargo-home/registry/src/index.crates.io-6f17d22bba15001f/simd-0.2.4/src/x86/sse2.rs:36:5
[INFO] [stdout]    |
[INFO] [stdout] 36 |     fn x86_mm_mulhi_epu16(x: u16x8, y: u16x8) -> u16x8;
[INFO] [stdout]    |     ^^^^^^^^^^^^^^^^^^^^^^^^^^^^^^^^^^^^^^^^^^^^^^^^^^^
[INFO] [stdout] 
[INFO] [stdout] 
[INFO] [stdout] error: unrecognized platform-specific intrinsic function: `x86_mm_packs_epi16`
[INFO] [stdout]   --> /opt/rustwide/cargo-home/registry/src/index.crates.io-6f17d22bba15001f/simd-0.2.4/src/x86/sse2.rs:37:5
[INFO] [stdout]    |
[INFO] [stdout] 37 |     fn x86_mm_packs_epi16(x: i16x8, y: i16x8) -> i8x16;
[INFO] [stdout]    |     ^^^^^^^^^^^^^^^^^^^^^^^^^^^^^^^^^^^^^^^^^^^^^^^^^^^
[INFO] [stdout] 
[INFO] [stdout] 
[INFO] [stdout] error: unrecognized platform-specific intrinsic function: `x86_mm_packs_epi32`
[INFO] [stdout]   --> /opt/rustwide/cargo-home/registry/src/index.crates.io-6f17d22bba15001f/simd-0.2.4/src/x86/sse2.rs:38:5
[INFO] [stdout]    |
[INFO] [stdout] 38 |     fn x86_mm_packs_epi32(x: i32x4, y: i32x4) -> i16x8;
[INFO] [stdout]    |     ^^^^^^^^^^^^^^^^^^^^^^^^^^^^^^^^^^^^^^^^^^^^^^^^^^^
[INFO] [stdout] 
[INFO] [stdout] 
[INFO] [stdout] error: unrecognized platform-specific intrinsic function: `x86_mm_packus_epi16`
[INFO] [stdout]   --> /opt/rustwide/cargo-home/registry/src/index.crates.io-6f17d22bba15001f/simd-0.2.4/src/x86/sse2.rs:39:5
[INFO] [stdout]    |
[INFO] [stdout] 39 |     fn x86_mm_packus_epi16(x: i16x8, y: i16x8) -> u8x16;
[INFO] [stdout]    |     ^^^^^^^^^^^^^^^^^^^^^^^^^^^^^^^^^^^^^^^^^^^^^^^^^^^^
[INFO] [stdout] 
[INFO] [stdout] 
[INFO] [stdout] error: unrecognized platform-specific intrinsic function: `x86_mm_sad_epu8`
[INFO] [stdout]   --> /opt/rustwide/cargo-home/registry/src/index.crates.io-6f17d22bba15001f/simd-0.2.4/src/x86/sse2.rs:40:5
[INFO] [stdout]    |
[INFO] [stdout] 40 |     fn x86_mm_sad_epu8(x: u8x16, y: u8x16) -> u64x2;
[INFO] [stdout]    |     ^^^^^^^^^^^^^^^^^^^^^^^^^^^^^^^^^^^^^^^^^^^^^^^^
[INFO] [stdout] 
[INFO] [stdout] 
[INFO] [stdout] error: unrecognized platform-specific intrinsic function: `x86_mm_sqrt_pd`
[INFO] [stdout]   --> /opt/rustwide/cargo-home/registry/src/index.crates.io-6f17d22bba15001f/simd-0.2.4/src/x86/sse2.rs:41:5
[INFO] [stdout]    |
[INFO] [stdout] 41 |     fn x86_mm_sqrt_pd(x: f64x2) -> f64x2;
[INFO] [stdout]    |     ^^^^^^^^^^^^^^^^^^^^^^^^^^^^^^^^^^^^^
[INFO] [stdout] 
[INFO] [stdout] 
[INFO] [stdout] error: unrecognized platform-specific intrinsic function: `x86_mm_subs_epi8`
[INFO] [stdout]   --> /opt/rustwide/cargo-home/registry/src/index.crates.io-6f17d22bba15001f/simd-0.2.4/src/x86/sse2.rs:42:5
[INFO] [stdout]    |
[INFO] [stdout] 42 |     fn x86_mm_subs_epi8(x: i8x16, y: i8x16) -> i8x16;
[INFO] [stdout]    |     ^^^^^^^^^^^^^^^^^^^^^^^^^^^^^^^^^^^^^^^^^^^^^^^^^
[INFO] [stdout] 
[INFO] [stdout] 
[INFO] [stdout] error: unrecognized platform-specific intrinsic function: `x86_mm_subs_epu8`
[INFO] [stdout]   --> /opt/rustwide/cargo-home/registry/src/index.crates.io-6f17d22bba15001f/simd-0.2.4/src/x86/sse2.rs:43:5
[INFO] [stdout]    |
[INFO] [stdout] 43 |     fn x86_mm_subs_epu8(x: u8x16, y: u8x16) -> u8x16;
[INFO] [stdout]    |     ^^^^^^^^^^^^^^^^^^^^^^^^^^^^^^^^^^^^^^^^^^^^^^^^^
[INFO] [stdout] 
[INFO] [stdout] 
[INFO] [stdout] error: unrecognized platform-specific intrinsic function: `x86_mm_subs_epi16`
[INFO] [stdout]   --> /opt/rustwide/cargo-home/registry/src/index.crates.io-6f17d22bba15001f/simd-0.2.4/src/x86/sse2.rs:44:5
[INFO] [stdout]    |
[INFO] [stdout] 44 |     fn x86_mm_subs_epi16(x: i16x8, y: i16x8) -> i16x8;
[INFO] [stdout]    |     ^^^^^^^^^^^^^^^^^^^^^^^^^^^^^^^^^^^^^^^^^^^^^^^^^^
[INFO] [stdout] 
[INFO] [stdout] 
[INFO] [stdout] error: unrecognized platform-specific intrinsic function: `x86_mm_subs_epu16`
[INFO] [stdout]   --> /opt/rustwide/cargo-home/registry/src/index.crates.io-6f17d22bba15001f/simd-0.2.4/src/x86/sse2.rs:45:5
[INFO] [stdout]    |
[INFO] [stdout] 45 |     fn x86_mm_subs_epu16(x: u16x8, y: u16x8) -> u16x8;
[INFO] [stdout]    |     ^^^^^^^^^^^^^^^^^^^^^^^^^^^^^^^^^^^^^^^^^^^^^^^^^^
[INFO] [stdout] 
[INFO] [stdout] 
[INFO] [stderr]    Compiling mayda_macros v0.1.4
[INFO] [stdout] error[E0557]: feature has been removed
[INFO] [stdout]    --> /opt/rustwide/cargo-home/registry/src/index.crates.io-6f17d22bba15001f/mayda_macros-0.1.4/src/lib.rs:129:12
[INFO] [stdout]     |
[INFO] [stdout] 129 | #![feature(plugin_registrar, rustc_private, quote)]
[INFO] [stdout]     |            ^^^^^^^^^^^^^^^^ feature has been removed
[INFO] [stdout]     |
[INFO] [stdout]     = note: plugins are no longer supported
[INFO] [stdout] 
[INFO] [stdout] 
[INFO] [stdout] error[E0557]: feature has been removed
[INFO] [stdout]    --> /opt/rustwide/cargo-home/registry/src/index.crates.io-6f17d22bba15001f/mayda_macros-0.1.4/src/lib.rs:129:45
[INFO] [stdout]     |
[INFO] [stdout] 129 | #![feature(plugin_registrar, rustc_private, quote)]
[INFO] [stdout]     |                                             ^^^^^ feature has been removed
[INFO] [stdout] 
[INFO] [stdout] 
[INFO] [stdout] error: aborting due to 38 previous errors
[INFO] [stdout] 
[INFO] [stdout] 
[INFO] [stdout] For more information about this error, try `rustc --explain E0557`.
[INFO] [stdout] 
[INFO] [stdout] error[E0463]: can't find crate for `syntax`
[INFO] [stdout]    --> /opt/rustwide/cargo-home/registry/src/index.crates.io-6f17d22bba15001f/mayda_macros-0.1.4/src/lib.rs:135:1
[INFO] [stdout]     |
[INFO] [stdout] 135 | extern crate syntax;
[INFO] [stdout]     | ^^^^^^^^^^^^^^^^^^^^ can't find crate
[INFO] [stdout] 
[INFO] [stdout] 
[INFO] [stdout] error[E0462]: found staticlib `rustc` instead of rlib or dylib
[INFO] [stdout]    --> /opt/rustwide/cargo-home/registry/src/index.crates.io-6f17d22bba15001f/mayda_macros-0.1.4/src/lib.rs:136:1
[INFO] [stdout]     |
[INFO] [stdout] 136 | extern crate rustc;
[INFO] [stdout]     | ^^^^^^^^^^^^^^^^^^^
[INFO] [stdout]     |
[INFO] [stdout]     = note: the following crate versions were found:
[INFO] [stdout]             crate `rustc`: /opt/rustwide/rustup-home/toolchains/nightly-2024-02-05-x86_64-unknown-linux-gnu/lib/rustlib/x86_64-unknown-linux-gnu/lib/librustc-nightly_rt.tsan.a
[INFO] [stdout]             crate `rustc`: /opt/rustwide/rustup-home/toolchains/nightly-2024-02-05-x86_64-unknown-linux-gnu/lib/rustlib/x86_64-unknown-linux-gnu/lib/librustc-nightly_rt.lsan.a
[INFO] [stdout]             crate `rustc`: /opt/rustwide/rustup-home/toolchains/nightly-2024-02-05-x86_64-unknown-linux-gnu/lib/rustlib/x86_64-unknown-linux-gnu/lib/librustc-nightly_rt.asan.a
[INFO] [stdout]             crate `rustc`: /opt/rustwide/rustup-home/toolchains/nightly-2024-02-05-x86_64-unknown-linux-gnu/lib/rustlib/x86_64-unknown-linux-gnu/lib/librustc-nightly_rt.msan.a
[INFO] [stdout]             crate `rustc`: /opt/rustwide/rustup-home/toolchains/nightly-2024-02-05-x86_64-unknown-linux-gnu/lib/rustlib/x86_64-unknown-linux-gnu/lib/librustc-nightly_rt.safestack.a
[INFO] [stdout]     = help: please recompile that crate using --crate-type lib
[INFO] [stdout] 
[INFO] [stdout] 
[INFO] [stdout] error[E0463]: can't find crate for `rustc_plugin`
[INFO] [stdout]    --> /opt/rustwide/cargo-home/registry/src/index.crates.io-6f17d22bba15001f/mayda_macros-0.1.4/src/lib.rs:137:1
[INFO] [stdout]     |
[INFO] [stdout] 137 | extern crate rustc_plugin;
[INFO] [stdout]     | ^^^^^^^^^^^^^^^^^^^^^^^^^^ can't find crate
[INFO] [stdout]     |
[INFO] [stdout]     = help: maybe you need to install the missing components with: `rustup component add rust-src rustc-dev llvm-tools-preview`
[INFO] [stdout] 
[INFO] [stdout] 
[INFO] [stderr] The following warnings were emitted during compilation:
[INFO] [stderr] 
[INFO] [stderr] warning: simd@0.2.4: Cannot set `RUSTC_BOOTSTRAP=1` from build script of `simd v0.2.4`.
[INFO] [stderr] note: Crates cannot set `RUSTC_BOOTSTRAP` themselves, as doing so would subvert the stability guarantees of Rust for your project.
[INFO] [stderr] 
[INFO] [stderr] error: could not compile `simd` (lib) due to 39 previous errors
[INFO] [stderr] warning: build failed, waiting for other jobs to finish...
[INFO] [stdout] error: cannot find attribute `plugin_registrar` in this scope
[INFO] [stdout]    --> /opt/rustwide/cargo-home/registry/src/index.crates.io-6f17d22bba15001f/mayda_macros-0.1.4/src/lib.rs:155:3
[INFO] [stdout]     |
[INFO] [stdout] 155 | #[plugin_registrar]
[INFO] [stdout]     |   ^^^^^^^^^^^^^^^^
[INFO] [stdout]     |
[INFO] [stdout]     = note: `plugin_registrar` is in scope, but it is a function, not an attribute
[INFO] [stdout] 
[INFO] [stdout] 
[INFO] [stdout] error: cannot find macro `quote_item` in this scope
[INFO] [stdout]    --> /opt/rustwide/cargo-home/registry/src/index.crates.io-6f17d22bba15001f/mayda_macros-0.1.4/src/lib.rs:196:11
[INFO] [stdout]     |
[INFO] [stdout] 196 |           quote_item!(cx,
[INFO] [stdout]     |           ^^^^^^^^^^
[INFO] [stdout] 
[INFO] [stdout] 
[INFO] [stdout] error: cannot find macro `quote_tokens` in this scope
[INFO] [stdout]    --> /opt/rustwide/cargo-home/registry/src/index.crates.io-6f17d22bba15001f/mayda_macros-0.1.4/src/lib.rs:204:24
[INFO] [stdout]     |
[INFO] [stdout] 204 |       let mut tokens = quote_tokens!(cx,
[INFO] [stdout]     |                        ^^^^^^^^^^^^
[INFO] [stdout] 
[INFO] [stdout] 
[INFO] [stdout] error: cannot find macro `quote_tokens` in this scope
[INFO] [stdout]    --> /opt/rustwide/cargo-home/registry/src/index.crates.io-6f17d22bba15001f/mayda_macros-0.1.4/src/lib.rs:217:20
[INFO] [stdout]     |
[INFO] [stdout] 217 |           tokens = quote_tokens!(cx, $tokens
[INFO] [stdout]     |                    ^^^^^^^^^^^^
[INFO] [stdout] 
[INFO] [stdout] 
[INFO] [stdout] error: cannot find macro `quote_tokens` in this scope
[INFO] [stdout]    --> /opt/rustwide/cargo-home/registry/src/index.crates.io-6f17d22bba15001f/mayda_macros-0.1.4/src/lib.rs:221:20
[INFO] [stdout]     |
[INFO] [stdout] 221 |           tokens = quote_tokens!(cx, $tokens
[INFO] [stdout]     |                    ^^^^^^^^^^^^
[INFO] [stdout] 
[INFO] [stdout] 
[INFO] [stdout] error: cannot find macro `quote_tokens` in this scope
[INFO] [stdout]    --> /opt/rustwide/cargo-home/registry/src/index.crates.io-6f17d22bba15001f/mayda_macros-0.1.4/src/lib.rs:230:20
[INFO] [stdout]     |
[INFO] [stdout] 230 |           tokens = quote_tokens!(cx, $tokens
[INFO] [stdout]     |                    ^^^^^^^^^^^^
[INFO] [stdout] 
[INFO] [stdout] 
[INFO] [stdout] error: cannot find macro `quote_tokens` in this scope
[INFO] [stdout]    --> /opt/rustwide/cargo-home/registry/src/index.crates.io-6f17d22bba15001f/mayda_macros-0.1.4/src/lib.rs:242:20
[INFO] [stdout]     |
[INFO] [stdout] 242 |           tokens = quote_tokens!(cx, $tokens
[INFO] [stdout]     |                    ^^^^^^^^^^^^
[INFO] [stdout] 
[INFO] [stdout] 
[INFO] [stdout] error: cannot find macro `quote_tokens` in this scope
[INFO] [stdout]    --> /opt/rustwide/cargo-home/registry/src/index.crates.io-6f17d22bba15001f/mayda_macros-0.1.4/src/lib.rs:246:22
[INFO] [stdout]     |
[INFO] [stdout] 246 |             tokens = quote_tokens!(cx, $tokens
[INFO] [stdout]     |                      ^^^^^^^^^^^^
[INFO] [stdout] 
[INFO] [stdout] 
[INFO] [stdout] error: cannot find macro `quote_tokens` in this scope
[INFO] [stdout]    --> /opt/rustwide/cargo-home/registry/src/index.crates.io-6f17d22bba15001f/mayda_macros-0.1.4/src/lib.rs:253:22
[INFO] [stdout]     |
[INFO] [stdout] 253 |             tokens = quote_tokens!(cx, $tokens
[INFO] [stdout]     |                      ^^^^^^^^^^^^
[INFO] [stdout] 
[INFO] [stdout] 
[INFO] [stdout] error: cannot find macro `quote_tokens` in this scope
[INFO] [stdout]    --> /opt/rustwide/cargo-home/registry/src/index.crates.io-6f17d22bba15001f/mayda_macros-0.1.4/src/lib.rs:258:20
[INFO] [stdout]     |
[INFO] [stdout] 258 |           tokens = quote_tokens!(cx, $tokens
[INFO] [stdout]     |                    ^^^^^^^^^^^^
[INFO] [stdout] 
[INFO] [stdout] 
[INFO] [stdout] error: cannot find macro `quote_item` in this scope
[INFO] [stdout]    --> /opt/rustwide/cargo-home/registry/src/index.crates.io-6f17d22bba15001f/mayda_macros-0.1.4/src/lib.rs:266:9
[INFO] [stdout]     |
[INFO] [stdout] 266 |         quote_item!(cx,
[INFO] [stdout]     |         ^^^^^^^^^^
[INFO] [stdout] 
[INFO] [stdout] 
[INFO] [stdout] error: cannot find macro `quote_item` in this scope
[INFO] [stdout]    --> /opt/rustwide/cargo-home/registry/src/index.crates.io-6f17d22bba15001f/mayda_macros-0.1.4/src/lib.rs:290:5
[INFO] [stdout]     |
[INFO] [stdout] 290 |     quote_item!(cx,
[INFO] [stdout]     |     ^^^^^^^^^^
[INFO] [stdout] 
[INFO] [stdout] 
[INFO] [stdout] error: cannot find macro `quote_item` in this scope
[INFO] [stdout]    --> /opt/rustwide/cargo-home/registry/src/index.crates.io-6f17d22bba15001f/mayda_macros-0.1.4/src/lib.rs:333:11
[INFO] [stdout]     |
[INFO] [stdout] 333 |           quote_item!(cx,
[INFO] [stdout]     |           ^^^^^^^^^^
[INFO] [stdout] 
[INFO] [stdout] 
[INFO] [stdout] error: cannot find macro `quote_tokens` in this scope
[INFO] [stdout]    --> /opt/rustwide/cargo-home/registry/src/index.crates.io-6f17d22bba15001f/mayda_macros-0.1.4/src/lib.rs:346:11
[INFO] [stdout]     |
[INFO] [stdout] 346 |           quote_tokens!(cx,
[INFO] [stdout]     |           ^^^^^^^^^^^^
[INFO] [stdout] 
[INFO] [stdout] 
[INFO] [stdout] error: cannot find macro `quote_tokens` in this scope
[INFO] [stdout]    --> /opt/rustwide/cargo-home/registry/src/index.crates.io-6f17d22bba15001f/mayda_macros-0.1.4/src/lib.rs:351:11
[INFO] [stdout]     |
[INFO] [stdout] 351 |           quote_tokens!(cx,
[INFO] [stdout]     |           ^^^^^^^^^^^^
[INFO] [stdout] 
[INFO] [stdout] 
[INFO] [stdout] error: cannot find macro `quote_tokens` in this scope
[INFO] [stdout]    --> /opt/rustwide/cargo-home/registry/src/index.crates.io-6f17d22bba15001f/mayda_macros-0.1.4/src/lib.rs:362:18
[INFO] [stdout]     |
[INFO] [stdout] 362 |         tokens = quote_tokens!(cx, $tokens
[INFO] [stdout]     |                  ^^^^^^^^^^^^
[INFO] [stdout] 
[INFO] [stdout] 
[INFO] [stdout] error: cannot find macro `quote_tokens` in this scope
[INFO] [stdout]    --> /opt/rustwide/cargo-home/registry/src/index.crates.io-6f17d22bba15001f/mayda_macros-0.1.4/src/lib.rs:370:13
[INFO] [stdout]     |
[INFO] [stdout] 370 |             quote_tokens!(cx, $tokens
[INFO] [stdout]     |             ^^^^^^^^^^^^
[INFO] [stdout] 
[INFO] [stdout] 
[INFO] [stdout] error: cannot find macro `quote_tokens` in this scope
[INFO] [stdout]    --> /opt/rustwide/cargo-home/registry/src/index.crates.io-6f17d22bba15001f/mayda_macros-0.1.4/src/lib.rs:374:13
[INFO] [stdout]     |
[INFO] [stdout] 374 |             quote_tokens!(cx, $tokens
[INFO] [stdout]     |             ^^^^^^^^^^^^
[INFO] [stdout] 
[INFO] [stdout] 
[INFO] [stdout] error: cannot find macro `quote_tokens` in this scope
[INFO] [stdout]    --> /opt/rustwide/cargo-home/registry/src/index.crates.io-6f17d22bba15001f/mayda_macros-0.1.4/src/lib.rs:384:20
[INFO] [stdout]     |
[INFO] [stdout] 384 |           tokens = quote_tokens!(cx, $tokens
[INFO] [stdout]     |                    ^^^^^^^^^^^^
[INFO] [stdout] 
[INFO] [stdout] 
[INFO] [stdout] error: cannot find macro `quote_tokens` in this scope
[INFO] [stdout]    --> /opt/rustwide/cargo-home/registry/src/index.crates.io-6f17d22bba15001f/mayda_macros-0.1.4/src/lib.rs:395:13
[INFO] [stdout]     |
[INFO] [stdout] 395 |             quote_tokens!(cx, $tokens
[INFO] [stdout]     |             ^^^^^^^^^^^^
[INFO] [stdout] 
[INFO] [stdout] 
[INFO] [stdout] error: cannot find macro `quote_tokens` in this scope
[INFO] [stdout]    --> /opt/rustwide/cargo-home/registry/src/index.crates.io-6f17d22bba15001f/mayda_macros-0.1.4/src/lib.rs:399:13
[INFO] [stdout]     |
[INFO] [stdout] 399 |             quote_tokens!(cx, $tokens
[INFO] [stdout]     |             ^^^^^^^^^^^^
[INFO] [stdout] 
[INFO] [stdout] 
[INFO] [stdout] error: cannot find macro `quote_tokens` in this scope
[INFO] [stdout]    --> /opt/rustwide/cargo-home/registry/src/index.crates.io-6f17d22bba15001f/mayda_macros-0.1.4/src/lib.rs:407:20
[INFO] [stdout]     |
[INFO] [stdout] 407 |           tokens = quote_tokens!(cx, $tokens
[INFO] [stdout]     |                    ^^^^^^^^^^^^
[INFO] [stdout] 
[INFO] [stdout] 
[INFO] [stdout] error: cannot find macro `quote_tokens` in this scope
[INFO] [stdout]    --> /opt/rustwide/cargo-home/registry/src/index.crates.io-6f17d22bba15001f/mayda_macros-0.1.4/src/lib.rs:411:22
[INFO] [stdout]     |
[INFO] [stdout] 411 |             tokens = quote_tokens!(cx, $tokens
[INFO] [stdout]     |                      ^^^^^^^^^^^^
[INFO] [stdout] 
[INFO] [stdout] 
[INFO] [stdout] error: cannot find macro `quote_item` in this scope
[INFO] [stdout]    --> /opt/rustwide/cargo-home/registry/src/index.crates.io-6f17d22bba15001f/mayda_macros-0.1.4/src/lib.rs:421:9
[INFO] [stdout]     |
[INFO] [stdout] 421 |         quote_item!(cx,
[INFO] [stdout]     |         ^^^^^^^^^^
[INFO] [stdout] 
[INFO] [stdout] 
[INFO] [stdout] error: cannot find macro `quote_item` in this scope
[INFO] [stdout]    --> /opt/rustwide/cargo-home/registry/src/index.crates.io-6f17d22bba15001f/mayda_macros-0.1.4/src/lib.rs:445:5
[INFO] [stdout]     |
[INFO] [stdout] 445 |     quote_item!(cx,
[INFO] [stdout]     |     ^^^^^^^^^^
[INFO] [stdout] 
[INFO] [stdout] 
[INFO] [stdout] error: cannot find macro `quote_item` in this scope
[INFO] [stdout]    --> /opt/rustwide/cargo-home/registry/src/index.crates.io-6f17d22bba15001f/mayda_macros-0.1.4/src/lib.rs:505:9
[INFO] [stdout]     |
[INFO] [stdout] 505 |         quote_item!(cx,
[INFO] [stdout]     |         ^^^^^^^^^^
[INFO] [stdout] 
[INFO] [stdout] 
[INFO] [stdout] error: cannot find macro `quote_tokens` in this scope
[INFO] [stdout]    --> /opt/rustwide/cargo-home/registry/src/index.crates.io-6f17d22bba15001f/mayda_macros-0.1.4/src/lib.rs:514:22
[INFO] [stdout]     |
[INFO] [stdout] 514 |     let mut tokens = quote_tokens!(cx,
[INFO] [stdout]     |                      ^^^^^^^^^^^^
[INFO] [stdout] 
[INFO] [stdout] 
[INFO] [stdout] error: cannot find macro `quote_tokens` in this scope
[INFO] [stdout]    --> /opt/rustwide/cargo-home/registry/src/index.crates.io-6f17d22bba15001f/mayda_macros-0.1.4/src/lib.rs:521:14
[INFO] [stdout]     |
[INFO] [stdout] 521 |     tokens = quote_tokens!(cx, $tokens
[INFO] [stdout]     |              ^^^^^^^^^^^^
[INFO] [stdout] 
[INFO] [stdout] 
[INFO] [stdout] error: cannot find macro `quote_tokens` in this scope
[INFO] [stdout]    --> /opt/rustwide/cargo-home/registry/src/index.crates.io-6f17d22bba15001f/mayda_macros-0.1.4/src/lib.rs:536:18
[INFO] [stdout]     |
[INFO] [stdout] 536 |         tokens = quote_tokens!(cx, $tokens
[INFO] [stdout]     |                  ^^^^^^^^^^^^
[INFO] [stdout] 
[INFO] [stdout] 
[INFO] [stdout] error: cannot find macro `quote_tokens` in this scope
[INFO] [stdout]    --> /opt/rustwide/cargo-home/registry/src/index.crates.io-6f17d22bba15001f/mayda_macros-0.1.4/src/lib.rs:540:18
[INFO] [stdout]     |
[INFO] [stdout] 540 |         tokens = quote_tokens!(cx, $tokens
[INFO] [stdout]     |                  ^^^^^^^^^^^^
[INFO] [stdout] 
[INFO] [stdout] 
[INFO] [stdout] error: cannot find macro `quote_tokens` in this scope
[INFO] [stdout]    --> /opt/rustwide/cargo-home/registry/src/index.crates.io-6f17d22bba15001f/mayda_macros-0.1.4/src/lib.rs:548:18
[INFO] [stdout]     |
[INFO] [stdout] 548 |         tokens = quote_tokens!(cx, $tokens
[INFO] [stdout]     |                  ^^^^^^^^^^^^
[INFO] [stdout] 
[INFO] [stdout] 
[INFO] [stdout] error: cannot find macro `quote_tokens` in this scope
[INFO] [stdout]    --> /opt/rustwide/cargo-home/registry/src/index.crates.io-6f17d22bba15001f/mayda_macros-0.1.4/src/lib.rs:559:18
[INFO] [stdout]     |
[INFO] [stdout] 559 |         tokens = quote_tokens!(cx, $tokens
[INFO] [stdout]     |                  ^^^^^^^^^^^^
[INFO] [stdout] 
[INFO] [stdout] 
[INFO] [stdout] error: cannot find macro `quote_tokens` in this scope
[INFO] [stdout]    --> /opt/rustwide/cargo-home/registry/src/index.crates.io-6f17d22bba15001f/mayda_macros-0.1.4/src/lib.rs:564:20
[INFO] [stdout]     |
[INFO] [stdout] 564 |           tokens = quote_tokens!(cx, $tokens
[INFO] [stdout]     |                    ^^^^^^^^^^^^
[INFO] [stdout] 
[INFO] [stdout] 
[INFO] [stdout] error: cannot find macro `quote_tokens` in this scope
[INFO] [stdout]    --> /opt/rustwide/cargo-home/registry/src/index.crates.io-6f17d22bba15001f/mayda_macros-0.1.4/src/lib.rs:571:20
[INFO] [stdout]     |
[INFO] [stdout] 571 |           tokens = quote_tokens!(cx, $tokens
[INFO] [stdout]     |                    ^^^^^^^^^^^^
[INFO] [stdout] 
[INFO] [stdout] 
[INFO] [stdout] error: cannot find macro `quote_tokens` in this scope
[INFO] [stdout]    --> /opt/rustwide/cargo-home/registry/src/index.crates.io-6f17d22bba15001f/mayda_macros-0.1.4/src/lib.rs:576:18
[INFO] [stdout]     |
[INFO] [stdout] 576 |         tokens = quote_tokens!(cx, $tokens
[INFO] [stdout]     |                  ^^^^^^^^^^^^
[INFO] [stdout] 
[INFO] [stdout] 
[INFO] [stdout] error: cannot find macro `quote_item` in this scope
[INFO] [stdout]    --> /opt/rustwide/cargo-home/registry/src/index.crates.io-6f17d22bba15001f/mayda_macros-0.1.4/src/lib.rs:584:7
[INFO] [stdout]     |
[INFO] [stdout] 584 |       quote_item!(cx,
[INFO] [stdout]     |       ^^^^^^^^^^
[INFO] [stdout] 
[INFO] [stdout] 
[INFO] [stdout] error: cannot find macro `quote_item` in this scope
[INFO] [stdout]    --> /opt/rustwide/cargo-home/registry/src/index.crates.io-6f17d22bba15001f/mayda_macros-0.1.4/src/lib.rs:604:5
[INFO] [stdout]     |
[INFO] [stdout] 604 |     quote_item!(cx,
[INFO] [stdout]     |     ^^^^^^^^^^
[INFO] [stdout] 
[INFO] [stdout] 
[INFO] [stdout] error: cannot find macro `quote_item` in this scope
[INFO] [stdout]    --> /opt/rustwide/cargo-home/registry/src/index.crates.io-6f17d22bba15001f/mayda_macros-0.1.4/src/lib.rs:674:9
[INFO] [stdout]     |
[INFO] [stdout] 674 |         quote_item!(cx,
[INFO] [stdout]     |         ^^^^^^^^^^
[INFO] [stdout] 
[INFO] [stdout] 
[INFO] [stdout] error: cannot find macro `quote_tokens` in this scope
[INFO] [stdout]    --> /opt/rustwide/cargo-home/registry/src/index.crates.io-6f17d22bba15001f/mayda_macros-0.1.4/src/lib.rs:685:22
[INFO] [stdout]     |
[INFO] [stdout] 685 |     let mut tokens = quote_tokens!(cx,
[INFO] [stdout]     |                      ^^^^^^^^^^^^
[INFO] [stdout] 
[INFO] [stdout] 
[INFO] [stdout] error: cannot find macro `quote_tokens` in this scope
[INFO] [stdout]    --> /opt/rustwide/cargo-home/registry/src/index.crates.io-6f17d22bba15001f/mayda_macros-0.1.4/src/lib.rs:693:16
[INFO] [stdout]     |
[INFO] [stdout] 693 |       tokens = quote_tokens!(cx, $tokens
[INFO] [stdout]     |                ^^^^^^^^^^^^
[INFO] [stdout] 
[INFO] [stdout] 
[INFO] [stdout] error: cannot find macro `quote_tokens` in this scope
[INFO] [stdout]    --> /opt/rustwide/cargo-home/registry/src/index.crates.io-6f17d22bba15001f/mayda_macros-0.1.4/src/lib.rs:700:14
[INFO] [stdout]     |
[INFO] [stdout] 700 |     tokens = quote_tokens!(cx, $tokens
[INFO] [stdout]     |              ^^^^^^^^^^^^
[INFO] [stdout] 
[INFO] [stdout] 
[INFO] [stdout] error: cannot find macro `quote_tokens` in this scope
[INFO] [stdout]    --> /opt/rustwide/cargo-home/registry/src/index.crates.io-6f17d22bba15001f/mayda_macros-0.1.4/src/lib.rs:711:16
[INFO] [stdout]     |
[INFO] [stdout] 711 |       tokens = quote_tokens!(cx, $tokens
[INFO] [stdout]     |                ^^^^^^^^^^^^
[INFO] [stdout] 
[INFO] [stdout] 
[INFO] [stdout] error: cannot find macro `quote_tokens` in this scope
[INFO] [stdout]    --> /opt/rustwide/cargo-home/registry/src/index.crates.io-6f17d22bba15001f/mayda_macros-0.1.4/src/lib.rs:719:11
[INFO] [stdout]     |
[INFO] [stdout] 719 |           quote_tokens!(cx, $tokens
[INFO] [stdout]     |           ^^^^^^^^^^^^
[INFO] [stdout] 
[INFO] [stdout] 
[INFO] [stdout] error: cannot find macro `quote_tokens` in this scope
[INFO] [stdout]    --> /opt/rustwide/cargo-home/registry/src/index.crates.io-6f17d22bba15001f/mayda_macros-0.1.4/src/lib.rs:723:11
[INFO] [stdout]     |
[INFO] [stdout] 723 |           quote_tokens!(cx, $tokens
[INFO] [stdout]     |           ^^^^^^^^^^^^
[INFO] [stdout] 
[INFO] [stdout] 
[INFO] [stdout] error: cannot find macro `quote_tokens` in this scope
[INFO] [stdout]    --> /opt/rustwide/cargo-home/registry/src/index.crates.io-6f17d22bba15001f/mayda_macros-0.1.4/src/lib.rs:732:18
[INFO] [stdout]     |
[INFO] [stdout] 732 |         tokens = quote_tokens!(cx, $tokens
[INFO] [stdout]     |                  ^^^^^^^^^^^^
[INFO] [stdout] 
[INFO] [stdout] 
[INFO] [stdout] error: cannot find macro `quote_tokens` in this scope
[INFO] [stdout]    --> /opt/rustwide/cargo-home/registry/src/index.crates.io-6f17d22bba15001f/mayda_macros-0.1.4/src/lib.rs:743:18
[INFO] [stdout]     |
[INFO] [stdout] 743 |         tokens = quote_tokens!(cx, $tokens
[INFO] [stdout]     |                  ^^^^^^^^^^^^
[INFO] [stdout] 
[INFO] [stdout] 
[INFO] [stdout] error: cannot find macro `quote_tokens` in this scope
[INFO] [stdout]    --> /opt/rustwide/cargo-home/registry/src/index.crates.io-6f17d22bba15001f/mayda_macros-0.1.4/src/lib.rs:747:16
[INFO] [stdout]     |
[INFO] [stdout] 747 |       tokens = quote_tokens!(cx, $tokens
[INFO] [stdout]     |                ^^^^^^^^^^^^
[INFO] [stdout] 
[INFO] [stdout] 
[INFO] [stdout] error: cannot find macro `quote_tokens` in this scope
[INFO] [stdout]    --> /opt/rustwide/cargo-home/registry/src/index.crates.io-6f17d22bba15001f/mayda_macros-0.1.4/src/lib.rs:754:18
[INFO] [stdout]     |
[INFO] [stdout] 754 |         tokens = quote_tokens!(cx, $tokens
[INFO] [stdout]     |                  ^^^^^^^^^^^^
[INFO] [stdout] 
[INFO] [stdout] 
[INFO] [stdout] error: cannot find macro `quote_item` in this scope
[INFO] [stdout]    --> /opt/rustwide/cargo-home/registry/src/index.crates.io-6f17d22bba15001f/mayda_macros-0.1.4/src/lib.rs:764:7
[INFO] [stdout]     |
[INFO] [stdout] 764 |       quote_item!(cx,
[INFO] [stdout]     |       ^^^^^^^^^^
[INFO] [stdout] 
[INFO] [stdout] 
[INFO] [stdout] error: cannot find macro `quote_item` in this scope
[INFO] [stdout]    --> /opt/rustwide/cargo-home/registry/src/index.crates.io-6f17d22bba15001f/mayda_macros-0.1.4/src/lib.rs:784:5
[INFO] [stdout]     |
[INFO] [stdout] 784 |     quote_item!(cx,
[INFO] [stdout]     |     ^^^^^^^^^^
[INFO] [stdout] 
[INFO] [stdout] 
[INFO] [stdout] error: cannot find macro `quote_item` in this scope
[INFO] [stdout]    --> /opt/rustwide/cargo-home/registry/src/index.crates.io-6f17d22bba15001f/mayda_macros-0.1.4/src/lib.rs:841:7
[INFO] [stdout]     |
[INFO] [stdout] 841 |       quote_item!(cx,
[INFO] [stdout]     |       ^^^^^^^^^^
[INFO] [stdout] 
[INFO] [stdout] 
[INFO] [stdout] error: cannot find macro `quote_item` in this scope
[INFO] [stdout]    --> /opt/rustwide/cargo-home/registry/src/index.crates.io-6f17d22bba15001f/mayda_macros-0.1.4/src/lib.rs:859:7
[INFO] [stdout]     |
[INFO] [stdout] 859 |       quote_item!(cx,
[INFO] [stdout]     |       ^^^^^^^^^^
[INFO] [stdout] 
[INFO] [stdout] 
[INFO] [stdout] error: cannot find macro `quote_item` in this scope
[INFO] [stdout]    --> /opt/rustwide/cargo-home/registry/src/index.crates.io-6f17d22bba15001f/mayda_macros-0.1.4/src/lib.rs:876:5
[INFO] [stdout]     |
[INFO] [stdout] 876 |     quote_item!(cx,
[INFO] [stdout]     |     ^^^^^^^^^^
[INFO] [stdout] 
[INFO] [stdout] 
[INFO] [stdout] error[E0635]: unknown feature `step_by`
[INFO] [stdout]    --> /opt/rustwide/cargo-home/registry/src/index.crates.io-6f17d22bba15001f/mayda_macros-0.1.4/src/lib.rs:130:36
[INFO] [stdout]     |
[INFO] [stdout] 130 | #![feature(inclusive_range_syntax, step_by,iterator_step_by)]
[INFO] [stdout]     |                                    ^^^^^^^
[INFO] [stdout] 
[INFO] [stdout] 
[INFO] [stdout] error: aborting due to 59 previous errors
[INFO] [stdout] 
[INFO] [stdout] 
[INFO] [stdout] Some errors have detailed explanations: E0462, E0463, E0557, E0635.
[INFO] [stdout] 
[INFO] [stdout] For more information about an error, try `rustc --explain E0462`.
[INFO] [stdout] 
[INFO] [stderr] error: could not compile `mayda_macros` (lib) due to 60 previous errors
[INFO] running `Command { std: "docker" "inspect" "8b613fad7ac35f70e38561d1256931fa441c934fc8a4d6b2940370607ca3f1ba", kill_on_drop: false }`
[INFO] running `Command { std: "docker" "rm" "-f" "8b613fad7ac35f70e38561d1256931fa441c934fc8a4d6b2940370607ca3f1ba", kill_on_drop: false }`
[INFO] [stdout] 8b613fad7ac35f70e38561d1256931fa441c934fc8a4d6b2940370607ca3f1ba
