[INFO] fetching crate maud-pulldown-cmark 0.5.0...
[INFO] checking maud-pulldown-cmark-0.5.0 against nightly-2024-02-05 for check-cfg
[INFO] extracting crate maud-pulldown-cmark 0.5.0 into /workspace/builds/worker-3-tc1/source
[INFO] validating manifest of crates.io crate maud-pulldown-cmark 0.5.0 on toolchain nightly-2024-02-05
[INFO] running `Command { std: CARGO_HOME="/workspace/cargo-home" RUSTUP_HOME="/workspace/rustup-home" "/workspace/cargo-home/bin/cargo" "+nightly-2024-02-05" "metadata" "--manifest-path" "Cargo.toml" "--no-deps", kill_on_drop: false }`
[INFO] started tweaking crates.io crate maud-pulldown-cmark 0.5.0
[INFO] finished tweaking crates.io crate maud-pulldown-cmark 0.5.0
[INFO] tweaked toml for crates.io crate maud-pulldown-cmark 0.5.0 written to /workspace/builds/worker-3-tc1/source/Cargo.toml
[INFO] running `Command { std: CARGO_HOME="/workspace/cargo-home" RUSTUP_HOME="/workspace/rustup-home" "/workspace/cargo-home/bin/cargo" "+nightly-2024-02-05" "generate-lockfile" "--manifest-path" "Cargo.toml", kill_on_drop: false }`
[INFO] [stderr]     Updating crates.io index
[INFO] running `Command { std: CARGO_HOME="/workspace/cargo-home" RUSTUP_HOME="/workspace/rustup-home" "/workspace/cargo-home/bin/cargo" "+nightly-2024-02-05" "fetch" "--manifest-path" "Cargo.toml", kill_on_drop: false }`
[INFO] [stderr]  Downloading crates ...
[INFO] [stderr]   Downloaded pulldown-cmark v0.0.3
[INFO] [stderr]   Downloaded pulldown-cmark v0.0.8
[INFO] [stderr]   Downloaded skeptic v0.6.1
[INFO] [stderr]   Downloaded maud v0.14.0
[INFO] [stderr]   Downloaded maud_macros v0.14.0
[INFO] running `Command { std: "docker" "create" "-v" "/var/lib/crater-agent-workspace/builds/worker-3-tc1/target:/opt/rustwide/target:rw,Z" "-v" "/var/lib/crater-agent-workspace/builds/worker-3-tc1/source:/opt/rustwide/workdir:ro,Z" "-v" "/var/lib/crater-agent-workspace/cargo-home:/opt/rustwide/cargo-home:ro,Z" "-v" "/var/lib/crater-agent-workspace/rustup-home:/opt/rustwide/rustup-home:ro,Z" "-e" "SOURCE_DIR=/opt/rustwide/workdir" "-e" "CARGO_TARGET_DIR=/opt/rustwide/target" "-e" "CARGO_HOME=/opt/rustwide/cargo-home" "-e" "RUSTUP_HOME=/opt/rustwide/rustup-home" "-w" "/opt/rustwide/workdir" "-m" "1610612736" "--user" "0:0" "--network" "none" "ghcr.io/rust-lang/crates-build-env/linux@sha256:2788e3201cd34a07e3172128adcd8b3090168a8e3bcc40d7c032b9dda1df7d1c" "/opt/rustwide/cargo-home/bin/cargo" "+nightly-2024-02-05" "metadata" "--no-deps" "--format-version=1", kill_on_drop: false }`
[INFO] [stdout] becf5cac1a5b8985e10be2f2ca0d55e16f99127b81a144542c57a9a7cf75e125
[INFO] running `Command { std: "docker" "start" "-a" "becf5cac1a5b8985e10be2f2ca0d55e16f99127b81a144542c57a9a7cf75e125", kill_on_drop: false }`
[INFO] running `Command { std: "docker" "inspect" "becf5cac1a5b8985e10be2f2ca0d55e16f99127b81a144542c57a9a7cf75e125", kill_on_drop: false }`
[INFO] running `Command { std: "docker" "rm" "-f" "becf5cac1a5b8985e10be2f2ca0d55e16f99127b81a144542c57a9a7cf75e125", kill_on_drop: false }`
[INFO] [stdout] becf5cac1a5b8985e10be2f2ca0d55e16f99127b81a144542c57a9a7cf75e125
[INFO] running `Command { std: "docker" "create" "-v" "/var/lib/crater-agent-workspace/builds/worker-3-tc1/target:/opt/rustwide/target:rw,Z" "-v" "/var/lib/crater-agent-workspace/builds/worker-3-tc1/source:/opt/rustwide/workdir:ro,Z" "-v" "/var/lib/crater-agent-workspace/cargo-home:/opt/rustwide/cargo-home:ro,Z" "-v" "/var/lib/crater-agent-workspace/rustup-home:/opt/rustwide/rustup-home:ro,Z" "-e" "SOURCE_DIR=/opt/rustwide/workdir" "-e" "CARGO_TARGET_DIR=/opt/rustwide/target" "-e" "CARGO_INCREMENTAL=0" "-e" "RUST_BACKTRACE=full" "-e" "RUSTFLAGS=--cap-lints=forbid" "-e" "RUSTDOCFLAGS=--cap-lints=forbid" "-e" "CARGO_HOME=/opt/rustwide/cargo-home" "-e" "RUSTUP_HOME=/opt/rustwide/rustup-home" "-w" "/opt/rustwide/workdir" "-m" "1610612736" "--user" "0:0" "--network" "none" "ghcr.io/rust-lang/crates-build-env/linux@sha256:2788e3201cd34a07e3172128adcd8b3090168a8e3bcc40d7c032b9dda1df7d1c" "/opt/rustwide/cargo-home/bin/cargo" "+nightly-2024-02-05" "check" "--frozen" "--all" "--all-targets" "--message-format=json", kill_on_drop: false }`
[INFO] [stdout] 227483722b1be74faa68df6533d6f42448c02467c8a81721fa203d5193a31509
[INFO] running `Command { std: "docker" "start" "-a" "227483722b1be74faa68df6533d6f42448c02467c8a81721fa203d5193a31509", kill_on_drop: false }`
[INFO] [stderr]    Compiling rand v0.4.6
[INFO] [stderr]    Compiling remove_dir_all v0.5.3
[INFO] [stderr]     Checking bitflags v0.5.0
[INFO] [stderr]    Compiling maud v0.14.0
[INFO] [stderr]    Compiling getopts v0.2.21
[INFO] [stderr]     Checking tempdir v0.3.7
[INFO] [stderr]    Compiling maud_macros v0.14.0
[INFO] [stdout] error[E0557]: feature has been removed
[INFO] [stdout]  --> /opt/rustwide/cargo-home/registry/src/index.crates.io-6f17d22bba15001f/maud_macros-0.14.0/src/lib.rs:2:12
[INFO] [stdout]   |
[INFO] [stdout] 2 | #![feature(plugin_registrar, quote)]
[INFO] [stdout]   |            ^^^^^^^^^^^^^^^^ feature has been removed
[INFO] [stdout]   |
[INFO] [stdout]   = note: plugins are no longer supported
[INFO] [stdout] 
[INFO] [stdout] 
[INFO] [stdout] error[E0557]: feature has been removed
[INFO] [stdout]  --> /opt/rustwide/cargo-home/registry/src/index.crates.io-6f17d22bba15001f/maud_macros-0.14.0/src/lib.rs:2:30
[INFO] [stdout]   |
[INFO] [stdout] 2 | #![feature(plugin_registrar, quote)]
[INFO] [stdout]   |                              ^^^^^ feature has been removed
[INFO] [stdout] 
[INFO] [stdout] 
[INFO] [stdout] error[E0463]: can't find crate for `rustc_plugin`
[INFO] [stdout]  --> /opt/rustwide/cargo-home/registry/src/index.crates.io-6f17d22bba15001f/maud_macros-0.14.0/src/lib.rs:6:1
[INFO] [stdout]   |
[INFO] [stdout] 6 | extern crate rustc_plugin;
[INFO] [stdout]   | ^^^^^^^^^^^^^^^^^^^^^^^^^^ can't find crate
[INFO] [stdout]   |
[INFO] [stdout]   = help: maybe you need to install the missing components with: `rustup component add rust-src rustc-dev llvm-tools-preview`
[INFO] [stdout] 
[INFO] [stdout] 
[INFO] [stdout] error[E0463]: can't find crate for `syntax`
[INFO] [stdout]  --> /opt/rustwide/cargo-home/registry/src/index.crates.io-6f17d22bba15001f/maud_macros-0.14.0/src/lib.rs:7:1
[INFO] [stdout]   |
[INFO] [stdout] 7 | extern crate syntax;
[INFO] [stdout]   | ^^^^^^^^^^^^^^^^^^^^ can't find crate
[INFO] [stdout] 
[INFO] [stdout] 
[INFO] [stdout] error: cannot find macro `quote_expr` in this scope
[INFO] [stdout]   --> /opt/rustwide/cargo-home/registry/src/index.crates.io-6f17d22bba15001f/maud_macros-0.14.0/src/render.rs:44:17
[INFO] [stdout]    |
[INFO] [stdout] 44 |                 quote_expr!(self.cx, $w.push_str($s))
[INFO] [stdout]    |                 ^^^^^^^^^^
[INFO] [stdout] 
[INFO] [stdout] 
[INFO] [stdout] error: cannot find macro `quote_expr` in this scope
[INFO] [stdout]   --> /opt/rustwide/cargo-home/registry/src/index.crates.io-6f17d22bba15001f/maud_macros-0.14.0/src/render.rs:55:9
[INFO] [stdout]    |
[INFO] [stdout] 55 |         quote_expr!(cx, {
[INFO] [stdout]    |         ^^^^^^^^^^
[INFO] [stdout] 
[INFO] [stdout] 
[INFO] [stdout] error: cannot find macro `quote_stmt` in this scope
[INFO] [stdout]   --> /opt/rustwide/cargo-home/registry/src/index.crates.io-6f17d22bba15001f/maud_macros-0.14.0/src/render.rs:81:9
[INFO] [stdout]    |
[INFO] [stdout] 81 |         quote_stmt!(self.cx, $expr).unwrap()
[INFO] [stdout]    |         ^^^^^^^^^^
[INFO] [stdout] 
[INFO] [stdout] 
[INFO] [stdout] error: cannot find macro `quote_expr` in this scope
[INFO] [stdout]   --> /opt/rustwide/cargo-home/registry/src/index.crates.io-6f17d22bba15001f/maud_macros-0.14.0/src/render.rs:92:20
[INFO] [stdout]    |
[INFO] [stdout] 92 |         let expr = quote_expr!(self.cx, { use ::maud::RenderOnce; $expr.render_once_to(&mut $w) });
[INFO] [stdout]    |                    ^^^^^^^^^^
[INFO] [stdout] 
[INFO] [stdout] 
[INFO] [stdout] error: cannot find macro `quote_stmt` in this scope
[INFO] [stdout]    --> /opt/rustwide/cargo-home/registry/src/index.crates.io-6f17d22bba15001f/maud_macros-0.14.0/src/render.rs:134:21
[INFO] [stdout]     |
[INFO] [stdout] 134 |             None => quote_stmt!(self.cx, if $if_cond { $if_body }),
[INFO] [stdout]     |                     ^^^^^^^^^^
[INFO] [stdout] 
[INFO] [stdout] 
[INFO] [stdout] error: cannot find macro `quote_stmt` in this scope
[INFO] [stdout]    --> /opt/rustwide/cargo-home/registry/src/index.crates.io-6f17d22bba15001f/maud_macros-0.14.0/src/render.rs:136:17
[INFO] [stdout]     |
[INFO] [stdout] 136 |                 quote_stmt!(self.cx, if $if_cond { $if_body } else { $else_body }),
[INFO] [stdout]     |                 ^^^^^^^^^^
[INFO] [stdout] 
[INFO] [stdout] 
[INFO] [stdout] error: cannot find macro `quote_stmt` in this scope
[INFO] [stdout]    --> /opt/rustwide/cargo-home/registry/src/index.crates.io-6f17d22bba15001f/maud_macros-0.14.0/src/render.rs:146:20
[INFO] [stdout]     |
[INFO] [stdout] 146 |         let stmt = quote_stmt!(self.cx, while $cond { $body }).unwrap();
[INFO] [stdout]     |                    ^^^^^^^^^^
[INFO] [stdout] 
[INFO] [stdout] 
[INFO] [stdout] error: cannot find macro `quote_stmt` in this scope
[INFO] [stdout]    --> /opt/rustwide/cargo-home/registry/src/index.crates.io-6f17d22bba15001f/maud_macros-0.14.0/src/render.rs:151:20
[INFO] [stdout]     |
[INFO] [stdout] 151 |         let stmt = quote_stmt!(self.cx, for $pattern in $iterable { $body }).unwrap();
[INFO] [stdout]     |                    ^^^^^^^^^^
[INFO] [stdout] 
[INFO] [stdout] 
[INFO] [stdout] error: cannot find macro `quote_stmt` in this scope
[INFO] [stdout]    --> /opt/rustwide/cargo-home/registry/src/index.crates.io-6f17d22bba15001f/maud_macros-0.14.0/src/render.rs:156:20
[INFO] [stdout]     |
[INFO] [stdout] 156 |         let stmt = quote_stmt!(self.cx, match $match_var { $match_body }).unwrap();
[INFO] [stdout]     |                    ^^^^^^^^^^
[INFO] [stdout] 
[INFO] [stdout] 
[INFO] [stdout] error: cannot find macro `quote_stmt` in this scope
[INFO] [stdout]    --> /opt/rustwide/cargo-home/registry/src/index.crates.io-6f17d22bba15001f/maud_macros-0.14.0/src/render.rs:161:20
[INFO] [stdout]     |
[INFO] [stdout] 161 |         let stmt = quote_stmt!(self.cx, { let $pattern = $rhs; $body }).unwrap();
[INFO] [stdout]     |                    ^^^^^^^^^^
[INFO] [stdout] 
[INFO] [stdout] 
[INFO] [stdout] error: cannot find attribute `plugin_registrar` in this scope
[INFO] [stdout]   --> /opt/rustwide/cargo-home/registry/src/index.crates.io-6f17d22bba15001f/maud_macros-0.14.0/src/lib.rs:40:3
[INFO] [stdout]    |
[INFO] [stdout] 40 | #[plugin_registrar]
[INFO] [stdout]    |   ^^^^^^^^^^^^^^^^
[INFO] [stdout]    |
[INFO] [stdout]    = note: `plugin_registrar` is in scope, but it is a function, not an attribute
[INFO] [stdout] 
[INFO] [stdout] 
[INFO] [stderr]     Checking pulldown-cmark v0.0.8
[INFO] [stderr]     Checking pulldown-cmark v0.0.3
[INFO] [stdout] error: aborting due to 15 previous errors
[INFO] [stdout] 
[INFO] [stdout] 
[INFO] [stdout] Some errors have detailed explanations: E0463, E0557.
[INFO] [stdout] 
[INFO] [stdout] For more information about an error, try `rustc --explain E0463`.
[INFO] [stdout] 
[INFO] [stderr] error: could not compile `maud_macros` (lib) due to 16 previous errors
[INFO] [stderr] warning: build failed, waiting for other jobs to finish...
[INFO] running `Command { std: "docker" "inspect" "227483722b1be74faa68df6533d6f42448c02467c8a81721fa203d5193a31509", kill_on_drop: false }`
[INFO] running `Command { std: "docker" "rm" "-f" "227483722b1be74faa68df6533d6f42448c02467c8a81721fa203d5193a31509", kill_on_drop: false }`
[INFO] [stdout] 227483722b1be74faa68df6533d6f42448c02467c8a81721fa203d5193a31509
[INFO] checking maud-pulldown-cmark-0.5.0 against nightly-2024-02-05+rustflags=-Dunexpected_cfgs+cargoflags=-Zcheck-cfg for check-cfg
[INFO] extracting crate maud-pulldown-cmark 0.5.0 into /workspace/builds/worker-3-tc2/source
[INFO] validating manifest of crates.io crate maud-pulldown-cmark 0.5.0 on toolchain nightly-2024-02-05
[INFO] running `Command { std: CARGO_HOME="/workspace/cargo-home" RUSTUP_HOME="/workspace/rustup-home" "/workspace/cargo-home/bin/cargo" "+nightly-2024-02-05" "metadata" "--manifest-path" "Cargo.toml" "--no-deps", kill_on_drop: false }`
[INFO] started tweaking crates.io crate maud-pulldown-cmark 0.5.0
[INFO] finished tweaking crates.io crate maud-pulldown-cmark 0.5.0
[INFO] tweaked toml for crates.io crate maud-pulldown-cmark 0.5.0 written to /workspace/builds/worker-3-tc2/source/Cargo.toml
[INFO] running `Command { std: CARGO_HOME="/workspace/cargo-home" RUSTUP_HOME="/workspace/rustup-home" "/workspace/cargo-home/bin/cargo" "+nightly-2024-02-05" "generate-lockfile" "--manifest-path" "Cargo.toml", kill_on_drop: false }`
[INFO] [stderr]     Blocking waiting for file lock on package cache
[INFO] [stderr]     Updating crates.io index
[INFO] running `Command { std: CARGO_HOME="/workspace/cargo-home" RUSTUP_HOME="/workspace/rustup-home" "/workspace/cargo-home/bin/cargo" "+nightly-2024-02-05" "fetch" "--manifest-path" "Cargo.toml", kill_on_drop: false }`
[INFO] running `Command { std: "docker" "create" "-v" "/var/lib/crater-agent-workspace/builds/worker-3-tc2/target:/opt/rustwide/target:rw,Z" "-v" "/var/lib/crater-agent-workspace/builds/worker-3-tc2/source:/opt/rustwide/workdir:ro,Z" "-v" "/var/lib/crater-agent-workspace/cargo-home:/opt/rustwide/cargo-home:ro,Z" "-v" "/var/lib/crater-agent-workspace/rustup-home:/opt/rustwide/rustup-home:ro,Z" "-e" "SOURCE_DIR=/opt/rustwide/workdir" "-e" "CARGO_TARGET_DIR=/opt/rustwide/target" "-e" "CARGO_HOME=/opt/rustwide/cargo-home" "-e" "RUSTUP_HOME=/opt/rustwide/rustup-home" "-w" "/opt/rustwide/workdir" "-m" "1610612736" "--user" "0:0" "--network" "none" "ghcr.io/rust-lang/crates-build-env/linux@sha256:2788e3201cd34a07e3172128adcd8b3090168a8e3bcc40d7c032b9dda1df7d1c" "/opt/rustwide/cargo-home/bin/cargo" "+nightly-2024-02-05" "metadata" "--no-deps" "--format-version=1", kill_on_drop: false }`
[INFO] [stdout] f74069a2670048060006f4b09a1622fb69efeb2d8938ffbc708221c0cfce25bd
[INFO] running `Command { std: "docker" "start" "-a" "f74069a2670048060006f4b09a1622fb69efeb2d8938ffbc708221c0cfce25bd", kill_on_drop: false }`
[INFO] running `Command { std: "docker" "inspect" "f74069a2670048060006f4b09a1622fb69efeb2d8938ffbc708221c0cfce25bd", kill_on_drop: false }`
[INFO] running `Command { std: "docker" "rm" "-f" "f74069a2670048060006f4b09a1622fb69efeb2d8938ffbc708221c0cfce25bd", kill_on_drop: false }`
[INFO] [stdout] f74069a2670048060006f4b09a1622fb69efeb2d8938ffbc708221c0cfce25bd
[INFO] running `Command { std: "docker" "create" "-v" "/var/lib/crater-agent-workspace/builds/worker-3-tc2/target:/opt/rustwide/target:rw,Z" "-v" "/var/lib/crater-agent-workspace/builds/worker-3-tc2/source:/opt/rustwide/workdir:ro,Z" "-v" "/var/lib/crater-agent-workspace/cargo-home:/opt/rustwide/cargo-home:ro,Z" "-v" "/var/lib/crater-agent-workspace/rustup-home:/opt/rustwide/rustup-home:ro,Z" "-e" "SOURCE_DIR=/opt/rustwide/workdir" "-e" "CARGO_TARGET_DIR=/opt/rustwide/target" "-e" "CARGO_INCREMENTAL=0" "-e" "RUST_BACKTRACE=full" "-e" "RUSTFLAGS=--cap-lints=forbid -Dunexpected_cfgs" "-e" "RUSTDOCFLAGS=--cap-lints=forbid" "-e" "CARGO_HOME=/opt/rustwide/cargo-home" "-e" "RUSTUP_HOME=/opt/rustwide/rustup-home" "-w" "/opt/rustwide/workdir" "-m" "1610612736" "--user" "0:0" "--network" "none" "ghcr.io/rust-lang/crates-build-env/linux@sha256:2788e3201cd34a07e3172128adcd8b3090168a8e3bcc40d7c032b9dda1df7d1c" "/opt/rustwide/cargo-home/bin/cargo" "+nightly-2024-02-05" "check" "--frozen" "--all" "--all-targets" "--message-format=json" "-Zcheck-cfg", kill_on_drop: false }`
[INFO] [stdout] bcf42467529c5ca594984859b588c5e700c1b219804bd6a581e79db5e8584342
[INFO] running `Command { std: "docker" "start" "-a" "bcf42467529c5ca594984859b588c5e700c1b219804bd6a581e79db5e8584342", kill_on_drop: false }`
[INFO] [stderr]    Compiling getopts v0.2.21
[INFO] [stderr]    Compiling rand v0.4.6
[INFO] [stderr]    Compiling remove_dir_all v0.5.3
[INFO] [stderr]     Checking bitflags v0.5.0
[INFO] [stderr]    Compiling maud v0.14.0
[INFO] [stderr]     Checking tempdir v0.3.7
[INFO] [stderr]    Compiling maud_macros v0.14.0
[INFO] [stdout] error[E0557]: feature has been removed
[INFO] [stdout]  --> /opt/rustwide/cargo-home/registry/src/index.crates.io-6f17d22bba15001f/maud_macros-0.14.0/src/lib.rs:2:12
[INFO] [stdout]   |
[INFO] [stdout] 2 | #![feature(plugin_registrar, quote)]
[INFO] [stdout]   |            ^^^^^^^^^^^^^^^^ feature has been removed
[INFO] [stdout]   |
[INFO] [stdout]   = note: plugins are no longer supported
[INFO] [stdout] 
[INFO] [stdout] 
[INFO] [stdout] error[E0557]: feature has been removed
[INFO] [stdout]  --> /opt/rustwide/cargo-home/registry/src/index.crates.io-6f17d22bba15001f/maud_macros-0.14.0/src/lib.rs:2:30
[INFO] [stdout]   |
[INFO] [stdout] 2 | #![feature(plugin_registrar, quote)]
[INFO] [stdout]   |                              ^^^^^ feature has been removed
[INFO] [stdout] 
[INFO] [stdout] 
[INFO] [stdout] error[E0463]: can't find crate for `rustc_plugin`
[INFO] [stdout]  --> /opt/rustwide/cargo-home/registry/src/index.crates.io-6f17d22bba15001f/maud_macros-0.14.0/src/lib.rs:6:1
[INFO] [stdout]   |
[INFO] [stdout] 6 | extern crate rustc_plugin;
[INFO] [stdout]   | ^^^^^^^^^^^^^^^^^^^^^^^^^^ can't find crate
[INFO] [stdout]   |
[INFO] [stdout]   = help: maybe you need to install the missing components with: `rustup component add rust-src rustc-dev llvm-tools-preview`
[INFO] [stdout] 
[INFO] [stdout] 
[INFO] [stdout] error[E0463]: can't find crate for `syntax`
[INFO] [stdout]  --> /opt/rustwide/cargo-home/registry/src/index.crates.io-6f17d22bba15001f/maud_macros-0.14.0/src/lib.rs:7:1
[INFO] [stdout]   |
[INFO] [stdout] 7 | extern crate syntax;
[INFO] [stdout]   | ^^^^^^^^^^^^^^^^^^^^ can't find crate
[INFO] [stdout] 
[INFO] [stdout] 
[INFO] [stdout] error: cannot find macro `quote_expr` in this scope
[INFO] [stdout]   --> /opt/rustwide/cargo-home/registry/src/index.crates.io-6f17d22bba15001f/maud_macros-0.14.0/src/render.rs:44:17
[INFO] [stdout]    |
[INFO] [stdout] 44 |                 quote_expr!(self.cx, $w.push_str($s))
[INFO] [stdout]    |                 ^^^^^^^^^^
[INFO] [stdout] 
[INFO] [stdout] 
[INFO] [stdout] error: cannot find macro `quote_expr` in this scope
[INFO] [stdout]   --> /opt/rustwide/cargo-home/registry/src/index.crates.io-6f17d22bba15001f/maud_macros-0.14.0/src/render.rs:55:9
[INFO] [stdout]    |
[INFO] [stdout] 55 |         quote_expr!(cx, {
[INFO] [stdout]    |         ^^^^^^^^^^
[INFO] [stdout] 
[INFO] [stdout] 
[INFO] [stdout] error: cannot find macro `quote_stmt` in this scope
[INFO] [stdout]   --> /opt/rustwide/cargo-home/registry/src/index.crates.io-6f17d22bba15001f/maud_macros-0.14.0/src/render.rs:81:9
[INFO] [stdout]    |
[INFO] [stdout] 81 |         quote_stmt!(self.cx, $expr).unwrap()
[INFO] [stdout]    |         ^^^^^^^^^^
[INFO] [stdout] 
[INFO] [stdout] 
[INFO] [stdout] error: cannot find macro `quote_expr` in this scope
[INFO] [stdout]   --> /opt/rustwide/cargo-home/registry/src/index.crates.io-6f17d22bba15001f/maud_macros-0.14.0/src/render.rs:92:20
[INFO] [stdout]    |
[INFO] [stdout] 92 |         let expr = quote_expr!(self.cx, { use ::maud::RenderOnce; $expr.render_once_to(&mut $w) });
[INFO] [stdout]    |                    ^^^^^^^^^^
[INFO] [stdout] 
[INFO] [stdout] 
[INFO] [stdout] error: cannot find macro `quote_stmt` in this scope
[INFO] [stdout]    --> /opt/rustwide/cargo-home/registry/src/index.crates.io-6f17d22bba15001f/maud_macros-0.14.0/src/render.rs:134:21
[INFO] [stdout]     |
[INFO] [stdout] 134 |             None => quote_stmt!(self.cx, if $if_cond { $if_body }),
[INFO] [stdout]     |                     ^^^^^^^^^^
[INFO] [stdout] 
[INFO] [stdout] 
[INFO] [stdout] error: cannot find macro `quote_stmt` in this scope
[INFO] [stdout]    --> /opt/rustwide/cargo-home/registry/src/index.crates.io-6f17d22bba15001f/maud_macros-0.14.0/src/render.rs:136:17
[INFO] [stdout]     |
[INFO] [stdout] 136 |                 quote_stmt!(self.cx, if $if_cond { $if_body } else { $else_body }),
[INFO] [stdout]     |                 ^^^^^^^^^^
[INFO] [stdout] 
[INFO] [stdout] 
[INFO] [stdout] error: cannot find macro `quote_stmt` in this scope
[INFO] [stdout]    --> /opt/rustwide/cargo-home/registry/src/index.crates.io-6f17d22bba15001f/maud_macros-0.14.0/src/render.rs:146:20
[INFO] [stdout]     |
[INFO] [stdout] 146 |         let stmt = quote_stmt!(self.cx, while $cond { $body }).unwrap();
[INFO] [stdout]     |                    ^^^^^^^^^^
[INFO] [stdout] 
[INFO] [stdout] 
[INFO] [stdout] error: cannot find macro `quote_stmt` in this scope
[INFO] [stdout]    --> /opt/rustwide/cargo-home/registry/src/index.crates.io-6f17d22bba15001f/maud_macros-0.14.0/src/render.rs:151:20
[INFO] [stdout]     |
[INFO] [stdout] 151 |         let stmt = quote_stmt!(self.cx, for $pattern in $iterable { $body }).unwrap();
[INFO] [stdout]     |                    ^^^^^^^^^^
[INFO] [stdout] 
[INFO] [stdout] 
[INFO] [stdout] error: cannot find macro `quote_stmt` in this scope
[INFO] [stdout]    --> /opt/rustwide/cargo-home/registry/src/index.crates.io-6f17d22bba15001f/maud_macros-0.14.0/src/render.rs:156:20
[INFO] [stdout]     |
[INFO] [stdout] 156 |         let stmt = quote_stmt!(self.cx, match $match_var { $match_body }).unwrap();
[INFO] [stdout]     |                    ^^^^^^^^^^
[INFO] [stdout] 
[INFO] [stdout] 
[INFO] [stdout] error: cannot find macro `quote_stmt` in this scope
[INFO] [stdout]    --> /opt/rustwide/cargo-home/registry/src/index.crates.io-6f17d22bba15001f/maud_macros-0.14.0/src/render.rs:161:20
[INFO] [stdout]     |
[INFO] [stdout] 161 |         let stmt = quote_stmt!(self.cx, { let $pattern = $rhs; $body }).unwrap();
[INFO] [stdout]     |                    ^^^^^^^^^^
[INFO] [stdout] 
[INFO] [stdout] 
[INFO] [stdout] error: cannot find attribute `plugin_registrar` in this scope
[INFO] [stdout]   --> /opt/rustwide/cargo-home/registry/src/index.crates.io-6f17d22bba15001f/maud_macros-0.14.0/src/lib.rs:40:3
[INFO] [stdout]    |
[INFO] [stdout] 40 | #[plugin_registrar]
[INFO] [stdout]    |   ^^^^^^^^^^^^^^^^
[INFO] [stdout]    |
[INFO] [stdout]    = note: `plugin_registrar` is in scope, but it is a function, not an attribute
[INFO] [stdout] 
[INFO] [stdout] 
[INFO] [stderr]     Checking pulldown-cmark v0.0.3
[INFO] [stderr]     Checking pulldown-cmark v0.0.8
[INFO] [stdout] error: aborting due to 15 previous errors
[INFO] [stdout] 
[INFO] [stdout] 
[INFO] [stdout] Some errors have detailed explanations: E0463, E0557.
[INFO] [stdout] 
[INFO] [stdout] For more information about an error, try `rustc --explain E0463`.
[INFO] [stdout] 
[INFO] [stderr] error: could not compile `maud_macros` (lib) due to 16 previous errors
[INFO] [stderr] warning: build failed, waiting for other jobs to finish...
[INFO] running `Command { std: "docker" "inspect" "bcf42467529c5ca594984859b588c5e700c1b219804bd6a581e79db5e8584342", kill_on_drop: false }`
[INFO] running `Command { std: "docker" "rm" "-f" "bcf42467529c5ca594984859b588c5e700c1b219804bd6a581e79db5e8584342", kill_on_drop: false }`
[INFO] [stdout] bcf42467529c5ca594984859b588c5e700c1b219804bd6a581e79db5e8584342
