[INFO] fetching crate maud-live-view 0.24.3...
[INFO] checking maud-live-view-0.24.3 against nightly-2024-02-05 for check-cfg
[INFO] extracting crate maud-live-view 0.24.3 into /workspace/builds/worker-4-tc1/source
[INFO] validating manifest of crates.io crate maud-live-view 0.24.3 on toolchain nightly-2024-02-05
[INFO] running `Command { std: CARGO_HOME="/workspace/cargo-home" RUSTUP_HOME="/workspace/rustup-home" "/workspace/cargo-home/bin/cargo" "+nightly-2024-02-05" "metadata" "--manifest-path" "Cargo.toml" "--no-deps", kill_on_drop: false }`
[INFO] started tweaking crates.io crate maud-live-view 0.24.3
[INFO] finished tweaking crates.io crate maud-live-view 0.24.3
[INFO] tweaked toml for crates.io crate maud-live-view 0.24.3 written to /workspace/builds/worker-4-tc1/source/Cargo.toml
[INFO] running `Command { std: CARGO_HOME="/workspace/cargo-home" RUSTUP_HOME="/workspace/rustup-home" "/workspace/cargo-home/bin/cargo" "+nightly-2024-02-05" "generate-lockfile" "--manifest-path" "Cargo.toml", kill_on_drop: false }`
[INFO] [stderr]     Updating crates.io index
[INFO] running `Command { std: CARGO_HOME="/workspace/cargo-home" RUSTUP_HOME="/workspace/rustup-home" "/workspace/cargo-home/bin/cargo" "+nightly-2024-02-05" "fetch" "--manifest-path" "Cargo.toml", kill_on_drop: false }`
[INFO] [stderr]  Downloading crates ...
[INFO] [stderr]   Downloaded value-bag-sval2 v1.7.0
[INFO] [stderr]   Downloaded async-sse v4.1.0
[INFO] [stderr]   Downloaded serde_fmt v1.0.3
[INFO] [stderr]   Downloaded erased-serde v0.4.2
[INFO] [stderr]   Downloaded sval_serde v2.11.1
[INFO] [stderr]   Downloaded value-bag-serde1 v1.7.0
[INFO] [stderr]   Downloaded route-recognizer v0.2.0
[INFO] [stderr]   Downloaded sval_ref v2.11.1
[INFO] [stderr]   Downloaded maud-live-view-macros v0.24.3
[INFO] [stderr]   Downloaded sval_fmt v2.11.1
[INFO] [stderr]   Downloaded sval v2.11.1
[INFO] [stderr]   Downloaded sval_buffer v2.11.1
[INFO] [stderr]   Downloaded http-client v6.5.3
[INFO] [stderr]   Downloaded sval_json v2.11.1
[INFO] [stderr]   Downloaded tide v0.16.0
[INFO] [stderr]   Downloaded sval_dynamic v2.11.1
[INFO] [stderr]   Downloaded sval_nested v2.11.1
[INFO] running `Command { std: "docker" "create" "-v" "/var/lib/crater-agent-workspace/builds/worker-4-tc1/target:/opt/rustwide/target:rw,Z" "-v" "/var/lib/crater-agent-workspace/builds/worker-4-tc1/source:/opt/rustwide/workdir:ro,Z" "-v" "/var/lib/crater-agent-workspace/cargo-home:/opt/rustwide/cargo-home:ro,Z" "-v" "/var/lib/crater-agent-workspace/rustup-home:/opt/rustwide/rustup-home:ro,Z" "-e" "SOURCE_DIR=/opt/rustwide/workdir" "-e" "CARGO_TARGET_DIR=/opt/rustwide/target" "-e" "CARGO_HOME=/opt/rustwide/cargo-home" "-e" "RUSTUP_HOME=/opt/rustwide/rustup-home" "-w" "/opt/rustwide/workdir" "-m" "1610612736" "--user" "0:0" "--network" "none" "ghcr.io/rust-lang/crates-build-env/linux@sha256:2788e3201cd34a07e3172128adcd8b3090168a8e3bcc40d7c032b9dda1df7d1c" "/opt/rustwide/cargo-home/bin/cargo" "+nightly-2024-02-05" "metadata" "--no-deps" "--format-version=1", kill_on_drop: false }`
[INFO] [stdout] 56dd5dfd64bc07d5cf923aba6a6cf9426a569d9fae24f1eb6179d38e7d6b67d3
[INFO] running `Command { std: "docker" "start" "-a" "56dd5dfd64bc07d5cf923aba6a6cf9426a569d9fae24f1eb6179d38e7d6b67d3", kill_on_drop: false }`
[INFO] running `Command { std: "docker" "inspect" "56dd5dfd64bc07d5cf923aba6a6cf9426a569d9fae24f1eb6179d38e7d6b67d3", kill_on_drop: false }`
[INFO] running `Command { std: "docker" "rm" "-f" "56dd5dfd64bc07d5cf923aba6a6cf9426a569d9fae24f1eb6179d38e7d6b67d3", kill_on_drop: false }`
[INFO] [stdout] 56dd5dfd64bc07d5cf923aba6a6cf9426a569d9fae24f1eb6179d38e7d6b67d3
[INFO] running `Command { std: "docker" "create" "-v" "/var/lib/crater-agent-workspace/builds/worker-4-tc1/target:/opt/rustwide/target:rw,Z" "-v" "/var/lib/crater-agent-workspace/builds/worker-4-tc1/source:/opt/rustwide/workdir:ro,Z" "-v" "/var/lib/crater-agent-workspace/cargo-home:/opt/rustwide/cargo-home:ro,Z" "-v" "/var/lib/crater-agent-workspace/rustup-home:/opt/rustwide/rustup-home:ro,Z" "-e" "SOURCE_DIR=/opt/rustwide/workdir" "-e" "CARGO_TARGET_DIR=/opt/rustwide/target" "-e" "CARGO_INCREMENTAL=0" "-e" "RUST_BACKTRACE=full" "-e" "RUSTFLAGS=--cap-lints=forbid" "-e" "RUSTDOCFLAGS=--cap-lints=forbid" "-e" "CARGO_HOME=/opt/rustwide/cargo-home" "-e" "RUSTUP_HOME=/opt/rustwide/rustup-home" "-w" "/opt/rustwide/workdir" "-m" "1610612736" "--user" "0:0" "--network" "none" "ghcr.io/rust-lang/crates-build-env/linux@sha256:2788e3201cd34a07e3172128adcd8b3090168a8e3bcc40d7c032b9dda1df7d1c" "/opt/rustwide/cargo-home/bin/cargo" "+nightly-2024-02-05" "check" "--frozen" "--all" "--all-targets" "--message-format=json", kill_on_drop: false }`
[INFO] [stdout] ce729b46fc6597b9fcd7151f5d6c5bcc1c0d2f904503a2fa7151b5a069eec6b4
[INFO] running `Command { std: "docker" "start" "-a" "ce729b46fc6597b9fcd7151f5d6c5bcc1c0d2f904503a2fa7151b5a069eec6b4", kill_on_drop: false }`
[INFO] [stderr]    Compiling syn v1.0.109
[INFO] [stderr]    Compiling trybuild v1.0.89
[INFO] [stderr]     Checking dissimilar v1.0.7
[INFO] [stderr]    Compiling syn v2.0.48
[INFO] [stderr]     Checking basic-toml v0.1.8
[INFO] [stderr]     Checking glob v0.3.1
[INFO] [stderr]    Compiling proc-macro-error v1.0.4
[INFO] [stderr]    Compiling serde_derive v1.0.196
[INFO] [stderr]    Compiling maud-live-view-macros v0.24.3
[INFO] [stderr]     Checking maud-live-view v0.24.3 (/opt/rustwide/workdir)
[INFO] [stdout] error[E0432]: unresolved import `maud`
[INFO] [stdout]  --> tests/absolute_paths.rs:5:5
[INFO] [stdout]   |
[INFO] [stdout] 5 | use maud::html;
[INFO] [stdout]   |     ^^^^ use of undeclared crate or module `maud`
[INFO] [stdout] 
[INFO] [stdout] 
[INFO] [stdout] error[E0432]: unresolved import `maud`
[INFO] [stdout]  --> benches/maud.rs:3:5
[INFO] [stdout]   |
[INFO] [stdout] 3 | use maud::html;
[INFO] [stdout]   |     ^^^^ use of undeclared crate or module `maud`
[INFO] [stdout] 
[INFO] [stdout] 
[INFO] [stdout] error[E0432]: unresolved import `maud`
[INFO] [stdout]  --> benches/complicated_maud.rs:5:5
[INFO] [stdout]   |
[INFO] [stdout] 5 | use maud::{html, Markup};
[INFO] [stdout]   |     ^^^^ use of undeclared crate or module `maud`
[INFO] [stdout] 
[INFO] [stdout] 
[INFO] [stdout] error[E0432]: unresolved import `maud`
[INFO] [stdout]   --> benches/complicated_maud.rs:14:9
[INFO] [stdout]    |
[INFO] [stdout] 14 |     use maud::{html, Markup, Render};
[INFO] [stdout]    |         ^^^^ use of undeclared crate or module `maud`
[INFO] [stdout] 
[INFO] [stdout] 
[INFO] [stdout] error[E0432]: unresolved import `maud`
[INFO] [stdout]  --> tests/splices.rs:1:5
[INFO] [stdout]   |
[INFO] [stdout] 1 | use maud::html;
[INFO] [stdout]   |     ^^^^ use of undeclared crate or module `maud`
[INFO] [stdout] 
[INFO] [stdout] 
[INFO] [stdout] error[E0432]: unresolved import `maud`
[INFO] [stdout]   --> tests/splices.rs:11:9
[INFO] [stdout]    |
[INFO] [stdout] 11 |     use maud::PreEscaped;
[INFO] [stdout]    |         ^^^^ use of undeclared crate or module `maud`
[INFO] [stdout] 
[INFO] [stdout] 
[INFO] [stdout] error[E0432]: unresolved import `maud`
[INFO] [stdout]  --> tests/control_structures.rs:1:5
[INFO] [stdout]   |
[INFO] [stdout] 1 | use maud::html;
[INFO] [stdout]   |     ^^^^ use of undeclared crate or module `maud`
[INFO] [stdout] 
[INFO] [stdout] 
[INFO] [stdout] error[E0432]: unresolved import `maud`
[INFO] [stdout]  --> tests/basic_syntax.rs:1:5
[INFO] [stdout]   |
[INFO] [stdout] 1 | use maud::{html, Markup};
[INFO] [stdout]   |     ^^^^ use of undeclared crate or module `maud`
[INFO] [stdout] 
[INFO] [stdout] 
[INFO] [stdout] warning: unused imports: `Button`, `RequestMethod`
[INFO] [stdout]   --> benches/complicated_maud.rs:97:26
[INFO] [stdout]    |
[INFO] [stdout] 97 |         use crate::btn::{Button, RequestMethod};
[INFO] [stdout]    |                          ^^^^^^  ^^^^^^^^^^^^^
[INFO] [stdout]    |
[INFO] [stdout]    = note: `#[warn(unused_imports)]` on by default
[INFO] [stdout] 
[INFO] [stdout] 
[INFO] [stdout] error[E0432]: unresolved import `maud`
[INFO] [stdout]  --> tests/misc.rs:1:12
[INFO] [stdout]   |
[INFO] [stdout] 1 | use maud::{self, html};
[INFO] [stdout]   |            ^^^^ no external crate `maud`
[INFO] [stdout] 
[INFO] [stdout] 
[INFO] [stdout] error: aborting due to 1 previous error
[INFO] [stdout] 
[INFO] [stdout] 
[INFO] [stdout] For more information about this error, try `rustc --explain E0432`.
[INFO] [stdout] 
[INFO] [stdout] error: aborting due to 2 previous errors; 1 warning emitted
[INFO] [stdout] 
[INFO] [stdout] 
[INFO] [stdout] For more information about this error, try `rustc --explain E0432`.
[INFO] [stdout] 
[INFO] [stdout] error: aborting due to 1 previous error
[INFO] [stdout] 
[INFO] [stdout] 
[INFO] [stdout] For more information about this error, try `rustc --explain E0432`.
[INFO] [stdout] 
[INFO] [stderr] error: could not compile `maud-live-view` (test "absolute_paths") due to 2 previous errors
[INFO] [stderr] warning: build failed, waiting for other jobs to finish...
[INFO] [stderr] error: could not compile `maud-live-view` (bench "complicated_maud") due to 3 previous errors; 1 warning emitted
[INFO] [stdout] error: aborting due to 1 previous error
[INFO] [stdout] 
[INFO] [stdout] 
[INFO] [stdout] For more information about this error, try `rustc --explain E0432`.
[INFO] [stdout] 
[INFO] [stderr] error: could not compile `maud-live-view` (test "misc") due to 2 previous errors
[INFO] [stderr] error: could not compile `maud-live-view` (bench "maud") due to 2 previous errors
[INFO] [stdout] error: aborting due to 2 previous errors
[INFO] [stdout] 
[INFO] [stdout] 
[INFO] [stdout] For more information about this error, try `rustc --explain E0432`.
[INFO] [stdout] 
[INFO] [stdout] error: aborting due to 1 previous error
[INFO] [stdout] 
[INFO] [stdout] 
[INFO] [stdout] For more information about this error, try `rustc --explain E0432`.
[INFO] [stdout] 
[INFO] [stderr] error: could not compile `maud-live-view` (test "splices") due to 3 previous errors
[INFO] [stderr] error: could not compile `maud-live-view` (test "control_structures") due to 2 previous errors
[INFO] [stdout] error: aborting due to 1 previous error
[INFO] [stdout] 
[INFO] [stdout] 
[INFO] [stdout] For more information about this error, try `rustc --explain E0432`.
[INFO] [stdout] 
[INFO] [stderr] error: could not compile `maud-live-view` (test "basic_syntax") due to 2 previous errors
[INFO] running `Command { std: "docker" "inspect" "ce729b46fc6597b9fcd7151f5d6c5bcc1c0d2f904503a2fa7151b5a069eec6b4", kill_on_drop: false }`
[INFO] running `Command { std: "docker" "rm" "-f" "ce729b46fc6597b9fcd7151f5d6c5bcc1c0d2f904503a2fa7151b5a069eec6b4", kill_on_drop: false }`
[INFO] [stdout] ce729b46fc6597b9fcd7151f5d6c5bcc1c0d2f904503a2fa7151b5a069eec6b4
