[INFO] fetching crate markdown-renderer 0.0.0...
[INFO] checking markdown-renderer-0.0.0 against nightly-2024-02-05 for check-cfg
[INFO] extracting crate markdown-renderer 0.0.0 into /workspace/builds/worker-2-tc1/source
[INFO] validating manifest of crates.io crate markdown-renderer 0.0.0 on toolchain nightly-2024-02-05
[INFO] running `Command { std: CARGO_HOME="/workspace/cargo-home" RUSTUP_HOME="/workspace/rustup-home" "/workspace/cargo-home/bin/cargo" "+nightly-2024-02-05" "metadata" "--manifest-path" "Cargo.toml" "--no-deps", kill_on_drop: false }`
[INFO] started tweaking crates.io crate markdown-renderer 0.0.0
[INFO] finished tweaking crates.io crate markdown-renderer 0.0.0
[INFO] tweaked toml for crates.io crate markdown-renderer 0.0.0 written to /workspace/builds/worker-2-tc1/source/Cargo.toml
[INFO] crate crates.io crate markdown-renderer 0.0.0 already has a lockfile, it will not be regenerated
[INFO] running `Command { std: CARGO_HOME="/workspace/cargo-home" RUSTUP_HOME="/workspace/rustup-home" "/workspace/cargo-home/bin/cargo" "+nightly-2024-02-05" "fetch" "--manifest-path" "Cargo.toml", kill_on_drop: false }`
[INFO] [stderr]     Updating crates.io index
[INFO] [stderr]  Downloading crates ...
[INFO] [stderr]   Downloaded leptos_macro v0.2.4
[INFO] [stderr]   Downloaded tauri-build v1.2.1
[INFO] [stderr]   Downloaded tauri-codegen v1.2.1
[INFO] [stderr]   Downloaded open v3.2.0
[INFO] [stderr]   Downloaded fs v0.0.5
[INFO] [stderr]   Downloaded utf8-width v0.1.6
[INFO] [stderr]   Downloaded xxhash-rust v0.8.6
[INFO] [stderr]   Downloaded clap_derive v4.1.12
[INFO] [stderr]   Downloaded pest_derive v2.5.6
[INFO] [stderr]   Downloaded attribute-derive v0.5.0
[INFO] [stderr]   Downloaded cfb v0.6.1
[INFO] [stderr]   Downloaded drain_filter_polyfill v0.1.3
[INFO] [stderr]   Downloaded collection_literals v1.0.1
[INFO] [stderr]   Downloaded pest_generator v2.5.6
[INFO] [stderr]   Downloaded gtk3-macros v0.15.4
[INFO] [stderr]   Downloaded proc-macro-utils v0.5.1
[INFO] [stderr]   Downloaded cargo_toml v0.13.3
[INFO] [stderr]   Downloaded generator v0.7.3
[INFO] [stderr]   Downloaded tauri-runtime v0.12.1
[INFO] [stderr]   Downloaded interpolator v0.4.0
[INFO] [stderr]   Downloaded pest_meta v2.5.6
[INFO] [stderr]   Downloaded config v0.13.3
[INFO] [stderr]   Downloaded syn v2.0.8
[INFO] [stderr]   Downloaded winnow v0.4.0
[INFO] [stderr]   Downloaded tao v0.15.8
[INFO] [stderr]   Downloaded wry v0.23.4
[INFO] [stderr]   Downloaded quote-use v0.6.0
[INFO] [stderr]   Downloaded server_fn_macro v0.2.4
[INFO] [stderr]   Downloaded infer v0.7.0
[INFO] [stderr]   Downloaded leptos_config v0.2.4
[INFO] [stderr]   Downloaded derive-where v1.2.0
[INFO] [stderr]   Downloaded leptos_server v0.2.4
[INFO] [stderr]   Downloaded server_fn_macro_default v0.2.4
[INFO] [stderr]   Downloaded server_fn v0.2.4
[INFO] [stderr]   Downloaded leptos_hot_reload v0.2.4
[INFO] [stderr]   Downloaded leptos v0.2.4
[INFO] [stderr]   Downloaded regex v1.7.2
[INFO] [stderr]   Downloaded leptos_dom v0.2.4
[INFO] [stderr]   Downloaded openssl v0.10.47
[INFO] [stderr]   Downloaded quick-xml v0.28.1
[INFO] [stderr]   Downloaded clap v4.1.13
[INFO] [stderr]   Downloaded tauri-runtime-wry v0.12.2
[INFO] [stderr]   Downloaded pest v2.5.6
[INFO] [stderr]   Downloaded openssl-sys v0.9.82
[INFO] [stderr]   Downloaded tauri-utils v1.2.1
[INFO] [stderr]   Downloaded glib-macros v0.15.11
[INFO] [stderr]   Downloaded tauri v1.2.4
[INFO] [stderr]   Downloaded leptos_reactive v0.2.4
[INFO] [stderr]   Downloaded async-trait v0.1.67
[INFO] [stderr]   Downloaded educe v0.4.20
[INFO] [stderr]   Downloaded syn-rsx v0.9.0
[INFO] [stderr]   Downloaded tauri-macros v1.2.1
[INFO] [stderr]   Downloaded ico v0.2.0
[INFO] [stderr]   Downloaded clap_lex v0.3.3
[INFO] [stderr]   Downloaded gloo-net v0.2.6
[INFO] [stderr]   Downloaded enum-ordinalize v3.1.12
[INFO] [stderr]   Downloaded pad-adapter v0.1.1
[INFO] [stderr]   Downloaded attribute-derive-macro v0.5.0
[INFO] running `Command { std: "docker" "create" "-v" "/var/lib/crater-agent-workspace/builds/worker-2-tc1/target:/opt/rustwide/target:rw,Z" "-v" "/var/lib/crater-agent-workspace/builds/worker-2-tc1/source:/opt/rustwide/workdir:ro,Z" "-v" "/var/lib/crater-agent-workspace/cargo-home:/opt/rustwide/cargo-home:ro,Z" "-v" "/var/lib/crater-agent-workspace/rustup-home:/opt/rustwide/rustup-home:ro,Z" "-e" "SOURCE_DIR=/opt/rustwide/workdir" "-e" "CARGO_TARGET_DIR=/opt/rustwide/target" "-e" "CARGO_HOME=/opt/rustwide/cargo-home" "-e" "RUSTUP_HOME=/opt/rustwide/rustup-home" "-w" "/opt/rustwide/workdir" "-m" "1610612736" "--user" "0:0" "--network" "none" "ghcr.io/rust-lang/crates-build-env/linux@sha256:2788e3201cd34a07e3172128adcd8b3090168a8e3bcc40d7c032b9dda1df7d1c" "/opt/rustwide/cargo-home/bin/cargo" "+nightly-2024-02-05" "metadata" "--no-deps" "--format-version=1", kill_on_drop: false }`
[INFO] [stdout] b38dbbe45851f2d8fc8e685d6d3ad5b4df005f4e299c4438f35e47934b3a184f
[INFO] running `Command { std: "docker" "start" "-a" "b38dbbe45851f2d8fc8e685d6d3ad5b4df005f4e299c4438f35e47934b3a184f", kill_on_drop: false }`
[INFO] running `Command { std: "docker" "inspect" "b38dbbe45851f2d8fc8e685d6d3ad5b4df005f4e299c4438f35e47934b3a184f", kill_on_drop: false }`
[INFO] running `Command { std: "docker" "rm" "-f" "b38dbbe45851f2d8fc8e685d6d3ad5b4df005f4e299c4438f35e47934b3a184f", kill_on_drop: false }`
[INFO] [stdout] b38dbbe45851f2d8fc8e685d6d3ad5b4df005f4e299c4438f35e47934b3a184f
[INFO] running `Command { std: "docker" "create" "-v" "/var/lib/crater-agent-workspace/builds/worker-2-tc1/target:/opt/rustwide/target:rw,Z" "-v" "/var/lib/crater-agent-workspace/builds/worker-2-tc1/source:/opt/rustwide/workdir:ro,Z" "-v" "/var/lib/crater-agent-workspace/cargo-home:/opt/rustwide/cargo-home:ro,Z" "-v" "/var/lib/crater-agent-workspace/rustup-home:/opt/rustwide/rustup-home:ro,Z" "-e" "SOURCE_DIR=/opt/rustwide/workdir" "-e" "CARGO_TARGET_DIR=/opt/rustwide/target" "-e" "CARGO_INCREMENTAL=0" "-e" "RUST_BACKTRACE=full" "-e" "RUSTFLAGS=--cap-lints=forbid" "-e" "RUSTDOCFLAGS=--cap-lints=forbid" "-e" "CARGO_HOME=/opt/rustwide/cargo-home" "-e" "RUSTUP_HOME=/opt/rustwide/rustup-home" "-w" "/opt/rustwide/workdir" "-m" "1610612736" "--user" "0:0" "--network" "none" "ghcr.io/rust-lang/crates-build-env/linux@sha256:2788e3201cd34a07e3172128adcd8b3090168a8e3bcc40d7c032b9dda1df7d1c" "/opt/rustwide/cargo-home/bin/cargo" "+nightly-2024-02-05" "check" "--frozen" "--all" "--all-targets" "--message-format=json", kill_on_drop: false }`
[INFO] [stdout] 45678e04a35a9a6d7cc56078a02bc081c7a62620a5a97e431e441fadca4f8944
[INFO] running `Command { std: "docker" "start" "-a" "45678e04a35a9a6d7cc56078a02bc081c7a62620a5a97e431e441fadca4f8944", kill_on_drop: false }`
[INFO] [stderr]    Compiling quote v1.0.26
[INFO] [stderr]    Compiling proc-macro2 v1.0.53
[INFO] [stderr]    Compiling unicode-ident v1.0.8
[INFO] [stderr]    Compiling serde_derive v1.0.158
[INFO] [stderr]    Compiling syn v1.0.109
[INFO] [stderr]    Compiling libc v0.2.140
[INFO] [stderr]    Compiling serde v1.0.158
[INFO] [stderr]    Compiling smallvec v1.10.0
[INFO] [stderr]    Compiling pkg-config v0.3.26
[INFO] [stderr]    Compiling version-compare v0.1.1
[INFO] [stderr]    Compiling once_cell v1.17.1
[INFO] [stderr]    Compiling thiserror v1.0.40
[INFO] [stderr]    Compiling memchr v2.5.0
[INFO] [stderr]    Compiling log v0.4.17
[INFO] [stderr]    Compiling ppv-lite86 v0.2.17
[INFO] [stderr]    Compiling siphasher v0.3.10
[INFO] [stderr]    Compiling cfg-expr v0.11.0
[INFO] [stderr]    Compiling getrandom v0.1.16
[INFO] [stderr]    Compiling indexmap v1.9.2
[INFO] [stderr]    Compiling futures-core v0.3.27
[INFO] [stderr]    Compiling slab v0.4.8
[INFO] [stderr]     Checking futures-sink v0.3.27
[INFO] [stderr]    Compiling futures-task v0.3.27
[INFO] [stderr]    Compiling futures-channel v0.3.27
[INFO] [stderr]    Compiling phf_shared v0.8.0
[INFO] [stderr]    Compiling futures-util v0.3.27
[INFO] [stderr]    Compiling lock_api v0.4.9
[INFO] [stderr]    Compiling parking_lot_core v0.9.7
[INFO] [stderr]     Checking futures-io v0.3.27
[INFO] [stderr]    Compiling proc-macro-hack v0.5.20+deprecated
[INFO] [stderr]    Compiling anyhow v1.0.70
[INFO] [stdout] error[E0422]: cannot find struct, variant or union type `LineColumn` in crate `proc_macro`
[INFO] [stdout]    --> /opt/rustwide/cargo-home/registry/src/index.crates.io-6f17d22bba15001f/proc-macro2-1.0.53/src/wrapper.rs:475:33
[INFO] [stdout]     |
[INFO] [stdout] 475 |                 let proc_macro::LineColumn { line, column } = s.start();
[INFO] [stdout]     |                                 ^^^^^^^^^^ not found in `proc_macro`
[INFO] [stdout]     |
[INFO] [stdout] help: consider importing this struct through its public re-export
[INFO] [stdout]     |
[INFO] [stdout] 1   + use crate::LineColumn;
[INFO] [stdout]     |
[INFO] [stdout] help: if you import `LineColumn`, refer to it directly
[INFO] [stdout]     |
[INFO] [stdout] 475 -                 let proc_macro::LineColumn { line, column } = s.start();
[INFO] [stdout] 475 +                 let LineColumn { line, column } = s.start();
[INFO] [stdout]     |
[INFO] [stdout] 
[INFO] [stdout] 
[INFO] [stdout] error[E0422]: cannot find struct, variant or union type `LineColumn` in crate `proc_macro`
[INFO] [stdout]    --> /opt/rustwide/cargo-home/registry/src/index.crates.io-6f17d22bba15001f/proc-macro2-1.0.53/src/wrapper.rs:489:33
[INFO] [stdout]     |
[INFO] [stdout] 489 |                 let proc_macro::LineColumn { line, column } = s.end();
[INFO] [stdout]     |                                 ^^^^^^^^^^ not found in `proc_macro`
[INFO] [stdout]     |
[INFO] [stdout] help: consider importing this struct through its public re-export
[INFO] [stdout]     |
[INFO] [stdout] 1   + use crate::LineColumn;
[INFO] [stdout]     |
[INFO] [stdout] help: if you import `LineColumn`, refer to it directly
[INFO] [stdout]     |
[INFO] [stdout] 489 -                 let proc_macro::LineColumn { line, column } = s.end();
[INFO] [stdout] 489 +                 let LineColumn { line, column } = s.end();
[INFO] [stdout]     |
[INFO] [stdout] 
[INFO] [stdout] 
[INFO] [stdout] error[E0635]: unknown feature `proc_macro_span_shrink`
[INFO] [stdout]   --> /opt/rustwide/cargo-home/registry/src/index.crates.io-6f17d22bba15001f/proc-macro2-1.0.53/src/lib.rs:92:30
[INFO] [stdout]    |
[INFO] [stdout] 92 |     feature(proc_macro_span, proc_macro_span_shrink)
[INFO] [stdout]    |                              ^^^^^^^^^^^^^^^^^^^^^^
[INFO] [stdout] 
[INFO] [stdout] 
[INFO] [stderr]    Compiling phf_shared v0.10.0
[INFO] [stderr]    Compiling hashbrown v0.12.3
[INFO] [stderr]     Checking itoa v1.0.6
[INFO] [stdout] error: aborting due to 3 previous errors
[INFO] [stdout] 
[INFO] [stdout] 
[INFO] [stdout] Some errors have detailed explanations: E0422, E0635.
[INFO] [stdout] 
[INFO] [stdout] For more information about an error, try `rustc --explain E0422`.
[INFO] [stdout] 
[INFO] [stderr] error: could not compile `proc-macro2` (lib) due to 4 previous errors
[INFO] [stderr] warning: build failed, waiting for other jobs to finish...
[INFO] running `Command { std: "docker" "inspect" "45678e04a35a9a6d7cc56078a02bc081c7a62620a5a97e431e441fadca4f8944", kill_on_drop: false }`
[INFO] running `Command { std: "docker" "rm" "-f" "45678e04a35a9a6d7cc56078a02bc081c7a62620a5a97e431e441fadca4f8944", kill_on_drop: false }`
[INFO] [stdout] 45678e04a35a9a6d7cc56078a02bc081c7a62620a5a97e431e441fadca4f8944
[INFO] checking markdown-renderer-0.0.0 against nightly-2024-02-05+rustflags=-Dunexpected_cfgs+cargoflags=-Zcheck-cfg for check-cfg
[INFO] extracting crate markdown-renderer 0.0.0 into /workspace/builds/worker-2-tc2/source
[INFO] validating manifest of crates.io crate markdown-renderer 0.0.0 on toolchain nightly-2024-02-05
[INFO] running `Command { std: CARGO_HOME="/workspace/cargo-home" RUSTUP_HOME="/workspace/rustup-home" "/workspace/cargo-home/bin/cargo" "+nightly-2024-02-05" "metadata" "--manifest-path" "Cargo.toml" "--no-deps", kill_on_drop: false }`
[INFO] started tweaking crates.io crate markdown-renderer 0.0.0
[INFO] finished tweaking crates.io crate markdown-renderer 0.0.0
[INFO] tweaked toml for crates.io crate markdown-renderer 0.0.0 written to /workspace/builds/worker-2-tc2/source/Cargo.toml
[INFO] crate crates.io crate markdown-renderer 0.0.0 already has a lockfile, it will not be regenerated
[INFO] running `Command { std: CARGO_HOME="/workspace/cargo-home" RUSTUP_HOME="/workspace/rustup-home" "/workspace/cargo-home/bin/cargo" "+nightly-2024-02-05" "fetch" "--manifest-path" "Cargo.toml", kill_on_drop: false }`
[INFO] running `Command { std: "docker" "create" "-v" "/var/lib/crater-agent-workspace/builds/worker-2-tc2/target:/opt/rustwide/target:rw,Z" "-v" "/var/lib/crater-agent-workspace/builds/worker-2-tc2/source:/opt/rustwide/workdir:ro,Z" "-v" "/var/lib/crater-agent-workspace/cargo-home:/opt/rustwide/cargo-home:ro,Z" "-v" "/var/lib/crater-agent-workspace/rustup-home:/opt/rustwide/rustup-home:ro,Z" "-e" "SOURCE_DIR=/opt/rustwide/workdir" "-e" "CARGO_TARGET_DIR=/opt/rustwide/target" "-e" "CARGO_HOME=/opt/rustwide/cargo-home" "-e" "RUSTUP_HOME=/opt/rustwide/rustup-home" "-w" "/opt/rustwide/workdir" "-m" "1610612736" "--user" "0:0" "--network" "none" "ghcr.io/rust-lang/crates-build-env/linux@sha256:2788e3201cd34a07e3172128adcd8b3090168a8e3bcc40d7c032b9dda1df7d1c" "/opt/rustwide/cargo-home/bin/cargo" "+nightly-2024-02-05" "metadata" "--no-deps" "--format-version=1", kill_on_drop: false }`
[INFO] [stdout] 087072f960c56d33299abc509c80d4d64d976f6d01e467b4b76615fe514f2af5
[INFO] running `Command { std: "docker" "start" "-a" "087072f960c56d33299abc509c80d4d64d976f6d01e467b4b76615fe514f2af5", kill_on_drop: false }`
[INFO] running `Command { std: "docker" "inspect" "087072f960c56d33299abc509c80d4d64d976f6d01e467b4b76615fe514f2af5", kill_on_drop: false }`
[INFO] running `Command { std: "docker" "rm" "-f" "087072f960c56d33299abc509c80d4d64d976f6d01e467b4b76615fe514f2af5", kill_on_drop: false }`
[INFO] [stdout] 087072f960c56d33299abc509c80d4d64d976f6d01e467b4b76615fe514f2af5
[INFO] running `Command { std: "docker" "create" "-v" "/var/lib/crater-agent-workspace/builds/worker-2-tc2/target:/opt/rustwide/target:rw,Z" "-v" "/var/lib/crater-agent-workspace/builds/worker-2-tc2/source:/opt/rustwide/workdir:ro,Z" "-v" "/var/lib/crater-agent-workspace/cargo-home:/opt/rustwide/cargo-home:ro,Z" "-v" "/var/lib/crater-agent-workspace/rustup-home:/opt/rustwide/rustup-home:ro,Z" "-e" "SOURCE_DIR=/opt/rustwide/workdir" "-e" "CARGO_TARGET_DIR=/opt/rustwide/target" "-e" "CARGO_INCREMENTAL=0" "-e" "RUST_BACKTRACE=full" "-e" "RUSTFLAGS=--cap-lints=forbid -Dunexpected_cfgs" "-e" "RUSTDOCFLAGS=--cap-lints=forbid" "-e" "CARGO_HOME=/opt/rustwide/cargo-home" "-e" "RUSTUP_HOME=/opt/rustwide/rustup-home" "-w" "/opt/rustwide/workdir" "-m" "1610612736" "--user" "0:0" "--network" "none" "ghcr.io/rust-lang/crates-build-env/linux@sha256:2788e3201cd34a07e3172128adcd8b3090168a8e3bcc40d7c032b9dda1df7d1c" "/opt/rustwide/cargo-home/bin/cargo" "+nightly-2024-02-05" "check" "--frozen" "--all" "--all-targets" "--message-format=json" "-Zcheck-cfg", kill_on_drop: false }`
[INFO] [stdout] 520fcafbfe33cbd23e999d080f376a887b4395dbd10e936f3f8d35f2385a8901
[INFO] running `Command { std: "docker" "start" "-a" "520fcafbfe33cbd23e999d080f376a887b4395dbd10e936f3f8d35f2385a8901", kill_on_drop: false }`
[INFO] [stderr]    Compiling proc-macro2 v1.0.53
[INFO] [stderr]    Compiling quote v1.0.26
[INFO] [stderr]    Compiling unicode-ident v1.0.8
[INFO] [stderr]    Compiling serde_derive v1.0.158
[INFO] [stderr]    Compiling syn v1.0.109
[INFO] [stderr]    Compiling libc v0.2.140
[INFO] [stderr]    Compiling serde v1.0.158
[INFO] [stderr]    Compiling smallvec v1.10.0
[INFO] [stderr]    Compiling pkg-config v0.3.26
[INFO] [stderr]    Compiling version-compare v0.1.1
[INFO] [stderr]    Compiling once_cell v1.17.1
[INFO] [stderr]    Compiling thiserror v1.0.40
[INFO] [stderr]    Compiling log v0.4.17
[INFO] [stderr]    Compiling ppv-lite86 v0.2.17
[INFO] [stderr]    Compiling siphasher v0.3.10
[INFO] [stderr]    Compiling getrandom v0.1.16
[INFO] [stderr]    Compiling futures-core v0.3.27
[INFO] [stderr]    Compiling cfg-expr v0.11.0
[INFO] [stderr]    Compiling slab v0.4.8
[INFO] [stderr]     Checking futures-sink v0.3.27
[INFO] [stderr]    Compiling futures-channel v0.3.27
[INFO] [stderr]    Compiling futures-task v0.3.27
[INFO] [stderr]    Compiling phf_shared v0.8.0
[INFO] [stderr]    Compiling futures-util v0.3.27
[INFO] [stderr]    Compiling lock_api v0.4.9
[INFO] [stderr]    Compiling parking_lot_core v0.9.7
[INFO] [stderr]    Compiling proc-macro-hack v0.5.20+deprecated
[INFO] [stderr]     Checking futures-io v0.3.27
[INFO] [stderr]    Compiling anyhow v1.0.70
[INFO] [stdout] error[E0422]: cannot find struct, variant or union type `LineColumn` in crate `proc_macro`
[INFO] [stdout]    --> /opt/rustwide/cargo-home/registry/src/index.crates.io-6f17d22bba15001f/proc-macro2-1.0.53/src/wrapper.rs:475:33
[INFO] [stdout]     |
[INFO] [stdout] 475 |                 let proc_macro::LineColumn { line, column } = s.start();
[INFO] [stdout]     |                                 ^^^^^^^^^^ not found in `proc_macro`
[INFO] [stdout]     |
[INFO] [stdout] help: consider importing this struct through its public re-export
[INFO] [stdout]     |
[INFO] [stdout] 1   + use crate::LineColumn;
[INFO] [stdout]     |
[INFO] [stdout] help: if you import `LineColumn`, refer to it directly
[INFO] [stdout]     |
[INFO] [stdout] 475 -                 let proc_macro::LineColumn { line, column } = s.start();
[INFO] [stdout] 475 +                 let LineColumn { line, column } = s.start();
[INFO] [stdout]     |
[INFO] [stdout] 
[INFO] [stdout] 
[INFO] [stdout] error[E0422]: cannot find struct, variant or union type `LineColumn` in crate `proc_macro`
[INFO] [stdout]    --> /opt/rustwide/cargo-home/registry/src/index.crates.io-6f17d22bba15001f/proc-macro2-1.0.53/src/wrapper.rs:489:33
[INFO] [stdout]     |
[INFO] [stdout] 489 |                 let proc_macro::LineColumn { line, column } = s.end();
[INFO] [stdout]     |                                 ^^^^^^^^^^ not found in `proc_macro`
[INFO] [stdout]     |
[INFO] [stdout] help: consider importing this struct through its public re-export
[INFO] [stdout]     |
[INFO] [stdout] 1   + use crate::LineColumn;
[INFO] [stdout]     |
[INFO] [stdout] help: if you import `LineColumn`, refer to it directly
[INFO] [stdout]     |
[INFO] [stdout] 489 -                 let proc_macro::LineColumn { line, column } = s.end();
[INFO] [stdout] 489 +                 let LineColumn { line, column } = s.end();
[INFO] [stdout]     |
[INFO] [stdout] 
[INFO] [stdout] 
[INFO] [stdout] error[E0635]: unknown feature `proc_macro_span_shrink`
[INFO] [stdout]   --> /opt/rustwide/cargo-home/registry/src/index.crates.io-6f17d22bba15001f/proc-macro2-1.0.53/src/lib.rs:92:30
[INFO] [stdout]    |
[INFO] [stdout] 92 |     feature(proc_macro_span, proc_macro_span_shrink)
[INFO] [stdout]    |                              ^^^^^^^^^^^^^^^^^^^^^^
[INFO] [stdout] 
[INFO] [stdout] 
[INFO] [stderr]    Compiling phf_shared v0.10.0
[INFO] [stderr]    Compiling hashbrown v0.12.3
[INFO] [stderr]     Checking itoa v1.0.6
[INFO] [stdout] error: aborting due to 3 previous errors
[INFO] [stdout] 
[INFO] [stdout] 
[INFO] [stderr]    Compiling toml_datetime v0.6.1
[INFO] [stdout] Some errors have detailed explanations: E0422, E0635.
[INFO] [stdout] 
[INFO] [stdout] For more information about an error, try `rustc --explain E0422`.
[INFO] [stdout] 
[INFO] [stderr] error: could not compile `proc-macro2` (lib) due to 4 previous errors
[INFO] [stderr] warning: build failed, waiting for other jobs to finish...
[INFO] running `Command { std: "docker" "inspect" "520fcafbfe33cbd23e999d080f376a887b4395dbd10e936f3f8d35f2385a8901", kill_on_drop: false }`
[INFO] running `Command { std: "docker" "rm" "-f" "520fcafbfe33cbd23e999d080f376a887b4395dbd10e936f3f8d35f2385a8901", kill_on_drop: false }`
[INFO] [stdout] 520fcafbfe33cbd23e999d080f376a887b4395dbd10e936f3f8d35f2385a8901
