[INFO] fetching crate markdown-it-heading-anchors 0.3.0...
[INFO] checking markdown-it-heading-anchors-0.3.0 against nightly-2024-02-05 for check-cfg
[INFO] extracting crate markdown-it-heading-anchors 0.3.0 into /workspace/builds/worker-7-tc1/source
[INFO] validating manifest of crates.io crate markdown-it-heading-anchors 0.3.0 on toolchain nightly-2024-02-05
[INFO] running `Command { std: CARGO_HOME="/workspace/cargo-home" RUSTUP_HOME="/workspace/rustup-home" "/workspace/cargo-home/bin/cargo" "+nightly-2024-02-05" "metadata" "--manifest-path" "Cargo.toml" "--no-deps", kill_on_drop: false }`
[INFO] started tweaking crates.io crate markdown-it-heading-anchors 0.3.0
[INFO] finished tweaking crates.io crate markdown-it-heading-anchors 0.3.0
[INFO] tweaked toml for crates.io crate markdown-it-heading-anchors 0.3.0 written to /workspace/builds/worker-7-tc1/source/Cargo.toml
[INFO] running `Command { std: CARGO_HOME="/workspace/cargo-home" RUSTUP_HOME="/workspace/rustup-home" "/workspace/cargo-home/bin/cargo" "+nightly-2024-02-05" "generate-lockfile" "--manifest-path" "Cargo.toml", kill_on_drop: false }`
[INFO] [stderr]     Updating crates.io index
[INFO] running `Command { std: CARGO_HOME="/workspace/cargo-home" RUSTUP_HOME="/workspace/rustup-home" "/workspace/cargo-home/bin/cargo" "+nightly-2024-02-05" "fetch" "--manifest-path" "Cargo.toml", kill_on_drop: false }`
[INFO] [stderr]  Downloading crates ...
[INFO] [stderr]   Downloaded testing_macros v0.2.12
[INFO] [stderr]   Downloaded testing v0.33.25
[INFO] [stderr]   Downloaded supports-unicode v1.0.2
[INFO] [stderr]   Downloaded swc_common v0.31.22
[INFO] [stderr]   Downloaded const_format_proc_macros v0.2.32
[INFO] [stderr]   Downloaded swc_error_reporters v0.15.22
[INFO] [stderr]   Downloaded miette-derive v4.7.1
[INFO] [stderr]   Downloaded swc_atoms v0.5.9
[INFO] [stderr]   Downloaded miette v4.7.1
[INFO] [stderr]   Downloaded markdown-it v0.6.0
[INFO] [stderr]   Downloaded const_format v0.2.32
[INFO] [stderr]   Downloaded mdurl v0.3.1
[INFO] [stderr]   Downloaded github-slugger v0.1.0
[INFO] [stderr]   Downloaded entities v1.0.1
[INFO] [stderr]   Downloaded argparse v0.2.2
[INFO] [stderr]   Downloaded readonly v0.2.12
[INFO] [stderr]   Downloaded supports-hyperlinks v1.2.0
[INFO] running `Command { std: "docker" "create" "-v" "/var/lib/crater-agent-workspace/builds/worker-7-tc1/target:/opt/rustwide/target:rw,Z" "-v" "/var/lib/crater-agent-workspace/builds/worker-7-tc1/source:/opt/rustwide/workdir:ro,Z" "-v" "/var/lib/crater-agent-workspace/cargo-home:/opt/rustwide/cargo-home:ro,Z" "-v" "/var/lib/crater-agent-workspace/rustup-home:/opt/rustwide/rustup-home:ro,Z" "-e" "SOURCE_DIR=/opt/rustwide/workdir" "-e" "CARGO_TARGET_DIR=/opt/rustwide/target" "-e" "CARGO_HOME=/opt/rustwide/cargo-home" "-e" "RUSTUP_HOME=/opt/rustwide/rustup-home" "-w" "/opt/rustwide/workdir" "-m" "1610612736" "--user" "0:0" "--network" "none" "ghcr.io/rust-lang/crates-build-env/linux@sha256:2788e3201cd34a07e3172128adcd8b3090168a8e3bcc40d7c032b9dda1df7d1c" "/opt/rustwide/cargo-home/bin/cargo" "+nightly-2024-02-05" "metadata" "--no-deps" "--format-version=1", kill_on_drop: false }`
[INFO] [stdout] e1f91712defb32515713938cc0b0b50c9dcd561e83a37e218e499637aa437c6f
[INFO] running `Command { std: "docker" "start" "-a" "e1f91712defb32515713938cc0b0b50c9dcd561e83a37e218e499637aa437c6f", kill_on_drop: false }`
[INFO] running `Command { std: "docker" "inspect" "e1f91712defb32515713938cc0b0b50c9dcd561e83a37e218e499637aa437c6f", kill_on_drop: false }`
[INFO] running `Command { std: "docker" "rm" "-f" "e1f91712defb32515713938cc0b0b50c9dcd561e83a37e218e499637aa437c6f", kill_on_drop: false }`
[INFO] [stdout] e1f91712defb32515713938cc0b0b50c9dcd561e83a37e218e499637aa437c6f
[INFO] running `Command { std: "docker" "create" "-v" "/var/lib/crater-agent-workspace/builds/worker-7-tc1/target:/opt/rustwide/target:rw,Z" "-v" "/var/lib/crater-agent-workspace/builds/worker-7-tc1/source:/opt/rustwide/workdir:ro,Z" "-v" "/var/lib/crater-agent-workspace/cargo-home:/opt/rustwide/cargo-home:ro,Z" "-v" "/var/lib/crater-agent-workspace/rustup-home:/opt/rustwide/rustup-home:ro,Z" "-e" "SOURCE_DIR=/opt/rustwide/workdir" "-e" "CARGO_TARGET_DIR=/opt/rustwide/target" "-e" "CARGO_INCREMENTAL=0" "-e" "RUST_BACKTRACE=full" "-e" "RUSTFLAGS=--cap-lints=forbid" "-e" "RUSTDOCFLAGS=--cap-lints=forbid" "-e" "CARGO_HOME=/opt/rustwide/cargo-home" "-e" "RUSTUP_HOME=/opt/rustwide/rustup-home" "-w" "/opt/rustwide/workdir" "-m" "1610612736" "--user" "0:0" "--network" "none" "ghcr.io/rust-lang/crates-build-env/linux@sha256:2788e3201cd34a07e3172128adcd8b3090168a8e3bcc40d7c032b9dda1df7d1c" "/opt/rustwide/cargo-home/bin/cargo" "+nightly-2024-02-05" "check" "--frozen" "--all" "--all-targets" "--message-format=json", kill_on_drop: false }`
[INFO] [stdout] d48ff1d4f8c984190864eaba42d2bb9f9aa4da1ce3a07eb1cf6f29d7e0fa28be
[INFO] running `Command { std: "docker" "start" "-a" "d48ff1d4f8c984190864eaba42d2bb9f9aa4da1ce3a07eb1cf6f29d7e0fa28be", kill_on_drop: false }`
[INFO] [stderr]    Compiling phf_shared v0.10.0
[INFO] [stderr]     Checking tracing-core v0.1.32
[INFO] [stderr]    Compiling syn v2.0.48
[INFO] [stderr]    Compiling getrandom v0.2.12
[INFO] [stderr]     Checking parking_lot_core v0.9.9
[INFO] [stderr]    Compiling psm v0.1.21
[INFO] [stderr]    Compiling Inflector v0.11.4
[INFO] [stderr]     Checking new_debug_unreachable v1.0.4
[INFO] [stderr]     Checking precomputed-hash v0.1.1
[INFO] [stderr]    Compiling stacker v0.1.15
[INFO] [stderr]     Checking num-integer v0.1.45
[INFO] [stderr]     Checking object v0.32.2
[INFO] [stderr]     Checking unicode-linebreak v0.1.5
[INFO] [stderr]    Compiling serde_json v1.0.113
[INFO] [stderr]    Compiling camino v1.1.6
[INFO] [stderr]     Checking smawk v0.3.2
[INFO] [stderr]    Compiling unicode-general-category v0.6.0
[INFO] [stderr]     Checking is_ci v1.2.0
[INFO] [stderr]    Compiling rand_core v0.6.4
[INFO] [stderr]    Compiling semver v1.0.21
[INFO] [stderr]     Checking supports-color v1.3.1
[INFO] [stderr]     Checking parking_lot v0.12.1
[INFO] [stderr]    Compiling const_format_proc_macros v0.2.32
[INFO] [stderr]     Checking textwrap v0.15.2
[INFO] [stderr]     Checking better_scoped_tls v0.1.1
[INFO] [stderr]     Checking supports-unicode v1.0.2
[INFO] [stderr]     Checking supports-hyperlinks v1.2.0
[INFO] [stderr]    Compiling miette-derive v4.7.1
[INFO] [stderr]    Compiling rand_chacha v0.3.1
[INFO] [stderr]     Checking num-bigint v0.4.4
[INFO] [stderr]     Checking idna v0.3.0
[INFO] [stderr]     Checking utf8-width v0.1.7
[INFO] [stderr]     Checking owo-colors v3.5.0
[INFO] [stderr]     Checking tracing-log v0.2.0
[INFO] [stderr]    Compiling derive_more v0.99.17
[INFO] [stderr]     Checking html-escape v0.2.13
[INFO] [stderr]    Compiling anyhow v1.0.79
[INFO] [stderr]    Compiling derivative v2.2.0
[INFO] [stderr]     Checking thread_local v1.1.7
[INFO] [stderr]    Compiling relative-path v1.9.2
[INFO] [stderr]    Compiling rand v0.8.5
[INFO] [stderr]     Checking argparse v0.2.2
[INFO] [stderr]     Checking mdurl v0.3.1
[INFO] [stderr]     Checking entities v1.0.1
[INFO] [stderr]     Checking github-slugger v0.1.0
[INFO] [stderr]     Checking difference v2.0.0
[INFO] [stderr]    Compiling phf_generator v0.10.0
[INFO] [stderr]     Checking const_format v0.2.32
[INFO] [stderr]    Compiling string_cache_codegen v0.5.2
[INFO] [stderr]    Compiling swc_atoms v0.5.9
[INFO] [stderr]     Checking backtrace v0.3.69
[INFO] [stderr]    Compiling swc_macros_common v0.3.9
[INFO] [stderr]    Compiling pmutil v0.6.1
[INFO] [stderr]    Compiling serde_derive v1.0.196
[INFO] [stderr]    Compiling thiserror-impl v1.0.56
[INFO] [stderr]    Compiling tracing-attributes v0.1.27
[INFO] [stderr]    Compiling swc_visit_macros v0.5.9
[INFO] [stderr]    Compiling swc_eq_ignore_macros v0.1.3
[INFO] [stderr]    Compiling ast_node v0.9.6
[INFO] [stderr]    Compiling from_variant v0.1.7
[INFO] [stderr]    Compiling readonly v0.2.12
[INFO] [stderr]    Compiling testing_macros v0.2.12
[INFO] [stderr]     Checking markdown-it v0.6.0
[INFO] [stderr]     Checking thiserror v1.0.56
[INFO] [stderr]     Checking miette v4.7.1
[INFO] [stderr]     Checking tracing v0.1.40
[INFO] [stderr]     Checking markdown-it-heading-anchors v0.3.0 (/opt/rustwide/workdir)
[INFO] [stderr]     Checking tracing-subscriber v0.3.18
[INFO] [stderr]     Checking serde v1.0.196
[INFO] [stderr]     Checking swc_visit v0.5.8
[INFO] [stderr]     Checking triomphe v0.1.11
[INFO] [stderr]     Checking string_cache v0.8.7
[INFO] [stderr]     Checking cargo-platform v0.1.6
[INFO] [stderr]     Checking swc_common v0.31.22
[INFO] [stderr]     Checking cargo_metadata v0.15.4
[INFO] [stderr]     Checking swc_error_reporters v0.15.22
[INFO] [stderr]     Checking testing v0.33.25
[INFO] [stdout] error[E0433]: failed to resolve: use of undeclared crate or module `dev`
[INFO] [stdout]  --> tests/fixtures.rs:8:13
[INFO] [stdout]   |
[INFO] [stdout] 8 |     let f = dev::read_fixture_file(file);
[INFO] [stdout]   |             ^^^ use of undeclared crate or module `dev`
[INFO] [stdout] 
[INFO] [stdout] 
[INFO] [stdout] error[E0433]: failed to resolve: use of undeclared crate or module `dev`
[INFO] [stdout]   --> tests/fixtures.rs:18:5
[INFO] [stdout]    |
[INFO] [stdout] 18 |     dev::assert_no_diff(f, &actual);
[INFO] [stdout]    |     ^^^ use of undeclared crate or module `dev`
[INFO] [stdout] 
[INFO] [stdout] 
[INFO] [stdout] error: aborting due to 2 previous errors
[INFO] [stdout] 
[INFO] [stdout] 
[INFO] [stdout] For more information about this error, try `rustc --explain E0433`.
[INFO] [stdout] 
[INFO] [stderr] error: could not compile `markdown-it-heading-anchors` (test "fixtures") due to 3 previous errors
[INFO] running `Command { std: "docker" "inspect" "d48ff1d4f8c984190864eaba42d2bb9f9aa4da1ce3a07eb1cf6f29d7e0fa28be", kill_on_drop: false }`
[INFO] running `Command { std: "docker" "rm" "-f" "d48ff1d4f8c984190864eaba42d2bb9f9aa4da1ce3a07eb1cf6f29d7e0fa28be", kill_on_drop: false }`
[INFO] [stdout] d48ff1d4f8c984190864eaba42d2bb9f9aa4da1ce3a07eb1cf6f29d7e0fa28be
[INFO] checking markdown-it-heading-anchors-0.3.0 against nightly-2024-02-05+rustflags=-Dunexpected_cfgs+cargoflags=-Zcheck-cfg for check-cfg
[INFO] extracting crate markdown-it-heading-anchors 0.3.0 into /workspace/builds/worker-7-tc2/source
[INFO] validating manifest of crates.io crate markdown-it-heading-anchors 0.3.0 on toolchain nightly-2024-02-05
[INFO] running `Command { std: CARGO_HOME="/workspace/cargo-home" RUSTUP_HOME="/workspace/rustup-home" "/workspace/cargo-home/bin/cargo" "+nightly-2024-02-05" "metadata" "--manifest-path" "Cargo.toml" "--no-deps", kill_on_drop: false }`
[INFO] started tweaking crates.io crate markdown-it-heading-anchors 0.3.0
[INFO] finished tweaking crates.io crate markdown-it-heading-anchors 0.3.0
[INFO] tweaked toml for crates.io crate markdown-it-heading-anchors 0.3.0 written to /workspace/builds/worker-7-tc2/source/Cargo.toml
[INFO] running `Command { std: CARGO_HOME="/workspace/cargo-home" RUSTUP_HOME="/workspace/rustup-home" "/workspace/cargo-home/bin/cargo" "+nightly-2024-02-05" "generate-lockfile" "--manifest-path" "Cargo.toml", kill_on_drop: false }`
[INFO] [stderr]     Updating crates.io index
[INFO] running `Command { std: CARGO_HOME="/workspace/cargo-home" RUSTUP_HOME="/workspace/rustup-home" "/workspace/cargo-home/bin/cargo" "+nightly-2024-02-05" "fetch" "--manifest-path" "Cargo.toml", kill_on_drop: false }`
[INFO] running `Command { std: "docker" "create" "-v" "/var/lib/crater-agent-workspace/builds/worker-7-tc2/target:/opt/rustwide/target:rw,Z" "-v" "/var/lib/crater-agent-workspace/builds/worker-7-tc2/source:/opt/rustwide/workdir:ro,Z" "-v" "/var/lib/crater-agent-workspace/cargo-home:/opt/rustwide/cargo-home:ro,Z" "-v" "/var/lib/crater-agent-workspace/rustup-home:/opt/rustwide/rustup-home:ro,Z" "-e" "SOURCE_DIR=/opt/rustwide/workdir" "-e" "CARGO_TARGET_DIR=/opt/rustwide/target" "-e" "CARGO_HOME=/opt/rustwide/cargo-home" "-e" "RUSTUP_HOME=/opt/rustwide/rustup-home" "-w" "/opt/rustwide/workdir" "-m" "1610612736" "--user" "0:0" "--network" "none" "ghcr.io/rust-lang/crates-build-env/linux@sha256:2788e3201cd34a07e3172128adcd8b3090168a8e3bcc40d7c032b9dda1df7d1c" "/opt/rustwide/cargo-home/bin/cargo" "+nightly-2024-02-05" "metadata" "--no-deps" "--format-version=1", kill_on_drop: false }`
[INFO] [stdout] 92f5f78f8c5f9789a6f073d8ef6de374c18481b2f33efa5ee81016644b4d9d00
[INFO] running `Command { std: "docker" "start" "-a" "92f5f78f8c5f9789a6f073d8ef6de374c18481b2f33efa5ee81016644b4d9d00", kill_on_drop: false }`
[INFO] running `Command { std: "docker" "inspect" "92f5f78f8c5f9789a6f073d8ef6de374c18481b2f33efa5ee81016644b4d9d00", kill_on_drop: false }`
[INFO] running `Command { std: "docker" "rm" "-f" "92f5f78f8c5f9789a6f073d8ef6de374c18481b2f33efa5ee81016644b4d9d00", kill_on_drop: false }`
[INFO] [stdout] 92f5f78f8c5f9789a6f073d8ef6de374c18481b2f33efa5ee81016644b4d9d00
[INFO] running `Command { std: "docker" "create" "-v" "/var/lib/crater-agent-workspace/builds/worker-7-tc2/target:/opt/rustwide/target:rw,Z" "-v" "/var/lib/crater-agent-workspace/builds/worker-7-tc2/source:/opt/rustwide/workdir:ro,Z" "-v" "/var/lib/crater-agent-workspace/cargo-home:/opt/rustwide/cargo-home:ro,Z" "-v" "/var/lib/crater-agent-workspace/rustup-home:/opt/rustwide/rustup-home:ro,Z" "-e" "SOURCE_DIR=/opt/rustwide/workdir" "-e" "CARGO_TARGET_DIR=/opt/rustwide/target" "-e" "CARGO_INCREMENTAL=0" "-e" "RUST_BACKTRACE=full" "-e" "RUSTFLAGS=--cap-lints=forbid -Dunexpected_cfgs" "-e" "RUSTDOCFLAGS=--cap-lints=forbid" "-e" "CARGO_HOME=/opt/rustwide/cargo-home" "-e" "RUSTUP_HOME=/opt/rustwide/rustup-home" "-w" "/opt/rustwide/workdir" "-m" "1610612736" "--user" "0:0" "--network" "none" "ghcr.io/rust-lang/crates-build-env/linux@sha256:2788e3201cd34a07e3172128adcd8b3090168a8e3bcc40d7c032b9dda1df7d1c" "/opt/rustwide/cargo-home/bin/cargo" "+nightly-2024-02-05" "check" "--frozen" "--all" "--all-targets" "--message-format=json" "-Zcheck-cfg", kill_on_drop: false }`
[INFO] [stdout] f3dc6d1f63cae5bdb6ed650c6e427fd3aeddd8e3828d642a4bbf5907f704ffbf
[INFO] running `Command { std: "docker" "start" "-a" "f3dc6d1f63cae5bdb6ed650c6e427fd3aeddd8e3828d642a4bbf5907f704ffbf", kill_on_drop: false }`
[INFO] [stderr]    Compiling phf_shared v0.10.0
[INFO] [stderr]     Checking tracing-core v0.1.32
[INFO] [stderr]    Compiling syn v2.0.48
[INFO] [stderr]    Compiling getrandom v0.2.12
[INFO] [stderr]     Checking parking_lot_core v0.9.9
[INFO] [stderr]    Compiling psm v0.1.21
[INFO] [stderr]    Compiling Inflector v0.11.4
[INFO] [stderr]     Checking precomputed-hash v0.1.1
[INFO] [stderr]     Checking new_debug_unreachable v1.0.4
[INFO] [stderr]    Compiling stacker v0.1.15
[INFO] [stderr]     Checking num-integer v0.1.45
[INFO] [stderr]     Checking object v0.32.2
[INFO] [stderr]    Compiling unicode-general-category v0.6.0
[INFO] [stderr]    Compiling semver v1.0.21
[INFO] [stderr]     Checking unicode-linebreak v0.1.5
[INFO] [stderr]     Checking is_ci v1.2.0
[INFO] [stderr]     Checking smawk v0.3.2
[INFO] [stderr]    Compiling rand_core v0.6.4
[INFO] [stderr]    Compiling serde_json v1.0.113
[INFO] [stderr]    Compiling camino v1.1.6
[INFO] [stderr]     Checking parking_lot v0.12.1
[INFO] [stderr]    Compiling const_format_proc_macros v0.2.32
[INFO] [stderr]     Checking better_scoped_tls v0.1.1
[INFO] [stderr]     Checking textwrap v0.15.2
[INFO] [stderr]    Compiling rand_chacha v0.3.1
[INFO] [stderr]     Checking supports-color v1.3.1
[INFO] [stderr]     Checking num-bigint v0.4.4
[INFO] [stderr]     Checking supports-unicode v1.0.2
[INFO] [stderr]     Checking supports-hyperlinks v1.2.0
[INFO] [stderr]    Compiling miette-derive v4.7.1
[INFO] [stderr]     Checking idna v0.3.0
[INFO] [stderr]     Checking utf8-width v0.1.7
[INFO] [stderr]     Checking owo-colors v3.5.0
[INFO] [stderr]     Checking tracing-log v0.2.0
[INFO] [stderr]    Compiling derive_more v0.99.17
[INFO] [stderr]    Compiling anyhow v1.0.79
[INFO] [stderr]    Compiling derivative v2.2.0
[INFO] [stderr]    Compiling rand v0.8.5
[INFO] [stderr]     Checking html-escape v0.2.13
[INFO] [stderr]     Checking thread_local v1.1.7
[INFO] [stderr]     Checking argparse v0.2.2
[INFO] [stderr]     Checking entities v1.0.1
[INFO] [stderr]    Compiling relative-path v1.9.2
[INFO] [stderr]     Checking mdurl v0.3.1
[INFO] [stderr]     Checking github-slugger v0.1.0
[INFO] [stderr]     Checking difference v2.0.0
[INFO] [stderr]    Compiling phf_generator v0.10.0
[INFO] [stderr]    Compiling string_cache_codegen v0.5.2
[INFO] [stderr]     Checking const_format v0.2.32
[INFO] [stderr]    Compiling swc_atoms v0.5.9
[INFO] [stderr]     Checking backtrace v0.3.69
[INFO] [stderr]    Compiling swc_macros_common v0.3.9
[INFO] [stderr]    Compiling pmutil v0.6.1
[INFO] [stderr]    Compiling serde_derive v1.0.196
[INFO] [stderr]    Compiling thiserror-impl v1.0.56
[INFO] [stderr]    Compiling tracing-attributes v0.1.27
[INFO] [stderr]    Compiling swc_visit_macros v0.5.9
[INFO] [stderr]    Compiling ast_node v0.9.6
[INFO] [stderr]    Compiling swc_eq_ignore_macros v0.1.3
[INFO] [stderr]    Compiling from_variant v0.1.7
[INFO] [stderr]    Compiling readonly v0.2.12
[INFO] [stderr]    Compiling testing_macros v0.2.12
[INFO] [stderr]     Checking markdown-it v0.6.0
[INFO] [stderr]     Checking thiserror v1.0.56
[INFO] [stderr]     Checking miette v4.7.1
[INFO] [stderr]     Checking tracing v0.1.40
[INFO] [stderr]     Checking markdown-it-heading-anchors v0.3.0 (/opt/rustwide/workdir)
[INFO] [stderr]     Checking tracing-subscriber v0.3.18
[INFO] [stderr]     Checking serde v1.0.196
[INFO] [stderr]     Checking swc_visit v0.5.8
[INFO] [stderr]     Checking triomphe v0.1.11
[INFO] [stderr]     Checking string_cache v0.8.7
[INFO] [stderr]     Checking cargo-platform v0.1.6
[INFO] [stderr]     Checking swc_common v0.31.22
[INFO] [stderr]     Checking cargo_metadata v0.15.4
[INFO] [stderr]     Checking swc_error_reporters v0.15.22
[INFO] [stderr]     Checking testing v0.33.25
[INFO] [stdout] error[E0433]: failed to resolve: use of undeclared crate or module `dev`
[INFO] [stdout]  --> tests/fixtures.rs:8:13
[INFO] [stdout]   |
[INFO] [stdout] 8 |     let f = dev::read_fixture_file(file);
[INFO] [stdout]   |             ^^^ use of undeclared crate or module `dev`
[INFO] [stdout] 
[INFO] [stdout] 
[INFO] [stdout] error[E0433]: failed to resolve: use of undeclared crate or module `dev`
[INFO] [stdout]   --> tests/fixtures.rs:18:5
[INFO] [stdout]    |
[INFO] [stdout] 18 |     dev::assert_no_diff(f, &actual);
[INFO] [stdout]    |     ^^^ use of undeclared crate or module `dev`
[INFO] [stdout] 
[INFO] [stdout] 
[INFO] [stdout] error: aborting due to 2 previous errors
[INFO] [stdout] 
[INFO] [stdout] 
[INFO] [stdout] For more information about this error, try `rustc --explain E0433`.
[INFO] [stdout] 
[INFO] [stderr] error: could not compile `markdown-it-heading-anchors` (test "fixtures") due to 3 previous errors
[INFO] [stderr] warning: build failed, waiting for other jobs to finish...
[INFO] running `Command { std: "docker" "inspect" "f3dc6d1f63cae5bdb6ed650c6e427fd3aeddd8e3828d642a4bbf5907f704ffbf", kill_on_drop: false }`
[INFO] running `Command { std: "docker" "rm" "-f" "f3dc6d1f63cae5bdb6ed650c6e427fd3aeddd8e3828d642a4bbf5907f704ffbf", kill_on_drop: false }`
[INFO] [stdout] f3dc6d1f63cae5bdb6ed650c6e427fd3aeddd8e3828d642a4bbf5907f704ffbf
