[INFO] fetching crate markdown-edit 0.1.0...
[INFO] checking markdown-edit-0.1.0 against nightly-2024-02-05 for check-cfg
[INFO] extracting crate markdown-edit 0.1.0 into /workspace/builds/worker-2-tc1/source
[INFO] validating manifest of crates.io crate markdown-edit 0.1.0 on toolchain nightly-2024-02-05
[INFO] running `Command { std: CARGO_HOME="/workspace/cargo-home" RUSTUP_HOME="/workspace/rustup-home" "/workspace/cargo-home/bin/cargo" "+nightly-2024-02-05" "metadata" "--manifest-path" "Cargo.toml" "--no-deps", kill_on_drop: false }`
[INFO] started tweaking crates.io crate markdown-edit 0.1.0
[INFO] finished tweaking crates.io crate markdown-edit 0.1.0
[INFO] tweaked toml for crates.io crate markdown-edit 0.1.0 written to /workspace/builds/worker-2-tc1/source/Cargo.toml
[INFO] running `Command { std: CARGO_HOME="/workspace/cargo-home" RUSTUP_HOME="/workspace/rustup-home" "/workspace/cargo-home/bin/cargo" "+nightly-2024-02-05" "generate-lockfile" "--manifest-path" "Cargo.toml", kill_on_drop: false }`
[INFO] [stderr]     Updating crates.io index
[INFO] running `Command { std: CARGO_HOME="/workspace/cargo-home" RUSTUP_HOME="/workspace/rustup-home" "/workspace/cargo-home/bin/cargo" "+nightly-2024-02-05" "fetch" "--manifest-path" "Cargo.toml", kill_on_drop: false }`
[INFO] [stderr]  Downloading crates ...
[INFO] [stderr]   Downloaded getopts v0.2.21
[INFO] [stderr]   Downloaded bitflags v0.9.1
[INFO] [stderr]   Downloaded pulldown-cmark v0.1.2
[INFO] [stderr]   Downloaded pulldown-cmark v0.5.3
[INFO] [stderr]   Downloaded pulldown-cmark-to-cmark v1.2.4
[INFO] running `Command { std: "docker" "create" "-v" "/var/lib/crater-agent-workspace/builds/worker-2-tc1/target:/opt/rustwide/target:rw,Z" "-v" "/var/lib/crater-agent-workspace/builds/worker-2-tc1/source:/opt/rustwide/workdir:ro,Z" "-v" "/var/lib/crater-agent-workspace/cargo-home:/opt/rustwide/cargo-home:ro,Z" "-v" "/var/lib/crater-agent-workspace/rustup-home:/opt/rustwide/rustup-home:ro,Z" "-e" "SOURCE_DIR=/opt/rustwide/workdir" "-e" "CARGO_TARGET_DIR=/opt/rustwide/target" "-e" "CARGO_HOME=/opt/rustwide/cargo-home" "-e" "RUSTUP_HOME=/opt/rustwide/rustup-home" "-w" "/opt/rustwide/workdir" "-m" "1610612736" "--user" "0:0" "--network" "none" "ghcr.io/rust-lang/crates-build-env/linux@sha256:2788e3201cd34a07e3172128adcd8b3090168a8e3bcc40d7c032b9dda1df7d1c" "/opt/rustwide/cargo-home/bin/cargo" "+nightly-2024-02-05" "metadata" "--no-deps" "--format-version=1", kill_on_drop: false }`
[INFO] [stdout] 7ebcc3f6fc855a5ce95c724df5addee45657ffcc262a6746cbd7527ce6a0022e
[INFO] running `Command { std: "docker" "start" "-a" "7ebcc3f6fc855a5ce95c724df5addee45657ffcc262a6746cbd7527ce6a0022e", kill_on_drop: false }`
[INFO] running `Command { std: "docker" "inspect" "7ebcc3f6fc855a5ce95c724df5addee45657ffcc262a6746cbd7527ce6a0022e", kill_on_drop: false }`
[INFO] running `Command { std: "docker" "rm" "-f" "7ebcc3f6fc855a5ce95c724df5addee45657ffcc262a6746cbd7527ce6a0022e", kill_on_drop: false }`
[INFO] [stdout] 7ebcc3f6fc855a5ce95c724df5addee45657ffcc262a6746cbd7527ce6a0022e
[INFO] running `Command { std: "docker" "create" "-v" "/var/lib/crater-agent-workspace/builds/worker-2-tc1/target:/opt/rustwide/target:rw,Z" "-v" "/var/lib/crater-agent-workspace/builds/worker-2-tc1/source:/opt/rustwide/workdir:ro,Z" "-v" "/var/lib/crater-agent-workspace/cargo-home:/opt/rustwide/cargo-home:ro,Z" "-v" "/var/lib/crater-agent-workspace/rustup-home:/opt/rustwide/rustup-home:ro,Z" "-e" "SOURCE_DIR=/opt/rustwide/workdir" "-e" "CARGO_TARGET_DIR=/opt/rustwide/target" "-e" "CARGO_INCREMENTAL=0" "-e" "RUST_BACKTRACE=full" "-e" "RUSTFLAGS=--cap-lints=forbid" "-e" "RUSTDOCFLAGS=--cap-lints=forbid" "-e" "CARGO_HOME=/opt/rustwide/cargo-home" "-e" "RUSTUP_HOME=/opt/rustwide/rustup-home" "-w" "/opt/rustwide/workdir" "-m" "1610612736" "--user" "0:0" "--network" "none" "ghcr.io/rust-lang/crates-build-env/linux@sha256:2788e3201cd34a07e3172128adcd8b3090168a8e3bcc40d7c032b9dda1df7d1c" "/opt/rustwide/cargo-home/bin/cargo" "+nightly-2024-02-05" "check" "--frozen" "--all" "--all-targets" "--message-format=json", kill_on_drop: false }`
[INFO] [stdout] eb8ef91c823a1300188c1fd7b3775d01a93375fa3d4066c195c240fe9461dafa
[INFO] running `Command { std: "docker" "start" "-a" "eb8ef91c823a1300188c1fd7b3775d01a93375fa3d4066c195c240fe9461dafa", kill_on_drop: false }`
[INFO] [stderr]    Compiling libc v0.2.153
[INFO] [stderr]    Compiling version_check v0.9.4
[INFO] [stderr]     Checking memchr v2.7.1
[INFO] [stderr]    Compiling pulldown-cmark v0.5.3
[INFO] [stderr]     Checking adler v1.0.2
[INFO] [stderr]     Checking gimli v0.28.1
[INFO] [stderr]    Compiling pulldown-cmark v0.1.2
[INFO] [stderr]     Checking unicode-width v0.1.11
[INFO] [stderr]     Checking rustc-demangle v0.1.23
[INFO] [stderr]     Checking bitflags v0.9.1
[INFO] [stderr]     Checking getopts v0.2.21
[INFO] [stderr]     Checking miniz_oxide v0.7.2
[INFO] [stderr]    Compiling unicase v2.7.0
[INFO] [stderr]     Checking object v0.32.2
[INFO] [stderr]    Compiling cc v1.0.83
[INFO] [stderr]     Checking pulldown-cmark-to-cmark v1.2.4
[INFO] [stderr]    Compiling backtrace v0.3.69
[INFO] [stderr]     Checking addr2line v0.21.0
[INFO] [stderr]     Checking failure v0.1.8
[INFO] [stderr]     Checking markdown-edit v0.1.0 (/opt/rustwide/workdir)
[INFO] [stdout] error[E0277]: the trait bound `&Event<'_>: Borrow<pulldown_cmark::parse::Event<'_>>` is not satisfied
[INFO] [stdout]    --> src/lib.rs:93:7
[INFO] [stdout]     |
[INFO] [stdout] 93  |       cmark(events.iter(), &mut buf, None)?;
[INFO] [stdout]     |       ^^^^^^^^^^^^^^^^^^^^^^^^^^^^^^^^^^^^ the trait `Borrow<pulldown_cmark::parse::Event<'_>>` is not implemented for `&Event<'_>`
[INFO] [stdout]     |
[INFO] [stdout] note: required by a bound in `cmark`
[INFO] [stdout]    --> /opt/rustwide/cargo-home/registry/src/index.crates.io-6f17d22bba15001f/pulldown-cmark-to-cmark-1.2.4/src/fmt.rs:408:8
[INFO] [stdout]     |
[INFO] [stdout] 401 | pub fn cmark<'a, I, E, F>(
[INFO] [stdout]     |        ----- required by a bound in this function
[INFO] [stdout] ...
[INFO] [stdout] 408 |     E: Borrow<Event<'a>>,
[INFO] [stdout]     |        ^^^^^^^^^^^^^^^^^ required by this bound in `cmark`
[INFO] [stdout] 
[INFO] [stdout] 
[INFO] [stdout] error: aborting due to 1 previous error
[INFO] [stdout] 
[INFO] [stdout] 
[INFO] [stdout] For more information about this error, try `rustc --explain E0277`.
[INFO] [stdout] 
[INFO] [stderr] error: could not compile `markdown-edit` (lib) due to 2 previous errors
[INFO] [stderr] warning: build failed, waiting for other jobs to finish...
[INFO] [stdout] error[E0277]: the trait bound `&Event<'_>: Borrow<pulldown_cmark::parse::Event<'_>>` is not satisfied
[INFO] [stdout]    --> src/lib.rs:93:7
[INFO] [stdout]     |
[INFO] [stdout] 93  |       cmark(events.iter(), &mut buf, None)?;
[INFO] [stdout]     |       ^^^^^^^^^^^^^^^^^^^^^^^^^^^^^^^^^^^^ the trait `Borrow<pulldown_cmark::parse::Event<'_>>` is not implemented for `&Event<'_>`
[INFO] [stdout]     |
[INFO] [stdout] note: required by a bound in `cmark`
[INFO] [stdout]    --> /opt/rustwide/cargo-home/registry/src/index.crates.io-6f17d22bba15001f/pulldown-cmark-to-cmark-1.2.4/src/fmt.rs:408:8
[INFO] [stdout]     |
[INFO] [stdout] 401 | pub fn cmark<'a, I, E, F>(
[INFO] [stdout]     |        ----- required by a bound in this function
[INFO] [stdout] ...
[INFO] [stdout] 408 |     E: Borrow<Event<'a>>,
[INFO] [stdout]     |        ^^^^^^^^^^^^^^^^^ required by this bound in `cmark`
[INFO] [stdout] 
[INFO] [stdout] 
[INFO] [stdout] error: aborting due to 1 previous error
[INFO] [stdout] 
[INFO] [stdout] 
[INFO] [stdout] For more information about this error, try `rustc --explain E0277`.
[INFO] [stdout] 
[INFO] [stderr] error: could not compile `markdown-edit` (lib test) due to 2 previous errors
[INFO] running `Command { std: "docker" "inspect" "eb8ef91c823a1300188c1fd7b3775d01a93375fa3d4066c195c240fe9461dafa", kill_on_drop: false }`
[INFO] running `Command { std: "docker" "rm" "-f" "eb8ef91c823a1300188c1fd7b3775d01a93375fa3d4066c195c240fe9461dafa", kill_on_drop: false }`
[INFO] [stdout] eb8ef91c823a1300188c1fd7b3775d01a93375fa3d4066c195c240fe9461dafa
[INFO] checking markdown-edit-0.1.0 against nightly-2024-02-05+rustflags=-Dunexpected_cfgs+cargoflags=-Zcheck-cfg for check-cfg
[INFO] extracting crate markdown-edit 0.1.0 into /workspace/builds/worker-2-tc2/source
[INFO] validating manifest of crates.io crate markdown-edit 0.1.0 on toolchain nightly-2024-02-05
[INFO] running `Command { std: CARGO_HOME="/workspace/cargo-home" RUSTUP_HOME="/workspace/rustup-home" "/workspace/cargo-home/bin/cargo" "+nightly-2024-02-05" "metadata" "--manifest-path" "Cargo.toml" "--no-deps", kill_on_drop: false }`
[INFO] started tweaking crates.io crate markdown-edit 0.1.0
[INFO] finished tweaking crates.io crate markdown-edit 0.1.0
[INFO] tweaked toml for crates.io crate markdown-edit 0.1.0 written to /workspace/builds/worker-2-tc2/source/Cargo.toml
[INFO] running `Command { std: CARGO_HOME="/workspace/cargo-home" RUSTUP_HOME="/workspace/rustup-home" "/workspace/cargo-home/bin/cargo" "+nightly-2024-02-05" "generate-lockfile" "--manifest-path" "Cargo.toml", kill_on_drop: false }`
[INFO] [stderr]     Updating crates.io index
[INFO] running `Command { std: CARGO_HOME="/workspace/cargo-home" RUSTUP_HOME="/workspace/rustup-home" "/workspace/cargo-home/bin/cargo" "+nightly-2024-02-05" "fetch" "--manifest-path" "Cargo.toml", kill_on_drop: false }`
[INFO] running `Command { std: "docker" "create" "-v" "/var/lib/crater-agent-workspace/builds/worker-2-tc2/target:/opt/rustwide/target:rw,Z" "-v" "/var/lib/crater-agent-workspace/builds/worker-2-tc2/source:/opt/rustwide/workdir:ro,Z" "-v" "/var/lib/crater-agent-workspace/cargo-home:/opt/rustwide/cargo-home:ro,Z" "-v" "/var/lib/crater-agent-workspace/rustup-home:/opt/rustwide/rustup-home:ro,Z" "-e" "SOURCE_DIR=/opt/rustwide/workdir" "-e" "CARGO_TARGET_DIR=/opt/rustwide/target" "-e" "CARGO_HOME=/opt/rustwide/cargo-home" "-e" "RUSTUP_HOME=/opt/rustwide/rustup-home" "-w" "/opt/rustwide/workdir" "-m" "1610612736" "--user" "0:0" "--network" "none" "ghcr.io/rust-lang/crates-build-env/linux@sha256:2788e3201cd34a07e3172128adcd8b3090168a8e3bcc40d7c032b9dda1df7d1c" "/opt/rustwide/cargo-home/bin/cargo" "+nightly-2024-02-05" "metadata" "--no-deps" "--format-version=1", kill_on_drop: false }`
[INFO] [stdout] f5ed98241894eaa40fff85db970e1ded9bb2eb8ce4357b2dcf27e78d5a6129a1
[INFO] running `Command { std: "docker" "start" "-a" "f5ed98241894eaa40fff85db970e1ded9bb2eb8ce4357b2dcf27e78d5a6129a1", kill_on_drop: false }`
[INFO] running `Command { std: "docker" "inspect" "f5ed98241894eaa40fff85db970e1ded9bb2eb8ce4357b2dcf27e78d5a6129a1", kill_on_drop: false }`
[INFO] running `Command { std: "docker" "rm" "-f" "f5ed98241894eaa40fff85db970e1ded9bb2eb8ce4357b2dcf27e78d5a6129a1", kill_on_drop: false }`
[INFO] [stdout] f5ed98241894eaa40fff85db970e1ded9bb2eb8ce4357b2dcf27e78d5a6129a1
[INFO] running `Command { std: "docker" "create" "-v" "/var/lib/crater-agent-workspace/builds/worker-2-tc2/target:/opt/rustwide/target:rw,Z" "-v" "/var/lib/crater-agent-workspace/builds/worker-2-tc2/source:/opt/rustwide/workdir:ro,Z" "-v" "/var/lib/crater-agent-workspace/cargo-home:/opt/rustwide/cargo-home:ro,Z" "-v" "/var/lib/crater-agent-workspace/rustup-home:/opt/rustwide/rustup-home:ro,Z" "-e" "SOURCE_DIR=/opt/rustwide/workdir" "-e" "CARGO_TARGET_DIR=/opt/rustwide/target" "-e" "CARGO_INCREMENTAL=0" "-e" "RUST_BACKTRACE=full" "-e" "RUSTFLAGS=--cap-lints=forbid -Dunexpected_cfgs" "-e" "RUSTDOCFLAGS=--cap-lints=forbid" "-e" "CARGO_HOME=/opt/rustwide/cargo-home" "-e" "RUSTUP_HOME=/opt/rustwide/rustup-home" "-w" "/opt/rustwide/workdir" "-m" "1610612736" "--user" "0:0" "--network" "none" "ghcr.io/rust-lang/crates-build-env/linux@sha256:2788e3201cd34a07e3172128adcd8b3090168a8e3bcc40d7c032b9dda1df7d1c" "/opt/rustwide/cargo-home/bin/cargo" "+nightly-2024-02-05" "check" "--frozen" "--all" "--all-targets" "--message-format=json" "-Zcheck-cfg", kill_on_drop: false }`
[INFO] [stdout] 150bf6da0d5701e5002dc276690e55b1719c8579a224bff30fe5cf889feb393e
[INFO] running `Command { std: "docker" "start" "-a" "150bf6da0d5701e5002dc276690e55b1719c8579a224bff30fe5cf889feb393e", kill_on_drop: false }`
[INFO] [stderr]    Compiling libc v0.2.153
[INFO] [stderr]    Compiling version_check v0.9.4
[INFO] [stderr]     Checking memchr v2.7.1
[INFO] [stderr]     Checking gimli v0.28.1
[INFO] [stderr]    Compiling pulldown-cmark v0.5.3
[INFO] [stderr]     Checking adler v1.0.2
[INFO] [stderr]    Compiling pulldown-cmark v0.1.2
[INFO] [stderr]     Checking unicode-width v0.1.11
[INFO] [stderr]     Checking rustc-demangle v0.1.23
[INFO] [stderr]     Checking bitflags v0.9.1
[INFO] [stderr]     Checking miniz_oxide v0.7.2
[INFO] [stderr]     Checking getopts v0.2.21
[INFO] [stderr]    Compiling unicase v2.7.0
[INFO] [stderr]     Checking object v0.32.2
[INFO] [stderr]    Compiling cc v1.0.83
[INFO] [stderr]     Checking pulldown-cmark-to-cmark v1.2.4
[INFO] [stderr]    Compiling backtrace v0.3.69
[INFO] [stderr]     Checking addr2line v0.21.0
[INFO] [stderr]     Checking failure v0.1.8
[INFO] [stderr]     Checking markdown-edit v0.1.0 (/opt/rustwide/workdir)
[INFO] [stdout] error: unexpected `cfg` condition value: `nightly`
[INFO] [stdout]  --> src/lib.rs:1:13
[INFO] [stdout]   |
[INFO] [stdout] 1 | #![cfg_attr(feature = "nightly", deny(missing_docs))]
[INFO] [stdout]   |             ^^^^^^^^^^^^^^^^^^^ help: remove the condition
[INFO] [stdout]   |
[INFO] [stdout]   = note: no expected values for `feature`
[INFO] [stdout]   = help: consider adding `nightly` as a feature in `Cargo.toml`
[INFO] [stdout]   = note: see <https://doc.rust-lang.org/nightly/cargo/reference/unstable.html#check-cfg> for more information about checking conditional configuration
[INFO] [stdout]   = note: requested on the command line with `-D unexpected-cfgs`
[INFO] [stdout] 
[INFO] [stdout] 
[INFO] [stdout] error: unexpected `cfg` condition value: `nightly`
[INFO] [stdout]  --> src/lib.rs:2:13
[INFO] [stdout]   |
[INFO] [stdout] 2 | #![cfg_attr(feature = "nightly", feature(external_doc))]
[INFO] [stdout]   |             ^^^^^^^^^^^^^^^^^^^ help: remove the condition
[INFO] [stdout]   |
[INFO] [stdout]   = note: no expected values for `feature`
[INFO] [stdout]   = help: consider adding `nightly` as a feature in `Cargo.toml`
[INFO] [stdout]   = note: see <https://doc.rust-lang.org/nightly/cargo/reference/unstable.html#check-cfg> for more information about checking conditional configuration
[INFO] [stdout] 
[INFO] [stdout] 
[INFO] [stdout] error: unexpected `cfg` condition value: `nightly`
[INFO] [stdout]  --> src/lib.rs:3:13
[INFO] [stdout]   |
[INFO] [stdout] 3 | #![cfg_attr(feature = "nightly", doc(include = "../README.md"))]
[INFO] [stdout]   |             ^^^^^^^^^^^^^^^^^^^ help: remove the condition
[INFO] [stdout]   |
[INFO] [stdout]   = note: no expected values for `feature`
[INFO] [stdout]   = help: consider adding `nightly` as a feature in `Cargo.toml`
[INFO] [stdout]   = note: see <https://doc.rust-lang.org/nightly/cargo/reference/unstable.html#check-cfg> for more information about checking conditional configuration
[INFO] [stdout] 
[INFO] [stdout] 
[INFO] [stdout] error: unexpected `cfg` condition value: `nightly`
[INFO] [stdout]  --> src/lib.rs:1:13
[INFO] [stdout]   |
[INFO] [stdout] 1 | #![cfg_attr(feature = "nightly", deny(missing_docs))]
[INFO] [stdout]   |             ^^^^^^^^^^^^^^^^^^^ help: remove the condition
[INFO] [stdout]   |
[INFO] [stdout]   = note: no expected values for `feature`
[INFO] [stdout]   = help: consider adding `nightly` as a feature in `Cargo.toml`
[INFO] [stdout]   = note: see <https://doc.rust-lang.org/nightly/cargo/reference/unstable.html#check-cfg> for more information about checking conditional configuration
[INFO] [stdout]   = note: requested on the command line with `-D unexpected-cfgs`
[INFO] [stdout] 
[INFO] [stdout] 
[INFO] [stdout] error: unexpected `cfg` condition value: `nightly`
[INFO] [stdout]  --> src/lib.rs:2:13
[INFO] [stdout]   |
[INFO] [stdout] 2 | #![cfg_attr(feature = "nightly", feature(external_doc))]
[INFO] [stdout]   |             ^^^^^^^^^^^^^^^^^^^ help: remove the condition
[INFO] [stdout]   |
[INFO] [stdout]   = note: no expected values for `feature`
[INFO] [stdout]   = help: consider adding `nightly` as a feature in `Cargo.toml`
[INFO] [stdout]   = note: see <https://doc.rust-lang.org/nightly/cargo/reference/unstable.html#check-cfg> for more information about checking conditional configuration
[INFO] [stdout] 
[INFO] [stdout] 
[INFO] [stdout] error: unexpected `cfg` condition value: `nightly`
[INFO] [stdout]  --> src/lib.rs:3:13
[INFO] [stdout]   |
[INFO] [stdout] 3 | #![cfg_attr(feature = "nightly", doc(include = "../README.md"))]
[INFO] [stdout]   |             ^^^^^^^^^^^^^^^^^^^ help: remove the condition
[INFO] [stdout]   |
[INFO] [stdout]   = note: no expected values for `feature`
[INFO] [stdout]   = help: consider adding `nightly` as a feature in `Cargo.toml`
[INFO] [stdout]   = note: see <https://doc.rust-lang.org/nightly/cargo/reference/unstable.html#check-cfg> for more information about checking conditional configuration
[INFO] [stdout] 
[INFO] [stdout] 
[INFO] [stdout] error[E0277]: the trait bound `&Event<'_>: Borrow<pulldown_cmark::parse::Event<'_>>` is not satisfied
[INFO] [stdout]    --> src/lib.rs:93:7
[INFO] [stdout]     |
[INFO] [stdout] 93  |       cmark(events.iter(), &mut buf, None)?;
[INFO] [stdout]     |       ^^^^^^^^^^^^^^^^^^^^^^^^^^^^^^^^^^^^ the trait `Borrow<pulldown_cmark::parse::Event<'_>>` is not implemented for `&Event<'_>`
[INFO] [stdout]     |
[INFO] [stdout] note: required by a bound in `cmark`
[INFO] [stdout]    --> /opt/rustwide/cargo-home/registry/src/index.crates.io-6f17d22bba15001f/pulldown-cmark-to-cmark-1.2.4/src/fmt.rs:408:8
[INFO] [stdout]     |
[INFO] [stdout] 401 | pub fn cmark<'a, I, E, F>(
[INFO] [stdout]     |        ----- required by a bound in this function
[INFO] [stdout] ...
[INFO] [stdout] 408 |     E: Borrow<Event<'a>>,
[INFO] [stdout]     |        ^^^^^^^^^^^^^^^^^ required by this bound in `cmark`
[INFO] [stdout] 
[INFO] [stdout] 
[INFO] [stdout] error: aborting due to 4 previous errors
[INFO] [stdout] 
[INFO] [stdout] 
[INFO] [stdout] For more information about this error, try `rustc --explain E0277`.
[INFO] [stdout] 
[INFO] [stdout] error[E0277]: the trait bound `&Event<'_>: Borrow<pulldown_cmark::parse::Event<'_>>` is not satisfied
[INFO] [stdout]    --> src/lib.rs:93:7
[INFO] [stdout]     |
[INFO] [stdout] 93  |       cmark(events.iter(), &mut buf, None)?;
[INFO] [stdout]     |       ^^^^^^^^^^^^^^^^^^^^^^^^^^^^^^^^^^^^ the trait `Borrow<pulldown_cmark::parse::Event<'_>>` is not implemented for `&Event<'_>`
[INFO] [stdout]     |
[INFO] [stdout] note: required by a bound in `cmark`
[INFO] [stdout]    --> /opt/rustwide/cargo-home/registry/src/index.crates.io-6f17d22bba15001f/pulldown-cmark-to-cmark-1.2.4/src/fmt.rs:408:8
[INFO] [stdout]     |
[INFO] [stdout] 401 | pub fn cmark<'a, I, E, F>(
[INFO] [stdout]     |        ----- required by a bound in this function
[INFO] [stdout] ...
[INFO] [stdout] 408 |     E: Borrow<Event<'a>>,
[INFO] [stdout]     |        ^^^^^^^^^^^^^^^^^ required by this bound in `cmark`
[INFO] [stdout] 
[INFO] [stdout] 
[INFO] [stderr] error: could not compile `markdown-edit` (lib) due to 5 previous errors
[INFO] [stderr] warning: build failed, waiting for other jobs to finish...
[INFO] [stdout] error: aborting due to 4 previous errors
[INFO] [stdout] 
[INFO] [stdout] 
[INFO] [stdout] For more information about this error, try `rustc --explain E0277`.
[INFO] [stdout] 
[INFO] [stderr] error: could not compile `markdown-edit` (lib test) due to 5 previous errors
[INFO] running `Command { std: "docker" "inspect" "150bf6da0d5701e5002dc276690e55b1719c8579a224bff30fe5cf889feb393e", kill_on_drop: false }`
[INFO] running `Command { std: "docker" "rm" "-f" "150bf6da0d5701e5002dc276690e55b1719c8579a224bff30fe5cf889feb393e", kill_on_drop: false }`
[INFO] [stdout] 150bf6da0d5701e5002dc276690e55b1719c8579a224bff30fe5cf889feb393e
