[INFO] fetching crate many-macros 0.1.0...
[INFO] checking many-macros-0.1.0 against nightly-2024-02-05 for check-cfg
[INFO] extracting crate many-macros 0.1.0 into /workspace/builds/worker-1-tc1/source
[INFO] validating manifest of crates.io crate many-macros 0.1.0 on toolchain nightly-2024-02-05
[INFO] running `Command { std: CARGO_HOME="/workspace/cargo-home" RUSTUP_HOME="/workspace/rustup-home" "/workspace/cargo-home/bin/cargo" "+nightly-2024-02-05" "metadata" "--manifest-path" "Cargo.toml" "--no-deps", kill_on_drop: false }`
[INFO] started tweaking crates.io crate many-macros 0.1.0
[INFO] finished tweaking crates.io crate many-macros 0.1.0
[INFO] tweaked toml for crates.io crate many-macros 0.1.0 written to /workspace/builds/worker-1-tc1/source/Cargo.toml
[INFO] running `Command { std: CARGO_HOME="/workspace/cargo-home" RUSTUP_HOME="/workspace/rustup-home" "/workspace/cargo-home/bin/cargo" "+nightly-2024-02-05" "generate-lockfile" "--manifest-path" "Cargo.toml", kill_on_drop: false }`
[INFO] [stderr]     Updating crates.io index
[INFO] running `Command { std: CARGO_HOME="/workspace/cargo-home" RUSTUP_HOME="/workspace/rustup-home" "/workspace/cargo-home/bin/cargo" "+nightly-2024-02-05" "fetch" "--manifest-path" "Cargo.toml", kill_on_drop: false }`
[INFO] [stderr]     Blocking waiting for file lock on package cache
[INFO] running `Command { std: "docker" "create" "-v" "/var/lib/crater-agent-workspace/builds/worker-1-tc1/target:/opt/rustwide/target:rw,Z" "-v" "/var/lib/crater-agent-workspace/builds/worker-1-tc1/source:/opt/rustwide/workdir:ro,Z" "-v" "/var/lib/crater-agent-workspace/cargo-home:/opt/rustwide/cargo-home:ro,Z" "-v" "/var/lib/crater-agent-workspace/rustup-home:/opt/rustwide/rustup-home:ro,Z" "-e" "SOURCE_DIR=/opt/rustwide/workdir" "-e" "CARGO_TARGET_DIR=/opt/rustwide/target" "-e" "CARGO_HOME=/opt/rustwide/cargo-home" "-e" "RUSTUP_HOME=/opt/rustwide/rustup-home" "-w" "/opt/rustwide/workdir" "-m" "1610612736" "--user" "0:0" "--network" "none" "ghcr.io/rust-lang/crates-build-env/linux@sha256:2788e3201cd34a07e3172128adcd8b3090168a8e3bcc40d7c032b9dda1df7d1c" "/opt/rustwide/cargo-home/bin/cargo" "+nightly-2024-02-05" "metadata" "--no-deps" "--format-version=1", kill_on_drop: false }`
[INFO] [stdout] e36b906fdbc41e3d66bf1a3dd0ce65b43f4591ae76427ec2b268ef1796945ccf
[INFO] running `Command { std: "docker" "start" "-a" "e36b906fdbc41e3d66bf1a3dd0ce65b43f4591ae76427ec2b268ef1796945ccf", kill_on_drop: false }`
[INFO] running `Command { std: "docker" "inspect" "e36b906fdbc41e3d66bf1a3dd0ce65b43f4591ae76427ec2b268ef1796945ccf", kill_on_drop: false }`
[INFO] running `Command { std: "docker" "rm" "-f" "e36b906fdbc41e3d66bf1a3dd0ce65b43f4591ae76427ec2b268ef1796945ccf", kill_on_drop: false }`
[INFO] [stdout] e36b906fdbc41e3d66bf1a3dd0ce65b43f4591ae76427ec2b268ef1796945ccf
[INFO] running `Command { std: "docker" "create" "-v" "/var/lib/crater-agent-workspace/builds/worker-1-tc1/target:/opt/rustwide/target:rw,Z" "-v" "/var/lib/crater-agent-workspace/builds/worker-1-tc1/source:/opt/rustwide/workdir:ro,Z" "-v" "/var/lib/crater-agent-workspace/cargo-home:/opt/rustwide/cargo-home:ro,Z" "-v" "/var/lib/crater-agent-workspace/rustup-home:/opt/rustwide/rustup-home:ro,Z" "-e" "SOURCE_DIR=/opt/rustwide/workdir" "-e" "CARGO_TARGET_DIR=/opt/rustwide/target" "-e" "CARGO_INCREMENTAL=0" "-e" "RUST_BACKTRACE=full" "-e" "RUSTFLAGS=--cap-lints=forbid" "-e" "RUSTDOCFLAGS=--cap-lints=forbid" "-e" "CARGO_HOME=/opt/rustwide/cargo-home" "-e" "RUSTUP_HOME=/opt/rustwide/rustup-home" "-w" "/opt/rustwide/workdir" "-m" "1610612736" "--user" "0:0" "--network" "none" "ghcr.io/rust-lang/crates-build-env/linux@sha256:2788e3201cd34a07e3172128adcd8b3090168a8e3bcc40d7c032b9dda1df7d1c" "/opt/rustwide/cargo-home/bin/cargo" "+nightly-2024-02-05" "check" "--frozen" "--all" "--all-targets" "--message-format=json", kill_on_drop: false }`
[INFO] [stdout] 7aef68699e44a179205c8c98abe63a05d8235ee1033a1b2ca2dac7b0a0e0ace1
[INFO] running `Command { std: "docker" "start" "-a" "7aef68699e44a179205c8c98abe63a05d8235ee1033a1b2ca2dac7b0a0e0ace1", kill_on_drop: false }`
[INFO] [stderr]     Checking unicode-ident v1.0.12
[INFO] [stderr]     Checking inflections v1.1.1
[INFO] [stderr]    Compiling serde v1.0.196
[INFO] [stderr]    Compiling serde_derive v1.0.196
[INFO] [stderr]     Checking proc-macro2 v1.0.78
[INFO] [stderr]     Checking quote v1.0.35
[INFO] [stderr]     Checking syn v1.0.109
[INFO] [stderr]     Checking serde_tokenstream v0.1.7
[INFO] [stderr]     Checking many-macros v0.1.0 (/opt/rustwide/workdir)
[INFO] [stdout] error[E0277]: `syn::Type` doesn't implement `Debug`
[INFO] [stdout]   --> src/lib.rs:29:5
[INFO] [stdout]    |
[INFO] [stdout] 21 | #[derive(Debug)]
[INFO] [stdout]    |          ----- in this derive macro expansion
[INFO] [stdout] ...
[INFO] [stdout] 29 |     pub arg_type: Option<Box<Type>>,
[INFO] [stdout]    |     ^^^^^^^^^^^^^^^^^^^^^^^^^^^^^^^ `syn::Type` cannot be formatted using `{:?}` because it doesn't implement `Debug`
[INFO] [stdout]    |
[INFO] [stdout]    = help: the trait `Debug` is not implemented for `syn::Type`, which is required by `std::option::Option<std::boxed::Box<syn::Type>>: Debug`
[INFO] [stdout]    = help: the trait `Debug` is implemented for `std::option::Option<T>`
[INFO] [stdout]    = note: this error originates in the derive macro `Debug` (in Nightly builds, run with -Z macro-backtrace for more info)
[INFO] [stdout] 
[INFO] [stdout] 
[INFO] [stdout] error[E0277]: `syn::Type` doesn't implement `Debug`
[INFO] [stdout]   --> src/lib.rs:29:5
[INFO] [stdout]    |
[INFO] [stdout] 21 | #[derive(Debug)]
[INFO] [stdout]    |          ----- in this derive macro expansion
[INFO] [stdout] ...
[INFO] [stdout] 29 |     pub arg_type: Option<Box<Type>>,
[INFO] [stdout]    |     ^^^^^^^^^^^^^^^^^^^^^^^^^^^^^^^ `syn::Type` cannot be formatted using `{:?}` because it doesn't implement `Debug`
[INFO] [stdout]    |
[INFO] [stdout]    = help: the trait `Debug` is not implemented for `syn::Type`, which is required by `std::option::Option<std::boxed::Box<syn::Type>>: Debug`
[INFO] [stdout]    = help: the trait `Debug` is implemented for `std::option::Option<T>`
[INFO] [stdout]    = note: this error originates in the derive macro `Debug` (in Nightly builds, run with -Z macro-backtrace for more info)
[INFO] [stdout] 
[INFO] [stdout] 
[INFO] [stdout] error: aborting due to 1 previous error
[INFO] [stdout] 
[INFO] [stdout] 
[INFO] [stdout] For more information about this error, try `rustc --explain E0277`.
[INFO] [stdout] 
[INFO] [stdout] error: aborting due to 1 previous error
[INFO] [stdout] 
[INFO] [stdout] 
[INFO] [stdout] For more information about this error, try `rustc --explain E0277`.
[INFO] [stdout] 
[INFO] [stderr] error: could not compile `many-macros` (lib) due to 2 previous errors
[INFO] [stderr] warning: build failed, waiting for other jobs to finish...
[INFO] [stderr] error: could not compile `many-macros` (lib test) due to 2 previous errors
[INFO] running `Command { std: "docker" "inspect" "7aef68699e44a179205c8c98abe63a05d8235ee1033a1b2ca2dac7b0a0e0ace1", kill_on_drop: false }`
[INFO] running `Command { std: "docker" "rm" "-f" "7aef68699e44a179205c8c98abe63a05d8235ee1033a1b2ca2dac7b0a0e0ace1", kill_on_drop: false }`
[INFO] [stdout] 7aef68699e44a179205c8c98abe63a05d8235ee1033a1b2ca2dac7b0a0e0ace1
[INFO] checking many-macros-0.1.0 against nightly-2024-02-05+rustflags=-Dunexpected_cfgs+cargoflags=-Zcheck-cfg for check-cfg
[INFO] extracting crate many-macros 0.1.0 into /workspace/builds/worker-1-tc2/source
[INFO] validating manifest of crates.io crate many-macros 0.1.0 on toolchain nightly-2024-02-05
[INFO] running `Command { std: CARGO_HOME="/workspace/cargo-home" RUSTUP_HOME="/workspace/rustup-home" "/workspace/cargo-home/bin/cargo" "+nightly-2024-02-05" "metadata" "--manifest-path" "Cargo.toml" "--no-deps", kill_on_drop: false }`
[INFO] started tweaking crates.io crate many-macros 0.1.0
[INFO] finished tweaking crates.io crate many-macros 0.1.0
[INFO] tweaked toml for crates.io crate many-macros 0.1.0 written to /workspace/builds/worker-1-tc2/source/Cargo.toml
[INFO] running `Command { std: CARGO_HOME="/workspace/cargo-home" RUSTUP_HOME="/workspace/rustup-home" "/workspace/cargo-home/bin/cargo" "+nightly-2024-02-05" "generate-lockfile" "--manifest-path" "Cargo.toml", kill_on_drop: false }`
[INFO] [stderr]     Updating crates.io index
[INFO] running `Command { std: CARGO_HOME="/workspace/cargo-home" RUSTUP_HOME="/workspace/rustup-home" "/workspace/cargo-home/bin/cargo" "+nightly-2024-02-05" "fetch" "--manifest-path" "Cargo.toml", kill_on_drop: false }`
[INFO] running `Command { std: "docker" "create" "-v" "/var/lib/crater-agent-workspace/builds/worker-1-tc2/target:/opt/rustwide/target:rw,Z" "-v" "/var/lib/crater-agent-workspace/builds/worker-1-tc2/source:/opt/rustwide/workdir:ro,Z" "-v" "/var/lib/crater-agent-workspace/cargo-home:/opt/rustwide/cargo-home:ro,Z" "-v" "/var/lib/crater-agent-workspace/rustup-home:/opt/rustwide/rustup-home:ro,Z" "-e" "SOURCE_DIR=/opt/rustwide/workdir" "-e" "CARGO_TARGET_DIR=/opt/rustwide/target" "-e" "CARGO_HOME=/opt/rustwide/cargo-home" "-e" "RUSTUP_HOME=/opt/rustwide/rustup-home" "-w" "/opt/rustwide/workdir" "-m" "1610612736" "--user" "0:0" "--network" "none" "ghcr.io/rust-lang/crates-build-env/linux@sha256:2788e3201cd34a07e3172128adcd8b3090168a8e3bcc40d7c032b9dda1df7d1c" "/opt/rustwide/cargo-home/bin/cargo" "+nightly-2024-02-05" "metadata" "--no-deps" "--format-version=1", kill_on_drop: false }`
[INFO] [stdout] 1489084ca4125904c04a55d9ba5e2b4b9e38b08cdd7f4c69a82b8cd7d52e81a0
[INFO] running `Command { std: "docker" "start" "-a" "1489084ca4125904c04a55d9ba5e2b4b9e38b08cdd7f4c69a82b8cd7d52e81a0", kill_on_drop: false }`
[INFO] running `Command { std: "docker" "inspect" "1489084ca4125904c04a55d9ba5e2b4b9e38b08cdd7f4c69a82b8cd7d52e81a0", kill_on_drop: false }`
[INFO] running `Command { std: "docker" "rm" "-f" "1489084ca4125904c04a55d9ba5e2b4b9e38b08cdd7f4c69a82b8cd7d52e81a0", kill_on_drop: false }`
[INFO] [stdout] 1489084ca4125904c04a55d9ba5e2b4b9e38b08cdd7f4c69a82b8cd7d52e81a0
[INFO] running `Command { std: "docker" "create" "-v" "/var/lib/crater-agent-workspace/builds/worker-1-tc2/target:/opt/rustwide/target:rw,Z" "-v" "/var/lib/crater-agent-workspace/builds/worker-1-tc2/source:/opt/rustwide/workdir:ro,Z" "-v" "/var/lib/crater-agent-workspace/cargo-home:/opt/rustwide/cargo-home:ro,Z" "-v" "/var/lib/crater-agent-workspace/rustup-home:/opt/rustwide/rustup-home:ro,Z" "-e" "SOURCE_DIR=/opt/rustwide/workdir" "-e" "CARGO_TARGET_DIR=/opt/rustwide/target" "-e" "CARGO_INCREMENTAL=0" "-e" "RUST_BACKTRACE=full" "-e" "RUSTFLAGS=--cap-lints=forbid -Dunexpected_cfgs" "-e" "RUSTDOCFLAGS=--cap-lints=forbid" "-e" "CARGO_HOME=/opt/rustwide/cargo-home" "-e" "RUSTUP_HOME=/opt/rustwide/rustup-home" "-w" "/opt/rustwide/workdir" "-m" "1610612736" "--user" "0:0" "--network" "none" "ghcr.io/rust-lang/crates-build-env/linux@sha256:2788e3201cd34a07e3172128adcd8b3090168a8e3bcc40d7c032b9dda1df7d1c" "/opt/rustwide/cargo-home/bin/cargo" "+nightly-2024-02-05" "check" "--frozen" "--all" "--all-targets" "--message-format=json" "-Zcheck-cfg", kill_on_drop: false }`
[INFO] [stdout] ae74cd1d5150c28d2acb2a7468702fae8d52c9184cafd344a0477391fae51977
[INFO] running `Command { std: "docker" "start" "-a" "ae74cd1d5150c28d2acb2a7468702fae8d52c9184cafd344a0477391fae51977", kill_on_drop: false }`
[INFO] [stderr]     Checking unicode-ident v1.0.12
[INFO] [stderr]     Checking inflections v1.1.1
[INFO] [stderr]    Compiling serde v1.0.196
[INFO] [stderr]    Compiling serde_derive v1.0.196
[INFO] [stderr]     Checking proc-macro2 v1.0.78
[INFO] [stderr]     Checking quote v1.0.35
[INFO] [stderr]     Checking syn v1.0.109
[INFO] [stderr]     Checking serde_tokenstream v0.1.7
[INFO] [stderr]     Checking many-macros v0.1.0 (/opt/rustwide/workdir)
[INFO] [stdout] error[E0277]: `syn::Type` doesn't implement `Debug`
[INFO] [stdout]   --> src/lib.rs:29:5
[INFO] [stdout]    |
[INFO] [stdout] 21 | #[derive(Debug)]
[INFO] [stdout]    |          ----- in this derive macro expansion
[INFO] [stdout] ...
[INFO] [stdout] 29 |     pub arg_type: Option<Box<Type>>,
[INFO] [stdout]    |     ^^^^^^^^^^^^^^^^^^^^^^^^^^^^^^^ `syn::Type` cannot be formatted using `{:?}` because it doesn't implement `Debug`
[INFO] [stdout]    |
[INFO] [stdout]    = help: the trait `Debug` is not implemented for `syn::Type`, which is required by `std::option::Option<std::boxed::Box<syn::Type>>: Debug`
[INFO] [stdout]    = help: the trait `Debug` is implemented for `std::option::Option<T>`
[INFO] [stdout]    = note: this error originates in the derive macro `Debug` (in Nightly builds, run with -Z macro-backtrace for more info)
[INFO] [stdout] 
[INFO] [stdout] 
[INFO] [stdout] error[E0277]: `syn::Type` doesn't implement `Debug`
[INFO] [stdout]   --> src/lib.rs:29:5
[INFO] [stdout]    |
[INFO] [stdout] 21 | #[derive(Debug)]
[INFO] [stdout]    |          ----- in this derive macro expansion
[INFO] [stdout] ...
[INFO] [stdout] 29 |     pub arg_type: Option<Box<Type>>,
[INFO] [stdout]    |     ^^^^^^^^^^^^^^^^^^^^^^^^^^^^^^^ `syn::Type` cannot be formatted using `{:?}` because it doesn't implement `Debug`
[INFO] [stdout]    |
[INFO] [stdout]    = help: the trait `Debug` is not implemented for `syn::Type`, which is required by `std::option::Option<std::boxed::Box<syn::Type>>: Debug`
[INFO] [stdout]    = help: the trait `Debug` is implemented for `std::option::Option<T>`
[INFO] [stdout]    = note: this error originates in the derive macro `Debug` (in Nightly builds, run with -Z macro-backtrace for more info)
[INFO] [stdout] 
[INFO] [stdout] 
[INFO] [stdout] error: aborting due to 1 previous error
[INFO] [stdout] 
[INFO] [stdout] 
[INFO] [stdout] For more information about this error, try `rustc --explain E0277`.
[INFO] [stdout] 
[INFO] [stdout] error: aborting due to 1 previous error
[INFO] [stdout] 
[INFO] [stdout] 
[INFO] [stdout] For more information about this error, try `rustc --explain E0277`.
[INFO] [stdout] 
[INFO] [stderr] error: could not compile `many-macros` (lib) due to 2 previous errors
[INFO] [stderr] warning: build failed, waiting for other jobs to finish...
[INFO] [stderr] error: could not compile `many-macros` (lib test) due to 2 previous errors
[INFO] running `Command { std: "docker" "inspect" "ae74cd1d5150c28d2acb2a7468702fae8d52c9184cafd344a0477391fae51977", kill_on_drop: false }`
[INFO] running `Command { std: "docker" "rm" "-f" "ae74cd1d5150c28d2acb2a7468702fae8d52c9184cafd344a0477391fae51977", kill_on_drop: false }`
[INFO] [stdout] ae74cd1d5150c28d2acb2a7468702fae8d52c9184cafd344a0477391fae51977
