[INFO] fetching crate malogany 0.2.0...
[INFO] checking malogany-0.2.0 against nightly-2024-02-05 for check-cfg
[INFO] extracting crate malogany 0.2.0 into /workspace/builds/worker-7-tc1/source
[INFO] validating manifest of crates.io crate malogany 0.2.0 on toolchain nightly-2024-02-05
[INFO] running `Command { std: CARGO_HOME="/workspace/cargo-home" RUSTUP_HOME="/workspace/rustup-home" "/workspace/cargo-home/bin/cargo" "+nightly-2024-02-05" "metadata" "--manifest-path" "Cargo.toml" "--no-deps", kill_on_drop: false }`
[INFO] started tweaking crates.io crate malogany 0.2.0
[INFO] finished tweaking crates.io crate malogany 0.2.0
[INFO] tweaked toml for crates.io crate malogany 0.2.0 written to /workspace/builds/worker-7-tc1/source/Cargo.toml
[INFO] crate crates.io crate malogany 0.2.0 already has a lockfile, it will not be regenerated
[INFO] running `Command { std: CARGO_HOME="/workspace/cargo-home" RUSTUP_HOME="/workspace/rustup-home" "/workspace/cargo-home/bin/cargo" "+nightly-2024-02-05" "fetch" "--manifest-path" "Cargo.toml", kill_on_drop: false }`
[INFO] running `Command { std: "docker" "create" "-v" "/var/lib/crater-agent-workspace/builds/worker-7-tc1/target:/opt/rustwide/target:rw,Z" "-v" "/var/lib/crater-agent-workspace/builds/worker-7-tc1/source:/opt/rustwide/workdir:ro,Z" "-v" "/var/lib/crater-agent-workspace/cargo-home:/opt/rustwide/cargo-home:ro,Z" "-v" "/var/lib/crater-agent-workspace/rustup-home:/opt/rustwide/rustup-home:ro,Z" "-e" "SOURCE_DIR=/opt/rustwide/workdir" "-e" "CARGO_TARGET_DIR=/opt/rustwide/target" "-e" "CARGO_HOME=/opt/rustwide/cargo-home" "-e" "RUSTUP_HOME=/opt/rustwide/rustup-home" "-w" "/opt/rustwide/workdir" "-m" "1610612736" "--user" "0:0" "--network" "none" "ghcr.io/rust-lang/crates-build-env/linux@sha256:2788e3201cd34a07e3172128adcd8b3090168a8e3bcc40d7c032b9dda1df7d1c" "/opt/rustwide/cargo-home/bin/cargo" "+nightly-2024-02-05" "metadata" "--no-deps" "--format-version=1", kill_on_drop: false }`
[INFO] [stdout] dbd879245f561c972f5fff6f2d2b7e1940558b7c9e5ba65aa3a386d6c5040a15
[INFO] running `Command { std: "docker" "start" "-a" "dbd879245f561c972f5fff6f2d2b7e1940558b7c9e5ba65aa3a386d6c5040a15", kill_on_drop: false }`
[INFO] running `Command { std: "docker" "inspect" "dbd879245f561c972f5fff6f2d2b7e1940558b7c9e5ba65aa3a386d6c5040a15", kill_on_drop: false }`
[INFO] running `Command { std: "docker" "rm" "-f" "dbd879245f561c972f5fff6f2d2b7e1940558b7c9e5ba65aa3a386d6c5040a15", kill_on_drop: false }`
[INFO] [stdout] dbd879245f561c972f5fff6f2d2b7e1940558b7c9e5ba65aa3a386d6c5040a15
[INFO] running `Command { std: "docker" "create" "-v" "/var/lib/crater-agent-workspace/builds/worker-7-tc1/target:/opt/rustwide/target:rw,Z" "-v" "/var/lib/crater-agent-workspace/builds/worker-7-tc1/source:/opt/rustwide/workdir:ro,Z" "-v" "/var/lib/crater-agent-workspace/cargo-home:/opt/rustwide/cargo-home:ro,Z" "-v" "/var/lib/crater-agent-workspace/rustup-home:/opt/rustwide/rustup-home:ro,Z" "-e" "SOURCE_DIR=/opt/rustwide/workdir" "-e" "CARGO_TARGET_DIR=/opt/rustwide/target" "-e" "CARGO_INCREMENTAL=0" "-e" "RUST_BACKTRACE=full" "-e" "RUSTFLAGS=--cap-lints=forbid" "-e" "RUSTDOCFLAGS=--cap-lints=forbid" "-e" "CARGO_HOME=/opt/rustwide/cargo-home" "-e" "RUSTUP_HOME=/opt/rustwide/rustup-home" "-w" "/opt/rustwide/workdir" "-m" "1610612736" "--user" "0:0" "--network" "none" "ghcr.io/rust-lang/crates-build-env/linux@sha256:2788e3201cd34a07e3172128adcd8b3090168a8e3bcc40d7c032b9dda1df7d1c" "/opt/rustwide/cargo-home/bin/cargo" "+nightly-2024-02-05" "check" "--frozen" "--all" "--all-targets" "--message-format=json", kill_on_drop: false }`
[INFO] [stdout] 0abed16780b1dbcd99b1162c1d2bfc16ddcf51061bc72eb3d1794411fdf95a25
[INFO] running `Command { std: "docker" "start" "-a" "0abed16780b1dbcd99b1162c1d2bfc16ddcf51061bc72eb3d1794411fdf95a25", kill_on_drop: false }`
[INFO] [stderr]    Compiling log v0.4.14
[INFO] [stderr]     Checking termcolor v1.1.2
[INFO] [stderr]     Checking smallvec v1.7.0
[INFO] [stderr]     Checking malogany v0.2.0 (/opt/rustwide/workdir)
[INFO] [stdout] error[E0425]: cannot find function `enter_branch_scoped` in crate `malogany`
[INFO] [stdout]    --> examples/scoped.rs:6:32
[INFO] [stdout]     |
[INFO] [stdout] 6   |         let _guard = malogany::enter_branch_scoped("block1");
[INFO] [stdout]     |                                ^^^^^^^^^^^^^^^^^^^ not found in `malogany`
[INFO] [stdout]     |
[INFO] [stdout] note: found an item that was configured out
[INFO] [stdout]    --> /opt/rustwide/workdir/src/lib.rs:169:8
[INFO] [stdout]     |
[INFO] [stdout] 169 | pub fn enter_branch_scoped<S: Clone + AsRef<str>>(
[INFO] [stdout]     |        ^^^^^^^^^^^^^^^^^^^
[INFO] [stdout]     = note: the item is gated behind the `scopeguard` feature
[INFO] [stdout] 
[INFO] [stdout] 
[INFO] [stdout] error[E0425]: cannot find function `enter_branch_scoped` in crate `malogany`
[INFO] [stdout]    --> examples/scoped.rs:10:36
[INFO] [stdout]     |
[INFO] [stdout] 10  |             let _guard = malogany::enter_branch_scoped("block2");
[INFO] [stdout]     |                                    ^^^^^^^^^^^^^^^^^^^ not found in `malogany`
[INFO] [stdout]     |
[INFO] [stdout] note: found an item that was configured out
[INFO] [stdout]    --> /opt/rustwide/workdir/src/lib.rs:169:8
[INFO] [stdout]     |
[INFO] [stdout] 169 | pub fn enter_branch_scoped<S: Clone + AsRef<str>>(
[INFO] [stdout]     |        ^^^^^^^^^^^^^^^^^^^
[INFO] [stdout]     = note: the item is gated behind the `scopeguard` feature
[INFO] [stdout] 
[INFO] [stdout] 
[INFO] [stdout] error: aborting due to 2 previous errors
[INFO] [stdout] 
[INFO] [stdout] 
[INFO] [stdout] For more information about this error, try `rustc --explain E0425`.
[INFO] [stdout] 
[INFO] [stdout] warning: fields `index` and `items` are never read
[INFO] [stdout]  --> examples/basic.rs:5:5
[INFO] [stdout]   |
[INFO] [stdout] 4 | struct Test<'a> {
[INFO] [stdout]   |        ---- fields in this struct
[INFO] [stdout] 5 |     index: usize,
[INFO] [stdout]   |     ^^^^^
[INFO] [stdout] 6 |     items: Vec<&'a str>,
[INFO] [stdout]   |     ^^^^^
[INFO] [stdout]   |
[INFO] [stdout]   = note: `Test` has a derived impl for the trait `Debug`, but this is intentionally ignored during dead code analysis
[INFO] [stdout]   = note: `#[warn(dead_code)]` on by default
[INFO] [stdout] 
[INFO] [stdout] 
[INFO] [stdout] warning: 1 warning emitted
[INFO] [stdout] 
[INFO] [stdout] 
[INFO] [stderr] error: could not compile `malogany` (example "scoped") due to 3 previous errors
[INFO] [stderr] warning: build failed, waiting for other jobs to finish...
[INFO] running `Command { std: "docker" "inspect" "0abed16780b1dbcd99b1162c1d2bfc16ddcf51061bc72eb3d1794411fdf95a25", kill_on_drop: false }`
[INFO] running `Command { std: "docker" "rm" "-f" "0abed16780b1dbcd99b1162c1d2bfc16ddcf51061bc72eb3d1794411fdf95a25", kill_on_drop: false }`
[INFO] [stdout] 0abed16780b1dbcd99b1162c1d2bfc16ddcf51061bc72eb3d1794411fdf95a25
[INFO] checking malogany-0.2.0 against nightly-2024-02-05+rustflags=-Dunexpected_cfgs+cargoflags=-Zcheck-cfg for check-cfg
[INFO] extracting crate malogany 0.2.0 into /workspace/builds/worker-7-tc2/source
[INFO] validating manifest of crates.io crate malogany 0.2.0 on toolchain nightly-2024-02-05
[INFO] running `Command { std: CARGO_HOME="/workspace/cargo-home" RUSTUP_HOME="/workspace/rustup-home" "/workspace/cargo-home/bin/cargo" "+nightly-2024-02-05" "metadata" "--manifest-path" "Cargo.toml" "--no-deps", kill_on_drop: false }`
[INFO] started tweaking crates.io crate malogany 0.2.0
[INFO] finished tweaking crates.io crate malogany 0.2.0
[INFO] tweaked toml for crates.io crate malogany 0.2.0 written to /workspace/builds/worker-7-tc2/source/Cargo.toml
[INFO] crate crates.io crate malogany 0.2.0 already has a lockfile, it will not be regenerated
[INFO] running `Command { std: CARGO_HOME="/workspace/cargo-home" RUSTUP_HOME="/workspace/rustup-home" "/workspace/cargo-home/bin/cargo" "+nightly-2024-02-05" "fetch" "--manifest-path" "Cargo.toml", kill_on_drop: false }`
[INFO] running `Command { std: "docker" "create" "-v" "/var/lib/crater-agent-workspace/builds/worker-7-tc2/target:/opt/rustwide/target:rw,Z" "-v" "/var/lib/crater-agent-workspace/builds/worker-7-tc2/source:/opt/rustwide/workdir:ro,Z" "-v" "/var/lib/crater-agent-workspace/cargo-home:/opt/rustwide/cargo-home:ro,Z" "-v" "/var/lib/crater-agent-workspace/rustup-home:/opt/rustwide/rustup-home:ro,Z" "-e" "SOURCE_DIR=/opt/rustwide/workdir" "-e" "CARGO_TARGET_DIR=/opt/rustwide/target" "-e" "CARGO_HOME=/opt/rustwide/cargo-home" "-e" "RUSTUP_HOME=/opt/rustwide/rustup-home" "-w" "/opt/rustwide/workdir" "-m" "1610612736" "--user" "0:0" "--network" "none" "ghcr.io/rust-lang/crates-build-env/linux@sha256:2788e3201cd34a07e3172128adcd8b3090168a8e3bcc40d7c032b9dda1df7d1c" "/opt/rustwide/cargo-home/bin/cargo" "+nightly-2024-02-05" "metadata" "--no-deps" "--format-version=1", kill_on_drop: false }`
[INFO] [stdout] 85bae833482b58ae508b54491f64c510184ce3de12ecd0db7c3f367f0ae4c023
[INFO] running `Command { std: "docker" "start" "-a" "85bae833482b58ae508b54491f64c510184ce3de12ecd0db7c3f367f0ae4c023", kill_on_drop: false }`
[INFO] running `Command { std: "docker" "inspect" "85bae833482b58ae508b54491f64c510184ce3de12ecd0db7c3f367f0ae4c023", kill_on_drop: false }`
[INFO] running `Command { std: "docker" "rm" "-f" "85bae833482b58ae508b54491f64c510184ce3de12ecd0db7c3f367f0ae4c023", kill_on_drop: false }`
[INFO] [stdout] 85bae833482b58ae508b54491f64c510184ce3de12ecd0db7c3f367f0ae4c023
[INFO] running `Command { std: "docker" "create" "-v" "/var/lib/crater-agent-workspace/builds/worker-7-tc2/target:/opt/rustwide/target:rw,Z" "-v" "/var/lib/crater-agent-workspace/builds/worker-7-tc2/source:/opt/rustwide/workdir:ro,Z" "-v" "/var/lib/crater-agent-workspace/cargo-home:/opt/rustwide/cargo-home:ro,Z" "-v" "/var/lib/crater-agent-workspace/rustup-home:/opt/rustwide/rustup-home:ro,Z" "-e" "SOURCE_DIR=/opt/rustwide/workdir" "-e" "CARGO_TARGET_DIR=/opt/rustwide/target" "-e" "CARGO_INCREMENTAL=0" "-e" "RUST_BACKTRACE=full" "-e" "RUSTFLAGS=--cap-lints=forbid -Dunexpected_cfgs" "-e" "RUSTDOCFLAGS=--cap-lints=forbid" "-e" "CARGO_HOME=/opt/rustwide/cargo-home" "-e" "RUSTUP_HOME=/opt/rustwide/rustup-home" "-w" "/opt/rustwide/workdir" "-m" "1610612736" "--user" "0:0" "--network" "none" "ghcr.io/rust-lang/crates-build-env/linux@sha256:2788e3201cd34a07e3172128adcd8b3090168a8e3bcc40d7c032b9dda1df7d1c" "/opt/rustwide/cargo-home/bin/cargo" "+nightly-2024-02-05" "check" "--frozen" "--all" "--all-targets" "--message-format=json" "-Zcheck-cfg", kill_on_drop: false }`
[INFO] [stdout] 6da7f203df1c0f62b9219f85f0ac15f44776b0433f5471ce02cfb659dfb32e5e
[INFO] running `Command { std: "docker" "start" "-a" "6da7f203df1c0f62b9219f85f0ac15f44776b0433f5471ce02cfb659dfb32e5e", kill_on_drop: false }`
[INFO] [stderr]    Compiling log v0.4.14
[INFO] [stderr]     Checking smallvec v1.7.0
[INFO] [stderr]     Checking termcolor v1.1.2
[INFO] [stderr]     Checking malogany v0.2.0 (/opt/rustwide/workdir)
[INFO] [stdout] error[E0425]: cannot find function `enter_branch_scoped` in crate `malogany`
[INFO] [stdout]    --> examples/scoped.rs:6:32
[INFO] [stdout]     |
[INFO] [stdout] 6   |         let _guard = malogany::enter_branch_scoped("block1");
[INFO] [stdout]     |                                ^^^^^^^^^^^^^^^^^^^ not found in `malogany`
[INFO] [stdout]     |
[INFO] [stdout] note: found an item that was configured out
[INFO] [stdout]    --> /opt/rustwide/workdir/src/lib.rs:169:8
[INFO] [stdout]     |
[INFO] [stdout] 169 | pub fn enter_branch_scoped<S: Clone + AsRef<str>>(
[INFO] [stdout]     |        ^^^^^^^^^^^^^^^^^^^
[INFO] [stdout]     = note: the item is gated behind the `scopeguard` feature
[INFO] [stdout] 
[INFO] [stdout] 
[INFO] [stdout] error[E0425]: cannot find function `enter_branch_scoped` in crate `malogany`
[INFO] [stdout]    --> examples/scoped.rs:10:36
[INFO] [stdout]     |
[INFO] [stdout] 10  |             let _guard = malogany::enter_branch_scoped("block2");
[INFO] [stdout]     |                                    ^^^^^^^^^^^^^^^^^^^ not found in `malogany`
[INFO] [stdout]     |
[INFO] [stdout] note: found an item that was configured out
[INFO] [stdout]    --> /opt/rustwide/workdir/src/lib.rs:169:8
[INFO] [stdout]     |
[INFO] [stdout] 169 | pub fn enter_branch_scoped<S: Clone + AsRef<str>>(
[INFO] [stdout]     |        ^^^^^^^^^^^^^^^^^^^
[INFO] [stdout]     = note: the item is gated behind the `scopeguard` feature
[INFO] [stdout] 
[INFO] [stdout] 
[INFO] [stdout] warning: fields `index` and `items` are never read
[INFO] [stdout]  --> examples/basic.rs:5:5
[INFO] [stdout]   |
[INFO] [stdout] 4 | struct Test<'a> {
[INFO] [stdout]   |        ---- fields in this struct
[INFO] [stdout] 5 |     index: usize,
[INFO] [stdout]   |     ^^^^^
[INFO] [stdout] 6 |     items: Vec<&'a str>,
[INFO] [stdout]   |     ^^^^^
[INFO] [stdout]   |
[INFO] [stdout]   = note: `Test` has a derived impl for the trait `Debug`, but this is intentionally ignored during dead code analysis
[INFO] [stdout]   = note: `#[warn(dead_code)]` on by default
[INFO] [stdout] 
[INFO] [stdout] 
[INFO] [stdout] error: aborting due to 2 previous errors
[INFO] [stdout] 
[INFO] [stdout] 
[INFO] [stdout] For more information about this error, try `rustc --explain E0425`.
[INFO] [stdout] 
[INFO] [stdout] warning: 1 warning emitted
[INFO] [stdout] 
[INFO] [stdout] 
[INFO] [stderr] error: could not compile `malogany` (example "scoped") due to 3 previous errors
[INFO] [stderr] warning: build failed, waiting for other jobs to finish...
[INFO] running `Command { std: "docker" "inspect" "6da7f203df1c0f62b9219f85f0ac15f44776b0433f5471ce02cfb659dfb32e5e", kill_on_drop: false }`
[INFO] running `Command { std: "docker" "rm" "-f" "6da7f203df1c0f62b9219f85f0ac15f44776b0433f5471ce02cfb659dfb32e5e", kill_on_drop: false }`
[INFO] [stdout] 6da7f203df1c0f62b9219f85f0ac15f44776b0433f5471ce02cfb659dfb32e5e
