[INFO] fetching crate makepad-windows 0.51.1...
[INFO] checking makepad-windows-0.51.1 against nightly-2024-02-05 for check-cfg
[INFO] extracting crate makepad-windows 0.51.1 into /workspace/builds/worker-7-tc1/source
[INFO] validating manifest of crates.io crate makepad-windows 0.51.1 on toolchain nightly-2024-02-05
[INFO] running `Command { std: CARGO_HOME="/workspace/cargo-home" RUSTUP_HOME="/workspace/rustup-home" "/workspace/cargo-home/bin/cargo" "+nightly-2024-02-05" "metadata" "--manifest-path" "Cargo.toml" "--no-deps", kill_on_drop: false }`
[INFO] started tweaking crates.io crate makepad-windows 0.51.1
[INFO] finished tweaking crates.io crate makepad-windows 0.51.1
[INFO] tweaked toml for crates.io crate makepad-windows 0.51.1 written to /workspace/builds/worker-7-tc1/source/Cargo.toml
[INFO] running `Command { std: CARGO_HOME="/workspace/cargo-home" RUSTUP_HOME="/workspace/rustup-home" "/workspace/cargo-home/bin/cargo" "+nightly-2024-02-05" "generate-lockfile" "--manifest-path" "Cargo.toml", kill_on_drop: false }`
[INFO] [stderr]     Updating crates.io index
[INFO] running `Command { std: CARGO_HOME="/workspace/cargo-home" RUSTUP_HOME="/workspace/rustup-home" "/workspace/cargo-home/bin/cargo" "+nightly-2024-02-05" "fetch" "--manifest-path" "Cargo.toml", kill_on_drop: false }`
[INFO] running `Command { std: "docker" "create" "-v" "/var/lib/crater-agent-workspace/builds/worker-7-tc1/target:/opt/rustwide/target:rw,Z" "-v" "/var/lib/crater-agent-workspace/builds/worker-7-tc1/source:/opt/rustwide/workdir:ro,Z" "-v" "/var/lib/crater-agent-workspace/cargo-home:/opt/rustwide/cargo-home:ro,Z" "-v" "/var/lib/crater-agent-workspace/rustup-home:/opt/rustwide/rustup-home:ro,Z" "-e" "SOURCE_DIR=/opt/rustwide/workdir" "-e" "CARGO_TARGET_DIR=/opt/rustwide/target" "-e" "CARGO_HOME=/opt/rustwide/cargo-home" "-e" "RUSTUP_HOME=/opt/rustwide/rustup-home" "-w" "/opt/rustwide/workdir" "-m" "1610612736" "--user" "0:0" "--network" "none" "ghcr.io/rust-lang/crates-build-env/linux@sha256:2788e3201cd34a07e3172128adcd8b3090168a8e3bcc40d7c032b9dda1df7d1c" "/opt/rustwide/cargo-home/bin/cargo" "+nightly-2024-02-05" "metadata" "--no-deps" "--format-version=1", kill_on_drop: false }`
[INFO] [stdout] 4aa1f89f3b8bd63389e035bea0e3849566280184bb988991e301119d08a36523
[INFO] running `Command { std: "docker" "start" "-a" "4aa1f89f3b8bd63389e035bea0e3849566280184bb988991e301119d08a36523", kill_on_drop: false }`
[INFO] running `Command { std: "docker" "inspect" "4aa1f89f3b8bd63389e035bea0e3849566280184bb988991e301119d08a36523", kill_on_drop: false }`
[INFO] running `Command { std: "docker" "rm" "-f" "4aa1f89f3b8bd63389e035bea0e3849566280184bb988991e301119d08a36523", kill_on_drop: false }`
[INFO] [stdout] 4aa1f89f3b8bd63389e035bea0e3849566280184bb988991e301119d08a36523
[INFO] running `Command { std: "docker" "create" "-v" "/var/lib/crater-agent-workspace/builds/worker-7-tc1/target:/opt/rustwide/target:rw,Z" "-v" "/var/lib/crater-agent-workspace/builds/worker-7-tc1/source:/opt/rustwide/workdir:ro,Z" "-v" "/var/lib/crater-agent-workspace/cargo-home:/opt/rustwide/cargo-home:ro,Z" "-v" "/var/lib/crater-agent-workspace/rustup-home:/opt/rustwide/rustup-home:ro,Z" "-e" "SOURCE_DIR=/opt/rustwide/workdir" "-e" "CARGO_TARGET_DIR=/opt/rustwide/target" "-e" "CARGO_INCREMENTAL=0" "-e" "RUST_BACKTRACE=full" "-e" "RUSTFLAGS=--cap-lints=forbid" "-e" "RUSTDOCFLAGS=--cap-lints=forbid" "-e" "CARGO_HOME=/opt/rustwide/cargo-home" "-e" "RUSTUP_HOME=/opt/rustwide/rustup-home" "-w" "/opt/rustwide/workdir" "-m" "1610612736" "--user" "0:0" "--network" "none" "ghcr.io/rust-lang/crates-build-env/linux@sha256:2788e3201cd34a07e3172128adcd8b3090168a8e3bcc40d7c032b9dda1df7d1c" "/opt/rustwide/cargo-home/bin/cargo" "+nightly-2024-02-05" "check" "--frozen" "--all" "--all-targets" "--message-format=json", kill_on_drop: false }`
[INFO] [stdout] e4abbb9b6f835fa91167f3d411138be62ddaf844ec70ac120debd98bd7e23d36
[INFO] running `Command { std: "docker" "start" "-a" "e4abbb9b6f835fa91167f3d411138be62ddaf844ec70ac120debd98bd7e23d36", kill_on_drop: false }`
[INFO] [stderr]    Compiling windows_x86_64_gnu v0.48.5
[INFO] [stderr]     Checking windows-targets v0.48.5
[INFO] [stderr]     Checking windows-core v0.51.1
[INFO] [stderr]     Checking makepad-windows v0.51.1 (/opt/rustwide/workdir)
[INFO] [stdout] error[E0433]: failed to resolve: could not find `Collections` in `Foundation`
[INFO] [stdout]      --> src/Windows/mod.rs:27315:47
[INFO] [stdout]       |
[INFO] [stdout] 27315 |     type IntoIter = super::super::Foundation::Collections::VectorViewIterator<Self::Item>;
[INFO] [stdout]       |                                               ^^^^^^^^^^^ could not find `Collections` in `Foundation`
[INFO] [stdout]       |
[INFO] [stdout] note: found an item that was configured out
[INFO] [stdout]      --> src/Windows/Foundation/mod.rs:2:9
[INFO] [stdout]       |
[INFO] [stdout] 2     | pub mod Collections;
[INFO] [stdout]       |         ^^^^^^^^^^^
[INFO] [stdout]       = note: the item is gated behind the `Foundation_Collections` feature
[INFO] [stdout] 
[INFO] [stdout] 
[INFO] [stdout] error[E0433]: failed to resolve: could not find `Collections` in `Foundation`
[INFO] [stdout]      --> src/Windows/mod.rs:27322:47
[INFO] [stdout]       |
[INFO] [stdout] 27322 |     type IntoIter = super::super::Foundation::Collections::VectorViewIterator<Self::Item>;
[INFO] [stdout]       |                                               ^^^^^^^^^^^ could not find `Collections` in `Foundation`
[INFO] [stdout]       |
[INFO] [stdout] note: found an item that was configured out
[INFO] [stdout]      --> src/Windows/Foundation/mod.rs:2:9
[INFO] [stdout]       |
[INFO] [stdout] 2     | pub mod Collections;
[INFO] [stdout]       |         ^^^^^^^^^^^
[INFO] [stdout]       = note: the item is gated behind the `Foundation_Collections` feature
[INFO] [stdout] 
[INFO] [stdout] 
[INFO] [stdout] error[E0433]: failed to resolve: could not find `Collections` in `Foundation`
[INFO] [stdout]      --> src/Windows/mod.rs:27324:35
[INFO] [stdout]       |
[INFO] [stdout] 27324 |         super::super::Foundation::Collections::VectorViewIterator::new(::windows_core::ComInterface::cast(self).ok())
[INFO] [stdout]       |                                   ^^^^^^^^^^^ could not find `Collections` in `Foundation`
[INFO] [stdout]       |
[INFO] [stdout] note: found an item that was configured out
[INFO] [stdout]      --> src/Windows/Foundation/mod.rs:2:9
[INFO] [stdout]       |
[INFO] [stdout] 2     | pub mod Collections;
[INFO] [stdout]       |         ^^^^^^^^^^^
[INFO] [stdout]       = note: the item is gated behind the `Foundation_Collections` feature
[INFO] [stdout] 
[INFO] [stdout] 
[INFO] [stdout] error[E0433]: failed to resolve: could not find `Collections` in `Foundation`
[INFO] [stdout]      --> src/Windows/mod.rs:27330:45
[INFO] [stdout]       |
[INFO] [stdout] 27330 |     type Vtable = super::super::Foundation::Collections::IVectorView_Vtbl<DeviceInformation>;
[INFO] [stdout]       |                                             ^^^^^^^^^^^ could not find `Collections` in `Foundation`
[INFO] [stdout]       |
[INFO] [stdout] note: found an item that was configured out
[INFO] [stdout]      --> src/Windows/Foundation/mod.rs:2:9
[INFO] [stdout]       |
[INFO] [stdout] 2     | pub mod Collections;
[INFO] [stdout]       |         ^^^^^^^^^^^
[INFO] [stdout]       = note: the item is gated behind the `Foundation_Collections` feature
[INFO] [stdout] 
[INFO] [stdout] 
[INFO] [stdout] error[E0433]: failed to resolve: could not find `Collections` in `Foundation`
[INFO] [stdout]      --> src/Windows/mod.rs:27339:66
[INFO] [stdout]       |
[INFO] [stdout] 27339 |     const IID: ::windows_core::GUID = <super::super::Foundation::Collections::IVectorView<DeviceInformation> as ::windows_core::ComInterf...
[INFO] [stdout]       |                                                                  ^^^^^^^^^^^ could not find `Collections` in `Foundation`
[INFO] [stdout]       |
[INFO] [stdout] note: found an item that was configured out
[INFO] [stdout]      --> src/Windows/Foundation/mod.rs:2:9
[INFO] [stdout]       |
[INFO] [stdout] 2     | pub mod Collections;
[INFO] [stdout]       |         ^^^^^^^^^^^
[INFO] [stdout]       = note: the item is gated behind the `Foundation_Collections` feature
[INFO] [stdout] 
[INFO] [stdout] 
[INFO] [stdout] error[E0433]: failed to resolve: could not find `Collections` in `Foundation`
[INFO] [stdout]      --> src/Windows/mod.rs:27315:47
[INFO] [stdout]       |
[INFO] [stdout] 27315 |     type IntoIter = super::super::Foundation::Collections::VectorViewIterator<Self::Item>;
[INFO] [stdout]       |                                               ^^^^^^^^^^^ could not find `Collections` in `Foundation`
[INFO] [stdout]       |
[INFO] [stdout] note: found an item that was configured out
[INFO] [stdout]      --> src/Windows/Foundation/mod.rs:2:9
[INFO] [stdout]       |
[INFO] [stdout] 2     | pub mod Collections;
[INFO] [stdout]       |         ^^^^^^^^^^^
[INFO] [stdout]       = note: the item is gated behind the `Foundation_Collections` feature
[INFO] [stdout] 
[INFO] [stdout] 
[INFO] [stdout] error[E0433]: failed to resolve: could not find `Collections` in `Foundation`
[INFO] [stdout]      --> src/Windows/mod.rs:27322:47
[INFO] [stdout]       |
[INFO] [stdout] 27322 |     type IntoIter = super::super::Foundation::Collections::VectorViewIterator<Self::Item>;
[INFO] [stdout]       |                                               ^^^^^^^^^^^ could not find `Collections` in `Foundation`
[INFO] [stdout]       |
[INFO] [stdout] note: found an item that was configured out
[INFO] [stdout]      --> src/Windows/Foundation/mod.rs:2:9
[INFO] [stdout]       |
[INFO] [stdout] 2     | pub mod Collections;
[INFO] [stdout]       |         ^^^^^^^^^^^
[INFO] [stdout]       = note: the item is gated behind the `Foundation_Collections` feature
[INFO] [stdout] 
[INFO] [stdout] 
[INFO] [stdout] error[E0433]: failed to resolve: could not find `Collections` in `Foundation`
[INFO] [stdout]      --> src/Windows/mod.rs:27324:35
[INFO] [stdout]       |
[INFO] [stdout] 27324 |         super::super::Foundation::Collections::VectorViewIterator::new(::windows_core::ComInterface::cast(self).ok())
[INFO] [stdout]       |                                   ^^^^^^^^^^^ could not find `Collections` in `Foundation`
[INFO] [stdout]       |
[INFO] [stdout] note: found an item that was configured out
[INFO] [stdout]      --> src/Windows/Foundation/mod.rs:2:9
[INFO] [stdout]       |
[INFO] [stdout] 2     | pub mod Collections;
[INFO] [stdout]       |         ^^^^^^^^^^^
[INFO] [stdout]       = note: the item is gated behind the `Foundation_Collections` feature
[INFO] [stdout] 
[INFO] [stdout] 
[INFO] [stdout] error[E0433]: failed to resolve: could not find `Collections` in `Foundation`
[INFO] [stdout]      --> src/Windows/mod.rs:27330:45
[INFO] [stdout]       |
[INFO] [stdout] 27330 |     type Vtable = super::super::Foundation::Collections::IVectorView_Vtbl<DeviceInformation>;
[INFO] [stdout]       |                                             ^^^^^^^^^^^ could not find `Collections` in `Foundation`
[INFO] [stdout]       |
[INFO] [stdout] note: found an item that was configured out
[INFO] [stdout]      --> src/Windows/Foundation/mod.rs:2:9
[INFO] [stdout]       |
[INFO] [stdout] 2     | pub mod Collections;
[INFO] [stdout]       |         ^^^^^^^^^^^
[INFO] [stdout]       = note: the item is gated behind the `Foundation_Collections` feature
[INFO] [stdout] 
[INFO] [stdout] 
[INFO] [stdout] error[E0433]: failed to resolve: could not find `Collections` in `Foundation`
[INFO] [stdout]      --> src/Windows/mod.rs:27339:66
[INFO] [stdout]       |
[INFO] [stdout] 27339 |     const IID: ::windows_core::GUID = <super::super::Foundation::Collections::IVectorView<DeviceInformation> as ::windows_core::ComInterf...
[INFO] [stdout]       |                                                                  ^^^^^^^^^^^ could not find `Collections` in `Foundation`
[INFO] [stdout]       |
[INFO] [stdout] note: found an item that was configured out
[INFO] [stdout]      --> src/Windows/Foundation/mod.rs:2:9
[INFO] [stdout]       |
[INFO] [stdout] 2     | pub mod Collections;
[INFO] [stdout]       |         ^^^^^^^^^^^
[INFO] [stdout]       = note: the item is gated behind the `Foundation_Collections` feature
[INFO] [stdout] 
[INFO] [stdout] 
[INFO] [stdout] error[E0405]: cannot find trait `IClosable_Impl` in module `super::super::Foundation`
[INFO] [stdout]      --> src/Windows/mod.rs:24556:86
[INFO] [stdout]       |
[INFO] [stdout] 24556 | ...Impl: Sized + super::super::Foundation::IClosable_Impl + IContentTypeProvider_Impl + IInputStream_Impl + IOutputStream_Impl + IRandomA...
[INFO] [stdout]       |                                            ^^^^^^^^^^^^^^ not found in `super::super::Foundation`
[INFO] [stdout] 
[INFO] [stdout] 
[INFO] [stdout] error[E0405]: cannot find trait `IClosable_Impl` in module `super::super::Foundation`
[INFO] [stdout]      --> src/Windows/mod.rs:24629:64
[INFO] [stdout]       |
[INFO] [stdout] 24629 | pub trait IInputStream_Impl: Sized + super::super::Foundation::IClosable_Impl {
[INFO] [stdout]       |                                                                ^^^^^^^^^^^^^^ not found in `super::super::Foundation`
[INFO] [stdout] 
[INFO] [stdout] 
[INFO] [stdout] error[E0405]: cannot find trait `IClosable_Impl` in module `super::super::Foundation`
[INFO] [stdout]      --> src/Windows/mod.rs:24729:65
[INFO] [stdout]       |
[INFO] [stdout] 24729 | pub trait IOutputStream_Impl: Sized + super::super::Foundation::IClosable_Impl {
[INFO] [stdout]       |                                                                 ^^^^^^^^^^^^^^ not found in `super::super::Foundation`
[INFO] [stdout] 
[INFO] [stdout] 
[INFO] [stdout] error[E0405]: cannot find trait `IClosable_Impl` in module `super::super::Foundation`
[INFO] [stdout]      --> src/Windows/mod.rs:24556:86
[INFO] [stdout]       |
[INFO] [stdout] 24556 | ...Impl: Sized + super::super::Foundation::IClosable_Impl + IContentTypeProvider_Impl + IInputStream_Impl + IOutputStream_Impl + IRandomA...
[INFO] [stdout]       |                                            ^^^^^^^^^^^^^^ not found in `super::super::Foundation`
[INFO] [stdout] 
[INFO] [stdout] 
[INFO] [stdout] error[E0405]: cannot find trait `IClosable_Impl` in module `super::super::Foundation`
[INFO] [stdout]      --> src/Windows/mod.rs:24916:71
[INFO] [stdout]       |
[INFO] [stdout] 24916 | pub trait IRandomAccessStream_Impl: Sized + super::super::Foundation::IClosable_Impl + IInputStream_Impl + IOutputStream_Impl {
[INFO] [stdout]       |                                                                       ^^^^^^^^^^^^^^ not found in `super::super::Foundation`
[INFO] [stdout] 
[INFO] [stdout] 
[INFO] [stdout] error[E0405]: cannot find trait `IClosable_Impl` in module `super::super::Foundation`
[INFO] [stdout]      --> src/Windows/mod.rs:24629:64
[INFO] [stdout]       |
[INFO] [stdout] 24629 | pub trait IInputStream_Impl: Sized + super::super::Foundation::IClosable_Impl {
[INFO] [stdout]       |                                                                ^^^^^^^^^^^^^^ not found in `super::super::Foundation`
[INFO] [stdout] 
[INFO] [stdout] 
[INFO] [stdout] error[E0405]: cannot find trait `IClosable_Impl` in module `super::super::Foundation`
[INFO] [stdout]      --> src/Windows/mod.rs:28787:64
[INFO] [stdout]       |
[INFO] [stdout] 28787 | pub trait IMidiOutPort_Impl: Sized + super::super::Foundation::IClosable_Impl {
[INFO] [stdout]       |                                                                ^^^^^^^^^^^^^^ not found in `super::super::Foundation`
[INFO] [stdout] 
[INFO] [stdout] 
[INFO] [stdout] error[E0405]: cannot find trait `IClosable_Impl` in module `super::super::Foundation`
[INFO] [stdout]      --> src/Windows/mod.rs:24729:65
[INFO] [stdout]       |
[INFO] [stdout] 24729 | pub trait IOutputStream_Impl: Sized + super::super::Foundation::IClosable_Impl {
[INFO] [stdout]       |                                                                 ^^^^^^^^^^^^^^ not found in `super::super::Foundation`
[INFO] [stdout] 
[INFO] [stdout] 
[INFO] [stdout] error[E0405]: cannot find trait `IClosable_Impl` in module `super::super::Foundation`
[INFO] [stdout]      --> src/Windows/mod.rs:24916:71
[INFO] [stdout]       |
[INFO] [stdout] 24916 | pub trait IRandomAccessStream_Impl: Sized + super::super::Foundation::IClosable_Impl + IInputStream_Impl + IOutputStream_Impl {
[INFO] [stdout]       |                                                                       ^^^^^^^^^^^^^^ not found in `super::super::Foundation`
[INFO] [stdout] 
[INFO] [stdout] 
[INFO] [stdout] error[E0405]: cannot find trait `IClosable_Impl` in module `super::super::Foundation`
[INFO] [stdout]      --> src/Windows/mod.rs:28787:64
[INFO] [stdout]       |
[INFO] [stdout] 28787 | pub trait IMidiOutPort_Impl: Sized + super::super::Foundation::IClosable_Impl {
[INFO] [stdout]       |                                                                ^^^^^^^^^^^^^^ not found in `super::super::Foundation`
[INFO] [stdout] 
[INFO] [stdout] 
[INFO] [stdout] error: aborting due to 10 previous errors
[INFO] [stdout] 
[INFO] [stdout] 
[INFO] [stdout] Some errors have detailed explanations: E0405, E0433.
[INFO] [stdout] 
[INFO] [stdout] For more information about an error, try `rustc --explain E0405`.
[INFO] [stdout] 
[INFO] [stderr] error: could not compile `makepad-windows` (lib test) due to 11 previous errors
[INFO] [stderr] warning: build failed, waiting for other jobs to finish...
[INFO] [stdout] error: aborting due to 10 previous errors
[INFO] [stdout] 
[INFO] [stdout] 
[INFO] [stdout] Some errors have detailed explanations: E0405, E0433.
[INFO] [stdout] 
[INFO] [stdout] For more information about an error, try `rustc --explain E0405`.
[INFO] [stdout] 
[INFO] [stderr] error: could not compile `makepad-windows` (lib) due to 11 previous errors
[INFO] running `Command { std: "docker" "inspect" "e4abbb9b6f835fa91167f3d411138be62ddaf844ec70ac120debd98bd7e23d36", kill_on_drop: false }`
[INFO] running `Command { std: "docker" "rm" "-f" "e4abbb9b6f835fa91167f3d411138be62ddaf844ec70ac120debd98bd7e23d36", kill_on_drop: false }`
[INFO] [stdout] e4abbb9b6f835fa91167f3d411138be62ddaf844ec70ac120debd98bd7e23d36
[INFO] checking makepad-windows-0.51.1 against nightly-2024-02-05+rustflags=-Dunexpected_cfgs+cargoflags=-Zcheck-cfg for check-cfg
[INFO] extracting crate makepad-windows 0.51.1 into /workspace/builds/worker-7-tc2/source
[INFO] validating manifest of crates.io crate makepad-windows 0.51.1 on toolchain nightly-2024-02-05
[INFO] running `Command { std: CARGO_HOME="/workspace/cargo-home" RUSTUP_HOME="/workspace/rustup-home" "/workspace/cargo-home/bin/cargo" "+nightly-2024-02-05" "metadata" "--manifest-path" "Cargo.toml" "--no-deps", kill_on_drop: false }`
[INFO] started tweaking crates.io crate makepad-windows 0.51.1
[INFO] finished tweaking crates.io crate makepad-windows 0.51.1
[INFO] tweaked toml for crates.io crate makepad-windows 0.51.1 written to /workspace/builds/worker-7-tc2/source/Cargo.toml
[INFO] running `Command { std: CARGO_HOME="/workspace/cargo-home" RUSTUP_HOME="/workspace/rustup-home" "/workspace/cargo-home/bin/cargo" "+nightly-2024-02-05" "generate-lockfile" "--manifest-path" "Cargo.toml", kill_on_drop: false }`
[INFO] [stderr]     Updating crates.io index
[INFO] running `Command { std: CARGO_HOME="/workspace/cargo-home" RUSTUP_HOME="/workspace/rustup-home" "/workspace/cargo-home/bin/cargo" "+nightly-2024-02-05" "fetch" "--manifest-path" "Cargo.toml", kill_on_drop: false }`
[INFO] running `Command { std: "docker" "create" "-v" "/var/lib/crater-agent-workspace/builds/worker-7-tc2/target:/opt/rustwide/target:rw,Z" "-v" "/var/lib/crater-agent-workspace/builds/worker-7-tc2/source:/opt/rustwide/workdir:ro,Z" "-v" "/var/lib/crater-agent-workspace/cargo-home:/opt/rustwide/cargo-home:ro,Z" "-v" "/var/lib/crater-agent-workspace/rustup-home:/opt/rustwide/rustup-home:ro,Z" "-e" "SOURCE_DIR=/opt/rustwide/workdir" "-e" "CARGO_TARGET_DIR=/opt/rustwide/target" "-e" "CARGO_HOME=/opt/rustwide/cargo-home" "-e" "RUSTUP_HOME=/opt/rustwide/rustup-home" "-w" "/opt/rustwide/workdir" "-m" "1610612736" "--user" "0:0" "--network" "none" "ghcr.io/rust-lang/crates-build-env/linux@sha256:2788e3201cd34a07e3172128adcd8b3090168a8e3bcc40d7c032b9dda1df7d1c" "/opt/rustwide/cargo-home/bin/cargo" "+nightly-2024-02-05" "metadata" "--no-deps" "--format-version=1", kill_on_drop: false }`
[INFO] [stdout] ec1d07df49337bf3b2b749f42f836a06eaf38880e179e9f8a0bb46e3356c69ff
[INFO] running `Command { std: "docker" "start" "-a" "ec1d07df49337bf3b2b749f42f836a06eaf38880e179e9f8a0bb46e3356c69ff", kill_on_drop: false }`
[INFO] running `Command { std: "docker" "inspect" "ec1d07df49337bf3b2b749f42f836a06eaf38880e179e9f8a0bb46e3356c69ff", kill_on_drop: false }`
[INFO] running `Command { std: "docker" "rm" "-f" "ec1d07df49337bf3b2b749f42f836a06eaf38880e179e9f8a0bb46e3356c69ff", kill_on_drop: false }`
[INFO] [stdout] ec1d07df49337bf3b2b749f42f836a06eaf38880e179e9f8a0bb46e3356c69ff
[INFO] running `Command { std: "docker" "create" "-v" "/var/lib/crater-agent-workspace/builds/worker-7-tc2/target:/opt/rustwide/target:rw,Z" "-v" "/var/lib/crater-agent-workspace/builds/worker-7-tc2/source:/opt/rustwide/workdir:ro,Z" "-v" "/var/lib/crater-agent-workspace/cargo-home:/opt/rustwide/cargo-home:ro,Z" "-v" "/var/lib/crater-agent-workspace/rustup-home:/opt/rustwide/rustup-home:ro,Z" "-e" "SOURCE_DIR=/opt/rustwide/workdir" "-e" "CARGO_TARGET_DIR=/opt/rustwide/target" "-e" "CARGO_INCREMENTAL=0" "-e" "RUST_BACKTRACE=full" "-e" "RUSTFLAGS=--cap-lints=forbid -Dunexpected_cfgs" "-e" "RUSTDOCFLAGS=--cap-lints=forbid" "-e" "CARGO_HOME=/opt/rustwide/cargo-home" "-e" "RUSTUP_HOME=/opt/rustwide/rustup-home" "-w" "/opt/rustwide/workdir" "-m" "1610612736" "--user" "0:0" "--network" "none" "ghcr.io/rust-lang/crates-build-env/linux@sha256:2788e3201cd34a07e3172128adcd8b3090168a8e3bcc40d7c032b9dda1df7d1c" "/opt/rustwide/cargo-home/bin/cargo" "+nightly-2024-02-05" "check" "--frozen" "--all" "--all-targets" "--message-format=json" "-Zcheck-cfg", kill_on_drop: false }`
[INFO] [stdout] d8c892c15d17ac675d4fc036cee0f30c349b33d7898d8aae21292ddf2bc48785
[INFO] running `Command { std: "docker" "start" "-a" "d8c892c15d17ac675d4fc036cee0f30c349b33d7898d8aae21292ddf2bc48785", kill_on_drop: false }`
[INFO] [stderr]    Compiling windows_x86_64_gnu v0.48.5
[INFO] [stderr]     Checking windows-targets v0.48.5
[INFO] [stderr]     Checking windows-core v0.51.1
[INFO] [stderr]     Checking makepad-windows v0.51.1 (/opt/rustwide/workdir)
[INFO] [stdout] error[E0433]: failed to resolve: could not find `Collections` in `Foundation`
[INFO] [stdout]      --> src/Windows/mod.rs:27315:47
[INFO] [stdout]       |
[INFO] [stdout] 27315 |     type IntoIter = super::super::Foundation::Collections::VectorViewIterator<Self::Item>;
[INFO] [stdout]       |                                               ^^^^^^^^^^^ could not find `Collections` in `Foundation`
[INFO] [stdout]       |
[INFO] [stdout] note: found an item that was configured out
[INFO] [stdout]      --> src/Windows/Foundation/mod.rs:2:9
[INFO] [stdout]       |
[INFO] [stdout] 2     | pub mod Collections;
[INFO] [stdout]       |         ^^^^^^^^^^^
[INFO] [stdout]       = note: the item is gated behind the `Foundation_Collections` feature
[INFO] [stdout] 
[INFO] [stdout] 
[INFO] [stdout] error[E0433]: failed to resolve: could not find `Collections` in `Foundation`
[INFO] [stdout]      --> src/Windows/mod.rs:27322:47
[INFO] [stdout]       |
[INFO] [stdout] 27322 |     type IntoIter = super::super::Foundation::Collections::VectorViewIterator<Self::Item>;
[INFO] [stdout]       |                                               ^^^^^^^^^^^ could not find `Collections` in `Foundation`
[INFO] [stdout]       |
[INFO] [stdout] note: found an item that was configured out
[INFO] [stdout]      --> src/Windows/Foundation/mod.rs:2:9
[INFO] [stdout]       |
[INFO] [stdout] 2     | pub mod Collections;
[INFO] [stdout]       |         ^^^^^^^^^^^
[INFO] [stdout]       = note: the item is gated behind the `Foundation_Collections` feature
[INFO] [stdout] 
[INFO] [stdout] 
[INFO] [stdout] error[E0433]: failed to resolve: could not find `Collections` in `Foundation`
[INFO] [stdout]      --> src/Windows/mod.rs:27324:35
[INFO] [stdout]       |
[INFO] [stdout] 27324 |         super::super::Foundation::Collections::VectorViewIterator::new(::windows_core::ComInterface::cast(self).ok())
[INFO] [stdout]       |                                   ^^^^^^^^^^^ could not find `Collections` in `Foundation`
[INFO] [stdout]       |
[INFO] [stdout] note: found an item that was configured out
[INFO] [stdout]      --> src/Windows/Foundation/mod.rs:2:9
[INFO] [stdout]       |
[INFO] [stdout] 2     | pub mod Collections;
[INFO] [stdout]       |         ^^^^^^^^^^^
[INFO] [stdout]       = note: the item is gated behind the `Foundation_Collections` feature
[INFO] [stdout] 
[INFO] [stdout] 
[INFO] [stdout] error[E0433]: failed to resolve: could not find `Collections` in `Foundation`
[INFO] [stdout]      --> src/Windows/mod.rs:27330:45
[INFO] [stdout]       |
[INFO] [stdout] 27330 |     type Vtable = super::super::Foundation::Collections::IVectorView_Vtbl<DeviceInformation>;
[INFO] [stdout]       |                                             ^^^^^^^^^^^ could not find `Collections` in `Foundation`
[INFO] [stdout]       |
[INFO] [stdout] note: found an item that was configured out
[INFO] [stdout]      --> src/Windows/Foundation/mod.rs:2:9
[INFO] [stdout]       |
[INFO] [stdout] 2     | pub mod Collections;
[INFO] [stdout]       |         ^^^^^^^^^^^
[INFO] [stdout]       = note: the item is gated behind the `Foundation_Collections` feature
[INFO] [stdout] 
[INFO] [stdout] 
[INFO] [stdout] error[E0433]: failed to resolve: could not find `Collections` in `Foundation`
[INFO] [stdout]      --> src/Windows/mod.rs:27339:66
[INFO] [stdout]       |
[INFO] [stdout] 27339 |     const IID: ::windows_core::GUID = <super::super::Foundation::Collections::IVectorView<DeviceInformation> as ::windows_core::ComInterf...
[INFO] [stdout]       |                                                                  ^^^^^^^^^^^ could not find `Collections` in `Foundation`
[INFO] [stdout]       |
[INFO] [stdout] note: found an item that was configured out
[INFO] [stdout]      --> src/Windows/Foundation/mod.rs:2:9
[INFO] [stdout]       |
[INFO] [stdout] 2     | pub mod Collections;
[INFO] [stdout]       |         ^^^^^^^^^^^
[INFO] [stdout]       = note: the item is gated behind the `Foundation_Collections` feature
[INFO] [stdout] 
[INFO] [stdout] 
[INFO] [stdout] error[E0405]: cannot find trait `IClosable_Impl` in module `super::super::Foundation`
[INFO] [stdout]      --> src/Windows/mod.rs:24556:86
[INFO] [stdout]       |
[INFO] [stdout] 24556 | ...Impl: Sized + super::super::Foundation::IClosable_Impl + IContentTypeProvider_Impl + IInputStream_Impl + IOutputStream_Impl + IRandomA...
[INFO] [stdout]       |                                            ^^^^^^^^^^^^^^ not found in `super::super::Foundation`
[INFO] [stdout] 
[INFO] [stdout] 
[INFO] [stdout] error[E0433]: failed to resolve: could not find `Collections` in `Foundation`
[INFO] [stdout]      --> src/Windows/mod.rs:27315:47
[INFO] [stdout]       |
[INFO] [stdout] 27315 |     type IntoIter = super::super::Foundation::Collections::VectorViewIterator<Self::Item>;
[INFO] [stdout]       |                                               ^^^^^^^^^^^ could not find `Collections` in `Foundation`
[INFO] [stdout]       |
[INFO] [stdout] note: found an item that was configured out
[INFO] [stdout]      --> src/Windows/Foundation/mod.rs:2:9
[INFO] [stdout]       |
[INFO] [stdout] 2     | pub mod Collections;
[INFO] [stdout]       |         ^^^^^^^^^^^
[INFO] [stdout]       = note: the item is gated behind the `Foundation_Collections` feature
[INFO] [stdout] 
[INFO] [stdout] 
[INFO] [stdout] error[E0405]: cannot find trait `IClosable_Impl` in module `super::super::Foundation`
[INFO] [stdout]      --> src/Windows/mod.rs:24629:64
[INFO] [stdout]       |
[INFO] [stdout] 24629 | pub trait IInputStream_Impl: Sized + super::super::Foundation::IClosable_Impl {
[INFO] [stdout]       |                                                                ^^^^^^^^^^^^^^ not found in `super::super::Foundation`
[INFO] [stdout] 
[INFO] [stdout] 
[INFO] [stdout] error[E0433]: failed to resolve: could not find `Collections` in `Foundation`
[INFO] [stdout]      --> src/Windows/mod.rs:27322:47
[INFO] [stdout]       |
[INFO] [stdout] 27322 |     type IntoIter = super::super::Foundation::Collections::VectorViewIterator<Self::Item>;
[INFO] [stdout]       |                                               ^^^^^^^^^^^ could not find `Collections` in `Foundation`
[INFO] [stdout]       |
[INFO] [stdout] note: found an item that was configured out
[INFO] [stdout]      --> src/Windows/Foundation/mod.rs:2:9
[INFO] [stdout]       |
[INFO] [stdout] 2     | pub mod Collections;
[INFO] [stdout]       |         ^^^^^^^^^^^
[INFO] [stdout]       = note: the item is gated behind the `Foundation_Collections` feature
[INFO] [stdout] 
[INFO] [stdout] 
[INFO] [stdout] error[E0433]: failed to resolve: could not find `Collections` in `Foundation`
[INFO] [stdout]      --> src/Windows/mod.rs:27324:35
[INFO] [stdout]       |
[INFO] [stdout] 27324 |         super::super::Foundation::Collections::VectorViewIterator::new(::windows_core::ComInterface::cast(self).ok())
[INFO] [stdout]       |                                   ^^^^^^^^^^^ could not find `Collections` in `Foundation`
[INFO] [stdout]       |
[INFO] [stdout] note: found an item that was configured out
[INFO] [stdout]      --> src/Windows/Foundation/mod.rs:2:9
[INFO] [stdout]       |
[INFO] [stdout] 2     | pub mod Collections;
[INFO] [stdout]       |         ^^^^^^^^^^^
[INFO] [stdout]       = note: the item is gated behind the `Foundation_Collections` feature
[INFO] [stdout] 
[INFO] [stdout] 
[INFO] [stdout] error[E0405]: cannot find trait `IClosable_Impl` in module `super::super::Foundation`
[INFO] [stdout]      --> src/Windows/mod.rs:24729:65
[INFO] [stdout]       |
[INFO] [stdout] 24729 | pub trait IOutputStream_Impl: Sized + super::super::Foundation::IClosable_Impl {
[INFO] [stdout]       |                                                                 ^^^^^^^^^^^^^^ not found in `super::super::Foundation`
[INFO] [stdout] 
[INFO] [stdout] 
[INFO] [stdout] error[E0433]: failed to resolve: could not find `Collections` in `Foundation`
[INFO] [stdout]      --> src/Windows/mod.rs:27330:45
[INFO] [stdout]       |
[INFO] [stdout] 27330 |     type Vtable = super::super::Foundation::Collections::IVectorView_Vtbl<DeviceInformation>;
[INFO] [stdout]       |                                             ^^^^^^^^^^^ could not find `Collections` in `Foundation`
[INFO] [stdout]       |
[INFO] [stdout] note: found an item that was configured out
[INFO] [stdout]      --> src/Windows/Foundation/mod.rs:2:9
[INFO] [stdout]       |
[INFO] [stdout] 2     | pub mod Collections;
[INFO] [stdout]       |         ^^^^^^^^^^^
[INFO] [stdout]       = note: the item is gated behind the `Foundation_Collections` feature
[INFO] [stdout] 
[INFO] [stdout] 
[INFO] [stdout] error[E0405]: cannot find trait `IClosable_Impl` in module `super::super::Foundation`
[INFO] [stdout]      --> src/Windows/mod.rs:24916:71
[INFO] [stdout]       |
[INFO] [stdout] 24916 | pub trait IRandomAccessStream_Impl: Sized + super::super::Foundation::IClosable_Impl + IInputStream_Impl + IOutputStream_Impl {
[INFO] [stdout]       |                                                                       ^^^^^^^^^^^^^^ not found in `super::super::Foundation`
[INFO] [stdout] 
[INFO] [stdout] 
[INFO] [stdout] error[E0433]: failed to resolve: could not find `Collections` in `Foundation`
[INFO] [stdout]      --> src/Windows/mod.rs:27339:66
[INFO] [stdout]       |
[INFO] [stdout] 27339 |     const IID: ::windows_core::GUID = <super::super::Foundation::Collections::IVectorView<DeviceInformation> as ::windows_core::ComInterf...
[INFO] [stdout]       |                                                                  ^^^^^^^^^^^ could not find `Collections` in `Foundation`
[INFO] [stdout]       |
[INFO] [stdout] note: found an item that was configured out
[INFO] [stdout]      --> src/Windows/Foundation/mod.rs:2:9
[INFO] [stdout]       |
[INFO] [stdout] 2     | pub mod Collections;
[INFO] [stdout]       |         ^^^^^^^^^^^
[INFO] [stdout]       = note: the item is gated behind the `Foundation_Collections` feature
[INFO] [stdout] 
[INFO] [stdout] 
[INFO] [stdout] error[E0405]: cannot find trait `IClosable_Impl` in module `super::super::Foundation`
[INFO] [stdout]      --> src/Windows/mod.rs:28787:64
[INFO] [stdout]       |
[INFO] [stdout] 28787 | pub trait IMidiOutPort_Impl: Sized + super::super::Foundation::IClosable_Impl {
[INFO] [stdout]       |                                                                ^^^^^^^^^^^^^^ not found in `super::super::Foundation`
[INFO] [stdout] 
[INFO] [stdout] 
[INFO] [stdout] error[E0405]: cannot find trait `IClosable_Impl` in module `super::super::Foundation`
[INFO] [stdout]      --> src/Windows/mod.rs:24556:86
[INFO] [stdout]       |
[INFO] [stdout] 24556 | ...Impl: Sized + super::super::Foundation::IClosable_Impl + IContentTypeProvider_Impl + IInputStream_Impl + IOutputStream_Impl + IRandomA...
[INFO] [stdout]       |                                            ^^^^^^^^^^^^^^ not found in `super::super::Foundation`
[INFO] [stdout] 
[INFO] [stdout] 
[INFO] [stdout] error[E0405]: cannot find trait `IClosable_Impl` in module `super::super::Foundation`
[INFO] [stdout]      --> src/Windows/mod.rs:24629:64
[INFO] [stdout]       |
[INFO] [stdout] 24629 | pub trait IInputStream_Impl: Sized + super::super::Foundation::IClosable_Impl {
[INFO] [stdout]       |                                                                ^^^^^^^^^^^^^^ not found in `super::super::Foundation`
[INFO] [stdout] 
[INFO] [stdout] 
[INFO] [stdout] error: unexpected `cfg` condition name: `docsrs`
[INFO] [stdout]  --> src/lib.rs:1:13
[INFO] [stdout]   |
[INFO] [stdout] 1 | #![cfg_attr(docsrs, doc = "This is a stub. The latest API documentation is here: <https://microsoft.github.io/windows-docs-rs/>")]
[INFO] [stdout]   |             ^^^^^^
[INFO] [stdout]   |
[INFO] [stdout]   = help: expected names are: `debug_assertions`, `doc`, `doctest`, `feature`, `miri`, `overflow_checks`, `panic`, `proc_macro`, `relocation_model`, `sanitize`, `sanitizer_cfi_generalize_pointers`, `sanitizer_cfi_normalize_integers`, `target_abi`, `target_arch`, `target_endian`, `target_env`, `target_family`, `target_feature`, `target_has_atomic`, `target_has_atomic_equal_alignment`, `target_has_atomic_load_store`, `target_os`, `target_pointer_width`, `target_thread_local`, `target_vendor`, `test`, `unix`, `windows`
[INFO] [stdout]   = help: consider using a Cargo feature instead or adding `println!("cargo:rustc-check-cfg=cfg(docsrs)");` to the top of a `build.rs`
[INFO] [stdout]   = note: see <https://doc.rust-lang.org/nightly/cargo/reference/unstable.html#check-cfg> for more information about checking conditional configuration
[INFO] [stdout]   = note: requested on the command line with `-D unexpected-cfgs`
[INFO] [stdout] 
[INFO] [stdout] 
[INFO] [stdout] error: unexpected `cfg` condition name: `docsrs`
[INFO] [stdout]  --> src/lib.rs:2:13
[INFO] [stdout]   |
[INFO] [stdout] 2 | #![cfg_attr(docsrs, doc = "")]
[INFO] [stdout]   |             ^^^^^^
[INFO] [stdout]   |
[INFO] [stdout]   = help: consider using a Cargo feature instead or adding `println!("cargo:rustc-check-cfg=cfg(docsrs)");` to the top of a `build.rs`
[INFO] [stdout]   = note: see <https://doc.rust-lang.org/nightly/cargo/reference/unstable.html#check-cfg> for more information about checking conditional configuration
[INFO] [stdout] 
[INFO] [stdout] 
[INFO] [stdout] error[E0405]: cannot find trait `IClosable_Impl` in module `super::super::Foundation`
[INFO] [stdout]      --> src/Windows/mod.rs:24729:65
[INFO] [stdout]       |
[INFO] [stdout] 24729 | pub trait IOutputStream_Impl: Sized + super::super::Foundation::IClosable_Impl {
[INFO] [stdout]       |                                                                 ^^^^^^^^^^^^^^ not found in `super::super::Foundation`
[INFO] [stdout] 
[INFO] [stdout] 
[INFO] [stdout] error[E0405]: cannot find trait `IClosable_Impl` in module `super::super::Foundation`
[INFO] [stdout]      --> src/Windows/mod.rs:24916:71
[INFO] [stdout]       |
[INFO] [stdout] 24916 | pub trait IRandomAccessStream_Impl: Sized + super::super::Foundation::IClosable_Impl + IInputStream_Impl + IOutputStream_Impl {
[INFO] [stdout]       |                                                                       ^^^^^^^^^^^^^^ not found in `super::super::Foundation`
[INFO] [stdout] 
[INFO] [stdout] 
[INFO] [stdout] error[E0405]: cannot find trait `IClosable_Impl` in module `super::super::Foundation`
[INFO] [stdout]      --> src/Windows/mod.rs:28787:64
[INFO] [stdout]       |
[INFO] [stdout] 28787 | pub trait IMidiOutPort_Impl: Sized + super::super::Foundation::IClosable_Impl {
[INFO] [stdout]       |                                                                ^^^^^^^^^^^^^^ not found in `super::super::Foundation`
[INFO] [stdout] 
[INFO] [stdout] 
[INFO] [stdout] error: unexpected `cfg` condition name: `docsrs`
[INFO] [stdout]  --> src/lib.rs:1:13
[INFO] [stdout]   |
[INFO] [stdout] 1 | #![cfg_attr(docsrs, doc = "This is a stub. The latest API documentation is here: <https://microsoft.github.io/windows-docs-rs/>")]
[INFO] [stdout]   |             ^^^^^^
[INFO] [stdout]   |
[INFO] [stdout]   = help: expected names are: `debug_assertions`, `doc`, `doctest`, `feature`, `miri`, `overflow_checks`, `panic`, `proc_macro`, `relocation_model`, `sanitize`, `sanitizer_cfi_generalize_pointers`, `sanitizer_cfi_normalize_integers`, `target_abi`, `target_arch`, `target_endian`, `target_env`, `target_family`, `target_feature`, `target_has_atomic`, `target_has_atomic_equal_alignment`, `target_has_atomic_load_store`, `target_os`, `target_pointer_width`, `target_thread_local`, `target_vendor`, `test`, `unix`, `windows`
[INFO] [stdout]   = help: consider using a Cargo feature instead or adding `println!("cargo:rustc-check-cfg=cfg(docsrs)");` to the top of a `build.rs`
[INFO] [stdout]   = note: see <https://doc.rust-lang.org/nightly/cargo/reference/unstable.html#check-cfg> for more information about checking conditional configuration
[INFO] [stdout]   = note: requested on the command line with `-D unexpected-cfgs`
[INFO] [stdout] 
[INFO] [stdout] 
[INFO] [stdout] error: unexpected `cfg` condition name: `docsrs`
[INFO] [stdout]  --> src/lib.rs:2:13
[INFO] [stdout]   |
[INFO] [stdout] 2 | #![cfg_attr(docsrs, doc = "")]
[INFO] [stdout]   |             ^^^^^^
[INFO] [stdout]   |
[INFO] [stdout]   = help: consider using a Cargo feature instead or adding `println!("cargo:rustc-check-cfg=cfg(docsrs)");` to the top of a `build.rs`
[INFO] [stdout]   = note: see <https://doc.rust-lang.org/nightly/cargo/reference/unstable.html#check-cfg> for more information about checking conditional configuration
[INFO] [stdout] 
[INFO] [stdout] 
[INFO] [stdout] error: aborting due to 12 previous errors
[INFO] [stdout] 
[INFO] [stdout] 
[INFO] [stdout] Some errors have detailed explanations: E0405, E0433.
[INFO] [stdout] 
[INFO] [stdout] For more information about an error, try `rustc --explain E0405`.
[INFO] [stdout] 
[INFO] [stderr] error: could not compile `makepad-windows` (lib test) due to 13 previous errors
[INFO] [stderr] warning: build failed, waiting for other jobs to finish...
[INFO] [stdout] error: aborting due to 12 previous errors
[INFO] [stdout] 
[INFO] [stdout] 
[INFO] [stdout] Some errors have detailed explanations: E0405, E0433.
[INFO] [stdout] 
[INFO] [stdout] For more information about an error, try `rustc --explain E0405`.
[INFO] [stdout] 
[INFO] [stderr] error: could not compile `makepad-windows` (lib) due to 13 previous errors
[INFO] running `Command { std: "docker" "inspect" "d8c892c15d17ac675d4fc036cee0f30c349b33d7898d8aae21292ddf2bc48785", kill_on_drop: false }`
[INFO] running `Command { std: "docker" "rm" "-f" "d8c892c15d17ac675d4fc036cee0f30c349b33d7898d8aae21292ddf2bc48785", kill_on_drop: false }`
[INFO] [stdout] d8c892c15d17ac675d4fc036cee0f30c349b33d7898d8aae21292ddf2bc48785
