[INFO] fetching crate maga 0.3.0...
[INFO] checking maga-0.3.0 against nightly-2024-02-05 for check-cfg
[INFO] extracting crate maga 0.3.0 into /workspace/builds/worker-1-tc1/source
[INFO] validating manifest of crates.io crate maga 0.3.0 on toolchain nightly-2024-02-05
[INFO] running `Command { std: CARGO_HOME="/workspace/cargo-home" RUSTUP_HOME="/workspace/rustup-home" "/workspace/cargo-home/bin/cargo" "+nightly-2024-02-05" "metadata" "--manifest-path" "Cargo.toml" "--no-deps", kill_on_drop: false }`
[INFO] started tweaking crates.io crate maga 0.3.0
[INFO] finished tweaking crates.io crate maga 0.3.0
[INFO] tweaked toml for crates.io crate maga 0.3.0 written to /workspace/builds/worker-1-tc1/source/Cargo.toml
[INFO] crate crates.io crate maga 0.3.0 already has a lockfile, it will not be regenerated
[INFO] running `Command { std: CARGO_HOME="/workspace/cargo-home" RUSTUP_HOME="/workspace/rustup-home" "/workspace/cargo-home/bin/cargo" "+nightly-2024-02-05" "fetch" "--manifest-path" "Cargo.toml", kill_on_drop: false }`
[INFO] [stderr]     Updating crates.io index
[INFO] [stderr]  Downloading crates ...
[INFO] [stderr]   Downloaded devise_codegen v0.2.0
[INFO] [stderr]   Downloaded serde_repr v0.1.7
[INFO] [stderr]   Downloaded percent-encoding v1.0.1
[INFO] [stderr]   Downloaded gdk-pixbuf v0.14.0
[INFO] [stderr]   Downloaded tinyvec v1.5.1
[INFO] [stderr]   Downloaded slab v0.4.5
[INFO] [stderr]   Downloaded wasm-bindgen-macro-support v0.2.79
[INFO] [stderr]   Downloaded devise v0.2.0
[INFO] [stderr]   Downloaded serde_json v1.0.79
[INFO] [stderr]   Downloaded cocoa v0.24.0
[INFO] [stderr]   Downloaded indexmap v1.8.0
[INFO] [stderr]   Downloaded cocoa-foundation v0.1.0
[INFO] [stderr]   Downloaded longest-increasing-subsequence v0.1.0
[INFO] [stderr]   Downloaded core-foundation v0.7.0
[INFO] [stderr]   Downloaded quote v1.0.15
[INFO] [stderr]   Downloaded gdk-sys v0.14.0
[INFO] [stderr]   Downloaded pango-sys v0.14.0
[INFO] [stderr]   Downloaded mime v0.2.6
[INFO] [stderr]   Downloaded lock_api v0.4.6
[INFO] [stderr]   Downloaded core-graphics v0.19.2
[INFO] [stderr]   Downloaded gdk-pixbuf-sys v0.14.0
[INFO] [stderr]   Downloaded futures-io v0.3.21
[INFO] [stderr]   Downloaded thiserror v1.0.30
[INFO] [stderr]   Downloaded core-video-sys v0.1.4
[INFO] [stderr]   Downloaded crossbeam-utils v0.8.7
[INFO] [stderr]   Downloaded ndk-sys v0.2.2
[INFO] [stderr]   Downloaded clap_derive v3.1.0
[INFO] [stderr]   Downloaded core-graphics-types v0.1.1
[INFO] [stderr]   Downloaded ndk-context v0.1.0
[INFO] [stderr]   Downloaded anyhow v1.0.54
[INFO] [stderr]   Downloaded ndk v0.4.0
[INFO] [stderr]   Downloaded field-offset v0.3.4
[INFO] [stderr]   Downloaded devise_core v0.2.0
[INFO] [stderr]   Downloaded pango v0.14.8
[INFO] [stderr]   Downloaded textwrap v0.14.2
[INFO] [stderr]   Downloaded glib-sys v0.10.1
[INFO] [stderr]   Downloaded heck v0.4.0
[INFO] [stderr]   Downloaded wasm-bindgen v0.2.79
[INFO] [stderr]   Downloaded web-sys v0.3.56
[INFO] [stderr]   Downloaded soup-sys v0.10.0
[INFO] [stderr]   Downloaded dioxus-core-macro v0.1.7
[INFO] [stderr]   Downloaded dioxus-core v0.1.9
[INFO] [stderr]   Downloaded num_enum v0.5.6
[INFO] [stderr]   Downloaded rocket_codegen v0.4.10
[INFO] [stderr]   Downloaded argh v0.1.7
[INFO] [stderr]   Downloaded webview2 v0.1.4
[INFO] [stderr]   Downloaded webkit2gtk-sys v0.14.0
[INFO] [stderr]   Downloaded javascriptcore-rs-sys v0.2.0
[INFO] [stderr]   Downloaded minivec v0.4.0
[INFO] [stderr]   Downloaded num_enum_derive v0.5.6
[INFO] [stderr]   Downloaded argh_derive v0.1.7
[INFO] [stderr]   Downloaded argh_shared v0.1.7
[INFO] [stderr]   Downloaded html-escape v0.2.9
[INFO] [stderr]   Downloaded tauri-libappindicator v0.1.2
[INFO] [stderr]   Downloaded ndk-glue v0.4.1
[INFO] [stderr]   Downloaded com v0.2.0
[INFO] [stderr]   Downloaded com_macros v0.2.0
[INFO] [stderr]   Downloaded com_macros_support v0.2.0
[INFO] [stderr]   Downloaded dioxus-hooks v0.1.7
[INFO] [stderr]   Downloaded rocket v0.4.10
[INFO] [stderr]   Downloaded rocket_http v0.4.10
[INFO] [stderr]   Downloaded dioxus-desktop v0.1.6
[INFO] [stderr]   Downloaded cookie v0.11.4
[INFO] [stderr]   Downloaded javascriptcore-rs v0.14.0
[INFO] [stderr]   Downloaded dioxus-html v0.1.6
[INFO] [stderr]   Downloaded wry v0.12.2
[INFO] [stderr]   Downloaded version_check v0.1.5
[INFO] [stderr]   Downloaded tauri-libappindicator-sys v0.1.2
[INFO] [stderr]   Downloaded libc v0.2.118
[INFO] [stderr]   Downloaded gtk v0.14.3
[INFO] [stderr]   Downloaded clap v3.1.0
[INFO] [stderr]   Downloaded webview2-sys v0.1.1
[INFO] [stderr]   Downloaded dioxus v0.1.8
[INFO] [stderr]   Downloaded tao v0.5.2
[INFO] [stderr]   Downloaded gimli v0.26.1
[INFO] [stderr]   Downloaded glob v0.3.0
[INFO] [stderr]   Downloaded darling v0.10.2
[INFO] [stderr]   Downloaded webbrowser v0.5.5
[INFO] [stderr]   Downloaded crossbeam-channel v0.5.2
[INFO] [stderr]   Downloaded gobject-sys v0.14.0
[INFO] [stderr]   Downloaded darling_core v0.10.2
[INFO] [stderr]   Downloaded strsim v0.9.3
[INFO] [stderr]   Downloaded gio-sys v0.14.0
[INFO] [stderr]   Downloaded gtk3-macros v0.14.0
[INFO] [stderr]   Downloaded js-sys v0.3.56
[INFO] [stderr]   Downloaded once_cell v1.9.0
[INFO] [stderr]   Downloaded x11-dl v2.19.1
[INFO] [stderr]   Downloaded tokio v1.17.0
[INFO] [stderr]   Downloaded webkit2gtk v0.14.0
[INFO] [stderr]   Downloaded core-foundation-sys v0.7.0
[INFO] [stderr]   Downloaded wasm-bindgen-backend v0.2.79
[INFO] [stderr]   Downloaded serde v1.0.136
[INFO] [stderr]   Downloaded gdk v0.14.3
[INFO] [stderr]   Downloaded language-tags v0.2.2
[INFO] [stderr]   Downloaded unicode-segmentation v1.9.0
[INFO] [stderr]   Downloaded ryu v1.0.9
[INFO] [stderr]   Downloaded gio v0.14.8
[INFO] [stderr]   Downloaded proc-macro-crate v1.1.2
[INFO] [stderr]   Downloaded futures-executor v0.3.21
[INFO] [stderr]   Downloaded typeable v0.1.2
[INFO] [stderr]   Downloaded safemem v0.3.3
[INFO] [stderr]   Downloaded atk v0.14.0
[INFO] [stderr]   Downloaded gio-sys v0.10.1
[INFO] [stderr]   Downloaded gobject-sys v0.10.0
[INFO] [stderr]   Downloaded strum v0.18.0
[INFO] [stderr]   Downloaded strum_macros v0.18.0
[INFO] [stderr]   Downloaded version-compare v0.0.10
[INFO] [stderr]   Downloaded system-deps v1.3.2
[INFO] [stderr]   Downloaded log v0.3.9
[INFO] [stderr]   Downloaded raw-window-handle v0.3.4
[INFO] [stderr]   Downloaded backtrace v0.3.64
[INFO] [stderr]   Downloaded ndk-macro v0.2.0
[INFO] [stderr]   Downloaded itertools v0.10.3
[INFO] [stderr]   Downloaded raw-window-handle v0.4.2
[INFO] [stderr]   Downloaded glib-sys v0.14.0
[INFO] [stderr]   Downloaded os_str_bytes v6.0.0
[INFO] [stderr]   Downloaded utf8-width v0.1.5
[INFO] [stderr]   Downloaded wasm-bindgen-shared v0.2.79
[INFO] [stderr]   Downloaded wasm-bindgen-macro v0.2.79
[INFO] [stderr]   Downloaded aes-gcm v0.8.0
[INFO] [stderr]   Downloaded cfg-expr v0.8.1
[INFO] [stderr]   Downloaded url v1.7.2
[INFO] [stderr]   Downloaded strum_macros v0.21.1
[INFO] [stderr]   Downloaded aead v0.3.2
[INFO] [stderr]   Downloaded pkg-config v0.3.24
[INFO] [stderr]   Downloaded pear_codegen v0.1.4
[INFO] [stderr]   Downloaded traitobject v0.1.0
[INFO] [stderr]   Downloaded glib-macros v0.14.1
[INFO] [stderr]   Downloaded hyper v0.10.16
[INFO] [stderr]   Downloaded itoa v1.0.1
[INFO] [stderr]   Downloaded pear v0.1.4
[INFO] [stderr]   Downloaded strum v0.21.0
[INFO] [stderr]   Downloaded time v0.1.43
[INFO] [stderr]   Downloaded syn v1.0.86
[INFO] [stderr]   Downloaded thiserror-impl v1.0.30
[INFO] [stderr]   Downloaded yansi v0.5.0
[INFO] [stderr]   Downloaded idna v0.1.5
[INFO] [stderr]   Downloaded glib v0.14.8
[INFO] [stderr]   Downloaded ctr v0.6.0
[INFO] [stderr]   Downloaded cpuid-bool v0.2.0
[INFO] [stderr]   Downloaded atk-sys v0.14.0
[INFO] [stderr]   Downloaded version-compare v0.0.11
[INFO] [stderr]   Downloaded polyval v0.4.5
[INFO] [stderr]   Downloaded system-deps v3.2.0
[INFO] [stderr]   Downloaded ghash v0.3.1
[INFO] [stderr]   Downloaded hkdf v0.10.0
[INFO] [stderr]   Downloaded widestring v0.5.1
[INFO] [stderr]   Downloaded crypto-mac v0.10.1
[INFO] [stderr]   Downloaded ppv-lite86 v0.2.16
[INFO] [stderr]   Downloaded getrandom v0.2.4
[INFO] [stderr]   Downloaded generic-array v0.14.5
[INFO] [stderr]   Downloaded sha2 v0.9.9
[INFO] [stderr]   Downloaded pin-project-lite v0.2.8
[INFO] [stderr]   Downloaded addr2line v0.17.0
[INFO] [stderr]   Downloaded base64 v0.9.3
[INFO] [stderr]   Downloaded cairo-sys-rs v0.14.9
[INFO] [stderr]   Downloaded bumpalo v3.9.1
[INFO] [stderr]   Downloaded proc-macro2 v1.0.36
[INFO] [stderr]   Downloaded state v0.4.2
[INFO] [stderr]   Downloaded object v0.27.1
[INFO] [stderr]   Downloaded darling_macro v0.10.2
[INFO] [stderr]   Downloaded http v0.2.6
[INFO] [stderr]   Downloaded unicase v1.4.2
[INFO] [stderr]   Downloaded httparse v1.6.0
[INFO] [stderr]   Downloaded unicode-bidi v0.3.7
[INFO] [stderr]   Downloaded cairo-rs v0.14.9
[INFO] [stderr]   Downloaded gtk-sys v0.14.0
[INFO] [stderr]   Downloaded smallvec v1.8.0
[INFO] [stderr]   Downloaded rustc-demangle v0.1.21
[INFO] [stderr]   Downloaded serde_derive v1.0.136
[INFO] running `Command { std: "docker" "create" "-v" "/var/lib/crater-agent-workspace/builds/worker-1-tc1/target:/opt/rustwide/target:rw,Z" "-v" "/var/lib/crater-agent-workspace/builds/worker-1-tc1/source:/opt/rustwide/workdir:ro,Z" "-v" "/var/lib/crater-agent-workspace/cargo-home:/opt/rustwide/cargo-home:ro,Z" "-v" "/var/lib/crater-agent-workspace/rustup-home:/opt/rustwide/rustup-home:ro,Z" "-e" "SOURCE_DIR=/opt/rustwide/workdir" "-e" "CARGO_TARGET_DIR=/opt/rustwide/target" "-e" "CARGO_HOME=/opt/rustwide/cargo-home" "-e" "RUSTUP_HOME=/opt/rustwide/rustup-home" "-w" "/opt/rustwide/workdir" "-m" "1610612736" "--user" "0:0" "--network" "none" "ghcr.io/rust-lang/crates-build-env/linux@sha256:2788e3201cd34a07e3172128adcd8b3090168a8e3bcc40d7c032b9dda1df7d1c" "/opt/rustwide/cargo-home/bin/cargo" "+nightly-2024-02-05" "metadata" "--no-deps" "--format-version=1", kill_on_drop: false }`
[INFO] [stdout] f96702f11d83cfab5e0c5a42ffe4f7b0419d16ef170dc3aff625eefadaed0d69
[INFO] running `Command { std: "docker" "start" "-a" "f96702f11d83cfab5e0c5a42ffe4f7b0419d16ef170dc3aff625eefadaed0d69", kill_on_drop: false }`
[INFO] running `Command { std: "docker" "inspect" "f96702f11d83cfab5e0c5a42ffe4f7b0419d16ef170dc3aff625eefadaed0d69", kill_on_drop: false }`
[INFO] running `Command { std: "docker" "rm" "-f" "f96702f11d83cfab5e0c5a42ffe4f7b0419d16ef170dc3aff625eefadaed0d69", kill_on_drop: false }`
[INFO] [stdout] f96702f11d83cfab5e0c5a42ffe4f7b0419d16ef170dc3aff625eefadaed0d69
[INFO] running `Command { std: "docker" "create" "-v" "/var/lib/crater-agent-workspace/builds/worker-1-tc1/target:/opt/rustwide/target:rw,Z" "-v" "/var/lib/crater-agent-workspace/builds/worker-1-tc1/source:/opt/rustwide/workdir:ro,Z" "-v" "/var/lib/crater-agent-workspace/cargo-home:/opt/rustwide/cargo-home:ro,Z" "-v" "/var/lib/crater-agent-workspace/rustup-home:/opt/rustwide/rustup-home:ro,Z" "-e" "SOURCE_DIR=/opt/rustwide/workdir" "-e" "CARGO_TARGET_DIR=/opt/rustwide/target" "-e" "CARGO_INCREMENTAL=0" "-e" "RUST_BACKTRACE=full" "-e" "RUSTFLAGS=--cap-lints=forbid" "-e" "RUSTDOCFLAGS=--cap-lints=forbid" "-e" "CARGO_HOME=/opt/rustwide/cargo-home" "-e" "RUSTUP_HOME=/opt/rustwide/rustup-home" "-w" "/opt/rustwide/workdir" "-m" "1610612736" "--user" "0:0" "--network" "none" "ghcr.io/rust-lang/crates-build-env/linux@sha256:2788e3201cd34a07e3172128adcd8b3090168a8e3bcc40d7c032b9dda1df7d1c" "/opt/rustwide/cargo-home/bin/cargo" "+nightly-2024-02-05" "check" "--frozen" "--all" "--all-targets" "--message-format=json", kill_on_drop: false }`
[INFO] [stdout] fd46d553e8150e3b0f0b5be8888be5e1007d443cda09587c6f2c9255e2d281c2
[INFO] running `Command { std: "docker" "start" "-a" "fd46d553e8150e3b0f0b5be8888be5e1007d443cda09587c6f2c9255e2d281c2", kill_on_drop: false }`
[INFO] [stderr]    Compiling proc-macro2 v1.0.36
[INFO] [stderr]    Compiling unicode-xid v0.2.2
[INFO] [stderr]    Compiling syn v1.0.86
[INFO] [stderr]    Compiling unicode-segmentation v1.9.0
[INFO] [stderr]    Compiling serde v1.0.136
[INFO] [stderr]    Compiling pkg-config v0.3.24
[INFO] [stderr]    Compiling libc v0.2.118
[INFO] [stderr]    Compiling anyhow v1.0.54
[INFO] [stderr]    Compiling smallvec v1.8.0
[INFO] [stderr]    Compiling version-compare v0.0.11
[INFO] [stderr]    Compiling strum v0.21.0
[INFO] [stderr]    Compiling futures-core v0.3.21
[INFO] [stderr]    Compiling itertools v0.10.3
[INFO] [stderr]    Compiling proc-macro-error-attr v1.0.4
[INFO] [stderr]    Compiling proc-macro-error v1.0.4
[INFO] [stderr]    Compiling futures-task v0.3.21
[INFO] [stderr]    Compiling futures-util v0.3.21
[INFO] [stderr]     Checking pin-project-lite v0.2.8
[INFO] [stderr]    Compiling generic-array v0.14.5
[INFO] [stderr]    Compiling cfg-expr v0.8.1
[INFO] [stderr]    Compiling strum v0.18.0
[INFO] [stderr]     Checking slab v0.4.5
[INFO] [stderr]    Compiling version-compare v0.0.10
[INFO] [stderr]    Compiling heck v0.3.3
[INFO] [stderr]     Checking futures-channel v0.3.21
[INFO] [stderr]     Checking once_cell v1.9.0
[INFO] [stderr]    Compiling log v0.4.14
[INFO] [stderr]    Compiling proc-macro2 v0.4.30
[INFO] [stderr]    Compiling serde_derive v1.0.136
[INFO] [stderr]    Compiling ucd-trie v0.1.3
[INFO] [stderr]    Compiling indexmap v1.8.0
[INFO] [stderr]    Compiling yansi v0.5.0
[INFO] [stderr]    Compiling memchr v2.4.1
[INFO] [stderr]    Compiling pest v2.1.3
[INFO] [stderr]    Compiling syn v0.15.44
[INFO] [stderr]     Checking tinyvec v1.5.1
[INFO] [stderr]    Compiling gio v0.14.8
[INFO] [stderr]    Compiling memoffset v0.6.5
[INFO] [stderr]    Compiling version_check v0.1.5
[INFO] [stderr]     Checking futures-io v0.3.21
[INFO] [stderr]    Compiling quote v1.0.15
[INFO] [stderr]     Checking unicode-bidi v0.3.7
[INFO] [stderr]    Compiling httparse v1.6.0
[INFO] [stderr]     Checking hashbrown v0.11.2
[INFO] [stderr]    Compiling pear_codegen v0.1.4
[INFO] [stderr]    Compiling unicase v1.4.2
[INFO] [stderr]    Compiling gtk v0.14.3
[INFO] [stderr]    Compiling unicase v2.6.0
[INFO] [stderr]    Compiling miniz_oxide v0.4.4
[INFO] [stderr]    Compiling quote v0.6.13
[INFO] [stderr]    Compiling tinyvec_macros v0.1.0
[INFO] [stderr]    Compiling cc v1.0.73
[INFO] [stderr]     Checking cipher v0.2.5
[INFO] [stderr]    Compiling tauri-libappindicator-sys v0.1.2
[INFO] [stderr]     Checking gimli v0.26.1
[INFO] [stderr]    Compiling semver-parser v0.10.2
[INFO] [stderr]    Compiling crossbeam-utils v0.8.7
[INFO] [stderr]     Checking unicode-normalization v0.1.19
[INFO] [stderr]     Checking object v0.27.1
[INFO] [stderr]     Checking getrandom v0.2.4
[INFO] [stderr]     Checking javascriptcore-rs-sys v0.2.0
[INFO] [stderr]     Checking num_cpus v1.13.1
[INFO] [stderr]     Checking universal-hash v0.4.1
[INFO] [stderr]     Checking digest v0.9.0
[INFO] [stderr]    Compiling x11-dl v2.19.1
[INFO] [stderr]     Checking cty v0.2.2
[INFO] [stderr]     Checking cpuid-bool v0.2.0
[INFO] [stderr]    Compiling semver v0.11.0
[INFO] [stderr]     Checking rustc-demangle v0.1.21
[INFO] [stderr]    Compiling matches v0.1.9
[INFO] [stderr]    Compiling time v0.1.43
[INFO] [stderr]     Checking raw-window-handle v0.4.2
[INFO] [stderr]    Compiling rustc_version v0.3.3
[INFO] [stderr]     Checking polyval v0.4.5
[INFO] [stderr]     Checking rand_core v0.6.3
[INFO] [stderr]    Compiling log v0.3.9
[INFO] [stderr]     Checking aes-soft v0.6.4
[INFO] [stderr]     Checking crypto-mac v0.10.1
[INFO] [stderr]     Checking fxhash v0.2.1
[INFO] [stderr]    Compiling field-offset v0.3.4
[INFO] [stderr]     Checking futures-executor v0.3.21
[INFO] [stderr]    Compiling percent-encoding v1.0.1
[INFO] [stderr]    Compiling byteorder v1.4.3
[INFO] [stderr]     Checking ppv-lite86 v0.2.16
[INFO] [stderr]    Compiling safemem v0.3.3
[INFO] [stderr]     Checking itoa v1.0.1
[INFO] [stderr]    Compiling backtrace v0.3.64
[INFO] [stderr]     Checking bumpalo v3.9.1
[INFO] [stderr]     Checking longest-increasing-subsequence v0.1.0
[INFO] [stderr]    Compiling tao v0.5.2
[INFO] [stderr]    Compiling serde_json v1.0.79
[INFO] [stderr]     Checking crossbeam-channel v0.5.2
[INFO] [stderr]     Checking aes v0.6.0
[INFO] [stderr]    Compiling mime_guess v2.0.4
[INFO] [stderr]     Checking hmac v0.10.1
[INFO] [stderr]    Compiling base64 v0.9.3
[INFO] [stderr]     Checking idna v0.2.3
[INFO] [stderr]     Checking idna v0.1.5
[INFO] [stderr]    Compiling mime v0.2.6
[INFO] [stderr]     Checking ghash v0.3.1
[INFO] [stderr]     Checking rand_chacha v0.3.1
[INFO] [stderr]     Checking raw-window-handle v0.3.4
[INFO] [stderr]     Checking ctr v0.6.0
[INFO] [stderr]     Checking block-buffer v0.9.0
[INFO] [stderr]     Checking aead v0.3.2
[INFO] [stderr]     Checking instant v0.1.12
[INFO] [stderr]    Compiling traitobject v0.1.0
[INFO] [stderr]    Compiling percent-encoding v2.1.0
[INFO] [stderr]     Checking bytes v1.1.0
[INFO] [stderr]    Compiling language-tags v0.2.2
[INFO] [stderr]    Compiling wry v0.12.2
[INFO] [stderr]    Compiling typeable v0.1.2
[INFO] [stderr]     Checking ryu v1.0.9
[INFO] [stderr]    Compiling argh_shared v0.1.7
[INFO] [stderr]     Checking cpufeatures v0.2.1
[INFO] [stderr]     Checking sha2 v0.9.9
[INFO] [stderr]    Compiling cookie v0.11.4
[INFO] [stderr]     Checking url v1.7.2
[INFO] [stderr]     Checking aes-gcm v0.8.0
[INFO] [stderr]     Checking url v2.2.2
[INFO] [stderr]     Checking http v0.2.6
[INFO] [stderr]     Checking addr2line v0.17.0
[INFO] [stderr]     Checking rand v0.8.5
[INFO] [stderr]     Checking hkdf v0.10.0
[INFO] [stderr]    Compiling toml v0.5.8
[INFO] [stderr]    Compiling rocket_codegen v0.4.10
[INFO] [stderr]    Compiling state v0.4.2
[INFO] [stderr]     Checking utf8-width v0.1.5
[INFO] [stderr]     Checking html-escape v0.2.9
[INFO] [stderr]     Checking tokio v1.17.0
[INFO] [stderr]     Checking atty v0.2.14
[INFO] [stderr]     Checking hyper v0.10.16
[INFO] [stderr]    Compiling rocket v0.4.10
[INFO] [stderr]     Checking unicode-xid v0.1.0
[INFO] [stderr]     Checking webbrowser v0.5.5
[INFO] [stderr]    Compiling glob v0.3.0
[INFO] [stderr]    Compiling heck v0.4.0
[INFO] [stderr]     Checking os_str_bytes v6.0.0
[INFO] [stderr]     Checking termcolor v1.1.2
[INFO] [stderr]     Checking textwrap v0.14.2
[INFO] [stderr]    Compiling devise_core v0.2.0
[INFO] [stdout] error[E0557]: feature has been removed
[INFO] [stdout]  --> /opt/rustwide/cargo-home/registry/src/index.crates.io-6f17d22bba15001f/devise_core-0.2.0/src/lib.rs:2:12
[INFO] [stdout]   |
[INFO] [stdout] 2 | #![feature(crate_visibility_modifier)]
[INFO] [stdout]   |            ^^^^^^^^^^^^^^^^^^^^^^^^^ feature has been removed
[INFO] [stdout]   |
[INFO] [stdout]   = note: removed in favor of `pub(crate)`
[INFO] [stdout] 
[INFO] [stdout] 
[INFO] [stdout] error: expected one of `!` or `::`, found keyword `enum`
[INFO] [stdout]   --> /opt/rustwide/cargo-home/registry/src/index.crates.io-6f17d22bba15001f/devise_core-0.2.0/src/field.rs:52:7
[INFO] [stdout]    |
[INFO] [stdout] 52 | crate enum FieldKind<'p> {
[INFO] [stdout]    |       ^^^^ expected one of `!` or `::`
[INFO] [stdout] 
[INFO] [stdout] 
[INFO] [stdout] error: expected identifier, found keyword `crate`
[INFO] [stdout]   --> /opt/rustwide/cargo-home/registry/src/index.crates.io-6f17d22bba15001f/devise_core-0.2.0/src/generator.rs:69:5
[INFO] [stdout]    |
[INFO] [stdout] 65 | pub struct DeriveGenerator {
[INFO] [stdout]    |            --------------- while parsing this struct
[INFO] [stdout] ...
[INFO] [stdout] 69 |     crate generic_support: GenericSupport,
[INFO] [stdout]    |     ^^^^^ expected identifier, found keyword
[INFO] [stdout] 
[INFO] [stdout] 
[INFO] [stdout] error: expected one of `!` or `::`, found keyword `fn`
[INFO] [stdout]    --> /opt/rustwide/cargo-home/registry/src/index.crates.io-6f17d22bba15001f/devise_core-0.2.0/src/generator.rs:28:15
[INFO] [stdout]     |
[INFO] [stdout] 28  |           crate fn push_default_mappers(&mut self) {
[INFO] [stdout]     |                 ^^ expected one of `!` or `::`
[INFO] [stdout] ...
[INFO] [stdout] 193 | /     mappers! {
[INFO] [stdout] 194 | |         (map_struct, try_map_struct, struct_mapper): Struct, struct_mappers,
[INFO] [stdout] 195 | |         (map_enum, try_map_enum, enum_mapper): Enum, enum_mappers,
[INFO] [stdout] 196 | |         (map_variant, try_map_variant, variant_mapper): Variant, variant_mappers,
[INFO] [stdout] 197 | |         (map_fields, try_map_fields, fields_mapper): Fields, fields_mappers,
[INFO] [stdout] 198 | |         (map_field, try_map_field, field_mapper): Field, field_mappers
[INFO] [stdout] 199 | |     }
[INFO] [stdout]     | |_____- in this macro invocation
[INFO] [stdout]     |
[INFO] [stdout]     = note: this error originates in the macro `mappers` (in Nightly builds, run with -Z macro-backtrace for more info)
[INFO] [stdout] 
[INFO] [stdout] 
[INFO] [stdout] error[E0432]: unresolved imports `field::Field`, `field::Fields`
[INFO] [stdout]  --> /opt/rustwide/cargo-home/registry/src/index.crates.io-6f17d22bba15001f/devise_core-0.2.0/src/generator.rs:8:13
[INFO] [stdout]   |
[INFO] [stdout] 8 | use field::{Field, Fields};
[INFO] [stdout]   |             ^^^^^  ^^^^^^ no `Fields` in `field`
[INFO] [stdout]   |             |
[INFO] [stdout]   |             no `Field` in `field`
[INFO] [stdout]   |
[INFO] [stdout]   = help: consider importing one of these items instead:
[INFO] [stdout]           syn::Expr::Field
[INFO] [stdout]           syn::Field
[INFO] [stdout]   = help: consider importing this enum instead:
[INFO] [stdout]           syn::Fields
[INFO] [stdout] 
[INFO] [stdout] 
[INFO] [stdout] error[E0432]: unresolved imports `field::Field`, `field::FieldParent`, `field::Fields`
[INFO] [stdout]  --> /opt/rustwide/cargo-home/registry/src/index.crates.io-6f17d22bba15001f/devise_core-0.2.0/src/derived.rs:5:13
[INFO] [stdout]   |
[INFO] [stdout] 5 | use field::{Field, FieldParent, Fields};
[INFO] [stdout]   |             ^^^^^  ^^^^^^^^^^^  ^^^^^^ no `Fields` in `field`
[INFO] [stdout]   |             |      |
[INFO] [stdout]   |             |      no `FieldParent` in `field`
[INFO] [stdout]   |             no `Field` in `field`
[INFO] [stdout]   |
[INFO] [stdout]   = help: consider importing one of these items instead:
[INFO] [stdout]           syn::Expr::Field
[INFO] [stdout]           syn::Field
[INFO] [stdout]   = help: consider importing this enum instead:
[INFO] [stdout]           syn::Fields
[INFO] [stdout] 
[INFO] [stdout] 
[INFO] [stdout] error: aborting due to 6 previous errors
[INFO] [stdout] 
[INFO] [stdout] 
[INFO] [stdout] Some errors have detailed explanations: E0432, E0557.
[INFO] [stdout] 
[INFO] [stdout] For more information about an error, try `rustc --explain E0432`.
[INFO] [stdout] 
[INFO] [stderr] error: could not compile `devise_core` (lib) due to 7 previous errors
[INFO] [stderr] warning: build failed, waiting for other jobs to finish...
[INFO] running `Command { std: "docker" "inspect" "fd46d553e8150e3b0f0b5be8888be5e1007d443cda09587c6f2c9255e2d281c2", kill_on_drop: false }`
[INFO] running `Command { std: "docker" "rm" "-f" "fd46d553e8150e3b0f0b5be8888be5e1007d443cda09587c6f2c9255e2d281c2", kill_on_drop: false }`
[INFO] [stdout] fd46d553e8150e3b0f0b5be8888be5e1007d443cda09587c6f2c9255e2d281c2
