[INFO] fetching crate lurk-rs 0.1.0...
[INFO] checking lurk-rs-0.1.0 against nightly-2024-02-05 for check-cfg
[INFO] extracting crate lurk-rs 0.1.0 into /workspace/builds/worker-3-tc1/source
[INFO] validating manifest of crates.io crate lurk-rs 0.1.0 on toolchain nightly-2024-02-05
[INFO] running `Command { std: CARGO_HOME="/workspace/cargo-home" RUSTUP_HOME="/workspace/rustup-home" "/workspace/cargo-home/bin/cargo" "+nightly-2024-02-05" "metadata" "--manifest-path" "Cargo.toml" "--no-deps", kill_on_drop: false }`
[INFO] started tweaking crates.io crate lurk-rs 0.1.0
[INFO] finished tweaking crates.io crate lurk-rs 0.1.0
[INFO] tweaked toml for crates.io crate lurk-rs 0.1.0 written to /workspace/builds/worker-3-tc1/source/Cargo.toml
[INFO] running `Command { std: CARGO_HOME="/workspace/cargo-home" RUSTUP_HOME="/workspace/rustup-home" "/workspace/cargo-home/bin/cargo" "+nightly-2024-02-05" "generate-lockfile" "--manifest-path" "Cargo.toml", kill_on_drop: false }`
[INFO] [stderr]     Updating crates.io index
[INFO] running `Command { std: CARGO_HOME="/workspace/cargo-home" RUSTUP_HOME="/workspace/rustup-home" "/workspace/cargo-home/bin/cargo" "+nightly-2024-02-05" "fetch" "--manifest-path" "Cargo.toml", kill_on_drop: false }`
[INFO] [stderr]  Downloading crates ...
[INFO] [stderr]   Downloaded fff v0.3.1
[INFO] [stderr]   Downloaded fil-ocl-core v0.11.4
[INFO] [stderr]   Downloaded blst v0.3.3
[INFO] [stderr]   Downloaded rust-gpu-tools v0.3.0
[INFO] [stderr]   Downloaded ff-cl-gen v0.3.0
[INFO] [stderr]   Downloaded groupy v0.4.1
[INFO] [stderr]   Downloaded fff_derive v0.3.0
[INFO] [stderr]   Downloaded blstrs v0.3.1
[INFO] [stderr]   Downloaded bellperson v0.14.2
[INFO] [stderr]   Downloaded fil-ocl v0.19.6
[INFO] [stderr]   Downloaded paired v0.22.0
[INFO] [stderr]   Downloaded neptune v3.0.0
[INFO] running `Command { std: "docker" "create" "-v" "/var/lib/crater-agent-workspace/builds/worker-3-tc1/target:/opt/rustwide/target:rw,Z" "-v" "/var/lib/crater-agent-workspace/builds/worker-3-tc1/source:/opt/rustwide/workdir:ro,Z" "-v" "/var/lib/crater-agent-workspace/cargo-home:/opt/rustwide/cargo-home:ro,Z" "-v" "/var/lib/crater-agent-workspace/rustup-home:/opt/rustwide/rustup-home:ro,Z" "-e" "SOURCE_DIR=/opt/rustwide/workdir" "-e" "CARGO_TARGET_DIR=/opt/rustwide/target" "-e" "CARGO_HOME=/opt/rustwide/cargo-home" "-e" "RUSTUP_HOME=/opt/rustwide/rustup-home" "-w" "/opt/rustwide/workdir" "-m" "1610612736" "--user" "0:0" "--network" "none" "ghcr.io/rust-lang/crates-build-env/linux@sha256:2788e3201cd34a07e3172128adcd8b3090168a8e3bcc40d7c032b9dda1df7d1c" "/opt/rustwide/cargo-home/bin/cargo" "+nightly-2024-02-05" "metadata" "--no-deps" "--format-version=1", kill_on_drop: false }`
[INFO] [stdout] 3ce12ea436bc06ed87d9b34ca20324c7cae984cd2bfe3b65135481e57db6d15a
[INFO] running `Command { std: "docker" "start" "-a" "3ce12ea436bc06ed87d9b34ca20324c7cae984cd2bfe3b65135481e57db6d15a", kill_on_drop: false }`
[INFO] running `Command { std: "docker" "inspect" "3ce12ea436bc06ed87d9b34ca20324c7cae984cd2bfe3b65135481e57db6d15a", kill_on_drop: false }`
[INFO] running `Command { std: "docker" "rm" "-f" "3ce12ea436bc06ed87d9b34ca20324c7cae984cd2bfe3b65135481e57db6d15a", kill_on_drop: false }`
[INFO] [stdout] 3ce12ea436bc06ed87d9b34ca20324c7cae984cd2bfe3b65135481e57db6d15a
[INFO] running `Command { std: "docker" "create" "-v" "/var/lib/crater-agent-workspace/builds/worker-3-tc1/target:/opt/rustwide/target:rw,Z" "-v" "/var/lib/crater-agent-workspace/builds/worker-3-tc1/source:/opt/rustwide/workdir:ro,Z" "-v" "/var/lib/crater-agent-workspace/cargo-home:/opt/rustwide/cargo-home:ro,Z" "-v" "/var/lib/crater-agent-workspace/rustup-home:/opt/rustwide/rustup-home:ro,Z" "-e" "SOURCE_DIR=/opt/rustwide/workdir" "-e" "CARGO_TARGET_DIR=/opt/rustwide/target" "-e" "CARGO_INCREMENTAL=0" "-e" "RUST_BACKTRACE=full" "-e" "RUSTFLAGS=--cap-lints=forbid" "-e" "RUSTDOCFLAGS=--cap-lints=forbid" "-e" "CARGO_HOME=/opt/rustwide/cargo-home" "-e" "RUSTUP_HOME=/opt/rustwide/rustup-home" "-w" "/opt/rustwide/workdir" "-m" "1610612736" "--user" "0:0" "--network" "none" "ghcr.io/rust-lang/crates-build-env/linux@sha256:2788e3201cd34a07e3172128adcd8b3090168a8e3bcc40d7c032b9dda1df7d1c" "/opt/rustwide/cargo-home/bin/cargo" "+nightly-2024-02-05" "check" "--frozen" "--all" "--all-targets" "--message-format=json", kill_on_drop: false }`
[INFO] [stdout] 00e83747fe3ea87a87d2d48b646dbc30495ba30a05682145959d303bd65881f9
[INFO] running `Command { std: "docker" "start" "-a" "00e83747fe3ea87a87d2d48b646dbc30495ba30a05682145959d303bd65881f9", kill_on_drop: false }`
[INFO] [stderr]    Compiling typenum v1.17.0
[INFO] [stderr]    Compiling syn v1.0.109
[INFO] [stderr]    Compiling ucd-trie v0.1.6
[INFO] [stderr]    Compiling memchr v2.7.1
[INFO] [stderr]    Compiling num-traits v0.2.17
[INFO] [stderr]    Compiling num-integer v0.1.45
[INFO] [stderr]    Compiling generic-array v0.14.7
[INFO] [stderr]    Compiling getrandom v0.1.16
[INFO] [stderr]    Compiling num-bigint v0.2.6
[INFO] [stderr]    Compiling cc v1.0.83
[INFO] [stderr]    Compiling unicode-xid v0.2.4
[INFO] [stderr]    Compiling failure_derive v0.1.8
[INFO] [stderr]     Checking miniz_oxide v0.7.2
[INFO] [stderr]    Compiling thiserror v1.0.56
[INFO] [stderr]    Compiling cl-sys v0.4.3
[INFO] [stderr]     Checking crossbeam-queue v0.3.11
[INFO] [stderr]     Checking crossbeam-channel v0.5.11
[INFO] [stderr]     Checking rand_core v0.5.1
[INFO] [stderr]     Checking either v1.9.0
[INFO] [stderr]     Checking rustc-serialize v0.3.25
[INFO] [stderr]     Checking byte-tools v0.3.1
[INFO] [stderr]     Checking arrayvec v0.5.2
[INFO] [stderr]     Checking block-padding v0.1.5
[INFO] [stderr]     Checking rand_chacha v0.2.2
[INFO] [stderr]     Checking constant_time_eq v0.1.5
[INFO] [stderr]     Checking futures v0.1.31
[INFO] [stderr]     Checking arrayref v0.3.7
[INFO] [stderr]     Checking rand_xorshift v0.2.0
[INFO] [stderr]     Checking dirs-sys v0.3.7
[INFO] [stderr]     Checking nodrop v0.1.14
[INFO] [stderr]     Checking opaque-debug v0.2.3
[INFO] [stderr]     Checking fake-simd v0.1.2
[INFO] [stderr]     Checking itertools v0.8.2
[INFO] [stderr]     Checking opaque-debug v0.3.0
[INFO] [stderr]     Checking cpufeatures v0.2.12
[INFO] [stderr]     Checking dirs v2.0.2
[INFO] [stderr]     Checking rayon v1.8.1
[INFO] [stderr]     Checking itertools v0.9.0
[INFO] [stderr]     Checking rand v0.7.3
[INFO] [stderr]     Checking num_cpus v1.16.0
[INFO] [stderr]     Checking blake2b_simd v0.5.11
[INFO] [stderr]     Checking crossbeam v0.8.4
[INFO] [stderr]     Checking object v0.32.2
[INFO] [stderr]     Checking blake2s_simd v0.5.11
[INFO] [stderr]    Compiling pest v2.7.7
[INFO] [stderr]     Checking fs2 v0.4.3
[INFO] [stderr]     Checking memmap v0.7.0
[INFO] [stderr]     Checking bit-vec v0.6.3
[INFO] [stderr]     Checking rustc-hash v1.1.0
[INFO] [stderr]    Compiling backtrace v0.3.69
[INFO] [stderr]    Compiling fff v0.3.1
[INFO] [stderr]     Checking num-traits v0.1.43
[INFO] [stderr]     Checking ocl-core-vector v0.1.1
[INFO] [stderr]     Checking enum_primitive v0.1.1
[INFO] [stderr]     Checking generic-array v0.12.4
[INFO] [stderr]     Checking qutex v0.2.4
[INFO] [stderr]     Checking block-buffer v0.7.3
[INFO] [stderr]     Checking digest v0.8.1
[INFO] [stderr]     Checking digest v0.9.0
[INFO] [stderr]     Checking crypto-mac v0.10.1
[INFO] [stderr]     Checking block-buffer v0.9.0
[INFO] [stderr]     Checking sha2 v0.8.2
[INFO] [stderr]     Checking hmac v0.10.1
[INFO] [stderr]     Checking sha2 v0.9.9
[INFO] [stderr]     Checking hkdf v0.10.0
[INFO] [stderr]     Checking num-complex v0.1.43
[INFO] [stderr]    Compiling semver-parser v0.10.2
[INFO] [stderr]    Compiling semver v0.11.0
[INFO] [stderr]    Compiling synstructure v0.12.6
[INFO] [stderr]    Compiling rustc_version v0.3.3
[INFO] [stderr]    Compiling fil-ocl-core v0.11.4
[INFO] [stderr]    Compiling fff_derive v0.3.0
[INFO] [stderr]     Checking failure v0.1.8
[INFO] [stdout] error[E0614]: type `extern "system" fn(*const isize, u32, usize, *mut c_void, *mut usize) -> i32` cannot be dereferenced
[INFO] [stdout]     --> /opt/rustwide/cargo-home/registry/src/index.crates.io-6f17d22bba15001f/fil-ocl-core-0.11.4/src/functions.rs:1014:28
[INFO] [stdout]      |
[INFO] [stdout] 1014 |     let errcode = unsafe { (*cl_get_gl_context_info_khr_fn)(
[INFO] [stdout]      |                            ^^^^^^^^^^^^^^^^^^^^^^^^^^^^^^^^
[INFO] [stdout] 
[INFO] [stdout] 
[INFO] [stdout] error[E0614]: type `extern "system" fn(*const isize, u32, usize, *mut c_void, *mut usize) -> i32` cannot be dereferenced
[INFO] [stdout]     --> /opt/rustwide/cargo-home/registry/src/index.crates.io-6f17d22bba15001f/fil-ocl-core-0.11.4/src/functions.rs:1039:28
[INFO] [stdout]      |
[INFO] [stdout] 1039 |     let errcode = unsafe { (*cl_get_gl_context_info_khr_fn)(
[INFO] [stdout]      |                            ^^^^^^^^^^^^^^^^^^^^^^^^^^^^^^^^
[INFO] [stdout] 
[INFO] [stdout] 
[INFO] [stdout] error[E0605]: non-primitive cast: `*mut c_void` as `extern "system" fn(*const isize, u32, usize, *mut c_void, *mut usize) -> i32`
[INFO] [stdout]     --> /opt/rustwide/cargo-home/registry/src/index.crates.io-6f17d22bba15001f/fil-ocl-core-0.11.4/src/functions.rs:1008:9
[INFO] [stdout]      |
[INFO] [stdout] 1008 |         fn_ptr as ffi::clGetGLContextInfoKHR_fn
[INFO] [stdout]      |         ^^^^^^^^^^^^^^^^^^^^^^^^^^^^^^^^^^^^^^^ invalid cast
[INFO] [stdout] 
[INFO] [stdout] 
[INFO] [stdout] error: aborting due to 3 previous errors
[INFO] [stdout] 
[INFO] [stdout] 
[INFO] [stdout] Some errors have detailed explanations: E0605, E0614.
[INFO] [stdout] 
[INFO] [stdout] For more information about an error, try `rustc --explain E0605`.
[INFO] [stdout] 
[INFO] [stderr]     Checking groupy v0.4.1
[INFO] [stderr]     Checking ff-cl-gen v0.3.0
[INFO] [stderr] error: could not compile `fil-ocl-core` (lib) due to 4 previous errors
[INFO] [stderr] warning: build failed, waiting for other jobs to finish...
[INFO] running `Command { std: "docker" "inspect" "00e83747fe3ea87a87d2d48b646dbc30495ba30a05682145959d303bd65881f9", kill_on_drop: false }`
[INFO] running `Command { std: "docker" "rm" "-f" "00e83747fe3ea87a87d2d48b646dbc30495ba30a05682145959d303bd65881f9", kill_on_drop: false }`
[INFO] [stdout] 00e83747fe3ea87a87d2d48b646dbc30495ba30a05682145959d303bd65881f9
[INFO] checking lurk-rs-0.1.0 against nightly-2024-02-05+rustflags=-Dunexpected_cfgs+cargoflags=-Zcheck-cfg for check-cfg
[INFO] extracting crate lurk-rs 0.1.0 into /workspace/builds/worker-3-tc2/source
[INFO] validating manifest of crates.io crate lurk-rs 0.1.0 on toolchain nightly-2024-02-05
[INFO] running `Command { std: CARGO_HOME="/workspace/cargo-home" RUSTUP_HOME="/workspace/rustup-home" "/workspace/cargo-home/bin/cargo" "+nightly-2024-02-05" "metadata" "--manifest-path" "Cargo.toml" "--no-deps", kill_on_drop: false }`
[INFO] started tweaking crates.io crate lurk-rs 0.1.0
[INFO] finished tweaking crates.io crate lurk-rs 0.1.0
[INFO] tweaked toml for crates.io crate lurk-rs 0.1.0 written to /workspace/builds/worker-3-tc2/source/Cargo.toml
[INFO] running `Command { std: CARGO_HOME="/workspace/cargo-home" RUSTUP_HOME="/workspace/rustup-home" "/workspace/cargo-home/bin/cargo" "+nightly-2024-02-05" "generate-lockfile" "--manifest-path" "Cargo.toml", kill_on_drop: false }`
[INFO] [stderr]     Updating crates.io index
[INFO] running `Command { std: CARGO_HOME="/workspace/cargo-home" RUSTUP_HOME="/workspace/rustup-home" "/workspace/cargo-home/bin/cargo" "+nightly-2024-02-05" "fetch" "--manifest-path" "Cargo.toml", kill_on_drop: false }`
[INFO] running `Command { std: "docker" "create" "-v" "/var/lib/crater-agent-workspace/builds/worker-3-tc2/target:/opt/rustwide/target:rw,Z" "-v" "/var/lib/crater-agent-workspace/builds/worker-3-tc2/source:/opt/rustwide/workdir:ro,Z" "-v" "/var/lib/crater-agent-workspace/cargo-home:/opt/rustwide/cargo-home:ro,Z" "-v" "/var/lib/crater-agent-workspace/rustup-home:/opt/rustwide/rustup-home:ro,Z" "-e" "SOURCE_DIR=/opt/rustwide/workdir" "-e" "CARGO_TARGET_DIR=/opt/rustwide/target" "-e" "CARGO_HOME=/opt/rustwide/cargo-home" "-e" "RUSTUP_HOME=/opt/rustwide/rustup-home" "-w" "/opt/rustwide/workdir" "-m" "1610612736" "--user" "0:0" "--network" "none" "ghcr.io/rust-lang/crates-build-env/linux@sha256:2788e3201cd34a07e3172128adcd8b3090168a8e3bcc40d7c032b9dda1df7d1c" "/opt/rustwide/cargo-home/bin/cargo" "+nightly-2024-02-05" "metadata" "--no-deps" "--format-version=1", kill_on_drop: false }`
[INFO] [stdout] d5a33c7797c4608dc01b57de3e32a5025de9bf73d7e4816251bd3cecd501876e
[INFO] running `Command { std: "docker" "start" "-a" "d5a33c7797c4608dc01b57de3e32a5025de9bf73d7e4816251bd3cecd501876e", kill_on_drop: false }`
[INFO] running `Command { std: "docker" "inspect" "d5a33c7797c4608dc01b57de3e32a5025de9bf73d7e4816251bd3cecd501876e", kill_on_drop: false }`
[INFO] running `Command { std: "docker" "rm" "-f" "d5a33c7797c4608dc01b57de3e32a5025de9bf73d7e4816251bd3cecd501876e", kill_on_drop: false }`
[INFO] [stdout] d5a33c7797c4608dc01b57de3e32a5025de9bf73d7e4816251bd3cecd501876e
[INFO] running `Command { std: "docker" "create" "-v" "/var/lib/crater-agent-workspace/builds/worker-3-tc2/target:/opt/rustwide/target:rw,Z" "-v" "/var/lib/crater-agent-workspace/builds/worker-3-tc2/source:/opt/rustwide/workdir:ro,Z" "-v" "/var/lib/crater-agent-workspace/cargo-home:/opt/rustwide/cargo-home:ro,Z" "-v" "/var/lib/crater-agent-workspace/rustup-home:/opt/rustwide/rustup-home:ro,Z" "-e" "SOURCE_DIR=/opt/rustwide/workdir" "-e" "CARGO_TARGET_DIR=/opt/rustwide/target" "-e" "CARGO_INCREMENTAL=0" "-e" "RUST_BACKTRACE=full" "-e" "RUSTFLAGS=--cap-lints=forbid -Dunexpected_cfgs" "-e" "RUSTDOCFLAGS=--cap-lints=forbid" "-e" "CARGO_HOME=/opt/rustwide/cargo-home" "-e" "RUSTUP_HOME=/opt/rustwide/rustup-home" "-w" "/opt/rustwide/workdir" "-m" "1610612736" "--user" "0:0" "--network" "none" "ghcr.io/rust-lang/crates-build-env/linux@sha256:2788e3201cd34a07e3172128adcd8b3090168a8e3bcc40d7c032b9dda1df7d1c" "/opt/rustwide/cargo-home/bin/cargo" "+nightly-2024-02-05" "check" "--frozen" "--all" "--all-targets" "--message-format=json" "-Zcheck-cfg", kill_on_drop: false }`
[INFO] [stdout] ffb348975e9c7e26917b246c9aafc2fdef0df551ad8bab5196067fb432d78b50
[INFO] running `Command { std: "docker" "start" "-a" "ffb348975e9c7e26917b246c9aafc2fdef0df551ad8bab5196067fb432d78b50", kill_on_drop: false }`
[INFO] [stderr]    Compiling typenum v1.17.0
[INFO] [stderr]    Compiling syn v1.0.109
[INFO] [stderr]    Compiling memchr v2.7.1
[INFO] [stderr]    Compiling ucd-trie v0.1.6
[INFO] [stderr]    Compiling num-traits v0.2.17
[INFO] [stderr]    Compiling num-integer v0.1.45
[INFO] [stderr]    Compiling getrandom v0.1.16
[INFO] [stderr]    Compiling generic-array v0.14.7
[INFO] [stderr]    Compiling num-bigint v0.2.6
[INFO] [stderr]    Compiling unicode-xid v0.2.4
[INFO] [stderr]    Compiling failure_derive v0.1.8
[INFO] [stderr]    Compiling cc v1.0.83
[INFO] [stderr]    Compiling thiserror v1.0.56
[INFO] [stderr]     Checking miniz_oxide v0.7.2
[INFO] [stderr]    Compiling cl-sys v0.4.3
[INFO] [stderr]     Checking crossbeam-channel v0.5.11
[INFO] [stderr]     Checking crossbeam-queue v0.3.11
[INFO] [stderr]     Checking rand_core v0.5.1
[INFO] [stderr]     Checking either v1.9.0
[INFO] [stderr]     Checking rustc-serialize v0.3.25
[INFO] [stderr]     Checking byte-tools v0.3.1
[INFO] [stderr]     Checking rand_chacha v0.2.2
[INFO] [stderr]     Checking arrayref v0.3.7
[INFO] [stderr]     Checking block-padding v0.1.5
[INFO] [stderr]     Checking arrayvec v0.5.2
[INFO] [stderr]     Checking futures v0.1.31
[INFO] [stderr]     Checking constant_time_eq v0.1.5
[INFO] [stderr]     Checking rand_xorshift v0.2.0
[INFO] [stderr]     Checking dirs-sys v0.3.7
[INFO] [stderr]     Checking opaque-debug v0.2.3
[INFO] [stderr]     Checking fake-simd v0.1.2
[INFO] [stderr]     Checking nodrop v0.1.14
[INFO] [stderr]     Checking itertools v0.8.2
[INFO] [stderr]     Checking rand v0.7.3
[INFO] [stderr]     Checking opaque-debug v0.3.0
[INFO] [stderr]     Checking cpufeatures v0.2.12
[INFO] [stderr]     Checking dirs v2.0.2
[INFO] [stderr]     Checking rayon v1.8.1
[INFO] [stderr]     Checking itertools v0.9.0
[INFO] [stderr]     Checking num_cpus v1.16.0
[INFO] [stderr]     Checking fs2 v0.4.3
[INFO] [stderr]     Checking crossbeam v0.8.4
[INFO] [stderr]     Checking object v0.32.2
[INFO] [stderr]     Checking blake2b_simd v0.5.11
[INFO] [stderr]    Compiling pest v2.7.7
[INFO] [stderr]     Checking blake2s_simd v0.5.11
[INFO] [stderr]     Checking memmap v0.7.0
[INFO] [stderr]     Checking bit-vec v0.6.3
[INFO] [stderr]     Checking rustc-hash v1.1.0
[INFO] [stderr]    Compiling backtrace v0.3.69
[INFO] [stderr]    Compiling fff v0.3.1
[INFO] [stderr]     Checking qutex v0.2.4
[INFO] [stderr]     Checking generic-array v0.12.4
[INFO] [stderr]     Checking num-traits v0.1.43
[INFO] [stderr]     Checking ocl-core-vector v0.1.1
[INFO] [stderr]     Checking enum_primitive v0.1.1
[INFO] [stderr]     Checking block-buffer v0.7.3
[INFO] [stderr]     Checking digest v0.8.1
[INFO] [stderr]     Checking num-complex v0.1.43
[INFO] [stderr]     Checking sha2 v0.8.2
[INFO] [stderr]     Checking digest v0.9.0
[INFO] [stderr]     Checking crypto-mac v0.10.1
[INFO] [stderr]     Checking block-buffer v0.9.0
[INFO] [stderr]    Compiling semver-parser v0.10.2
[INFO] [stderr]     Checking hmac v0.10.1
[INFO] [stderr]     Checking sha2 v0.9.9
[INFO] [stderr]     Checking hkdf v0.10.0
[INFO] [stderr]    Compiling semver v0.11.0
[INFO] [stderr]    Compiling rustc_version v0.3.3
[INFO] [stderr]    Compiling synstructure v0.12.6
[INFO] [stderr]    Compiling fil-ocl-core v0.11.4
[INFO] [stderr]    Compiling fff_derive v0.3.0
[INFO] [stderr]     Checking failure v0.1.8
[INFO] [stdout] error[E0614]: type `extern "system" fn(*const isize, u32, usize, *mut c_void, *mut usize) -> i32` cannot be dereferenced
[INFO] [stdout]     --> /opt/rustwide/cargo-home/registry/src/index.crates.io-6f17d22bba15001f/fil-ocl-core-0.11.4/src/functions.rs:1014:28
[INFO] [stdout]      |
[INFO] [stdout] 1014 |     let errcode = unsafe { (*cl_get_gl_context_info_khr_fn)(
[INFO] [stdout]      |                            ^^^^^^^^^^^^^^^^^^^^^^^^^^^^^^^^
[INFO] [stdout] 
[INFO] [stdout] 
[INFO] [stdout] error[E0614]: type `extern "system" fn(*const isize, u32, usize, *mut c_void, *mut usize) -> i32` cannot be dereferenced
[INFO] [stdout]     --> /opt/rustwide/cargo-home/registry/src/index.crates.io-6f17d22bba15001f/fil-ocl-core-0.11.4/src/functions.rs:1039:28
[INFO] [stdout]      |
[INFO] [stdout] 1039 |     let errcode = unsafe { (*cl_get_gl_context_info_khr_fn)(
[INFO] [stdout]      |                            ^^^^^^^^^^^^^^^^^^^^^^^^^^^^^^^^
[INFO] [stdout] 
[INFO] [stdout] 
[INFO] [stdout] error[E0605]: non-primitive cast: `*mut c_void` as `extern "system" fn(*const isize, u32, usize, *mut c_void, *mut usize) -> i32`
[INFO] [stdout]     --> /opt/rustwide/cargo-home/registry/src/index.crates.io-6f17d22bba15001f/fil-ocl-core-0.11.4/src/functions.rs:1008:9
[INFO] [stdout]      |
[INFO] [stdout] 1008 |         fn_ptr as ffi::clGetGLContextInfoKHR_fn
[INFO] [stdout]      |         ^^^^^^^^^^^^^^^^^^^^^^^^^^^^^^^^^^^^^^^ invalid cast
[INFO] [stdout] 
[INFO] [stdout] 
[INFO] [stderr]     Checking groupy v0.4.1
[INFO] [stderr]     Checking ff-cl-gen v0.3.0
[INFO] [stderr]     Checking paired v0.22.0
[INFO] [stdout] error: aborting due to 3 previous errors
[INFO] [stdout] 
[INFO] [stdout] 
[INFO] [stdout] Some errors have detailed explanations: E0605, E0614.
[INFO] [stdout] 
[INFO] [stdout] For more information about an error, try `rustc --explain E0605`.
[INFO] [stdout] 
[INFO] [stderr] error: could not compile `fil-ocl-core` (lib) due to 4 previous errors
[INFO] [stderr] warning: build failed, waiting for other jobs to finish...
[INFO] running `Command { std: "docker" "inspect" "ffb348975e9c7e26917b246c9aafc2fdef0df551ad8bab5196067fb432d78b50", kill_on_drop: false }`
[INFO] running `Command { std: "docker" "rm" "-f" "ffb348975e9c7e26917b246c9aafc2fdef0df551ad8bab5196067fb432d78b50", kill_on_drop: false }`
[INFO] [stdout] ffb348975e9c7e26917b246c9aafc2fdef0df551ad8bab5196067fb432d78b50
