[INFO] fetching crate lunk 0.1.2...
[INFO] checking lunk-0.1.2 against nightly-2024-02-05 for check-cfg
[INFO] extracting crate lunk 0.1.2 into /workspace/builds/worker-1-tc1/source
[INFO] validating manifest of crates.io crate lunk 0.1.2 on toolchain nightly-2024-02-05
[INFO] running `Command { std: CARGO_HOME="/workspace/cargo-home" RUSTUP_HOME="/workspace/rustup-home" "/workspace/cargo-home/bin/cargo" "+nightly-2024-02-05" "metadata" "--manifest-path" "Cargo.toml" "--no-deps", kill_on_drop: false }`
[INFO] started tweaking crates.io crate lunk 0.1.2
[INFO] finished tweaking crates.io crate lunk 0.1.2
[INFO] tweaked toml for crates.io crate lunk 0.1.2 written to /workspace/builds/worker-1-tc1/source/Cargo.toml
[INFO] running `Command { std: CARGO_HOME="/workspace/cargo-home" RUSTUP_HOME="/workspace/rustup-home" "/workspace/cargo-home/bin/cargo" "+nightly-2024-02-05" "generate-lockfile" "--manifest-path" "Cargo.toml", kill_on_drop: false }`
[INFO] [stderr]     Updating crates.io index
[INFO] running `Command { std: CARGO_HOME="/workspace/cargo-home" RUSTUP_HOME="/workspace/rustup-home" "/workspace/cargo-home/bin/cargo" "+nightly-2024-02-05" "fetch" "--manifest-path" "Cargo.toml", kill_on_drop: false }`
[INFO] running `Command { std: "docker" "create" "-v" "/var/lib/crater-agent-workspace/builds/worker-1-tc1/target:/opt/rustwide/target:rw,Z" "-v" "/var/lib/crater-agent-workspace/builds/worker-1-tc1/source:/opt/rustwide/workdir:ro,Z" "-v" "/var/lib/crater-agent-workspace/cargo-home:/opt/rustwide/cargo-home:ro,Z" "-v" "/var/lib/crater-agent-workspace/rustup-home:/opt/rustwide/rustup-home:ro,Z" "-e" "SOURCE_DIR=/opt/rustwide/workdir" "-e" "CARGO_TARGET_DIR=/opt/rustwide/target" "-e" "CARGO_HOME=/opt/rustwide/cargo-home" "-e" "RUSTUP_HOME=/opt/rustwide/rustup-home" "-w" "/opt/rustwide/workdir" "-m" "1610612736" "--user" "0:0" "--network" "none" "ghcr.io/rust-lang/crates-build-env/linux@sha256:2788e3201cd34a07e3172128adcd8b3090168a8e3bcc40d7c032b9dda1df7d1c" "/opt/rustwide/cargo-home/bin/cargo" "+nightly-2024-02-05" "metadata" "--no-deps" "--format-version=1", kill_on_drop: false }`
[INFO] [stdout] cad4a37ede1767c6c48476a4b797709ba6c02f0dc4450cf57dd8f732406ff8bf
[INFO] running `Command { std: "docker" "start" "-a" "cad4a37ede1767c6c48476a4b797709ba6c02f0dc4450cf57dd8f732406ff8bf", kill_on_drop: false }`
[INFO] running `Command { std: "docker" "inspect" "cad4a37ede1767c6c48476a4b797709ba6c02f0dc4450cf57dd8f732406ff8bf", kill_on_drop: false }`
[INFO] running `Command { std: "docker" "rm" "-f" "cad4a37ede1767c6c48476a4b797709ba6c02f0dc4450cf57dd8f732406ff8bf", kill_on_drop: false }`
[INFO] [stdout] cad4a37ede1767c6c48476a4b797709ba6c02f0dc4450cf57dd8f732406ff8bf
[INFO] running `Command { std: "docker" "create" "-v" "/var/lib/crater-agent-workspace/builds/worker-1-tc1/target:/opt/rustwide/target:rw,Z" "-v" "/var/lib/crater-agent-workspace/builds/worker-1-tc1/source:/opt/rustwide/workdir:ro,Z" "-v" "/var/lib/crater-agent-workspace/cargo-home:/opt/rustwide/cargo-home:ro,Z" "-v" "/var/lib/crater-agent-workspace/rustup-home:/opt/rustwide/rustup-home:ro,Z" "-e" "SOURCE_DIR=/opt/rustwide/workdir" "-e" "CARGO_TARGET_DIR=/opt/rustwide/target" "-e" "CARGO_INCREMENTAL=0" "-e" "RUST_BACKTRACE=full" "-e" "RUSTFLAGS=--cap-lints=forbid" "-e" "RUSTDOCFLAGS=--cap-lints=forbid" "-e" "CARGO_HOME=/opt/rustwide/cargo-home" "-e" "RUSTUP_HOME=/opt/rustwide/rustup-home" "-w" "/opt/rustwide/workdir" "-m" "1610612736" "--user" "0:0" "--network" "none" "ghcr.io/rust-lang/crates-build-env/linux@sha256:2788e3201cd34a07e3172128adcd8b3090168a8e3bcc40d7c032b9dda1df7d1c" "/opt/rustwide/cargo-home/bin/cargo" "+nightly-2024-02-05" "check" "--frozen" "--all" "--all-targets" "--message-format=json", kill_on_drop: false }`
[INFO] [stdout] dc3e45e5ded7cf565a4207411c0ad579591891957ab8086e0aba331e061146f2
[INFO] running `Command { std: "docker" "start" "-a" "dc3e45e5ded7cf565a4207411c0ad579591891957ab8086e0aba331e061146f2", kill_on_drop: false }`
[INFO] [stderr]    Compiling paste v1.0.14
[INFO] [stderr]     Checking lunk v0.1.2 (/opt/rustwide/workdir)
[INFO] [stdout] error[E0425]: cannot find function `new_prim` in this scope
[INFO] [stdout]    --> src/lib.rs:138:17
[INFO] [stdout]     |
[INFO] [stdout] 138 |         let a = new_prim(pc, 0);
[INFO] [stdout]     |                 ^^^^^^^^ not found in this scope
[INFO] [stdout] 
[INFO] [stdout] 
[INFO] [stdout] error[E0425]: cannot find function `new_prim` in this scope
[INFO] [stdout]    --> src/lib.rs:139:17
[INFO] [stdout]     |
[INFO] [stdout] 139 |         let b = new_prim(pc, 0);
[INFO] [stdout]     |                 ^^^^^^^^ not found in this scope
[INFO] [stdout] 
[INFO] [stdout] 
[INFO] [stdout] error: aborting due to 2 previous errors
[INFO] [stdout] 
[INFO] [stdout] 
[INFO] [stdout] For more information about this error, try `rustc --explain E0425`.
[INFO] [stdout] 
[INFO] [stderr] error: could not compile `lunk` (lib test) due to 3 previous errors
[INFO] [stderr] warning: build failed, waiting for other jobs to finish...
[INFO] [stdout] error[E0425]: cannot find function `new_prim` in crate `lunk`
[INFO] [stdout]  --> tests/tests.rs:9:23
[INFO] [stdout]   |
[INFO] [stdout] 9 |         let a = lunk::new_prim(ctx, 0i32);
[INFO] [stdout]   |                       ^^^^^^^^ not found in `lunk`
[INFO] [stdout] 
[INFO] [stdout] 
[INFO] [stdout] error[E0425]: cannot find function `new_prim` in crate `lunk`
[INFO] [stdout]   --> tests/tests.rs:10:23
[INFO] [stdout]    |
[INFO] [stdout] 10 |         let b = lunk::new_prim(ctx, 0i32);
[INFO] [stdout]    |                       ^^^^^^^^ not found in `lunk`
[INFO] [stdout] 
[INFO] [stdout] 
[INFO] [stdout] error[E0425]: cannot find function `new_prim` in crate `lunk`
[INFO] [stdout]   --> tests/tests.rs:29:23
[INFO] [stdout]    |
[INFO] [stdout] 29 |         let a = lunk::new_prim(ctx, 0i32);
[INFO] [stdout]    |                       ^^^^^^^^ not found in `lunk`
[INFO] [stdout] 
[INFO] [stdout] 
[INFO] [stdout] error[E0425]: cannot find function `new_prim` in crate `lunk`
[INFO] [stdout]   --> tests/tests.rs:30:23
[INFO] [stdout]    |
[INFO] [stdout] 30 |         let b = lunk::new_prim(ctx, 0i32);
[INFO] [stdout]    |                       ^^^^^^^^ not found in `lunk`
[INFO] [stdout] 
[INFO] [stdout] 
[INFO] [stdout] error[E0425]: cannot find function `new_vec` in crate `lunk`
[INFO] [stdout]   --> tests/tests.rs:53:23
[INFO] [stdout]    |
[INFO] [stdout] 53 |         let a = lunk::new_vec(ctx, vec![]);
[INFO] [stdout]    |                       ^^^^^^^ not found in `lunk`
[INFO] [stdout] 
[INFO] [stdout] 
[INFO] [stdout] error[E0425]: cannot find function `new_vec` in crate `lunk`
[INFO] [stdout]   --> tests/tests.rs:54:23
[INFO] [stdout]    |
[INFO] [stdout] 54 |         let b = lunk::new_vec(ctx, vec![]);
[INFO] [stdout]    |                       ^^^^^^^ not found in `lunk`
[INFO] [stdout] 
[INFO] [stdout] 
[INFO] [stdout] error[E0425]: cannot find function `new_vec` in crate `lunk`
[INFO] [stdout]   --> tests/tests.rs:75:23
[INFO] [stdout]    |
[INFO] [stdout] 75 |         let a = lunk::new_vec(ctx, vec![]);
[INFO] [stdout]    |                       ^^^^^^^ not found in `lunk`
[INFO] [stdout] 
[INFO] [stdout] 
[INFO] [stdout] error[E0425]: cannot find function `new_vec` in crate `lunk`
[INFO] [stdout]   --> tests/tests.rs:76:23
[INFO] [stdout]    |
[INFO] [stdout] 76 |         let b = lunk::new_vec(ctx, vec![]);
[INFO] [stdout]    |                       ^^^^^^^ not found in `lunk`
[INFO] [stdout] 
[INFO] [stdout] 
[INFO] [stdout] error: aborting due to 8 previous errors
[INFO] [stdout] 
[INFO] [stdout] 
[INFO] [stdout] For more information about this error, try `rustc --explain E0425`.
[INFO] [stdout] 
[INFO] [stderr] error: could not compile `lunk` (test "tests") due to 9 previous errors
[INFO] running `Command { std: "docker" "inspect" "dc3e45e5ded7cf565a4207411c0ad579591891957ab8086e0aba331e061146f2", kill_on_drop: false }`
[INFO] running `Command { std: "docker" "rm" "-f" "dc3e45e5ded7cf565a4207411c0ad579591891957ab8086e0aba331e061146f2", kill_on_drop: false }`
[INFO] [stdout] dc3e45e5ded7cf565a4207411c0ad579591891957ab8086e0aba331e061146f2
[INFO] checking lunk-0.1.2 against nightly-2024-02-05+rustflags=-Dunexpected_cfgs+cargoflags=-Zcheck-cfg for check-cfg
[INFO] extracting crate lunk 0.1.2 into /workspace/builds/worker-1-tc2/source
[INFO] validating manifest of crates.io crate lunk 0.1.2 on toolchain nightly-2024-02-05
[INFO] running `Command { std: CARGO_HOME="/workspace/cargo-home" RUSTUP_HOME="/workspace/rustup-home" "/workspace/cargo-home/bin/cargo" "+nightly-2024-02-05" "metadata" "--manifest-path" "Cargo.toml" "--no-deps", kill_on_drop: false }`
[INFO] started tweaking crates.io crate lunk 0.1.2
[INFO] finished tweaking crates.io crate lunk 0.1.2
[INFO] tweaked toml for crates.io crate lunk 0.1.2 written to /workspace/builds/worker-1-tc2/source/Cargo.toml
[INFO] running `Command { std: CARGO_HOME="/workspace/cargo-home" RUSTUP_HOME="/workspace/rustup-home" "/workspace/cargo-home/bin/cargo" "+nightly-2024-02-05" "generate-lockfile" "--manifest-path" "Cargo.toml", kill_on_drop: false }`
[INFO] [stderr]     Updating crates.io index
[INFO] running `Command { std: CARGO_HOME="/workspace/cargo-home" RUSTUP_HOME="/workspace/rustup-home" "/workspace/cargo-home/bin/cargo" "+nightly-2024-02-05" "fetch" "--manifest-path" "Cargo.toml", kill_on_drop: false }`
[INFO] running `Command { std: "docker" "create" "-v" "/var/lib/crater-agent-workspace/builds/worker-1-tc2/target:/opt/rustwide/target:rw,Z" "-v" "/var/lib/crater-agent-workspace/builds/worker-1-tc2/source:/opt/rustwide/workdir:ro,Z" "-v" "/var/lib/crater-agent-workspace/cargo-home:/opt/rustwide/cargo-home:ro,Z" "-v" "/var/lib/crater-agent-workspace/rustup-home:/opt/rustwide/rustup-home:ro,Z" "-e" "SOURCE_DIR=/opt/rustwide/workdir" "-e" "CARGO_TARGET_DIR=/opt/rustwide/target" "-e" "CARGO_HOME=/opt/rustwide/cargo-home" "-e" "RUSTUP_HOME=/opt/rustwide/rustup-home" "-w" "/opt/rustwide/workdir" "-m" "1610612736" "--user" "0:0" "--network" "none" "ghcr.io/rust-lang/crates-build-env/linux@sha256:2788e3201cd34a07e3172128adcd8b3090168a8e3bcc40d7c032b9dda1df7d1c" "/opt/rustwide/cargo-home/bin/cargo" "+nightly-2024-02-05" "metadata" "--no-deps" "--format-version=1", kill_on_drop: false }`
[INFO] [stdout] 254c377e851cb5fadd43cd9ab04de5104d9a43d6501a83807b7d88ee13c30f40
[INFO] running `Command { std: "docker" "start" "-a" "254c377e851cb5fadd43cd9ab04de5104d9a43d6501a83807b7d88ee13c30f40", kill_on_drop: false }`
[INFO] running `Command { std: "docker" "inspect" "254c377e851cb5fadd43cd9ab04de5104d9a43d6501a83807b7d88ee13c30f40", kill_on_drop: false }`
[INFO] running `Command { std: "docker" "rm" "-f" "254c377e851cb5fadd43cd9ab04de5104d9a43d6501a83807b7d88ee13c30f40", kill_on_drop: false }`
[INFO] [stdout] 254c377e851cb5fadd43cd9ab04de5104d9a43d6501a83807b7d88ee13c30f40
[INFO] running `Command { std: "docker" "create" "-v" "/var/lib/crater-agent-workspace/builds/worker-1-tc2/target:/opt/rustwide/target:rw,Z" "-v" "/var/lib/crater-agent-workspace/builds/worker-1-tc2/source:/opt/rustwide/workdir:ro,Z" "-v" "/var/lib/crater-agent-workspace/cargo-home:/opt/rustwide/cargo-home:ro,Z" "-v" "/var/lib/crater-agent-workspace/rustup-home:/opt/rustwide/rustup-home:ro,Z" "-e" "SOURCE_DIR=/opt/rustwide/workdir" "-e" "CARGO_TARGET_DIR=/opt/rustwide/target" "-e" "CARGO_INCREMENTAL=0" "-e" "RUST_BACKTRACE=full" "-e" "RUSTFLAGS=--cap-lints=forbid -Dunexpected_cfgs" "-e" "RUSTDOCFLAGS=--cap-lints=forbid" "-e" "CARGO_HOME=/opt/rustwide/cargo-home" "-e" "RUSTUP_HOME=/opt/rustwide/rustup-home" "-w" "/opt/rustwide/workdir" "-m" "1610612736" "--user" "0:0" "--network" "none" "ghcr.io/rust-lang/crates-build-env/linux@sha256:2788e3201cd34a07e3172128adcd8b3090168a8e3bcc40d7c032b9dda1df7d1c" "/opt/rustwide/cargo-home/bin/cargo" "+nightly-2024-02-05" "check" "--frozen" "--all" "--all-targets" "--message-format=json" "-Zcheck-cfg", kill_on_drop: false }`
[INFO] [stdout] 54bf2f496d8952e7fb8347cec439706a09b79fc92dd14a98258f460e2c88c5a8
[INFO] running `Command { std: "docker" "start" "-a" "54bf2f496d8952e7fb8347cec439706a09b79fc92dd14a98258f460e2c88c5a8", kill_on_drop: false }`
[INFO] [stderr]    Compiling paste v1.0.14
[INFO] [stderr]     Checking lunk v0.1.2 (/opt/rustwide/workdir)
[INFO] [stdout] error[E0425]: cannot find function `new_prim` in this scope
[INFO] [stdout]    --> src/lib.rs:138:17
[INFO] [stdout]     |
[INFO] [stdout] 138 |         let a = new_prim(pc, 0);
[INFO] [stdout]     |                 ^^^^^^^^ not found in this scope
[INFO] [stdout] 
[INFO] [stdout] 
[INFO] [stdout] error[E0425]: cannot find function `new_prim` in this scope
[INFO] [stdout]    --> src/lib.rs:139:17
[INFO] [stdout]     |
[INFO] [stdout] 139 |         let b = new_prim(pc, 0);
[INFO] [stdout]     |                 ^^^^^^^^ not found in this scope
[INFO] [stdout] 
[INFO] [stdout] 
[INFO] [stdout] error: aborting due to 2 previous errors
[INFO] [stdout] 
[INFO] [stdout] 
[INFO] [stdout] For more information about this error, try `rustc --explain E0425`.
[INFO] [stdout] 
[INFO] [stderr] error: could not compile `lunk` (lib test) due to 3 previous errors
[INFO] [stderr] warning: build failed, waiting for other jobs to finish...
[INFO] running `Command { std: "docker" "inspect" "54bf2f496d8952e7fb8347cec439706a09b79fc92dd14a98258f460e2c88c5a8", kill_on_drop: false }`
[INFO] running `Command { std: "docker" "rm" "-f" "54bf2f496d8952e7fb8347cec439706a09b79fc92dd14a98258f460e2c88c5a8", kill_on_drop: false }`
[INFO] [stdout] 54bf2f496d8952e7fb8347cec439706a09b79fc92dd14a98258f460e2c88c5a8
