[INFO] fetching crate lpl-token-metadata 1.8.5...
[INFO] checking lpl-token-metadata-1.8.5 against nightly-2024-02-05 for check-cfg
[INFO] extracting crate lpl-token-metadata 1.8.5 into /workspace/builds/worker-6-tc1/source
[INFO] validating manifest of crates.io crate lpl-token-metadata 1.8.5 on toolchain nightly-2024-02-05
[INFO] running `Command { std: CARGO_HOME="/workspace/cargo-home" RUSTUP_HOME="/workspace/rustup-home" "/workspace/cargo-home/bin/cargo" "+nightly-2024-02-05" "metadata" "--manifest-path" "Cargo.toml" "--no-deps", kill_on_drop: false }`
[INFO] started tweaking crates.io crate lpl-token-metadata 1.8.5
[INFO] finished tweaking crates.io crate lpl-token-metadata 1.8.5
[INFO] tweaked toml for crates.io crate lpl-token-metadata 1.8.5 written to /workspace/builds/worker-6-tc1/source/Cargo.toml
[INFO] running `Command { std: CARGO_HOME="/workspace/cargo-home" RUSTUP_HOME="/workspace/rustup-home" "/workspace/cargo-home/bin/cargo" "+nightly-2024-02-05" "generate-lockfile" "--manifest-path" "Cargo.toml", kill_on_drop: false }`
[INFO] [stderr]     Updating crates.io index
[INFO] running `Command { std: CARGO_HOME="/workspace/cargo-home" RUSTUP_HOME="/workspace/rustup-home" "/workspace/cargo-home/bin/cargo" "+nightly-2024-02-05" "fetch" "--manifest-path" "Cargo.toml", kill_on_drop: false }`
[INFO] [stderr]  Downloading crates ...
[INFO] [stderr]   Downloaded shank_macro v0.0.11
[INFO] [stderr]   Downloaded safecoin-sdk-macro v1.14.17
[INFO] [stderr]   Downloaded safecoin-frozen-abi v1.14.17
[INFO] [stderr]   Downloaded shank_macro_impl v0.0.11
[INFO] [stderr]   Downloaded dir-diff v0.3.3
[INFO] [stderr]   Downloaded enum-iterator-derive v0.8.1
[INFO] [stderr]   Downloaded ouroboros_macro v0.15.6
[INFO] [stderr]   Downloaded safecoin-frozen-abi-macro v1.14.17
[INFO] [stderr]   Downloaded enum-iterator v0.8.1
[INFO] [stderr]   Downloaded rpassword v6.0.1
[INFO] [stderr]   Downloaded safecoin-bpf-loader-program v1.14.17
[INFO] [stderr]   Downloaded chrono-humanize v0.2.3
[INFO] [stderr]   Downloaded quinn v0.8.5
[INFO] [stderr]   Downloaded safecoin-program v1.14.17
[INFO] [stderr]   Downloaded tokio v1.14.1
[INFO] [stderr]   Downloaded safecoin-logger v1.14.17
[INFO] [stderr]   Downloaded lpl-utils v0.1.0
[INFO] [stderr]   Downloaded safe-memo v3.0.9
[INFO] [stderr]   Downloaded safecoin-banks-interface v1.14.17
[INFO] [stderr]   Downloaded safecoin-compute-budget-program v1.14.17
[INFO] [stderr]   Downloaded lpl-token-metadata-context-derive v0.2.1
[INFO] [stderr]   Downloaded safecoin-banks-client v1.14.17
[INFO] [stderr]   Downloaded safecoin-address-lookup-table-program v1.14.17
[INFO] [stderr]   Downloaded safecoin-clap-utils v1.14.17
[INFO] [stderr]   Downloaded safecoin-remote-wallet v1.14.17
[INFO] [stderr]   Downloaded safecoin-cli-config v1.14.17
[INFO] [stderr]   Downloaded safe-associated-token-account v1.1.2
[INFO] [stderr]   Downloaded safecoin-account-decoder v1.14.17
[INFO] [stderr]   Downloaded safecoin-bucket-map v1.14.17
[INFO] [stderr]   Downloaded safecoin-transaction-status v1.14.17
[INFO] [stderr]   Downloaded safecoin-program-runtime v1.14.17
[INFO] [stderr]   Downloaded safecoin-net-utils v1.14.17
[INFO] [stderr]   Downloaded safecoin-version v1.14.17
[INFO] [stderr]   Downloaded safecoin-streamer v1.14.17
[INFO] [stderr]   Downloaded safecoin-send-transaction-service v1.14.17
[INFO] [stderr]   Downloaded safecoin-banks-server v1.14.17
[INFO] [stderr]   Downloaded safe-zk-token-proof-program v1.14.17
[INFO] [stderr]   Downloaded safecoin-config-program v1.14.17
[INFO] [stderr]   Downloaded safecoin-faucet v1.14.17
[INFO] [stderr]   Downloaded safecoin-measure v1.14.17
[INFO] [stderr]   Downloaded safecoin-stake-program v1.14.17
[INFO] [stderr]   Downloaded quinn-proto v0.8.4
[INFO] [stderr]   Downloaded safecoin-metrics v1.14.17
[INFO] [stderr]   Downloaded safecoin-vote-program v1.14.17
[INFO] [stderr]   Downloaded safecoin-perf v1.14.17
[INFO] [stderr]   Downloaded tarpc v0.29.0
[INFO] [stderr]   Downloaded safe-token-2022 v0.5.0
[INFO] [stderr]   Downloaded safecoin-sdk v1.14.17
[INFO] [stderr]   Downloaded reqwest v0.11.17
[INFO] [stderr]   Downloaded rcgen v0.9.3
[INFO] [stderr]   Downloaded safe-token v3.5.1
[INFO] [stderr]   Downloaded rustls-pemfile v0.2.1
[INFO] [stderr]   Downloaded quinn-udp v0.1.4
[INFO] [stderr]   Downloaded index_list v0.2.11
[INFO] [stderr]   Downloaded symlink v0.1.0
[INFO] [stderr]   Downloaded shank v0.0.11
[INFO] [stderr]   Downloaded aliasable v0.1.3
[INFO] [stderr]   Downloaded ouroboros v0.15.6
[INFO] [stderr]   Downloaded safecoin-client v1.14.17
[INFO] [stderr]   Downloaded safecoin-program-test v1.14.17
[INFO] [stderr]   Downloaded safecoin-rayon-threadlimit v1.14.17
[INFO] [stderr]   Downloaded solana_rbpf v0.2.31
[INFO] [stderr]   Downloaded lpl-token-auth-rules v1.2.0
[INFO] [stderr]   Downloaded safecoin-runtime v1.14.17
[INFO] [stderr]   Downloaded safe-zk-token-sdk v1.14.17
[INFO] running `Command { std: "docker" "create" "-v" "/var/lib/crater-agent-workspace/builds/worker-6-tc1/target:/opt/rustwide/target:rw,Z" "-v" "/var/lib/crater-agent-workspace/builds/worker-6-tc1/source:/opt/rustwide/workdir:ro,Z" "-v" "/var/lib/crater-agent-workspace/cargo-home:/opt/rustwide/cargo-home:ro,Z" "-v" "/var/lib/crater-agent-workspace/rustup-home:/opt/rustwide/rustup-home:ro,Z" "-e" "SOURCE_DIR=/opt/rustwide/workdir" "-e" "CARGO_TARGET_DIR=/opt/rustwide/target" "-e" "CARGO_HOME=/opt/rustwide/cargo-home" "-e" "RUSTUP_HOME=/opt/rustwide/rustup-home" "-w" "/opt/rustwide/workdir" "-m" "1610612736" "--user" "0:0" "--network" "none" "ghcr.io/rust-lang/crates-build-env/linux@sha256:2788e3201cd34a07e3172128adcd8b3090168a8e3bcc40d7c032b9dda1df7d1c" "/opt/rustwide/cargo-home/bin/cargo" "+nightly-2024-02-05" "metadata" "--no-deps" "--format-version=1", kill_on_drop: false }`
[INFO] [stdout] b0a5c8ff76ee76c58f5bd8d9f9b73f2e88b08c8039b883dfeafede7feba7983c
[INFO] running `Command { std: "docker" "start" "-a" "b0a5c8ff76ee76c58f5bd8d9f9b73f2e88b08c8039b883dfeafede7feba7983c", kill_on_drop: false }`
[INFO] running `Command { std: "docker" "inspect" "b0a5c8ff76ee76c58f5bd8d9f9b73f2e88b08c8039b883dfeafede7feba7983c", kill_on_drop: false }`
[INFO] running `Command { std: "docker" "rm" "-f" "b0a5c8ff76ee76c58f5bd8d9f9b73f2e88b08c8039b883dfeafede7feba7983c", kill_on_drop: false }`
[INFO] [stdout] b0a5c8ff76ee76c58f5bd8d9f9b73f2e88b08c8039b883dfeafede7feba7983c
[INFO] running `Command { std: "docker" "create" "-v" "/var/lib/crater-agent-workspace/builds/worker-6-tc1/target:/opt/rustwide/target:rw,Z" "-v" "/var/lib/crater-agent-workspace/builds/worker-6-tc1/source:/opt/rustwide/workdir:ro,Z" "-v" "/var/lib/crater-agent-workspace/cargo-home:/opt/rustwide/cargo-home:ro,Z" "-v" "/var/lib/crater-agent-workspace/rustup-home:/opt/rustwide/rustup-home:ro,Z" "-e" "SOURCE_DIR=/opt/rustwide/workdir" "-e" "CARGO_TARGET_DIR=/opt/rustwide/target" "-e" "CARGO_INCREMENTAL=0" "-e" "RUST_BACKTRACE=full" "-e" "RUSTFLAGS=--cap-lints=forbid" "-e" "RUSTDOCFLAGS=--cap-lints=forbid" "-e" "CARGO_HOME=/opt/rustwide/cargo-home" "-e" "RUSTUP_HOME=/opt/rustwide/rustup-home" "-w" "/opt/rustwide/workdir" "-m" "1610612736" "--user" "0:0" "--network" "none" "ghcr.io/rust-lang/crates-build-env/linux@sha256:2788e3201cd34a07e3172128adcd8b3090168a8e3bcc40d7c032b9dda1df7d1c" "/opt/rustwide/cargo-home/bin/cargo" "+nightly-2024-02-05" "check" "--frozen" "--all" "--all-targets" "--message-format=json", kill_on_drop: false }`
[INFO] [stdout] 14161c1f7eb5ec165c334a503a772fb0570a42ce339b19ad37e276dc0f506d07
[INFO] running `Command { std: "docker" "start" "-a" "14161c1f7eb5ec165c334a503a772fb0570a42ce339b19ad37e276dc0f506d07", kill_on_drop: false }`
[INFO] [stderr]    Compiling serde v1.0.196
[INFO] [stderr]    Compiling syn v1.0.109
[INFO] [stderr]    Compiling generic-array v0.14.7
[INFO] [stderr]     Checking memchr v2.7.1
[INFO] [stderr]    Compiling syn v2.0.48
[INFO] [stderr]    Compiling jobserver v0.1.27
[INFO] [stderr]     Checking getrandom v0.2.12
[INFO] [stderr]    Compiling semver v1.0.21
[INFO] [stderr]    Compiling num-traits v0.2.17
[INFO] [stderr]     Checking subtle v2.4.1
[INFO] [stderr]    Compiling cc v1.0.83
[INFO] [stderr]    Compiling rustc_version v0.4.0
[INFO] [stderr]     Checking byteorder v1.5.0
[INFO] [stderr]     Checking rand_core v0.6.4
[INFO] [stderr]    Compiling crossbeam-utils v0.8.19
[INFO] [stderr]    Compiling getrandom v0.1.16
[INFO] [stderr]    Compiling ahash v0.7.7
[INFO] [stderr]    Compiling crunchy v0.2.2
[INFO] [stderr]     Checking base64 v0.13.1
[INFO] [stderr]     Checking opaque-debug v0.3.0
[INFO] [stderr]    Compiling typenum v1.17.0
[INFO] [stderr]     Checking block-padding v0.2.1
[INFO] [stderr]    Compiling anyhow v1.0.79
[INFO] [stderr]     Checking rand_core v0.5.1
[INFO] [stderr]    Compiling rayon-core v1.12.1
[INFO] [stderr]     Checking crossbeam-epoch v0.9.18
[INFO] [stderr]     Checking rand_chacha v0.2.2
[INFO] [stderr]     Checking hashbrown v0.12.3
[INFO] [stderr]    Compiling rustversion v1.0.14
[INFO] [stderr]     Checking futures-core v0.3.30
[INFO] [stderr]     Checking crossbeam-deque v0.8.5
[INFO] [stderr]     Checking rand v0.7.3
[INFO] [stderr]    Compiling log v0.4.20
[INFO] [stderr]    Compiling feature-probe v0.1.1
[INFO] [stderr]    Compiling bv v0.11.1
[INFO] [stderr]    Compiling blake3 v1.5.0
[INFO] [stderr]    Compiling safecoin-frozen-abi-macro v1.14.17
[INFO] [stderr]     Checking bitmaps v2.1.0
[INFO] [stderr]    Compiling memoffset v0.6.5
[INFO] [stderr]    Compiling im v15.1.0
[INFO] [stderr]     Checking rayon v1.8.1
[INFO] [stderr]    Compiling parking_lot_core v0.8.6
[INFO] [stderr]     Checking futures-sink v0.3.30
[INFO] [stderr]     Checking keccak v0.1.5
[INFO] [stderr]     Checking sized-chunks v0.6.5
[INFO] [stderr]     Checking rand_xoshiro v0.6.0
[INFO] [stderr]    Compiling safecoin-frozen-abi v1.14.17
[INFO] [stderr]     Checking aho-corasick v1.1.2
[INFO] [stderr]     Checking constant_time_eq v0.3.0
[INFO] [stderr]     Checking arrayvec v0.7.4
[INFO] [stderr]    Compiling safecoin-program v1.14.17
[INFO] [stderr]     Checking hashbrown v0.11.2
[INFO] [stderr]     Checking memmap2 v0.5.10
[INFO] [stderr]    Compiling tokio v1.14.1
[INFO] [stderr]     Checking base64 v0.12.3
[INFO] [stderr]    Compiling bs58 v0.4.0
[INFO] [stderr]     Checking rustc-hash v1.1.0
[INFO] [stderr]    Compiling wasm-bindgen-backend v0.2.90
[INFO] [stderr]     Checking parking_lot v0.11.2
[INFO] [stderr]     Checking itertools v0.10.5
[INFO] [stderr]     Checking mio v0.7.14
[INFO] [stderr]     Checking regex-automata v0.4.5
[INFO] [stderr]     Checking signal-hook-registry v1.4.1
[INFO] [stderr]     Checking futures-channel v0.3.30
[INFO] [stderr]     Checking signature v1.6.4
[INFO] [stderr]    Compiling ring v0.17.7
[INFO] [stderr]     Checking ed25519 v1.5.3
[INFO] [stderr]    Compiling borsh-schema-derive-internal v0.9.3
[INFO] [stderr]    Compiling borsh-derive-internal v0.9.3
[INFO] [stderr]    Compiling wasm-bindgen-macro-support v0.2.90
[INFO] [stderr]    Compiling safecoin-sdk v1.14.17
[INFO] [stderr]     Checking tracing-core v0.1.32
[INFO] [stderr]     Checking derivation-path v0.2.0
[INFO] [stderr]    Compiling ring v0.16.20
[INFO] [stderr]     Checking uriparse v0.6.4
[INFO] [stderr]     Checking qstring v0.7.2
[INFO] [stderr]     Checking spin v0.9.8
[INFO] [stderr]     Checking untrusted v0.9.0
[INFO] [stderr]     Checking assert_matches v1.5.0
[INFO] [stderr]     Checking untrusted v0.7.1
[INFO] [stderr]     Checking regex v1.10.3
[INFO] [stderr]     Checking spin v0.5.2
[INFO] [stderr]    Compiling rustls v0.20.9
[INFO] [stderr]     Checking http v0.2.11
[INFO] [stderr]     Checking crossbeam-channel v0.5.11
[INFO] [stderr]     Checking env_logger v0.9.3
[INFO] [stderr]     Checking base64 v0.21.7
[INFO] [stderr]     Checking idna v0.5.0
[INFO] [stderr]     Checking safecoin-logger v1.14.17
[INFO] [stderr]     Checking alloc-no-stdlib v2.0.4
[INFO] [stderr]     Checking rustls-pemfile v1.0.4
[INFO] [stderr]     Checking hashbrown v0.14.3
[INFO] [stderr]     Checking equivalent v1.0.1
[INFO] [stderr]     Checking alloc-stdlib v0.2.2
[INFO] [stderr]     Checking url v2.5.0
[INFO] [stderr]     Checking want v0.3.1
[INFO] [stderr]     Checking brotli-decompressor v2.5.1
[INFO] [stderr]     Checking socket2 v0.5.5
[INFO] [stderr]    Compiling serde_derive v1.0.196
[INFO] [stderr]    Compiling thiserror-impl v1.0.56
[INFO] [stderr]    Compiling zeroize_derive v1.4.2
[INFO] [stderr]    Compiling bytemuck_derive v1.5.0
[INFO] [stderr]    Compiling wasm-bindgen-macro v0.2.90
[INFO] [stderr]    Compiling futures-macro v0.3.30
[INFO] [stderr]     Checking zeroize v1.3.0
[INFO] [stderr]    Compiling tokio-macros v1.8.2
[INFO] [stderr]     Checking wasm-bindgen v0.2.90
[INFO] [stderr]    Compiling safecoin-sdk-macro v1.14.17
[INFO] [stderr]    Compiling num-derive v0.3.3
[INFO] [stderr]     Checking thiserror v1.0.56
[INFO] [stderr]    Compiling tracing-attributes v0.1.27
[INFO] [stderr]     Checking bytemuck v1.14.1
[INFO] [stderr]     Checking futures-util v0.3.30
[INFO] [stderr]     Checking indexmap v2.2.2
[INFO] [stderr]     Checking http-body v0.4.6
[INFO] [stderr]     Checking httpdate v1.0.3
[INFO] [stderr]     Checking tower-service v0.3.2
[INFO] [stderr]     Checking brotli v3.4.0
[INFO] [stderr]    Compiling num-integer v0.1.45
[INFO] [stderr]     Checking ipnet v2.9.0
[INFO] [stderr]    Compiling enum-iterator-derive v0.8.1
[INFO] [stderr]    Compiling safecoin-program-runtime v1.14.17
[INFO] [stderr]     Checking libloading v0.7.4
[INFO] [stderr]     Checking eager v0.1.0
[INFO] [stderr]     Checking rand_chacha v0.3.1
[INFO] [stderr]    Compiling num-bigint v0.4.4
[INFO] [stderr]     Checking tracing v0.1.40
[INFO] [stderr]     Checking rand v0.8.5
[INFO] [stderr]    Compiling safecoin-vote-program v1.14.17
[INFO] [stderr]    Compiling proc-macro2 v0.4.30
[INFO] [stderr]     Checking linux-raw-sys v0.4.13
[INFO] [stderr]     Checking enum-iterator v0.8.1
[INFO] [stderr]    Compiling toml_datetime v0.6.5
[INFO] [stderr]    Compiling winnow v0.5.37
[INFO] [stderr]     Checking rustix v0.38.31
[INFO] [stderr]     Checking merlin v3.0.0
[INFO] [stderr]     Checking tokio-util v0.7.2
[INFO] [stderr]     Checking async-compression v0.3.15
[INFO] [stderr]     Checking h2 v0.3.24
[INFO] [stderr]    Compiling num-conv v0.1.0
[INFO] [stderr]    Compiling syn v0.15.44
[INFO] [stderr]     Checking powerfmt v0.2.0
[INFO] [stderr]    Compiling time-core v0.1.2
[INFO] [stderr]    Compiling toml_edit v0.19.15
[INFO] [stderr]     Checking deranged v0.3.11
[INFO] [stderr]    Compiling time-macros v0.2.17
[INFO] [stderr]    Compiling quote v0.6.13
[INFO] [stderr]    Compiling zstd-sys v2.0.9+zstd.1.5.5
[INFO] [stderr]    Compiling indexmap v1.9.3
[INFO] [stderr]     Checking tempfile v3.10.0
[INFO] [stderr]     Checking futures-executor v0.3.30
[INFO] [stderr]     Checking serde_json v1.0.113
[INFO] [stderr]     Checking crypto-common v0.1.6
[INFO] [stderr]     Checking block-buffer v0.10.4
[INFO] [stderr]     Checking digest v0.9.0
[INFO] [stderr]     Checking block-buffer v0.9.0
[INFO] [stderr]     Checking digest v0.10.7
[INFO] [stderr]     Checking crypto-mac v0.8.0
[INFO] [stderr]    Compiling libsecp256k1-core v0.2.2
[INFO] [stderr]     Checking sha2 v0.9.9
[INFO] [stderr]     Checking hmac v0.8.1
[INFO] [stderr]    Compiling toml v0.5.11
[INFO] [stderr]     Checking sha2 v0.10.8
[INFO] [stderr]     Checking curve25519-dalek v3.2.1
[INFO] [stderr]     Checking bincode v1.3.3
[INFO] [stderr]     Checking hmac-drbg v0.3.0
[INFO] [stderr]     Checking pbkdf2 v0.4.0
[INFO] [stderr]     Checking serde_bytes v0.11.14
[INFO] [stderr]    Compiling libsecp256k1-gen-genmult v0.2.1
[INFO] [stderr]    Compiling libsecp256k1-gen-ecmult v0.2.1
[INFO] [stderr]    Compiling proc-macro-crate v0.1.5
[INFO] [stderr]     Checking tiny-bip39 v0.8.2
[INFO] [stderr]    Compiling libsecp256k1 v0.6.0
[INFO] [stderr]     Checking sha3 v0.10.8
[INFO] [stderr]     Checking ed25519-dalek v1.0.1
[INFO] [stderr]    Compiling borsh-derive v0.9.3
[INFO] [stderr]     Checking hmac v0.12.1
[INFO] [stderr]     Checking chrono v0.4.33
[INFO] [stderr]     Checking pbkdf2 v0.11.0
[INFO] [stderr]     Checking ed25519-dalek-bip32 v0.2.0
[INFO] [stderr]     Checking hyper v0.14.28
[INFO] [stderr]     Checking serde_urlencoded v0.7.1
[INFO] [stderr]     Checking cipher v0.3.0
[INFO] [stderr]     Checking universal-hash v0.4.1
[INFO] [stderr]     Checking ctr v0.8.0
[INFO] [stderr]     Checking polyval v0.5.3
[INFO] [stderr]     Checking aes v0.7.5
[INFO] [stderr]     Checking aead v0.4.3
[INFO] [stderr]     Checking inout v0.1.3
[INFO] [stderr]     Checking sha3 v0.9.1
[INFO] [stderr]     Checking cipher v0.4.4
[INFO] [stderr]    Compiling proc-macro-crate v1.3.1
[INFO] [stderr]     Checking borsh v0.9.3
[INFO] [stderr]     Checking aes-gcm-siv v0.10.3
[INFO] [stderr]     Checking time v0.3.34
[INFO] [stderr]    Compiling async-trait v0.1.77
[INFO] [stderr]     Checking minimal-lexical v0.2.1
[INFO] [stderr]     Checking nom v7.1.3
[INFO] [stderr]    Compiling num_enum_derive v0.5.11
[INFO] [stderr]    Compiling synstructure v0.12.6
[INFO] [stderr]    Compiling dlopen_derive v0.1.4
[INFO] [stderr]     Checking console v0.15.8
[INFO] [stderr]     Checking nix v0.24.3
[INFO] [stderr]     Checking safecoin-rayon-threadlimit v1.14.17
[INFO] [stderr]    Compiling num-bigint v0.2.6
[INFO] [stderr]    Compiling zstd-safe v5.0.2+zstd.1.5.2
[INFO] [stderr]    Compiling safecoin-perf v1.14.17
[INFO] [stderr]     Checking num_enum v0.5.11
[INFO] [stderr]     Checking rusticata-macros v4.1.0
[INFO] [stderr]    Compiling asn1-rs-derive v0.4.0
[INFO] [stderr]     Checking dlopen v0.1.8
[INFO] [stderr]     Checking parking_lot_core v0.9.9
[INFO] [stderr]     Checking caps v0.5.5
[INFO] [stderr]    Compiling asn1-rs-impl v0.1.0
[INFO] [stderr]    Compiling pin-project-internal v1.1.4
[INFO] [stderr]    Compiling displaydoc v0.2.4
[INFO] [stderr]    Compiling safecoin-address-lookup-table-program v1.14.17
[INFO] [stderr]    Compiling num-rational v0.2.4
[INFO] [stderr]    Compiling num-iter v0.1.43
[INFO] [stderr]    Compiling num-complex v0.2.4
[INFO] [stderr]     Checking shell-words v1.1.0
[INFO] [stderr]     Checking dialoguer v0.10.4
[INFO] [stderr]     Checking asn1-rs v0.5.2
[INFO] [stderr]     Checking rustls-native-certs v0.6.3
[INFO] [stderr]     Checking parking_lot v0.12.1
[INFO] [stderr]     Checking pin-project v1.1.4
[INFO] [stderr]     Checking futures v0.3.30
[INFO] [stderr]     Checking textwrap v0.11.0
[INFO] [stderr]     Checking rustls-pemfile v0.2.1
[INFO] [stderr]    Compiling safecoin-version v1.14.17
[INFO] [stderr]     Checking fxhash v0.2.1
[INFO] [stderr]     Checking socket2 v0.4.10
[INFO] [stderr]     Checking const-oid v0.7.1
[INFO] [stderr]    Compiling oid-registry v0.6.1
[INFO] [stderr]     Checking clap v2.34.0
[INFO] [stderr]     Checking yaml-rust v0.4.5
[INFO] [stderr]     Checking der v0.5.1
[INFO] [stderr]    Compiling proc-macro-error-attr v1.0.4
[INFO] [stderr]     Checking rpassword v6.0.1
[INFO] [stderr]    Compiling enum-ordinalize v3.1.15
[INFO] [stderr]    Compiling bzip2-sys v0.1.11+1.0.8
[INFO] [stderr]    Compiling lz4-sys v1.9.4
[INFO] [stderr]     Checking sharded-slab v0.1.7
[INFO] [stderr]     Checking dirs-sys-next v0.1.2
[INFO] [stderr]     Checking thread_local v1.1.7
[INFO] [stderr]     Checking os_str_bytes v6.6.1
[INFO] [stderr]     Checking base64ct v1.6.0
[INFO] [stderr]    Compiling Inflector v0.11.4
[INFO] [stderr]     Checking clap_lex v0.2.4
[INFO] [stderr]    Compiling educe v0.4.23
[INFO] [stderr]     Checking spki v0.5.4
[INFO] [stderr]     Checking dirs-next v2.0.0
[INFO] [stderr]     Checking tracing-subscriber v0.3.18
[INFO] [stderr]    Compiling proc-macro-error v1.0.4
[INFO] [stderr]     Checking num v0.2.1
[INFO] [stderr]     Checking serde_yaml v0.8.26
[INFO] [stderr]     Checking der-parser v8.2.0
[INFO] [stderr]     Checking opentelemetry v0.17.0
[INFO] [stderr]     Checking yasna v0.5.2
[INFO] [stderr]     Checking sha-1 v0.10.1
[INFO] [stderr]    Compiling modular-bitfield-impl v0.11.2
[INFO] [stderr]     Checking pem v1.1.1
[INFO] [stderr]    Compiling safecoin-stake-program v1.14.17
[INFO] [stderr]    Compiling paste v1.0.14
[INFO] [stderr]     Checking textwrap v0.16.0
[INFO] [stderr]     Checking utf-8 v0.7.6
[INFO] [stderr]     Checking x509-parser v0.14.0
[INFO] [stderr]     Checking clap v3.2.25
[INFO] [stderr]    Compiling strum_macros v0.24.3
[INFO] [stderr]     Checking tokio-serde v0.8.0
[INFO] [stderr]     Checking rcgen v0.9.3
[INFO] [stderr]    Compiling ouroboros_macro v0.15.6
[INFO] [stderr]     Checking tracing-opentelemetry v0.17.4
[INFO] [stderr]     Checking percentage v0.1.0
[INFO] [stderr]     Checking pkcs8 v0.8.0
[INFO] [stderr]     Checking xattr v1.3.1
[INFO] [stderr]     Checking tokio-util v0.6.10
[INFO] [stderr]    Compiling tarpc-plugins v0.12.0
[INFO] [stderr]    Compiling scroll_derive v0.11.1
[INFO] [stderr]    Compiling safecoin-runtime v1.14.17
[INFO] [stderr]     Checking modular-bitfield v0.11.2
[INFO] [stderr]     Checking filetime v0.2.23
[INFO] [stderr]     Checking void v1.0.2
[INFO] [stderr]     Checking event-listener v2.5.3
[INFO] [stderr]     Checking number_prefix v0.4.0
[INFO] [stderr]     Checking histogram v0.6.9
[INFO] [stderr]     Checking aliasable v0.1.3
[INFO] [stderr]     Checking indicatif v0.16.2
[INFO] [stderr]     Checking tarpc v0.29.0
[INFO] [stderr]     Checking scroll v0.11.0
[INFO] [stderr]     Checking async-mutex v1.4.0
[INFO] [stderr]     Checking unreachable v1.0.0
[INFO] [stderr]     Checking tar v0.4.40
[INFO] [stderr]    Compiling shank_macro_impl v0.0.11
[INFO] [stderr]     Checking dir-diff v0.3.3
[INFO] [stderr]     Checking jsonrpc-core v18.0.0
[INFO] [stderr]     Checking ouroboros v0.15.6
[INFO] [stderr]     Checking strum v0.24.1
[INFO] [stderr]     Checking tokio-stream v0.1.12
[INFO] [stderr]    Compiling enum_dispatch v0.3.12
[INFO] [stderr]     Checking dashmap v4.0.2
[INFO] [stderr]     Checking lru v0.7.8
[INFO] [stderr]     Checking index_list v0.2.11
[INFO] [stderr]     Checking ascii v0.9.3
[INFO] [stderr]     Checking symlink v0.1.0
[INFO] [stderr]     Checking plain v0.2.3
[INFO] [stderr]     Checking rmp v0.8.12
[INFO] [stderr]     Checking hash32 v0.2.1
[INFO] [stderr]     Checking goblin v0.5.4
[INFO] [stderr]     Checking safe-token v3.5.1
[INFO] [stderr]     Checking safe-memo v3.0.9
[INFO] [stderr]     Checking combine v3.8.1
[INFO] [stderr]     Checking rmp-serde v1.1.2
[INFO] [stderr]    Compiling lpl-token-metadata-context-derive v0.2.1
[INFO] [stderr]    Compiling shank_macro v0.0.11
[INFO] [stderr]     Checking lpl-utils v0.1.0
[INFO] [stdout] error[E0433]: failed to resolve: use of undeclared crate or module `safecoin_program`
[INFO] [stdout]  --> /opt/rustwide/cargo-home/registry/src/index.crates.io-6f17d22bba15001f/lpl-utils-0.1.0/src/account.rs:1:5
[INFO] [stdout]   |
[INFO] [stdout] 1 | use safecoin_program::{
[INFO] [stdout]   |     ^^^^^^^^^^^^^^^^ use of undeclared crate or module `safecoin_program`
[INFO] [stdout] 
[INFO] [stdout] 
[INFO] [stdout] error[E0433]: failed to resolve: use of undeclared crate or module `safecoin_program`
[INFO] [stdout]  --> /opt/rustwide/cargo-home/registry/src/index.crates.io-6f17d22bba15001f/lpl-utils-0.1.0/src/assertions.rs:1:5
[INFO] [stdout]   |
[INFO] [stdout] 1 | use safecoin_program::{
[INFO] [stdout]   |     ^^^^^^^^^^^^^^^^ use of undeclared crate or module `safecoin_program`
[INFO] [stdout] 
[INFO] [stdout] 
[INFO] [stdout] error[E0433]: failed to resolve: use of undeclared crate or module `safecoin_program`
[INFO] [stdout]  --> /opt/rustwide/cargo-home/registry/src/index.crates.io-6f17d22bba15001f/lpl-utils-0.1.0/src/misc.rs:1:5
[INFO] [stdout]   |
[INFO] [stdout] 1 | use safecoin_program::{
[INFO] [stdout]   |     ^^^^^^^^^^^^^^^^ use of undeclared crate or module `safecoin_program`
[INFO] [stdout] 
[INFO] [stdout] 
[INFO] [stdout] error[E0433]: failed to resolve: use of undeclared crate or module `safecoin_program`
[INFO] [stdout]  --> /opt/rustwide/cargo-home/registry/src/index.crates.io-6f17d22bba15001f/lpl-utils-0.1.0/src/token/assertions.rs:1:5
[INFO] [stdout]   |
[INFO] [stdout] 1 | use safecoin_program::{
[INFO] [stdout]   |     ^^^^^^^^^^^^^^^^ use of undeclared crate or module `safecoin_program`
[INFO] [stdout] 
[INFO] [stdout] 
[INFO] [stdout] error[E0433]: failed to resolve: use of undeclared crate or module `safecoin_program`
[INFO] [stdout]  --> /opt/rustwide/cargo-home/registry/src/index.crates.io-6f17d22bba15001f/lpl-utils-0.1.0/src/token/utils.rs:2:5
[INFO] [stdout]   |
[INFO] [stdout] 2 | use safecoin_program::{
[INFO] [stdout]   |     ^^^^^^^^^^^^^^^^ use of undeclared crate or module `safecoin_program`
[INFO] [stdout] 
[INFO] [stdout] 
[INFO] [stdout] error[E0433]: failed to resolve: use of undeclared crate or module `safecoin_program`
[INFO] [stdout]  --> /opt/rustwide/cargo-home/registry/src/index.crates.io-6f17d22bba15001f/lpl-utils-0.1.0/src/token/cpi.rs:1:5
[INFO] [stdout]   |
[INFO] [stdout] 1 | use safecoin_program::{
[INFO] [stdout]   |     ^^^^^^^^^^^^^^^^ use of undeclared crate or module `safecoin_program`
[INFO] [stdout] 
[INFO] [stdout] 
[INFO] [stdout] error[E0432]: unresolved import `safecoin_program`
[INFO] [stdout]  --> /opt/rustwide/cargo-home/registry/src/index.crates.io-6f17d22bba15001f/lpl-utils-0.1.0/src/account.rs:1:5
[INFO] [stdout]   |
[INFO] [stdout] 1 | use safecoin_program::{
[INFO] [stdout]   |     ^^^^^^^^^^^^^^^^ use of undeclared crate or module `safecoin_program`
[INFO] [stdout] 
[INFO] [stdout] 
[INFO] [stdout] error: aborting due to 7 previous errors
[INFO] [stdout] 
[INFO] [stdout] 
[INFO] [stdout] Some errors have detailed explanations: E0432, E0433.
[INFO] [stdout] 
[INFO] [stdout] For more information about an error, try `rustc --explain E0432`.
[INFO] [stdout] 
[INFO] [stderr] error: could not compile `lpl-utils` (lib) due to 8 previous errors
[INFO] [stderr] warning: build failed, waiting for other jobs to finish...
[INFO] running `Command { std: "docker" "inspect" "14161c1f7eb5ec165c334a503a772fb0570a42ce339b19ad37e276dc0f506d07", kill_on_drop: false }`
[INFO] running `Command { std: "docker" "rm" "-f" "14161c1f7eb5ec165c334a503a772fb0570a42ce339b19ad37e276dc0f506d07", kill_on_drop: false }`
[INFO] [stdout] 14161c1f7eb5ec165c334a503a772fb0570a42ce339b19ad37e276dc0f506d07
[INFO] checking lpl-token-metadata-1.8.5 against nightly-2024-02-05+rustflags=-Dunexpected_cfgs+cargoflags=-Zcheck-cfg for check-cfg
[INFO] extracting crate lpl-token-metadata 1.8.5 into /workspace/builds/worker-6-tc2/source
[INFO] validating manifest of crates.io crate lpl-token-metadata 1.8.5 on toolchain nightly-2024-02-05
[INFO] running `Command { std: CARGO_HOME="/workspace/cargo-home" RUSTUP_HOME="/workspace/rustup-home" "/workspace/cargo-home/bin/cargo" "+nightly-2024-02-05" "metadata" "--manifest-path" "Cargo.toml" "--no-deps", kill_on_drop: false }`
[INFO] started tweaking crates.io crate lpl-token-metadata 1.8.5
[INFO] finished tweaking crates.io crate lpl-token-metadata 1.8.5
[INFO] tweaked toml for crates.io crate lpl-token-metadata 1.8.5 written to /workspace/builds/worker-6-tc2/source/Cargo.toml
[INFO] running `Command { std: CARGO_HOME="/workspace/cargo-home" RUSTUP_HOME="/workspace/rustup-home" "/workspace/cargo-home/bin/cargo" "+nightly-2024-02-05" "generate-lockfile" "--manifest-path" "Cargo.toml", kill_on_drop: false }`
[INFO] [stderr]     Updating crates.io index
[INFO] running `Command { std: CARGO_HOME="/workspace/cargo-home" RUSTUP_HOME="/workspace/rustup-home" "/workspace/cargo-home/bin/cargo" "+nightly-2024-02-05" "fetch" "--manifest-path" "Cargo.toml", kill_on_drop: false }`
[INFO] running `Command { std: "docker" "create" "-v" "/var/lib/crater-agent-workspace/builds/worker-6-tc2/target:/opt/rustwide/target:rw,Z" "-v" "/var/lib/crater-agent-workspace/builds/worker-6-tc2/source:/opt/rustwide/workdir:ro,Z" "-v" "/var/lib/crater-agent-workspace/cargo-home:/opt/rustwide/cargo-home:ro,Z" "-v" "/var/lib/crater-agent-workspace/rustup-home:/opt/rustwide/rustup-home:ro,Z" "-e" "SOURCE_DIR=/opt/rustwide/workdir" "-e" "CARGO_TARGET_DIR=/opt/rustwide/target" "-e" "CARGO_HOME=/opt/rustwide/cargo-home" "-e" "RUSTUP_HOME=/opt/rustwide/rustup-home" "-w" "/opt/rustwide/workdir" "-m" "1610612736" "--user" "0:0" "--network" "none" "ghcr.io/rust-lang/crates-build-env/linux@sha256:2788e3201cd34a07e3172128adcd8b3090168a8e3bcc40d7c032b9dda1df7d1c" "/opt/rustwide/cargo-home/bin/cargo" "+nightly-2024-02-05" "metadata" "--no-deps" "--format-version=1", kill_on_drop: false }`
[INFO] [stdout] 6ba76a3a4aafd8aeff21901e7284462f0c399e413bfb153d5e7ba7c7107c2de0
[INFO] running `Command { std: "docker" "start" "-a" "6ba76a3a4aafd8aeff21901e7284462f0c399e413bfb153d5e7ba7c7107c2de0", kill_on_drop: false }`
[INFO] running `Command { std: "docker" "inspect" "6ba76a3a4aafd8aeff21901e7284462f0c399e413bfb153d5e7ba7c7107c2de0", kill_on_drop: false }`
[INFO] running `Command { std: "docker" "rm" "-f" "6ba76a3a4aafd8aeff21901e7284462f0c399e413bfb153d5e7ba7c7107c2de0", kill_on_drop: false }`
[INFO] [stdout] 6ba76a3a4aafd8aeff21901e7284462f0c399e413bfb153d5e7ba7c7107c2de0
[INFO] running `Command { std: "docker" "create" "-v" "/var/lib/crater-agent-workspace/builds/worker-6-tc2/target:/opt/rustwide/target:rw,Z" "-v" "/var/lib/crater-agent-workspace/builds/worker-6-tc2/source:/opt/rustwide/workdir:ro,Z" "-v" "/var/lib/crater-agent-workspace/cargo-home:/opt/rustwide/cargo-home:ro,Z" "-v" "/var/lib/crater-agent-workspace/rustup-home:/opt/rustwide/rustup-home:ro,Z" "-e" "SOURCE_DIR=/opt/rustwide/workdir" "-e" "CARGO_TARGET_DIR=/opt/rustwide/target" "-e" "CARGO_INCREMENTAL=0" "-e" "RUST_BACKTRACE=full" "-e" "RUSTFLAGS=--cap-lints=forbid -Dunexpected_cfgs" "-e" "RUSTDOCFLAGS=--cap-lints=forbid" "-e" "CARGO_HOME=/opt/rustwide/cargo-home" "-e" "RUSTUP_HOME=/opt/rustwide/rustup-home" "-w" "/opt/rustwide/workdir" "-m" "1610612736" "--user" "0:0" "--network" "none" "ghcr.io/rust-lang/crates-build-env/linux@sha256:2788e3201cd34a07e3172128adcd8b3090168a8e3bcc40d7c032b9dda1df7d1c" "/opt/rustwide/cargo-home/bin/cargo" "+nightly-2024-02-05" "check" "--frozen" "--all" "--all-targets" "--message-format=json" "-Zcheck-cfg", kill_on_drop: false }`
[INFO] [stdout] 85c9257b7ec5602b95fd1e298b466f201fa029675de878711fa33e36aeeea153
[INFO] running `Command { std: "docker" "start" "-a" "85c9257b7ec5602b95fd1e298b466f201fa029675de878711fa33e36aeeea153", kill_on_drop: false }`
[INFO] [stderr]    Compiling serde v1.0.196
[INFO] [stderr]    Compiling syn v1.0.109
[INFO] [stderr]    Compiling generic-array v0.14.7
[INFO] [stderr]     Checking memchr v2.7.1
[INFO] [stderr]    Compiling syn v2.0.48
[INFO] [stderr]    Compiling jobserver v0.1.27
[INFO] [stderr]     Checking getrandom v0.2.12
[INFO] [stderr]    Compiling semver v1.0.21
[INFO] [stderr]    Compiling num-traits v0.2.17
[INFO] [stderr]    Compiling cc v1.0.83
[INFO] [stderr]     Checking subtle v2.4.1
[INFO] [stderr]    Compiling rustc_version v0.4.0
[INFO] [stderr]     Checking byteorder v1.5.0
[INFO] [stderr]     Checking rand_core v0.6.4
[INFO] [stderr]    Compiling crossbeam-utils v0.8.19
[INFO] [stderr]    Compiling getrandom v0.1.16
[INFO] [stderr]    Compiling ahash v0.7.7
[INFO] [stderr]    Compiling crunchy v0.2.2
[INFO] [stderr]     Checking opaque-debug v0.3.0
[INFO] [stderr]     Checking base64 v0.13.1
[INFO] [stderr]    Compiling typenum v1.17.0
[INFO] [stderr]     Checking block-padding v0.2.1
[INFO] [stderr]    Compiling anyhow v1.0.79
[INFO] [stderr]     Checking rand_core v0.5.1
[INFO] [stderr]     Checking crossbeam-epoch v0.9.18
[INFO] [stderr]    Compiling rayon-core v1.12.1
[INFO] [stderr]     Checking crossbeam-deque v0.8.5
[INFO] [stderr]     Checking rand_chacha v0.2.2
[INFO] [stderr]     Checking hashbrown v0.12.3
[INFO] [stderr]    Compiling rustversion v1.0.14
[INFO] [stderr]     Checking futures-core v0.3.30
[INFO] [stderr]    Compiling log v0.4.20
[INFO] [stderr]     Checking rand v0.7.3
[INFO] [stderr]    Compiling feature-probe v0.1.1
[INFO] [stderr]    Compiling bv v0.11.1
[INFO] [stderr]    Compiling blake3 v1.5.0
[INFO] [stderr]    Compiling safecoin-frozen-abi-macro v1.14.17
[INFO] [stderr]     Checking rayon v1.8.1
[INFO] [stderr]     Checking bitmaps v2.1.0
[INFO] [stderr]    Compiling im v15.1.0
[INFO] [stderr]    Compiling memoffset v0.6.5
[INFO] [stderr]     Checking keccak v0.1.5
[INFO] [stderr]     Checking futures-sink v0.3.30
[INFO] [stderr]    Compiling parking_lot_core v0.8.6
[INFO] [stderr]     Checking sized-chunks v0.6.5
[INFO] [stderr]    Compiling safecoin-frozen-abi v1.14.17
[INFO] [stderr]     Checking rand_xoshiro v0.6.0
[INFO] [stderr]     Checking aho-corasick v1.1.2
[INFO] [stderr]     Checking arrayvec v0.7.4
[INFO] [stderr]     Checking constant_time_eq v0.3.0
[INFO] [stderr]    Compiling safecoin-program v1.14.17
[INFO] [stderr]     Checking hashbrown v0.11.2
[INFO] [stderr]     Checking memmap2 v0.5.10
[INFO] [stderr]    Compiling tokio v1.14.1
[INFO] [stderr]    Compiling bs58 v0.4.0
[INFO] [stderr]     Checking rustc-hash v1.1.0
[INFO] [stderr]     Checking base64 v0.12.3
[INFO] [stderr]     Checking parking_lot v0.11.2
[INFO] [stderr]     Checking itertools v0.10.5
[INFO] [stderr]     Checking mio v0.7.14
[INFO] [stderr]     Checking regex-automata v0.4.5
[INFO] [stderr]     Checking signal-hook-registry v1.4.1
[INFO] [stderr]     Checking futures-channel v0.3.30
[INFO] [stderr]     Checking signature v1.6.4
[INFO] [stderr]    Compiling wasm-bindgen-backend v0.2.90
[INFO] [stderr]     Checking ed25519 v1.5.3
[INFO] [stderr]    Compiling ring v0.17.7
[INFO] [stderr]    Compiling safecoin-sdk v1.14.17
[INFO] [stderr]     Checking tracing-core v0.1.32
[INFO] [stderr]     Checking derivation-path v0.2.0
[INFO] [stderr]    Compiling ring v0.16.20
[INFO] [stderr]     Checking qstring v0.7.2
[INFO] [stderr]     Checking uriparse v0.6.4
[INFO] [stderr]     Checking untrusted v0.9.0
[INFO] [stderr]    Compiling borsh-derive-internal v0.9.3
[INFO] [stderr]    Compiling borsh-schema-derive-internal v0.9.3
[INFO] [stderr]    Compiling wasm-bindgen-macro-support v0.2.90
[INFO] [stderr]     Checking assert_matches v1.5.0
[INFO] [stderr]     Checking spin v0.9.8
[INFO] [stderr]     Checking untrusted v0.7.1
[INFO] [stderr]     Checking spin v0.5.2
[INFO] [stderr]    Compiling rustls v0.20.9
[INFO] [stderr]     Checking http v0.2.11
[INFO] [stderr]     Checking crossbeam-channel v0.5.11
[INFO] [stderr]     Checking regex v1.10.3
[INFO] [stderr]     Checking base64 v0.21.7
[INFO] [stderr]     Checking idna v0.5.0
[INFO] [stderr]     Checking env_logger v0.9.3
[INFO] [stderr]     Checking alloc-no-stdlib v2.0.4
[INFO] [stderr]     Checking equivalent v1.0.1
[INFO] [stderr]     Checking hashbrown v0.14.3
[INFO] [stderr]     Checking rustls-pemfile v1.0.4
[INFO] [stderr]     Checking alloc-stdlib v0.2.2
[INFO] [stderr]     Checking want v0.3.1
[INFO] [stderr]     Checking brotli-decompressor v2.5.1
[INFO] [stderr]     Checking safecoin-logger v1.14.17
[INFO] [stderr]     Checking http-body v0.4.6
[INFO] [stderr]     Checking socket2 v0.5.5
[INFO] [stderr]     Checking url v2.5.0
[INFO] [stderr]     Checking tower-service v0.3.2
[INFO] [stderr]    Compiling serde_derive v1.0.196
[INFO] [stderr]    Compiling thiserror-impl v1.0.56
[INFO] [stderr]    Compiling zeroize_derive v1.4.2
[INFO] [stderr]    Compiling bytemuck_derive v1.5.0
[INFO] [stderr]    Compiling wasm-bindgen-macro v0.2.90
[INFO] [stderr]    Compiling futures-macro v0.3.30
[INFO] [stderr]    Compiling tracing-attributes v0.1.27
[INFO] [stderr]     Checking wasm-bindgen v0.2.90
[INFO] [stderr]     Checking zeroize v1.3.0
[INFO] [stderr]    Compiling safecoin-sdk-macro v1.14.17
[INFO] [stderr]     Checking bytemuck v1.14.1
[INFO] [stderr]    Compiling tokio-macros v1.8.2
[INFO] [stderr]    Compiling num-derive v0.3.3
[INFO] [stderr]     Checking futures-util v0.3.30
[INFO] [stderr]     Checking thiserror v1.0.56
[INFO] [stderr]     Checking indexmap v2.2.2
[INFO] [stderr]     Checking httpdate v1.0.3
[INFO] [stderr]     Checking brotli v3.4.0
[INFO] [stderr]    Compiling num-integer v0.1.45
[INFO] [stderr]     Checking tracing v0.1.40
[INFO] [stderr]     Checking ipnet v2.9.0
[INFO] [stderr]    Compiling enum-iterator-derive v0.8.1
[INFO] [stderr]    Compiling safecoin-program-runtime v1.14.17
[INFO] [stderr]     Checking libloading v0.7.4
[INFO] [stderr]     Checking eager v0.1.0
[INFO] [stderr]     Checking rand_chacha v0.3.1
[INFO] [stderr]    Compiling num-bigint v0.4.4
[INFO] [stderr]     Checking rand v0.8.5
[INFO] [stderr]    Compiling safecoin-vote-program v1.14.17
[INFO] [stderr]     Checking linux-raw-sys v0.4.13
[INFO] [stderr]    Compiling toml_datetime v0.6.5
[INFO] [stderr]     Checking enum-iterator v0.8.1
[INFO] [stderr]    Compiling winnow v0.5.37
[INFO] [stderr]    Compiling proc-macro2 v0.4.30
[INFO] [stderr]     Checking rustix v0.38.31
[INFO] [stderr]     Checking merlin v3.0.0
[INFO] [stderr]     Checking powerfmt v0.2.0
[INFO] [stderr]    Compiling syn v0.15.44
[INFO] [stderr]    Compiling num-conv v0.1.0
[INFO] [stderr]    Compiling time-core v0.1.2
[INFO] [stderr]     Checking deranged v0.3.11
[INFO] [stderr]    Compiling time-macros v0.2.17
[INFO] [stderr]    Compiling quote v0.6.13
[INFO] [stderr]     Checking tokio-util v0.7.2
[INFO] [stderr]     Checking async-compression v0.3.15
[INFO] [stderr]    Compiling toml_edit v0.19.15
[INFO] [stderr]    Compiling zstd-sys v2.0.9+zstd.1.5.5
[INFO] [stderr]    Compiling indexmap v1.9.3
[INFO] [stderr]     Checking h2 v0.3.24
[INFO] [stderr]     Checking tempfile v3.10.0
[INFO] [stderr]     Checking futures-executor v0.3.30
[INFO] [stderr]     Checking minimal-lexical v0.2.1
[INFO] [stderr]    Compiling async-trait v0.1.77
[INFO] [stderr]     Checking serde_json v1.0.113
[INFO] [stderr]    Compiling toml v0.5.11
[INFO] [stderr]     Checking bincode v1.3.3
[INFO] [stderr]     Checking crypto-common v0.1.6
[INFO] [stderr]     Checking block-buffer v0.10.4
[INFO] [stderr]     Checking digest v0.9.0
[INFO] [stderr]     Checking digest v0.10.7
[INFO] [stderr]     Checking block-buffer v0.9.0
[INFO] [stderr]     Checking crypto-mac v0.8.0
[INFO] [stderr]    Compiling libsecp256k1-core v0.2.2
[INFO] [stderr]     Checking sha2 v0.9.9
[INFO] [stderr]     Checking sha2 v0.10.8
[INFO] [stderr]     Checking hmac v0.8.1
[INFO] [stderr]     Checking curve25519-dalek v3.2.1
[INFO] [stderr]     Checking hmac-drbg v0.3.0
[INFO] [stderr]    Compiling proc-macro-crate v0.1.5
[INFO] [stderr]     Checking pbkdf2 v0.4.0
[INFO] [stderr]     Checking serde_bytes v0.11.14
[INFO] [stderr]    Compiling libsecp256k1-gen-genmult v0.2.1
[INFO] [stderr]    Compiling libsecp256k1-gen-ecmult v0.2.1
[INFO] [stderr]     Checking tiny-bip39 v0.8.2
[INFO] [stderr]    Compiling libsecp256k1 v0.6.0
[INFO] [stderr]     Checking sha3 v0.10.8
[INFO] [stderr]     Checking ed25519-dalek v1.0.1
[INFO] [stderr]     Checking hmac v0.12.1
[INFO] [stderr]    Compiling borsh-derive v0.9.3
[INFO] [stderr]     Checking chrono v0.4.33
[INFO] [stderr]     Checking pbkdf2 v0.11.0
[INFO] [stderr]     Checking ed25519-dalek-bip32 v0.2.0
[INFO] [stderr]     Checking serde_urlencoded v0.7.1
[INFO] [stderr]     Checking cipher v0.3.0
[INFO] [stderr]     Checking universal-hash v0.4.1
[INFO] [stderr]     Checking aes v0.7.5
[INFO] [stderr]     Checking polyval v0.5.3
[INFO] [stderr]     Checking hyper v0.14.28
[INFO] [stderr]     Checking ctr v0.8.0
[INFO] [stderr]     Checking aead v0.4.3
[INFO] [stderr]     Checking inout v0.1.3
[INFO] [stderr]     Checking sha3 v0.9.1
[INFO] [stderr]     Checking cipher v0.4.4
[INFO] [stderr]     Checking aes-gcm-siv v0.10.3
[INFO] [stderr]    Compiling proc-macro-crate v1.3.1
[INFO] [stderr]     Checking borsh v0.9.3
[INFO] [stderr]     Checking time v0.3.34
[INFO] [stderr]    Compiling dlopen_derive v0.1.4
[INFO] [stderr]     Checking nom v7.1.3
[INFO] [stderr]    Compiling synstructure v0.12.6
[INFO] [stderr]    Compiling num_enum_derive v0.5.11
[INFO] [stderr]     Checking console v0.15.8
[INFO] [stderr]     Checking nix v0.24.3
[INFO] [stderr]     Checking safecoin-rayon-threadlimit v1.14.17
[INFO] [stderr]    Compiling num-bigint v0.2.6
[INFO] [stderr]    Compiling zstd-safe v5.0.2+zstd.1.5.2
[INFO] [stderr]    Compiling safecoin-perf v1.14.17
[INFO] [stderr]     Checking rusticata-macros v4.1.0
[INFO] [stderr]    Compiling asn1-rs-derive v0.4.0
[INFO] [stderr]     Checking dlopen v0.1.8
[INFO] [stderr]     Checking parking_lot_core v0.9.9
[INFO] [stderr]     Checking num_enum v0.5.11
[INFO] [stderr]     Checking caps v0.5.5
[INFO] [stderr]    Compiling asn1-rs-impl v0.1.0
[INFO] [stderr]    Compiling displaydoc v0.2.4
[INFO] [stderr]    Compiling pin-project-internal v1.1.4
[INFO] [stderr]    Compiling safecoin-address-lookup-table-program v1.14.17
[INFO] [stderr]    Compiling num-complex v0.2.4
[INFO] [stderr]    Compiling num-rational v0.2.4
[INFO] [stderr]    Compiling num-iter v0.1.43
[INFO] [stderr]     Checking shell-words v1.1.0
[INFO] [stderr]     Checking rustls-native-certs v0.6.3
[INFO] [stderr]     Checking dialoguer v0.10.4
[INFO] [stderr]     Checking asn1-rs v0.5.2
[INFO] [stderr]     Checking parking_lot v0.12.1
[INFO] [stderr]     Checking futures v0.3.30
[INFO] [stderr]     Checking textwrap v0.11.0
[INFO] [stderr]     Checking rustls-pemfile v0.2.1
[INFO] [stderr]    Compiling safecoin-version v1.14.17
[INFO] [stderr]     Checking fxhash v0.2.1
[INFO] [stderr]     Checking pin-project v1.1.4
[INFO] [stderr]     Checking socket2 v0.4.10
[INFO] [stderr]    Compiling oid-registry v0.6.1
[INFO] [stderr]     Checking const-oid v0.7.1
[INFO] [stderr]     Checking clap v2.34.0
[INFO] [stderr]     Checking der v0.5.1
[INFO] [stderr]     Checking yaml-rust v0.4.5
[INFO] [stderr]    Compiling proc-macro-error-attr v1.0.4
[INFO] [stderr]     Checking rpassword v6.0.1
[INFO] [stderr]    Compiling bzip2-sys v0.1.11+1.0.8
[INFO] [stderr]    Compiling lz4-sys v1.9.4
[INFO] [stderr]     Checking sharded-slab v0.1.7
[INFO] [stderr]     Checking dirs-sys-next v0.1.2
[INFO] [stderr]    Compiling enum-ordinalize v3.1.15
[INFO] [stderr]     Checking thread_local v1.1.7
[INFO] [stderr]     Checking base64ct v1.6.0
[INFO] [stderr]     Checking os_str_bytes v6.6.1
[INFO] [stderr]     Checking clap_lex v0.2.4
[INFO] [stderr]     Checking spki v0.5.4
[INFO] [stderr]    Compiling Inflector v0.11.4
[INFO] [stderr]     Checking dirs-next v2.0.0
[INFO] [stderr]    Compiling proc-macro-error v1.0.4
[INFO] [stderr]     Checking tracing-subscriber v0.3.18
[INFO] [stderr]     Checking der-parser v8.2.0
[INFO] [stderr]     Checking num v0.2.1
[INFO] [stderr]     Checking serde_yaml v0.8.26
[INFO] [stderr]     Checking opentelemetry v0.17.0
[INFO] [stderr]     Checking yasna v0.5.2
[INFO] [stderr]     Checking sha-1 v0.10.1
[INFO] [stderr]    Compiling educe v0.4.23
[INFO] [stderr]    Compiling modular-bitfield-impl v0.11.2
[INFO] [stderr]     Checking pem v1.1.1
[INFO] [stderr]    Compiling safecoin-stake-program v1.14.17
[INFO] [stderr]     Checking textwrap v0.16.0
[INFO] [stderr]    Compiling paste v1.0.14
[INFO] [stderr]     Checking utf-8 v0.7.6
[INFO] [stderr]     Checking rcgen v0.9.3
[INFO] [stderr]     Checking clap v3.2.25
[INFO] [stderr]     Checking x509-parser v0.14.0
[INFO] [stderr]    Compiling ouroboros_macro v0.15.6
[INFO] [stderr]    Compiling strum_macros v0.24.3
[INFO] [stderr]     Checking tracing-opentelemetry v0.17.4
[INFO] [stderr]     Checking percentage v0.1.0
[INFO] [stderr]     Checking pkcs8 v0.8.0
[INFO] [stderr]     Checking tokio-util v0.6.10
[INFO] [stderr]     Checking xattr v1.3.1
[INFO] [stderr]    Compiling tarpc-plugins v0.12.0
[INFO] [stderr]    Compiling scroll_derive v0.11.1
[INFO] [stderr]     Checking tokio-serde v0.8.0
[INFO] [stderr]    Compiling safecoin-runtime v1.14.17
[INFO] [stderr]     Checking modular-bitfield v0.11.2
[INFO] [stderr]     Checking filetime v0.2.23
[INFO] [stderr]     Checking aliasable v0.1.3
[INFO] [stderr]     Checking number_prefix v0.4.0
[INFO] [stderr]     Checking event-listener v2.5.3
[INFO] [stderr]     Checking void v1.0.2
[INFO] [stderr]     Checking histogram v0.6.9
[INFO] [stderr]     Checking scroll v0.11.0
[INFO] [stderr]     Checking unreachable v1.0.0
[INFO] [stderr]     Checking async-mutex v1.4.0
[INFO] [stderr]     Checking indicatif v0.16.2
[INFO] [stderr]     Checking tar v0.4.40
[INFO] [stderr]    Compiling shank_macro_impl v0.0.11
[INFO] [stderr]     Checking dir-diff v0.3.3
[INFO] [stderr]     Checking ouroboros v0.15.6
[INFO] [stderr]     Checking jsonrpc-core v18.0.0
[INFO] [stderr]     Checking tarpc v0.29.0
[INFO] [stderr]     Checking tokio-stream v0.1.12
[INFO] [stderr]    Compiling enum_dispatch v0.3.12
[INFO] [stderr]     Checking strum v0.24.1
[INFO] [stderr]     Checking dashmap v4.0.2
[INFO] [stderr]     Checking lru v0.7.8
[INFO] [stderr]     Checking plain v0.2.3
[INFO] [stderr]     Checking symlink v0.1.0
[INFO] [stderr]     Checking index_list v0.2.11
[INFO] [stderr]     Checking ascii v0.9.3
[INFO] [stderr]     Checking goblin v0.5.4
[INFO] [stderr]     Checking rmp v0.8.12
[INFO] [stderr]     Checking hash32 v0.2.1
[INFO] [stderr]     Checking combine v3.8.1
[INFO] [stderr]    Compiling lpl-token-metadata-context-derive v0.2.1
[INFO] [stderr]     Checking rmp-serde v1.1.2
[INFO] [stderr]     Checking chrono-humanize v0.2.3
[INFO] [stderr]    Compiling shank_macro v0.0.11
[INFO] [stderr]     Checking shank v0.0.11
[INFO] [stderr]     Checking bzip2 v0.4.4
[INFO] [stderr]     Checking solana_rbpf v0.2.31
[INFO] [stderr]     Checking safe-memo v3.0.9
[INFO] [stderr]     Checking safe-token v3.5.1
[INFO] [stderr]     Checking lpl-utils v0.1.0
[INFO] [stdout] error[E0433]: failed to resolve: use of undeclared crate or module `safecoin_program`
[INFO] [stdout]  --> /opt/rustwide/cargo-home/registry/src/index.crates.io-6f17d22bba15001f/lpl-utils-0.1.0/src/account.rs:1:5
[INFO] [stdout]   |
[INFO] [stdout] 1 | use safecoin_program::{
[INFO] [stdout]   |     ^^^^^^^^^^^^^^^^ use of undeclared crate or module `safecoin_program`
[INFO] [stdout] 
[INFO] [stdout] 
[INFO] [stdout] error[E0433]: failed to resolve: use of undeclared crate or module `safecoin_program`
[INFO] [stdout]  --> /opt/rustwide/cargo-home/registry/src/index.crates.io-6f17d22bba15001f/lpl-utils-0.1.0/src/assertions.rs:1:5
[INFO] [stdout]   |
[INFO] [stdout] 1 | use safecoin_program::{
[INFO] [stdout]   |     ^^^^^^^^^^^^^^^^ use of undeclared crate or module `safecoin_program`
[INFO] [stdout] 
[INFO] [stdout] 
[INFO] [stdout] error[E0433]: failed to resolve: use of undeclared crate or module `safecoin_program`
[INFO] [stdout]  --> /opt/rustwide/cargo-home/registry/src/index.crates.io-6f17d22bba15001f/lpl-utils-0.1.0/src/misc.rs:1:5
[INFO] [stdout]   |
[INFO] [stdout] 1 | use safecoin_program::{
[INFO] [stdout]   |     ^^^^^^^^^^^^^^^^ use of undeclared crate or module `safecoin_program`
[INFO] [stdout] 
[INFO] [stdout] 
[INFO] [stdout] error[E0433]: failed to resolve: use of undeclared crate or module `safecoin_program`
[INFO] [stdout]  --> /opt/rustwide/cargo-home/registry/src/index.crates.io-6f17d22bba15001f/lpl-utils-0.1.0/src/token/assertions.rs:1:5
[INFO] [stdout]   |
[INFO] [stdout] 1 | use safecoin_program::{
[INFO] [stdout]   |     ^^^^^^^^^^^^^^^^ use of undeclared crate or module `safecoin_program`
[INFO] [stdout] 
[INFO] [stdout] 
[INFO] [stdout] error[E0433]: failed to resolve: use of undeclared crate or module `safecoin_program`
[INFO] [stdout]  --> /opt/rustwide/cargo-home/registry/src/index.crates.io-6f17d22bba15001f/lpl-utils-0.1.0/src/token/utils.rs:2:5
[INFO] [stdout]   |
[INFO] [stdout] 2 | use safecoin_program::{
[INFO] [stdout]   |     ^^^^^^^^^^^^^^^^ use of undeclared crate or module `safecoin_program`
[INFO] [stdout] 
[INFO] [stdout] 
[INFO] [stdout] error[E0433]: failed to resolve: use of undeclared crate or module `safecoin_program`
[INFO] [stdout]  --> /opt/rustwide/cargo-home/registry/src/index.crates.io-6f17d22bba15001f/lpl-utils-0.1.0/src/token/cpi.rs:1:5
[INFO] [stdout]   |
[INFO] [stdout] 1 | use safecoin_program::{
[INFO] [stdout]   |     ^^^^^^^^^^^^^^^^ use of undeclared crate or module `safecoin_program`
[INFO] [stdout] 
[INFO] [stdout] 
[INFO] [stdout] error[E0432]: unresolved import `safecoin_program`
[INFO] [stdout]  --> /opt/rustwide/cargo-home/registry/src/index.crates.io-6f17d22bba15001f/lpl-utils-0.1.0/src/account.rs:1:5
[INFO] [stdout]   |
[INFO] [stdout] 1 | use safecoin_program::{
[INFO] [stdout]   |     ^^^^^^^^^^^^^^^^ use of undeclared crate or module `safecoin_program`
[INFO] [stdout] 
[INFO] [stdout] 
[INFO] [stdout] error: aborting due to 7 previous errors
[INFO] [stdout] 
[INFO] [stdout] 
[INFO] [stdout] Some errors have detailed explanations: E0432, E0433.
[INFO] [stdout] 
[INFO] [stdout] For more information about an error, try `rustc --explain E0432`.
[INFO] [stdout] 
[INFO] [stderr] error: could not compile `lpl-utils` (lib) due to 8 previous errors
[INFO] [stderr] warning: build failed, waiting for other jobs to finish...
[INFO] running `Command { std: "docker" "inspect" "85c9257b7ec5602b95fd1e298b466f201fa029675de878711fa33e36aeeea153", kill_on_drop: false }`
[INFO] running `Command { std: "docker" "rm" "-f" "85c9257b7ec5602b95fd1e298b466f201fa029675de878711fa33e36aeeea153", kill_on_drop: false }`
[INFO] [stdout] 85c9257b7ec5602b95fd1e298b466f201fa029675de878711fa33e36aeeea153
