[INFO] fetching crate loro-internal 0.2.2...
[INFO] checking loro-internal-0.2.2 against nightly-2024-02-05 for check-cfg
[INFO] extracting crate loro-internal 0.2.2 into /workspace/builds/worker-6-tc1/source
[INFO] validating manifest of crates.io crate loro-internal 0.2.2 on toolchain nightly-2024-02-05
[INFO] running `Command { std: CARGO_HOME="/workspace/cargo-home" RUSTUP_HOME="/workspace/rustup-home" "/workspace/cargo-home/bin/cargo" "+nightly-2024-02-05" "metadata" "--manifest-path" "Cargo.toml" "--no-deps", kill_on_drop: false }`
[INFO] started tweaking crates.io crate loro-internal 0.2.2
[INFO] finished tweaking crates.io crate loro-internal 0.2.2
[INFO] tweaked toml for crates.io crate loro-internal 0.2.2 written to /workspace/builds/worker-6-tc1/source/Cargo.toml
[INFO] crate crates.io crate loro-internal 0.2.2 already has a lockfile, it will not be regenerated
[INFO] running `Command { std: CARGO_HOME="/workspace/cargo-home" RUSTUP_HOME="/workspace/rustup-home" "/workspace/cargo-home/bin/cargo" "+nightly-2024-02-05" "fetch" "--manifest-path" "Cargo.toml", kill_on_drop: false }`
[INFO] [stderr]     Updating crates.io index
[INFO] [stderr]  Downloading crates ...
[INFO] [stderr]   Downloaded thousands v0.2.0
[INFO] [stderr]   Downloaded proptest-derive v0.3.0
[INFO] [stderr]   Downloaded color-backtrace v0.5.1
[INFO] [stderr]   Downloaded append-only-bytes v0.1.12
[INFO] [stderr]   Downloaded arref v0.1.0
[INFO] [stderr]   Downloaded debug-log v0.2.2
[INFO] [stderr]   Downloaded loro-preload v0.1.0
[INFO] [stderr]   Downloaded mintex v0.1.2
[INFO] [stderr]   Downloaded sys-info v0.9.1
[INFO] [stderr]   Downloaded loro-common v0.1.0
[INFO] [stderr]   Downloaded serde_columnar v0.3.3
[INFO] [stderr]   Downloaded arbtest v0.2.0
[INFO] [stderr]   Downloaded loro-thunderdome v0.6.2
[INFO] [stderr]   Downloaded generic-btree v0.8.2
[INFO] [stderr]   Downloaded loro-rle v0.1.0
[INFO] [stderr]   Downloaded dhat v0.3.2
[INFO] [stderr]   Downloaded object v0.30.2
[INFO] [stderr]   Downloaded proptest v1.0.0
[INFO] [stderr]   Downloaded serde_columnar_derive v0.3.2
[INFO] [stderr]   Downloaded crdt-list v0.4.0
[INFO] [stderr]   Downloaded postcard v1.0.2
[INFO] running `Command { std: "docker" "create" "-v" "/var/lib/crater-agent-workspace/builds/worker-6-tc1/target:/opt/rustwide/target:rw,Z" "-v" "/var/lib/crater-agent-workspace/builds/worker-6-tc1/source:/opt/rustwide/workdir:ro,Z" "-v" "/var/lib/crater-agent-workspace/cargo-home:/opt/rustwide/cargo-home:ro,Z" "-v" "/var/lib/crater-agent-workspace/rustup-home:/opt/rustwide/rustup-home:ro,Z" "-e" "SOURCE_DIR=/opt/rustwide/workdir" "-e" "CARGO_TARGET_DIR=/opt/rustwide/target" "-e" "CARGO_HOME=/opt/rustwide/cargo-home" "-e" "RUSTUP_HOME=/opt/rustwide/rustup-home" "-w" "/opt/rustwide/workdir" "-m" "1610612736" "--user" "0:0" "--network" "none" "ghcr.io/rust-lang/crates-build-env/linux@sha256:2788e3201cd34a07e3172128adcd8b3090168a8e3bcc40d7c032b9dda1df7d1c" "/opt/rustwide/cargo-home/bin/cargo" "+nightly-2024-02-05" "metadata" "--no-deps" "--format-version=1", kill_on_drop: false }`
[INFO] [stdout] 6dcdc771f2021bad1fa444d75fb936bb4f34471579061c61855b4c3177735b63
[INFO] running `Command { std: "docker" "start" "-a" "6dcdc771f2021bad1fa444d75fb936bb4f34471579061c61855b4c3177735b63", kill_on_drop: false }`
[INFO] running `Command { std: "docker" "inspect" "6dcdc771f2021bad1fa444d75fb936bb4f34471579061c61855b4c3177735b63", kill_on_drop: false }`
[INFO] running `Command { std: "docker" "rm" "-f" "6dcdc771f2021bad1fa444d75fb936bb4f34471579061c61855b4c3177735b63", kill_on_drop: false }`
[INFO] [stdout] 6dcdc771f2021bad1fa444d75fb936bb4f34471579061c61855b4c3177735b63
[INFO] running `Command { std: "docker" "create" "-v" "/var/lib/crater-agent-workspace/builds/worker-6-tc1/target:/opt/rustwide/target:rw,Z" "-v" "/var/lib/crater-agent-workspace/builds/worker-6-tc1/source:/opt/rustwide/workdir:ro,Z" "-v" "/var/lib/crater-agent-workspace/cargo-home:/opt/rustwide/cargo-home:ro,Z" "-v" "/var/lib/crater-agent-workspace/rustup-home:/opt/rustwide/rustup-home:ro,Z" "-e" "SOURCE_DIR=/opt/rustwide/workdir" "-e" "CARGO_TARGET_DIR=/opt/rustwide/target" "-e" "CARGO_INCREMENTAL=0" "-e" "RUST_BACKTRACE=full" "-e" "RUSTFLAGS=--cap-lints=forbid" "-e" "RUSTDOCFLAGS=--cap-lints=forbid" "-e" "CARGO_HOME=/opt/rustwide/cargo-home" "-e" "RUSTUP_HOME=/opt/rustwide/rustup-home" "-w" "/opt/rustwide/workdir" "-m" "1610612736" "--user" "0:0" "--network" "none" "ghcr.io/rust-lang/crates-build-env/linux@sha256:2788e3201cd34a07e3172128adcd8b3090168a8e3bcc40d7c032b9dda1df7d1c" "/opt/rustwide/cargo-home/bin/cargo" "+nightly-2024-02-05" "check" "--frozen" "--all" "--all-targets" "--message-format=json", kill_on_drop: false }`
[INFO] [stdout] ce8d166f02b5ebeca56aae3aa690eeb1a6f433b006b54eaf1961dd4d00341a5d
[INFO] running `Command { std: "docker" "start" "-a" "ce8d166f02b5ebeca56aae3aa690eeb1a6f433b006b54eaf1961dd4d00341a5d", kill_on_drop: false }`
[INFO] [stderr]    Compiling proc-macro2 v1.0.67
[INFO] [stderr]    Compiling quote v1.0.29
[INFO] [stderr]    Compiling unicode-ident v1.0.6
[INFO] [stderr]    Compiling libc v0.2.147
[INFO] [stderr]    Compiling serde v1.0.171
[INFO] [stderr]     Checking scopeguard v1.1.0
[INFO] [stderr]    Compiling syn v1.0.107
[INFO] [stderr]    Compiling num-traits v0.2.15
[INFO] [stderr]    Compiling lock_api v0.4.9
[INFO] [stderr]    Compiling semver v1.0.16
[INFO] [stderr]     Checking byteorder v1.4.3
[INFO] [stderr]    Compiling proc-macro-error-attr v1.0.4
[INFO] [stderr]    Compiling num-integer v0.1.45
[INFO] [stderr]     Checking once_cell v1.18.0
[INFO] [stderr]    Compiling proc-macro-error v1.0.4
[INFO] [stderr]    Compiling cc v1.0.78
[INFO] [stderr]     Checking either v1.9.0
[INFO] [stderr]     Checking spin v0.9.4
[INFO] [stderr]     Checking hash32 v0.2.1
[INFO] [stderr]    Compiling rustc_version v0.4.0
[INFO] [stderr]    Compiling num-bigint v0.4.3
[INFO] [stderr]    Compiling crossbeam-utils v0.8.14
[INFO] [stderr]     Checking stable_deref_trait v1.2.0
[INFO] [stderr]    Compiling syn v2.0.25
[INFO] [stderr]    Compiling heapless v0.7.16
[INFO] [stderr]     Checking getrandom v0.2.10
[INFO] [stderr]    Compiling heck v0.4.1
[INFO] [stderr]    Compiling parking_lot_core v0.9.6
[INFO] [stderr]     Checking rand_core v0.6.4
[INFO] [stderr]    Compiling memoffset v0.7.1
[INFO] [stderr]    Compiling num-iter v0.1.43
[INFO] [stderr]    Compiling num-rational v0.4.1
[INFO] [stderr]    Compiling ident_case v1.0.1
[INFO] [stderr]     Checking adler v1.0.2
[INFO] [stderr]    Compiling fnv v1.0.7
[INFO] [stderr]    Compiling strsim v0.10.0
[INFO] [stderr]    Compiling crossbeam-epoch v0.9.13
[INFO] [stderr]    Compiling serde_json v1.0.91
[INFO] [stderr]    Compiling memchr v2.5.0
[INFO] [stderr]    Compiling thiserror v1.0.43
[INFO] [stderr]    Compiling Inflector v0.11.4
[INFO] [stderr]    Compiling typenum v1.16.0
[INFO] [stderr]     Checking num-complex v0.4.2
[INFO] [stderr]     Checking fxhash v0.2.1
[INFO] [stderr]     Checking aliasable v0.1.3
[INFO] [stderr]     Checking itoa v1.0.5
[INFO] [stderr]    Compiling proc-macro2 v0.4.30
[INFO] [stderr]     Checking ryu v1.0.12
[INFO] [stderr]     Checking siphasher v0.3.10
[INFO] [stderr]     Checking arref v0.1.0
[INFO] [stderr]     Checking phf_shared v0.10.0
[INFO] [stderr]     Checking crdt-list v0.4.0
[INFO] [stderr]    Compiling backtrace v0.3.67
[INFO] [stderr]    Compiling sys-info v0.9.1
[INFO] [stderr]     Checking miniz_oxide v0.6.2
[INFO] [stderr]     Checking itertools v0.11.0
[INFO] [stderr]     Checking debug-log v0.2.2
[INFO] [stderr]    Compiling indexmap v1.9.2
[INFO] [stderr]     Checking precomputed-hash v0.1.1
[INFO] [stderr]     Checking bumpalo v3.11.1
[INFO] [stderr]     Checking num v0.4.0
[INFO] [stderr]     Checking cobs v0.2.3
[INFO] [stderr]     Checking append-only-bytes v0.1.12
[INFO] [stderr]    Compiling rayon-core v1.10.1
[INFO] [stderr]    Compiling unicode-xid v0.1.0
[INFO] [stderr]     Checking new_debug_unreachable v1.0.4
[INFO] [stderr]     Checking gimli v0.27.0
[INFO] [stderr]     Checking bitmaps v2.1.0
[INFO] [stderr]     Checking object v0.30.2
[INFO] [stderr]     Checking crossbeam-deque v0.8.2
[INFO] [stderr]     Checking crossbeam-channel v0.5.6
[INFO] [stderr]     Checking num_cpus v1.15.0
[INFO] [stderr]    Compiling im v15.1.0
[INFO] [stderr]     Checking remove_dir_all v0.5.3
[INFO] [stderr]     Checking hashbrown v0.12.3
[INFO] [stderr]     Checking plotters-backend v0.3.4
[INFO] [stderr]     Checking rustc-demangle v0.1.21
[INFO] [stderr]    Compiling crc32fast v1.3.2
[INFO] [stderr]     Checking ciborium-io v0.2.0
[INFO] [stderr]    Compiling darling_core v0.20.3
[INFO] [stderr]     Checking half v1.8.2
[INFO] [stderr]     Checking fastrand v1.8.0
[INFO] [stderr]     Checking os_str_bytes v6.4.1
[INFO] [stderr]     Checking regex-syntax v0.6.28
[INFO] [stderr]    Compiling syn v0.15.44
[INFO] [stderr]     Checking clap_lex v0.2.4
[INFO] [stderr]     Checking tempfile v3.3.0
[INFO] [stderr]     Checking addr2line v0.19.0
[INFO] [stderr]     Checking ciborium-ll v0.2.0
[INFO] [stderr]     Checking plotters-svg v0.3.3
[INFO] [stderr]     Checking rand_chacha v0.3.1
[INFO] [stderr]     Checking sized-chunks v0.6.5
[INFO] [stderr]    Compiling quote v0.6.13
[INFO] [stderr]     Checking rand_xoshiro v0.6.0
[INFO] [stderr]     Checking atty v0.2.14
[INFO] [stderr]     Checking wait-timeout v0.2.0
[INFO] [stderr]     Checking itertools v0.10.5
[INFO] [stderr]     Checking tracing-core v0.1.30
[INFO] [stderr]     Checking pin-project-lite v0.2.9
[INFO] [stderr]     Checking bytes v1.4.0
[INFO] [stderr]     Checking bit-vec v0.6.3
[INFO] [stderr]     Checking quick-error v1.2.3
[INFO] [stderr]     Checking unicode-width v0.1.10
[INFO] [stderr]     Checking textwrap v0.16.0
[INFO] [stderr]     Checking loro-thunderdome v0.6.2
[INFO] [stderr]     Checking bytecount v0.6.3
[INFO] [stderr]     Checking cast v0.3.0
[INFO] [stderr]     Checking walkdir v2.3.2
[INFO] [stderr]     Checking papergrid v0.7.1
[INFO] [stderr]     Checking clap v3.2.23
[INFO] [stderr]     Checking bit-set v0.5.3
[INFO] [stderr]     Checking rusty-fork v0.3.0
[INFO] [stderr]     Checking regex v1.7.1
[INFO] [stderr]     Checking rayon v1.6.1
[INFO] [stderr]    Compiling serde_derive v1.0.171
[INFO] [stderr]    Compiling thiserror-impl v1.0.43
[INFO] [stderr]    Compiling derive_arbitrary v1.3.1
[INFO] [stderr]    Compiling darling_macro v0.20.3
[INFO] [stderr]    Compiling ouroboros_macro v0.15.6
[INFO] [stderr]    Compiling enum-as-inner v0.5.1
[INFO] [stderr]    Compiling darling v0.20.3
[INFO] [stderr]    Compiling serde_columnar_derive v0.3.2
[INFO] [stderr]    Compiling enum-as-inner v0.6.0
[INFO] [stderr]     Checking arbitrary v1.3.0
[INFO] [stderr]    Compiling tracing-attributes v0.1.23
[INFO] [stderr]    Compiling tabled_derive v0.5.0
[INFO] [stderr]    Compiling enum_dispatch v0.3.11
[INFO] [stderr]     Checking criterion-plot v0.5.0
[INFO] [stderr]     Checking mintex v0.1.2
[INFO] [stderr]     Checking rand v0.8.5
[INFO] [stderr]     Checking ouroboros v0.15.6
[INFO] [stderr]     Checking plotters v0.3.4
[INFO] [stderr]     Checking miniz_oxide v0.7.1
[INFO] [stderr]     Checking rand_xorshift v0.3.0
[INFO] [stderr]     Checking anes v0.1.6
[INFO] [stderr]     Checking thousands v0.2.0
[INFO] [stderr]     Checking oorandom v11.1.3
[INFO] [stderr]     Checking termcolor v1.2.0
[INFO] [stderr]     Checking quick-error v2.0.1
[INFO] [stderr]     Checking rustc-hash v1.1.0
[INFO] [stderr]     Checking tabled v0.10.0
[INFO] [stderr]     Checking proptest v1.0.0
[INFO] [stderr]     Checking flate2 v1.0.25
[INFO] [stderr]     Checking color-backtrace v0.5.1
[INFO] [stderr]     Checking tracing v0.1.37
[INFO] [stderr]     Checking arbtest v0.2.0
[INFO] [stderr]    Compiling ctor v0.1.26
[INFO] [stderr]     Checking static_assertions v1.1.0
[INFO] [stderr]    Compiling proptest-derive v0.3.0
[INFO] [stderr]     Checking smallvec v1.10.0
[INFO] [stderr]     Checking ciborium v0.2.0
[INFO] [stderr]     Checking parking_lot v0.12.1
[INFO] [stderr]     Checking postcard v1.0.2
[INFO] [stderr]     Checking loro-rle v0.1.0
[INFO] [stderr]     Checking generic-btree v0.8.2
[INFO] [stderr]     Checking string_cache v0.8.7
[INFO] [stderr]     Checking tinytemplate v1.2.1
[INFO] [stderr]     Checking dhat v0.3.2
[INFO] [stderr]     Checking serde_columnar v0.3.3
[INFO] [stderr]     Checking criterion v0.4.0
[INFO] [stderr]     Checking loro-common v0.1.0
[INFO] [stderr]     Checking loro-preload v0.1.0
[INFO] [stderr]     Checking loro-internal v0.2.2 (/opt/rustwide/workdir)
[INFO] [stdout] warning: unused imports: `VersionVector`, `event::Diff`
[INFO] [stdout]   --> src/container.rs:80:13
[INFO] [stdout]    |
[INFO] [stdout] 80 | use crate::{event::Diff, VersionVector};
[INFO] [stdout]    |             ^^^^^^^^^^^  ^^^^^^^^^^^^^
[INFO] [stdout]    |
[INFO] [stdout]    = note: `#[warn(unused_imports)]` on by default
[INFO] [stdout] 
[INFO] [stdout] 
[INFO] [stdout] warning: unused import: `super::oplog::OpLog`
[INFO] [stdout]   --> src/container.rs:82:5
[INFO] [stdout]    |
[INFO] [stdout] 82 | use super::oplog::OpLog;
[INFO] [stdout]    |     ^^^^^^^^^^^^^^^^^^^
[INFO] [stdout] 
[INFO] [stdout] 
[INFO] [stdout] warning: unused imports: `VersionVector`, `event::Diff`
[INFO] [stdout]   --> src/container.rs:80:13
[INFO] [stdout]    |
[INFO] [stdout] 80 | use crate::{event::Diff, VersionVector};
[INFO] [stdout]    |             ^^^^^^^^^^^  ^^^^^^^^^^^^^
[INFO] [stdout]    |
[INFO] [stdout]    = note: `#[warn(unused_imports)]` on by default
[INFO] [stdout] 
[INFO] [stdout] 
[INFO] [stdout] warning: unused import: `super::oplog::OpLog`
[INFO] [stdout]   --> src/container.rs:82:5
[INFO] [stdout]    |
[INFO] [stdout] 82 | use super::oplog::OpLog;
[INFO] [stdout]    |     ^^^^^^^^^^^^^^^^^^^
[INFO] [stdout] 
[INFO] [stdout] 
[INFO] [stdout] warning: method `get` is never used
[INFO] [stdout]   --> src/utils/bitmap.rs:57:12
[INFO] [stdout]    |
[INFO] [stdout] 25 | impl BitMap {
[INFO] [stdout]    | ----------- method in this implementation
[INFO] [stdout] ...
[INFO] [stdout] 57 |     pub fn get(&self, index: usize) -> bool {
[INFO] [stdout]    |            ^^^
[INFO] [stdout]    |
[INFO] [stdout]    = note: `#[warn(dead_code)]` on by default
[INFO] [stdout] 
[INFO] [stdout] 
[INFO] [stdout] warning: 3 warnings emitted
[INFO] [stdout] 
[INFO] [stdout] 
[INFO] [stdout] error[E0432]: unresolved import `bench_utils`
[INFO] [stdout]  --> examples/obs.rs:1:5
[INFO] [stdout]   |
[INFO] [stdout] 1 | use bench_utils::TextAction;
[INFO] [stdout]   |     ^^^^^^^^^^^ use of undeclared crate or module `bench_utils`
[INFO] [stdout] 
[INFO] [stdout] 
[INFO] [stdout] error[E0432]: unresolved import `bench_utils`
[INFO] [stdout]  --> examples/encoding.rs:1:5
[INFO] [stdout]   |
[INFO] [stdout] 1 | use bench_utils::TextAction;
[INFO] [stdout]   |     ^^^^^^^^^^^ use of undeclared crate or module `bench_utils`
[INFO] [stdout] 
[INFO] [stdout] 
[INFO] [stdout] error[E0432]: unresolved import `bench_utils`
[INFO] [stdout]  --> examples/pending.rs:1:5
[INFO] [stdout]   |
[INFO] [stdout] 1 | use bench_utils::TextAction;
[INFO] [stdout]   |     ^^^^^^^^^^^ use of undeclared crate or module `bench_utils`
[INFO] [stdout] 
[INFO] [stdout] 
[INFO] [stdout] error[E0432]: unresolved import `bench_utils`
[INFO] [stdout]  --> examples/automerge_x100.rs:5:9
[INFO] [stdout]   |
[INFO] [stdout] 5 |     use bench_utils::TextAction;
[INFO] [stdout]   |         ^^^^^^^^^^^ use of undeclared crate or module `bench_utils`
[INFO] [stdout] 
[INFO] [stdout] 
[INFO] [stdout] error[E0432]: unresolved import `bench_utils`
[INFO] [stdout]  --> examples/encoding_refactored.rs:1:5
[INFO] [stdout]   |
[INFO] [stdout] 1 | use bench_utils::TextAction;
[INFO] [stdout]   |     ^^^^^^^^^^^ use of undeclared crate or module `bench_utils`
[INFO] [stdout] 
[INFO] [stdout] 
[INFO] [stdout] error[E0433]: failed to resolve: use of undeclared crate or module `bench_utils`
[INFO] [stdout]  --> examples/encoding.rs:5:19
[INFO] [stdout]   |
[INFO] [stdout] 5 |     let actions = bench_utils::get_automerge_actions();
[INFO] [stdout]   |                   ^^^^^^^^^^^ use of undeclared crate or module `bench_utils`
[INFO] [stdout] 
[INFO] [stdout] 
[INFO] [stdout] error[E0433]: failed to resolve: use of undeclared crate or module `bench_utils`
[INFO] [stdout]  --> examples/obs.rs:6:19
[INFO] [stdout]   |
[INFO] [stdout] 6 |     let actions = bench_utils::get_automerge_actions();
[INFO] [stdout]   |                   ^^^^^^^^^^^ use of undeclared crate or module `bench_utils`
[INFO] [stdout] 
[INFO] [stdout] 
[INFO] [stdout] error[E0433]: failed to resolve: use of undeclared crate or module `bench_utils`
[INFO] [stdout]  --> examples/automerge_x100.rs:8:19
[INFO] [stdout]   |
[INFO] [stdout] 8 |     let actions = bench_utils::get_automerge_actions();
[INFO] [stdout]   |                   ^^^^^^^^^^^ use of undeclared crate or module `bench_utils`
[INFO] [stdout] 
[INFO] [stdout] 
[INFO] [stdout] error[E0433]: failed to resolve: use of undeclared crate or module `bench_utils`
[INFO] [stdout]  --> examples/pending.rs:8:19
[INFO] [stdout]   |
[INFO] [stdout] 8 |     let actions = bench_utils::get_automerge_actions();
[INFO] [stdout]   |                   ^^^^^^^^^^^ use of undeclared crate or module `bench_utils`
[INFO] [stdout] 
[INFO] [stdout] 
[INFO] [stdout] error: aborting due to 2 previous errors
[INFO] [stdout] 
[INFO] [stdout] 
[INFO] [stdout] error: aborting due to 2 previous errors
[INFO] [stdout] 
[INFO] [stdout] 
[INFO] [stdout] Some errors have detailed explanations: E0432, E0433.
[INFO] [stdout] 
[INFO] [stdout] For more information about an error, try `rustc --explain E0432`.
[INFO] [stdout] 
[INFO] [stdout] Some errors have detailed explanations: E0432, E0433.
[INFO] [stdout] 
[INFO] [stdout] For more information about an error, try `rustc --explain E0432`.
[INFO] [stdout] 
[INFO] [stdout] error: aborting due to 2 previous errors
[INFO] [stdout] 
[INFO] [stdout] 
[INFO] [stdout] Some errors have detailed explanations: E0432, E0433.
[INFO] [stdout] 
[INFO] [stdout] For more information about an error, try `rustc --explain E0432`.
[INFO] [stdout] 
[INFO] [stdout] error[E0433]: failed to resolve: use of undeclared crate or module `bench_utils`
[INFO] [stdout]   --> examples/encoding_refactored.rs:13:19
[INFO] [stdout]    |
[INFO] [stdout] 13 |     let actions = bench_utils::get_automerge_actions();
[INFO] [stdout]    |                   ^^^^^^^^^^^ use of undeclared crate or module `bench_utils`
[INFO] [stdout] 
[INFO] [stdout] 
[INFO] [stderr] error: could not compile `loro-internal` (example "encoding") due to 3 previous errors
[INFO] [stderr] warning: build failed, waiting for other jobs to finish...
[INFO] [stderr] error: could not compile `loro-internal` (example "obs") due to 3 previous errors
[INFO] [stdout] error: aborting due to 2 previous errors
[INFO] [stdout] 
[INFO] [stdout] 
[INFO] [stderr] error: could not compile `loro-internal` (example "automerge_x100") due to 3 previous errors
[INFO] [stdout] Some errors have detailed explanations: E0432, E0433.
[INFO] [stdout] 
[INFO] [stdout] For more information about an error, try `rustc --explain E0432`.
[INFO] [stdout] 
[INFO] [stdout] error[E0433]: failed to resolve: use of undeclared crate or module `bench_utils`
[INFO] [stdout]   --> examples/encoding_refactored.rs:59:19
[INFO] [stdout]    |
[INFO] [stdout] 59 |     let actions = bench_utils::get_automerge_actions();
[INFO] [stdout]    |                   ^^^^^^^^^^^ use of undeclared crate or module `bench_utils`
[INFO] [stdout] 
[INFO] [stdout] 
[INFO] [stdout] error[E0433]: failed to resolve: use of undeclared crate or module `bench_utils`
[INFO] [stdout]   --> examples/encoding_refactored.rs:85:19
[INFO] [stdout]    |
[INFO] [stdout] 85 |     let actions = bench_utils::get_automerge_actions();
[INFO] [stdout]    |                   ^^^^^^^^^^^ use of undeclared crate or module `bench_utils`
[INFO] [stdout] 
[INFO] [stdout] 
[INFO] [stderr] error: could not compile `loro-internal` (example "pending") due to 3 previous errors
[INFO] [stdout] error: aborting due to 4 previous errors
[INFO] [stdout] 
[INFO] [stdout] 
[INFO] [stdout] Some errors have detailed explanations: E0432, E0433.
[INFO] [stdout] 
[INFO] [stdout] For more information about an error, try `rustc --explain E0432`.
[INFO] [stdout] 
[INFO] [stderr] error: could not compile `loro-internal` (example "encoding_refactored") due to 5 previous errors
[INFO] [stdout] error[E0433]: failed to resolve: use of undeclared crate or module `bench_utils`
[INFO] [stdout]  --> benches/draw.rs:1:5
[INFO] [stdout]   |
[INFO] [stdout] 1 | use bench_utils::draw::{gen_draw_actions, DrawAction};
[INFO] [stdout]   |     ^^^^^^^^^^^ use of undeclared crate or module `bench_utils`
[INFO] [stdout] 
[INFO] [stdout] 
[INFO] [stdout] error: aborting due to 1 previous error
[INFO] [stdout] 
[INFO] [stdout] 
[INFO] [stdout] For more information about this error, try `rustc --explain E0433`.
[INFO] [stdout] 
[INFO] [stderr] error: could not compile `loro-internal` (bench "draw") due to 2 previous errors
[INFO] [stdout] warning: 2 warnings emitted
[INFO] [stdout] 
[INFO] [stdout] 
[INFO] running `Command { std: "docker" "inspect" "ce8d166f02b5ebeca56aae3aa690eeb1a6f433b006b54eaf1961dd4d00341a5d", kill_on_drop: false }`
[INFO] running `Command { std: "docker" "rm" "-f" "ce8d166f02b5ebeca56aae3aa690eeb1a6f433b006b54eaf1961dd4d00341a5d", kill_on_drop: false }`
[INFO] [stdout] ce8d166f02b5ebeca56aae3aa690eeb1a6f433b006b54eaf1961dd4d00341a5d
[INFO] checking loro-internal-0.2.2 against nightly-2024-02-05+rustflags=-Dunexpected_cfgs+cargoflags=-Zcheck-cfg for check-cfg
[INFO] extracting crate loro-internal 0.2.2 into /workspace/builds/worker-6-tc2/source
[INFO] validating manifest of crates.io crate loro-internal 0.2.2 on toolchain nightly-2024-02-05
[INFO] running `Command { std: CARGO_HOME="/workspace/cargo-home" RUSTUP_HOME="/workspace/rustup-home" "/workspace/cargo-home/bin/cargo" "+nightly-2024-02-05" "metadata" "--manifest-path" "Cargo.toml" "--no-deps", kill_on_drop: false }`
[INFO] started tweaking crates.io crate loro-internal 0.2.2
[INFO] finished tweaking crates.io crate loro-internal 0.2.2
[INFO] tweaked toml for crates.io crate loro-internal 0.2.2 written to /workspace/builds/worker-6-tc2/source/Cargo.toml
[INFO] crate crates.io crate loro-internal 0.2.2 already has a lockfile, it will not be regenerated
[INFO] running `Command { std: CARGO_HOME="/workspace/cargo-home" RUSTUP_HOME="/workspace/rustup-home" "/workspace/cargo-home/bin/cargo" "+nightly-2024-02-05" "fetch" "--manifest-path" "Cargo.toml", kill_on_drop: false }`
[INFO] running `Command { std: "docker" "create" "-v" "/var/lib/crater-agent-workspace/builds/worker-6-tc2/target:/opt/rustwide/target:rw,Z" "-v" "/var/lib/crater-agent-workspace/builds/worker-6-tc2/source:/opt/rustwide/workdir:ro,Z" "-v" "/var/lib/crater-agent-workspace/cargo-home:/opt/rustwide/cargo-home:ro,Z" "-v" "/var/lib/crater-agent-workspace/rustup-home:/opt/rustwide/rustup-home:ro,Z" "-e" "SOURCE_DIR=/opt/rustwide/workdir" "-e" "CARGO_TARGET_DIR=/opt/rustwide/target" "-e" "CARGO_HOME=/opt/rustwide/cargo-home" "-e" "RUSTUP_HOME=/opt/rustwide/rustup-home" "-w" "/opt/rustwide/workdir" "-m" "1610612736" "--user" "0:0" "--network" "none" "ghcr.io/rust-lang/crates-build-env/linux@sha256:2788e3201cd34a07e3172128adcd8b3090168a8e3bcc40d7c032b9dda1df7d1c" "/opt/rustwide/cargo-home/bin/cargo" "+nightly-2024-02-05" "metadata" "--no-deps" "--format-version=1", kill_on_drop: false }`
[INFO] [stdout] ff475913985adc5ff9a36ee5fcada25ed25fb0e0055ca31687acb1325b9a5466
[INFO] running `Command { std: "docker" "start" "-a" "ff475913985adc5ff9a36ee5fcada25ed25fb0e0055ca31687acb1325b9a5466", kill_on_drop: false }`
[INFO] running `Command { std: "docker" "inspect" "ff475913985adc5ff9a36ee5fcada25ed25fb0e0055ca31687acb1325b9a5466", kill_on_drop: false }`
[INFO] running `Command { std: "docker" "rm" "-f" "ff475913985adc5ff9a36ee5fcada25ed25fb0e0055ca31687acb1325b9a5466", kill_on_drop: false }`
[INFO] [stdout] ff475913985adc5ff9a36ee5fcada25ed25fb0e0055ca31687acb1325b9a5466
[INFO] running `Command { std: "docker" "create" "-v" "/var/lib/crater-agent-workspace/builds/worker-6-tc2/target:/opt/rustwide/target:rw,Z" "-v" "/var/lib/crater-agent-workspace/builds/worker-6-tc2/source:/opt/rustwide/workdir:ro,Z" "-v" "/var/lib/crater-agent-workspace/cargo-home:/opt/rustwide/cargo-home:ro,Z" "-v" "/var/lib/crater-agent-workspace/rustup-home:/opt/rustwide/rustup-home:ro,Z" "-e" "SOURCE_DIR=/opt/rustwide/workdir" "-e" "CARGO_TARGET_DIR=/opt/rustwide/target" "-e" "CARGO_INCREMENTAL=0" "-e" "RUST_BACKTRACE=full" "-e" "RUSTFLAGS=--cap-lints=forbid -Dunexpected_cfgs" "-e" "RUSTDOCFLAGS=--cap-lints=forbid" "-e" "CARGO_HOME=/opt/rustwide/cargo-home" "-e" "RUSTUP_HOME=/opt/rustwide/rustup-home" "-w" "/opt/rustwide/workdir" "-m" "1610612736" "--user" "0:0" "--network" "none" "ghcr.io/rust-lang/crates-build-env/linux@sha256:2788e3201cd34a07e3172128adcd8b3090168a8e3bcc40d7c032b9dda1df7d1c" "/opt/rustwide/cargo-home/bin/cargo" "+nightly-2024-02-05" "check" "--frozen" "--all" "--all-targets" "--message-format=json" "-Zcheck-cfg", kill_on_drop: false }`
[INFO] [stdout] 9b51c2e8453e161c037f88533586a613b01782eddc1e60fc4661e1eeb6dd0ecf
[INFO] running `Command { std: "docker" "start" "-a" "9b51c2e8453e161c037f88533586a613b01782eddc1e60fc4661e1eeb6dd0ecf", kill_on_drop: false }`
[INFO] [stderr]    Compiling proc-macro2 v1.0.67
[INFO] [stderr]    Compiling unicode-ident v1.0.6
[INFO] [stderr]    Compiling quote v1.0.29
[INFO] [stderr]    Compiling libc v0.2.147
[INFO] [stderr]    Compiling serde v1.0.171
[INFO] [stderr]     Checking scopeguard v1.1.0
[INFO] [stderr]    Compiling syn v1.0.107
[INFO] [stderr]    Compiling num-traits v0.2.15
[INFO] [stderr]    Compiling lock_api v0.4.9
[INFO] [stderr]    Compiling semver v1.0.16
[INFO] [stderr]     Checking byteorder v1.4.3
[INFO] [stderr]    Compiling num-integer v0.1.45
[INFO] [stderr]     Checking once_cell v1.18.0
[INFO] [stderr]    Compiling proc-macro-error v1.0.4
[INFO] [stderr]    Compiling cc v1.0.78
[INFO] [stderr]     Checking either v1.9.0
[INFO] [stderr]     Checking spin v0.9.4
[INFO] [stderr]    Compiling rustc_version v0.4.0
[INFO] [stderr]     Checking hash32 v0.2.1
[INFO] [stderr]    Compiling num-bigint v0.4.3
[INFO] [stderr]    Compiling parking_lot_core v0.9.6
[INFO] [stderr]    Compiling heapless v0.7.16
[INFO] [stderr]    Compiling syn v2.0.25
[INFO] [stderr]     Checking getrandom v0.2.10
[INFO] [stderr]    Compiling heck v0.4.1
[INFO] [stderr]    Compiling crossbeam-utils v0.8.14
[INFO] [stderr]    Compiling proc-macro-error-attr v1.0.4
[INFO] [stderr]     Checking stable_deref_trait v1.2.0
[INFO] [stderr]     Checking rand_core v0.6.4
[INFO] [stderr]    Compiling num-rational v0.4.1
[INFO] [stderr]    Compiling num-iter v0.1.43
[INFO] [stderr]    Compiling memoffset v0.7.1
[INFO] [stderr]    Compiling strsim v0.10.0
[INFO] [stderr]     Checking adler v1.0.2
[INFO] [stderr]    Compiling ident_case v1.0.1
[INFO] [stderr]    Compiling fnv v1.0.7
[INFO] [stderr]    Compiling crossbeam-epoch v0.9.13
[INFO] [stderr]    Compiling Inflector v0.11.4
[INFO] [stderr]    Compiling typenum v1.16.0
[INFO] [stderr]    Compiling memchr v2.5.0
[INFO] [stderr]    Compiling serde_json v1.0.91
[INFO] [stderr]    Compiling thiserror v1.0.43
[INFO] [stderr]     Checking num-complex v0.4.2
[INFO] [stderr]     Checking fxhash v0.2.1
[INFO] [stderr]     Checking aliasable v0.1.3
[INFO] [stderr]     Checking siphasher v0.3.10
[INFO] [stderr]     Checking ryu v1.0.12
[INFO] [stderr]    Compiling proc-macro2 v0.4.30
[INFO] [stderr]     Checking itoa v1.0.5
[INFO] [stderr]     Checking arref v0.1.0
[INFO] [stderr]     Checking crdt-list v0.4.0
[INFO] [stderr]     Checking phf_shared v0.10.0
[INFO] [stderr]     Checking miniz_oxide v0.6.2
[INFO] [stderr]    Compiling backtrace v0.3.67
[INFO] [stderr]    Compiling sys-info v0.9.1
[INFO] [stderr]     Checking itertools v0.11.0
[INFO] [stderr]     Checking debug-log v0.2.2
[INFO] [stderr]    Compiling indexmap v1.9.2
[INFO] [stderr]     Checking precomputed-hash v0.1.1
[INFO] [stderr]     Checking num v0.4.0
[INFO] [stderr]     Checking bumpalo v3.11.1
[INFO] [stderr]    Compiling rayon-core v1.10.1
[INFO] [stderr]    Compiling unicode-xid v0.1.0
[INFO] [stderr]     Checking cobs v0.2.3
[INFO] [stderr]     Checking new_debug_unreachable v1.0.4
[INFO] [stderr]     Checking gimli v0.27.0
[INFO] [stderr]     Checking append-only-bytes v0.1.12
[INFO] [stderr]     Checking bitmaps v2.1.0
[INFO] [stderr]     Checking object v0.30.2
[INFO] [stderr]     Checking crossbeam-deque v0.8.2
[INFO] [stderr]     Checking crossbeam-channel v0.5.6
[INFO] [stderr]     Checking num_cpus v1.15.0
[INFO] [stderr]    Compiling im v15.1.0
[INFO] [stderr]     Checking fastrand v1.8.0
[INFO] [stderr]     Checking regex-syntax v0.6.28
[INFO] [stderr]     Checking rustc-demangle v0.1.21
[INFO] [stderr]     Checking plotters-backend v0.3.4
[INFO] [stderr]     Checking ciborium-io v0.2.0
[INFO] [stderr]    Compiling crc32fast v1.3.2
[INFO] [stderr]    Compiling darling_core v0.20.3
[INFO] [stderr]     Checking hashbrown v0.12.3
[INFO] [stderr]     Checking half v1.8.2
[INFO] [stderr]     Checking remove_dir_all v0.5.3
[INFO] [stderr]     Checking os_str_bytes v6.4.1
[INFO] [stderr]    Compiling syn v0.15.44
[INFO] [stderr]     Checking clap_lex v0.2.4
[INFO] [stderr]     Checking addr2line v0.19.0
[INFO] [stderr]     Checking tempfile v3.3.0
[INFO] [stderr]     Checking ciborium-ll v0.2.0
[INFO] [stderr]     Checking plotters-svg v0.3.3
[INFO] [stderr]     Checking rand_chacha v0.3.1
[INFO] [stderr]     Checking sized-chunks v0.6.5
[INFO] [stderr]    Compiling quote v0.6.13
[INFO] [stderr]     Checking rand_xoshiro v0.6.0
[INFO] [stderr]     Checking wait-timeout v0.2.0
[INFO] [stderr]     Checking atty v0.2.14
[INFO] [stderr]     Checking itertools v0.10.5
[INFO] [stderr]     Checking tracing-core v0.1.30
[INFO] [stderr]     Checking bytecount v0.6.3
[INFO] [stderr]     Checking loro-thunderdome v0.6.2
[INFO] [stderr]     Checking pin-project-lite v0.2.9
[INFO] [stderr]     Checking quick-error v1.2.3
[INFO] [stderr]     Checking textwrap v0.16.0
[INFO] [stderr]     Checking unicode-width v0.1.10
[INFO] [stderr]     Checking cast v0.3.0
[INFO] [stderr]     Checking bit-vec v0.6.3
[INFO] [stderr]     Checking bytes v1.4.0
[INFO] [stderr]     Checking papergrid v0.7.1
[INFO] [stderr]     Checking clap v3.2.23
[INFO] [stderr]     Checking bit-set v0.5.3
[INFO] [stderr]     Checking walkdir v2.3.2
[INFO] [stderr]     Checking rusty-fork v0.3.0
[INFO] [stderr]     Checking rayon v1.6.1
[INFO] [stderr]     Checking mintex v0.1.2
[INFO] [stderr]    Compiling serde_derive v1.0.171
[INFO] [stderr]    Compiling derive_arbitrary v1.3.1
[INFO] [stderr]    Compiling thiserror-impl v1.0.43
[INFO] [stderr]    Compiling darling_macro v0.20.3
[INFO] [stderr]    Compiling ouroboros_macro v0.15.6
[INFO] [stderr]    Compiling enum-as-inner v0.5.1
[INFO] [stderr]     Checking arbitrary v1.3.0
[INFO] [stderr]    Compiling darling v0.20.3
[INFO] [stderr]    Compiling serde_columnar_derive v0.3.2
[INFO] [stderr]    Compiling enum-as-inner v0.6.0
[INFO] [stderr]    Compiling tracing-attributes v0.1.23
[INFO] [stderr]    Compiling tabled_derive v0.5.0
[INFO] [stderr]    Compiling enum_dispatch v0.3.11
[INFO] [stderr]     Checking criterion-plot v0.5.0
[INFO] [stderr]     Checking rand v0.8.5
[INFO] [stderr]     Checking ouroboros v0.15.6
[INFO] [stderr]     Checking regex v1.7.1
[INFO] [stderr]     Checking plotters v0.3.4
[INFO] [stderr]     Checking miniz_oxide v0.7.1
[INFO] [stderr]     Checking rand_xorshift v0.3.0
[INFO] [stderr]     Checking anes v0.1.6
[INFO] [stderr]     Checking thousands v0.2.0
[INFO] [stderr]     Checking rustc-hash v1.1.0
[INFO] [stderr]     Checking termcolor v1.2.0
[INFO] [stderr]     Checking quick-error v2.0.1
[INFO] [stderr]     Checking oorandom v11.1.3
[INFO] [stderr]     Checking proptest v1.0.0
[INFO] [stderr]     Checking flate2 v1.0.25
[INFO] [stderr]     Checking tabled v0.10.0
[INFO] [stderr]     Checking arbtest v0.2.0
[INFO] [stderr]    Compiling ctor v0.1.26
[INFO] [stderr]     Checking color-backtrace v0.5.1
[INFO] [stderr]     Checking tracing v0.1.37
[INFO] [stderr]     Checking static_assertions v1.1.0
[INFO] [stderr]    Compiling proptest-derive v0.3.0
[INFO] [stderr]     Checking smallvec v1.10.0
[INFO] [stderr]     Checking ciborium v0.2.0
[INFO] [stderr]     Checking parking_lot v0.12.1
[INFO] [stderr]     Checking string_cache v0.8.7
[INFO] [stderr]     Checking loro-rle v0.1.0
[INFO] [stderr]     Checking postcard v1.0.2
[INFO] [stderr]     Checking generic-btree v0.8.2
[INFO] [stderr]     Checking tinytemplate v1.2.1
[INFO] [stderr]     Checking dhat v0.3.2
[INFO] [stderr]     Checking serde_columnar v0.3.3
[INFO] [stderr]     Checking criterion v0.4.0
[INFO] [stderr]     Checking loro-common v0.1.0
[INFO] [stderr]     Checking loro-preload v0.1.0
[INFO] [stderr]     Checking loro-internal v0.2.2 (/opt/rustwide/workdir)
[INFO] [stdout] warning: unused imports: `VersionVector`, `event::Diff`
[INFO] [stdout]   --> src/container.rs:80:13
[INFO] [stdout]    |
[INFO] [stdout] 80 | use crate::{event::Diff, VersionVector};
[INFO] [stdout]    |             ^^^^^^^^^^^  ^^^^^^^^^^^^^
[INFO] [stdout]    |
[INFO] [stdout]    = note: `#[warn(unused_imports)]` on by default
[INFO] [stdout] 
[INFO] [stdout] 
[INFO] [stdout] warning: unused import: `super::oplog::OpLog`
[INFO] [stdout]   --> src/container.rs:82:5
[INFO] [stdout]    |
[INFO] [stdout] 82 | use super::oplog::OpLog;
[INFO] [stdout]    |     ^^^^^^^^^^^^^^^^^^^
[INFO] [stdout] 
[INFO] [stdout] 
[INFO] [stdout] error: unexpected `cfg` condition value: `json`
[INFO] [stdout]   --> src/value.rs:39:15
[INFO] [stdout]    |
[INFO] [stdout] 39 |         #[cfg(feature = "json")]
[INFO] [stdout]    |               ^^^^^^^^^^^^^^^^
[INFO] [stdout]    |
[INFO] [stdout]    = note: expected values for `feature` are: `arbitrary`, `default`, `js-sys`, `rand`, `serde-wasm-bindgen`, `tabled`, `test_utils`, `wasm`, `wasm-bindgen`
[INFO] [stdout]    = help: consider adding `json` as a feature in `Cargo.toml`
[INFO] [stdout]    = note: see <https://doc.rust-lang.org/nightly/cargo/reference/unstable.html#check-cfg> for more information about checking conditional configuration
[INFO] [stdout]    = note: requested on the command line with `-D unexpected-cfgs`
[INFO] [stdout] 
[INFO] [stdout] 
[INFO] [stdout] error: unexpected `cfg` condition value: `json`
[INFO] [stdout]   --> src/value.rs:41:19
[INFO] [stdout]    |
[INFO] [stdout] 41 |         #[cfg(not(feature = "json"))]
[INFO] [stdout]    |                   ^^^^^^^^^^^^^^^^
[INFO] [stdout]    |
[INFO] [stdout]    = note: expected values for `feature` are: `arbitrary`, `default`, `js-sys`, `rand`, `serde-wasm-bindgen`, `tabled`, `test_utils`, `wasm`, `wasm-bindgen`
[INFO] [stdout]    = help: consider adding `json` as a feature in `Cargo.toml`
[INFO] [stdout]    = note: see <https://doc.rust-lang.org/nightly/cargo/reference/unstable.html#check-cfg> for more information about checking conditional configuration
[INFO] [stdout] 
[INFO] [stdout] 
[INFO] [stdout] warning: unused imports: `VersionVector`, `event::Diff`
[INFO] [stdout]   --> src/container.rs:80:13
[INFO] [stdout]    |
[INFO] [stdout] 80 | use crate::{event::Diff, VersionVector};
[INFO] [stdout]    |             ^^^^^^^^^^^  ^^^^^^^^^^^^^
[INFO] [stdout]    |
[INFO] [stdout]    = note: `#[warn(unused_imports)]` on by default
[INFO] [stdout] 
[INFO] [stdout] 
[INFO] [stdout] warning: unused import: `super::oplog::OpLog`
[INFO] [stdout]   --> src/container.rs:82:5
[INFO] [stdout]    |
[INFO] [stdout] 82 | use super::oplog::OpLog;
[INFO] [stdout]    |     ^^^^^^^^^^^^^^^^^^^
[INFO] [stdout] 
[INFO] [stdout] 
[INFO] [stdout] error: unexpected `cfg` condition name: `proptest`
[INFO] [stdout]  --> src/tests/mod.rs:5:7
[INFO] [stdout]   |
[INFO] [stdout] 5 | #[cfg(proptest)]
[INFO] [stdout]   |       ^^^^^^^^
[INFO] [stdout]   |
[INFO] [stdout]   = help: expected names are: `debug_assertions`, `doc`, `doctest`, `feature`, `miri`, `overflow_checks`, `panic`, `proc_macro`, `relocation_model`, `sanitize`, `sanitizer_cfi_generalize_pointers`, `sanitizer_cfi_normalize_integers`, `target_abi`, `target_arch`, `target_endian`, `target_env`, `target_family`, `target_feature`, `target_has_atomic`, `target_has_atomic_equal_alignment`, `target_has_atomic_load_store`, `target_os`, `target_pointer_width`, `target_thread_local`, `target_vendor`, `test`, `unix`, `windows`
[INFO] [stdout]   = help: consider using a Cargo feature instead or adding `println!("cargo:rustc-check-cfg=cfg(proptest)");` to the top of a `build.rs`
[INFO] [stdout]   = note: see <https://doc.rust-lang.org/nightly/cargo/reference/unstable.html#check-cfg> for more information about checking conditional configuration
[INFO] [stdout]   = note: requested on the command line with `-D unexpected-cfgs`
[INFO] [stdout] 
[INFO] [stdout] 
[INFO] [stdout] error: unexpected `cfg` condition name: `proptest`
[INFO] [stdout]  --> src/tests/mod.rs:7:11
[INFO] [stdout]   |
[INFO] [stdout] 7 | #[cfg(not(proptest))]
[INFO] [stdout]   |           ^^^^^^^^
[INFO] [stdout]   |
[INFO] [stdout]   = help: consider using a Cargo feature instead or adding `println!("cargo:rustc-check-cfg=cfg(proptest)");` to the top of a `build.rs`
[INFO] [stdout]   = note: see <https://doc.rust-lang.org/nightly/cargo/reference/unstable.html#check-cfg> for more information about checking conditional configuration
[INFO] [stdout] 
[INFO] [stdout] 
[INFO] [stdout] error: unexpected `cfg` condition name: `proptest`
[INFO] [stdout]   --> src/tests/mod.rs:10:7
[INFO] [stdout]    |
[INFO] [stdout] 10 | #[cfg(proptest)]
[INFO] [stdout]    |       ^^^^^^^^
[INFO] [stdout]    |
[INFO] [stdout]    = help: consider using a Cargo feature instead or adding `println!("cargo:rustc-check-cfg=cfg(proptest)");` to the top of a `build.rs`
[INFO] [stdout]    = note: see <https://doc.rust-lang.org/nightly/cargo/reference/unstable.html#check-cfg> for more information about checking conditional configuration
[INFO] [stdout] 
[INFO] [stdout] 
[INFO] [stdout] error: unexpected `cfg` condition name: `proptest`
[INFO] [stdout]   --> src/tests/mod.rs:12:11
[INFO] [stdout]    |
[INFO] [stdout] 12 | #[cfg(not(proptest))]
[INFO] [stdout]    |           ^^^^^^^^
[INFO] [stdout]    |
[INFO] [stdout]    = help: consider using a Cargo feature instead or adding `println!("cargo:rustc-check-cfg=cfg(proptest)");` to the top of a `build.rs`
[INFO] [stdout]    = note: see <https://doc.rust-lang.org/nightly/cargo/reference/unstable.html#check-cfg> for more information about checking conditional configuration
[INFO] [stdout] 
[INFO] [stdout] 
[INFO] [stdout] error: unexpected `cfg` condition value: `json`
[INFO] [stdout]    --> src/value.rs:698:7
[INFO] [stdout]     |
[INFO] [stdout] 698 | #[cfg(feature = "json")]
[INFO] [stdout]     |       ^^^^^^^^^^^^^^^^
[INFO] [stdout]     |
[INFO] [stdout]     = note: expected values for `feature` are: `arbitrary`, `default`, `js-sys`, `rand`, `serde-wasm-bindgen`, `tabled`, `test_utils`, `wasm`, `wasm-bindgen`
[INFO] [stdout]     = help: consider adding `json` as a feature in `Cargo.toml`
[INFO] [stdout]     = note: see <https://doc.rust-lang.org/nightly/cargo/reference/unstable.html#check-cfg> for more information about checking conditional configuration
[INFO] [stdout] 
[INFO] [stdout] 
[INFO] [stdout] error: unexpected `cfg` condition value: `json`
[INFO] [stdout]   --> src/value.rs:39:15
[INFO] [stdout]    |
[INFO] [stdout] 39 |         #[cfg(feature = "json")]
[INFO] [stdout]    |               ^^^^^^^^^^^^^^^^
[INFO] [stdout]    |
[INFO] [stdout]    = note: expected values for `feature` are: `arbitrary`, `default`, `js-sys`, `rand`, `serde-wasm-bindgen`, `tabled`, `test_utils`, `wasm`, `wasm-bindgen`
[INFO] [stdout]    = help: consider adding `json` as a feature in `Cargo.toml`
[INFO] [stdout]    = note: see <https://doc.rust-lang.org/nightly/cargo/reference/unstable.html#check-cfg> for more information about checking conditional configuration
[INFO] [stdout] 
[INFO] [stdout] 
[INFO] [stdout] error: unexpected `cfg` condition value: `json`
[INFO] [stdout]   --> src/value.rs:41:19
[INFO] [stdout]    |
[INFO] [stdout] 41 |         #[cfg(not(feature = "json"))]
[INFO] [stdout]    |                   ^^^^^^^^^^^^^^^^
[INFO] [stdout]    |
[INFO] [stdout]    = note: expected values for `feature` are: `arbitrary`, `default`, `js-sys`, `rand`, `serde-wasm-bindgen`, `tabled`, `test_utils`, `wasm`, `wasm-bindgen`
[INFO] [stdout]    = help: consider adding `json` as a feature in `Cargo.toml`
[INFO] [stdout]    = note: see <https://doc.rust-lang.org/nightly/cargo/reference/unstable.html#check-cfg> for more information about checking conditional configuration
[INFO] [stdout] 
[INFO] [stdout] 
[INFO] [stdout] warning: method `get` is never used
[INFO] [stdout]   --> src/utils/bitmap.rs:57:12
[INFO] [stdout]    |
[INFO] [stdout] 25 | impl BitMap {
[INFO] [stdout]    | ----------- method in this implementation
[INFO] [stdout] ...
[INFO] [stdout] 57 |     pub fn get(&self, index: usize) -> bool {
[INFO] [stdout]    |            ^^^
[INFO] [stdout]    |
[INFO] [stdout]    = note: `#[warn(dead_code)]` on by default
[INFO] [stdout] 
[INFO] [stdout] 
[INFO] [stdout] error: aborting due to 2 previous errors; 3 warnings emitted
[INFO] [stdout] 
[INFO] [stdout] 
[INFO] [stderr] error: could not compile `loro-internal` (lib) due to 3 previous errors; 3 warnings emitted
[INFO] [stderr] warning: build failed, waiting for other jobs to finish...
[INFO] [stdout] error: aborting due to 7 previous errors; 2 warnings emitted
[INFO] [stdout] 
[INFO] [stdout] 
[INFO] [stderr] error: could not compile `loro-internal` (lib test) due to 8 previous errors; 2 warnings emitted
[INFO] running `Command { std: "docker" "inspect" "9b51c2e8453e161c037f88533586a613b01782eddc1e60fc4661e1eeb6dd0ecf", kill_on_drop: false }`
[INFO] running `Command { std: "docker" "rm" "-f" "9b51c2e8453e161c037f88533586a613b01782eddc1e60fc4661e1eeb6dd0ecf", kill_on_drop: false }`
[INFO] [stdout] 9b51c2e8453e161c037f88533586a613b01782eddc1e60fc4661e1eeb6dd0ecf
